[INFO] fetching crate beru 0.5.6...
[INFO] testing beru-0.5.6 against 1.100.0-beta.1+cargoflags=--release for beta-release-1.100-2
[INFO] extracting crate beru 0.5.6 into /workspace/builds/worker-7-tc2/source
[INFO] started tweaking crates.io crate beru 0.5.6
[INFO] removed 0 missing tests
[INFO] finished tweaking crates.io crate beru 0.5.6
[INFO] tweaked toml for crates.io crate beru 0.5.6 written to /workspace/builds/worker-7-tc2/source/Cargo.toml
[INFO] validating manifest of crates.io crate beru 0.5.6 on toolchain 1.100.0-beta.1
[INFO] running `Command { std: CARGO_HOME="/workspace/cargo-home" RUSTUP_HOME="/workspace/rustup-home" "/workspace/cargo-home/bin/cargo" "+1.100.0-beta.1" "metadata" "--manifest-path" "Cargo.toml" "--no-deps", kill_on_drop: false }`
[INFO] crate crates.io crate beru 0.5.6 already has a lockfile, it will not be regenerated
[INFO] running `Command { std: CARGO_HOME="/workspace/cargo-home" RUSTUP_HOME="/workspace/rustup-home" "/workspace/cargo-home/bin/cargo" "+1.100.0-beta.1" "fetch" "--manifest-path" "Cargo.toml", kill_on_drop: false }`
[INFO] [stderr] warning: `package.homepage` is redundant with `package.repository`
[INFO] [stderr]   --> Cargo.toml:68:12
[INFO] [stderr]    |
[INFO] [stderr] 68 | homepage = "https://github.com/KnightShadows/beru"
[INFO] [stderr]    |            ^^^^^^^^^^^^^^^^^^^^^^^^^^^^^^^^^^^^^^^
[INFO] [stderr] ...
[INFO] [stderr] 72 | repository = "https://github.com/KnightShadows/beru"
[INFO] [stderr]    |              ---------------------------------------
[INFO] [stderr]    |
[INFO] [stderr]    = note: `cargo::redundant_homepage` is set to `warn` by default
[INFO] [stderr] help: consider removing `package.homepage`
[INFO] [stderr] warning: `beru` (manifest) generated 1 warning
[INFO] running `Command { std: "docker" "create" "-v" "/var/lib/crater-agent-workspace/builds/worker-7-tc2/source:/opt/rustwide/workdir:ro,Z" "-v" "/var/lib/crater-agent-workspace/builds/worker-7-tc2/target:/opt/rustwide/target:rw,Z" "-v" "/var/lib/crater-agent-workspace/cargo-home:/opt/rustwide/cargo-home:ro,Z" "-v" "/var/lib/crater-agent-workspace/rustup-home:/opt/rustwide/rustup-home:ro,Z" "-m" "1610612736" "--network" "none" "ghcr.io/rust-lang/crates-build-env/linux@sha256:77db811e55d90add9212f6832c23229e3de5f1c1f9905e8cb07319ea15df73ac" "sleep" "infinity", kill_on_drop: false }`
[INFO] [stdout] c0b3c80bef711a5ff1a67bba9752a3a2b1cbe8f041c547b6f1f78edd46c9fad7
[INFO] running `Command { std: "docker" "start" "c0b3c80bef711a5ff1a67bba9752a3a2b1cbe8f041c547b6f1f78edd46c9fad7", kill_on_drop: false }`
[INFO] running `Command { std: "docker" "inspect" "c0b3c80bef711a5ff1a67bba9752a3a2b1cbe8f041c547b6f1f78edd46c9fad7", kill_on_drop: false }`
[INFO] running `Command { std: "docker" "exec" "-e" "SOURCE_DIR=/opt/rustwide/workdir" "-e" "CARGO_HOME=/opt/rustwide/cargo-home" "-e" "RUSTUP_HOME=/opt/rustwide/rustup-home" "-e" "CARGO_TARGET_DIR=/opt/rustwide/target" "-w" "/opt/rustwide/workdir" "--user" "0:0" "c0b3c80bef711a5ff1a67bba9752a3a2b1cbe8f041c547b6f1f78edd46c9fad7" "/opt/rustwide/cargo-home/bin/cargo" "+1.100.0-beta.1" "metadata" "--no-deps" "--format-version=1", kill_on_drop: false }`
[INFO] running `Command { std: "docker" "inspect" "c0b3c80bef711a5ff1a67bba9752a3a2b1cbe8f041c547b6f1f78edd46c9fad7", kill_on_drop: false }`
[INFO] running `Command { std: "docker" "exec" "-e" "SOURCE_DIR=/opt/rustwide/workdir" "-e" "CARGO_HOME=/opt/rustwide/cargo-home" "-e" "RUSTUP_HOME=/opt/rustwide/rustup-home" "-e" "CARGO_TARGET_DIR=/opt/rustwide/target" "-e" "CARGO_INCREMENTAL=0" "-e" "RUST_BACKTRACE=full" "-e" "RUSTFLAGS=--cap-lints=warn" "-e" "RUSTDOCFLAGS=--cap-lints=warn" "-w" "/opt/rustwide/workdir" "--user" "0:0" "c0b3c80bef711a5ff1a67bba9752a3a2b1cbe8f041c547b6f1f78edd46c9fad7" "/opt/rustwide/cargo-home/bin/cargo" "+1.100.0-beta.1" "build" "--frozen" "--message-format=json" "--release", kill_on_drop: false }`
[INFO] [stderr] warning: `package.homepage` is redundant with `package.repository`
[INFO] [stderr]   --> Cargo.toml:68:12
[INFO] [stderr]    |
[INFO] [stderr] 68 | homepage = "https://github.com/KnightShadows/beru"
[INFO] [stderr]    |            ^^^^^^^^^^^^^^^^^^^^^^^^^^^^^^^^^^^^^^^
[INFO] [stderr] ...
[INFO] [stderr] 72 | repository = "https://github.com/KnightShadows/beru"
[INFO] [stderr]    |              ---------------------------------------
[INFO] [stderr]    |
[INFO] [stderr]    = note: `cargo::redundant_homepage` is set to `warn` by default
[INFO] [stderr] help: consider removing `package.homepage`
[INFO] [stderr] warning: `beru` (manifest) generated 1 warning
[INFO] [stderr]    Compiling smallvec v1.15.2
[INFO] [stderr]    Compiling find-msvc-tools v0.1.11
[INFO] [stderr]    Compiling futures-core v0.3.33
[INFO] [stderr]    Compiling futures-sink v0.3.33
[INFO] [stderr]    Compiling tracing-core v0.1.36
[INFO] [stderr]    Compiling bitflags v2.13.1
[INFO] [stderr]    Compiling rustix v1.1.4
[INFO] [stderr]    Compiling futures-io v0.3.33
[INFO] [stderr]    Compiling syn v2.0.119
[INFO] [stderr]    Compiling slab v0.4.12
[INFO] [stderr]    Compiling tokio v1.53.1
[INFO] [stderr]    Compiling futures-task v0.3.33
[INFO] [stderr]    Compiling memchr v2.8.3
[INFO] [stderr]    Compiling hybrid-array v0.4.14
[INFO] [stderr]    Compiling linux-raw-sys v0.12.1
[INFO] [stderr]    Compiling thiserror v2.0.19
[INFO] [stderr]    Compiling futures-channel v0.3.33
[INFO] [stderr]    Compiling serde v1.0.229
[INFO] [stderr]    Compiling thiserror-impl v2.0.19
[INFO] [stderr]    Compiling log v0.4.33
[INFO] [stderr]    Compiling getrandom v0.4.3
[INFO] [stderr]    Compiling cc v1.4.0
[INFO] [stderr]    Compiling toml_parser v1.1.3+spec-1.1.0
[INFO] [stderr]    Compiling sync_wrapper v1.0.2
[INFO] [stderr]    Compiling toml_datetime v1.1.1+spec-1.1.0
[INFO] [stderr]    Compiling serde_spanned v1.1.1
[INFO] [stderr]    Compiling ipnet v2.12.0
[INFO] [stderr]    Compiling toml_writer v1.1.2+spec-1.1.0
[INFO] [stderr]    Compiling crc32fast v1.5.0
[INFO] [stderr]    Compiling option-ext v0.2.0
[INFO] [stderr]    Compiling const-oid v0.10.2
[INFO] [stderr]    Compiling dirs-sys v0.5.0
[INFO] [stderr]    Compiling futures-util v0.3.33
[INFO] [stderr]    Compiling adler2 v2.0.1
[INFO] [stderr]    Compiling block-buffer v0.12.1
[INFO] [stderr]    Compiling crypto-common v0.2.2
[INFO] [stderr]    Compiling toml v1.1.4+spec-1.1.0
[INFO] [stderr]    Compiling fastrand v2.5.0
[INFO] [stderr]    Compiling simd-adler32 v0.3.10
[INFO] [stderr]    Compiling cpufeatures v0.3.0
[INFO] [stderr]    Compiling serde_urlencoded v0.7.1
[INFO] [stderr]    Compiling dirs v6.0.0
[INFO] [stderr]    Compiling http-body-util v0.1.4
[INFO] [stderr]    Compiling miniz_oxide v0.8.9
[INFO] [stderr]    Compiling semver v1.0.28
[INFO] [stderr]    Compiling which v8.0.5
[INFO] [stderr]    Compiling unicode-width v0.2.2
[INFO] [stderr]    Compiling priority-queue v2.7.0
[INFO] [stderr]    Compiling version-ranges v0.1.3
[INFO] [stderr]    Compiling regex-syntax v0.8.11
[INFO] [stderr]    Compiling portable-atomic v1.14.0
[INFO] [stderr]    Compiling rustc-hash v2.1.3
[INFO] [stderr]    Compiling sharded-slab v0.1.7
[INFO] [stderr]    Compiling digest v0.11.3
[INFO] [stderr]    Compiling pubgrub v0.4.0
[INFO] [stderr]    Compiling ring v0.17.14
[INFO] [stderr]    Compiling clap_builder v4.6.5
[INFO] [stderr]    Compiling sha2 v0.11.0
[INFO] [stderr]    Compiling flate2 v1.1.9
[INFO] [stderr]    Compiling console v0.15.11
[INFO] [stderr]    Compiling beru-manifest v0.5.6
[INFO] [stderr]    Compiling console v0.16.4
[INFO] [stderr]    Compiling tracing-log v0.2.0
[INFO] [stderr]    Compiling thread_local v1.1.10
[INFO] [stderr]    Compiling toml_datetime v0.6.11
[INFO] [stderr]    Compiling nu-ansi-term v0.50.3
[INFO] [stderr]    Compiling unit-prefix v0.5.2
[INFO] [stderr]    Compiling toml_edit v0.22.27
[INFO] [stderr]    Compiling indicatif v0.18.6
[INFO] [stderr]    Compiling xattr v1.6.1
[INFO] [stderr]    Compiling tempfile v3.27.0
[INFO] [stderr]    Compiling tar v0.4.46
[INFO] [stderr]    Compiling regex-automata v0.4.16
[INFO] [stderr]    Compiling termtree v0.4.1
[INFO] [stderr]    Compiling clap v4.6.5
[INFO] [stderr]    Compiling synstructure v0.13.2
[INFO] [stderr]    Compiling hyper v1.11.0
[INFO] [stderr]    Compiling tower v0.5.3
[INFO] [stderr]    Compiling zerofrom-derive v0.1.7
[INFO] [stderr]    Compiling yoke-derive v0.8.2
[INFO] [stderr]    Compiling zerovec-derive v0.11.3
[INFO] [stderr]    Compiling tracing-attributes v0.1.31
[INFO] [stderr]    Compiling matchers v0.2.0
[INFO] [stderr]    Compiling zerofrom v0.1.8
[INFO] [stderr]    Compiling yoke v0.8.3
[INFO] [stderr]    Compiling zerotrie v0.2.4
[INFO] [stderr]    Compiling zerovec v0.11.6
[INFO] [stderr]    Compiling tracing v0.1.44
[INFO] [stderr]    Compiling hyper-util v0.1.20
[INFO] [stderr]    Compiling beru-core v0.5.6
[INFO] [stderr]    Compiling tracing-subscriber v0.3.23
[INFO] [stderr]    Compiling tinystr v0.8.3
[INFO] [stderr]    Compiling potential_utf v0.1.5
[INFO] [stderr]    Compiling icu_collections v2.2.0
[INFO] [stderr]    Compiling icu_locale_core v2.2.0
[INFO] [stderr]    Compiling icu_provider v2.2.0
[INFO] [stderr]    Compiling icu_properties v2.2.0
[INFO] [stderr]    Compiling icu_normalizer v2.2.0
[INFO] [stderr]    Compiling idna_adapter v1.2.2
[INFO] [stderr]    Compiling idna v1.1.0
[INFO] [stderr]    Compiling url v2.5.8
[INFO] [stderr]    Compiling tower-http v0.6.11
[INFO] [stderr]    Compiling rustls v0.23.43
[INFO] [stderr]    Compiling rustls-webpki v0.103.13
[INFO] [stderr]    Compiling tokio-rustls v0.26.4
[INFO] [stderr]    Compiling hyper-rustls v0.27.9
[INFO] [stderr]    Compiling reqwest v0.12.28
[INFO] [stderr]    Compiling beru-recipe v0.5.6
[INFO] [stderr]    Compiling beru-resolve v0.5.6
[INFO] [stderr]    Compiling beru-build v0.5.6
[INFO] [stderr]    Compiling beru v0.5.6 (/opt/rustwide/workdir)
[INFO] [stderr] warning: unused dependency `indicatif`
[INFO] [stderr]   --> Cargo.toml:30:15
[INFO] [stderr]    |
[INFO] [stderr] 30 | [dependencies.indicatif]
[INFO] [stderr]    |               ^^^^^^^^^^
[INFO] [stderr]    |
[INFO] [stderr]    = note: `cargo::unused_dependencies` is set to `warn` by default
[INFO] [stderr] help: consider removing the dependency on `indicatif`
[INFO] [stderr] warning: `beru` (manifest) generated 1 warning
[INFO] [stderr]     Finished `release` profile [optimized] target(s) in 1m 49s
[INFO] running `Command { std: "docker" "inspect" "c0b3c80bef711a5ff1a67bba9752a3a2b1cbe8f041c547b6f1f78edd46c9fad7", kill_on_drop: false }`
[INFO] running `Command { std: "docker" "exec" "-e" "SOURCE_DIR=/opt/rustwide/workdir" "-e" "CARGO_HOME=/opt/rustwide/cargo-home" "-e" "RUSTUP_HOME=/opt/rustwide/rustup-home" "-e" "CARGO_TARGET_DIR=/opt/rustwide/target" "-e" "CARGO_INCREMENTAL=0" "-e" "RUST_BACKTRACE=full" "-e" "RUSTFLAGS=--cap-lints=warn" "-e" "RUSTDOCFLAGS=--cap-lints=warn" "-w" "/opt/rustwide/workdir" "--user" "0:0" "c0b3c80bef711a5ff1a67bba9752a3a2b1cbe8f041c547b6f1f78edd46c9fad7" "/opt/rustwide/cargo-home/bin/cargo" "+1.100.0-beta.1" "test" "--frozen" "--no-run" "--message-format=json" "--release", kill_on_drop: false }`
[INFO] [stderr] warning: `package.homepage` is redundant with `package.repository`
[INFO] [stderr]   --> Cargo.toml:68:12
[INFO] [stderr]    |
[INFO] [stderr] 68 | homepage = "https://github.com/KnightShadows/beru"
[INFO] [stderr]    |            ^^^^^^^^^^^^^^^^^^^^^^^^^^^^^^^^^^^^^^^
[INFO] [stderr] ...
[INFO] [stderr] 72 | repository = "https://github.com/KnightShadows/beru"
[INFO] [stderr]    |              ---------------------------------------
[INFO] [stderr]    |
[INFO] [stderr]    = note: `cargo::redundant_homepage` is set to `warn` by default
[INFO] [stderr] help: consider removing `package.homepage`
[INFO] [stderr] warning: `beru` (manifest) generated 1 warning
[INFO] [stderr]    Compiling aho-corasick v1.1.4
[INFO] [stderr]    Compiling regex-syntax v0.8.11
[INFO] [stderr]    Compiling predicates-core v1.0.10
[INFO] [stderr]    Compiling float-cmp v0.10.0
[INFO] [stderr]    Compiling assert_cmd v2.2.2
[INFO] [stderr]    Compiling normalize-line-endings v0.3.0
[INFO] [stderr]    Compiling termtree v0.5.1
[INFO] [stderr]    Compiling difflib v0.4.0
[INFO] [stderr]    Compiling wait-timeout v0.2.1
[INFO] [stderr]    Compiling predicates-tree v1.0.13
[INFO] [stderr]    Compiling regex-automata v0.4.16
[INFO] [stderr]    Compiling matchers v0.2.0
[INFO] [stderr]    Compiling regex v1.13.1
[INFO] [stderr]    Compiling bstr v1.13.0
[INFO] [stderr]    Compiling tracing-subscriber v0.3.23
[INFO] [stderr]    Compiling predicates v3.1.4
[INFO] [stderr]    Compiling beru v0.5.6 (/opt/rustwide/workdir)
[INFO] [stderr]     Finished `release` profile [optimized] target(s) in 39.68s
[INFO] running `Command { std: "docker" "inspect" "c0b3c80bef711a5ff1a67bba9752a3a2b1cbe8f041c547b6f1f78edd46c9fad7", kill_on_drop: false }`
[INFO] running `Command { std: "docker" "exec" "-e" "SOURCE_DIR=/opt/rustwide/workdir" "-e" "CARGO_HOME=/opt/rustwide/cargo-home" "-e" "RUSTUP_HOME=/opt/rustwide/rustup-home" "-e" "CARGO_TARGET_DIR=/opt/rustwide/target" "-e" "CARGO_INCREMENTAL=0" "-e" "RUST_BACKTRACE=full" "-e" "RUSTFLAGS=--cap-lints=warn" "-e" "RUSTDOCFLAGS=--cap-lints=warn" "-w" "/opt/rustwide/workdir" "--user" "0:0" "c0b3c80bef711a5ff1a67bba9752a3a2b1cbe8f041c547b6f1f78edd46c9fad7" "/opt/rustwide/cargo-home/bin/cargo" "+1.100.0-beta.1" "test" "--frozen" "--release", kill_on_drop: false }`
[INFO] [stderr] warning: `package.homepage` is redundant with `package.repository`
[INFO] [stderr]   --> Cargo.toml:68:12
[INFO] [stderr]    |
[INFO] [stderr] 68 | homepage = "https://github.com/KnightShadows/beru"
[INFO] [stderr]    |            ^^^^^^^^^^^^^^^^^^^^^^^^^^^^^^^^^^^^^^^
[INFO] [stderr] ...
[INFO] [stderr] 72 | repository = "https://github.com/KnightShadows/beru"
[INFO] [stderr]    |              ---------------------------------------
[INFO] [stderr]    |
[INFO] [stderr]    = note: `cargo::redundant_homepage` is set to `warn` by default
[INFO] [stderr] help: consider removing `package.homepage`
[INFO] [stderr] warning: `beru` (manifest) generated 1 warning
[INFO] [stderr]     Finished `release` profile [optimized] target(s) in 0.25s
[INFO] [stderr]      Running unittests src/main.rs (/opt/rustwide/target/release/build/beru/c5e4134c92ae3018/out/beru-c5e4134c92ae3018)
[INFO] [stdout] 
[INFO] [stderr]      Running tests/testsuite/main.rs (/opt/rustwide/target/release/build/beru/d9ca8c8bdd1cd68a/out/testsuite-d9ca8c8bdd1cd68a)
[INFO] [stdout] running 0 tests
[INFO] [stdout] 
[INFO] [stdout] test result: ok. 0 passed; 0 failed; 0 ignored; 0 measured; 0 filtered out; finished in 0.00s
[INFO] [stdout] 
[INFO] [stdout] 
[INFO] [stdout] running 23 tests
[INFO] [stdout] test add::test_beru_add_dependency ... ok
[INFO] [stdout] test init::test_beru_init_library ... ok
[INFO] [stdout] test resolve::test_beru_resolve_wildcard_gets_latest ... ok
[INFO] [stdout] test add::test_beru_add_dependency_no_version ... ok
[INFO] [stdout] test new::test_beru_new_executable ... ok
[INFO] [stdout] test cache::test_beru_cache_clean_all_preserves_bin_and_recipes ... ok
[INFO] [stdout] test run::test_beru_run_inline_manifest_zero_context ... FAILED
[INFO] [stdout] test resolve::test_beru_resolve_respects_version_pin ... ok
[INFO] [stdout] test tree::test_beru_tree ... FAILED
[INFO] [stdout] test resolve::test_beru_resolve_dependencies ... FAILED
[INFO] [stdout] test check::test_beru_check_success ... ok
[INFO] [stdout] test run::test_beru_run_adhoc_cache_hit ... ok
[INFO] [stdout] test build::test_beru_build_success ... ok
[INFO] [stdout] test run::test_beru_run_root_adhoc_script_no_name_collision ... ok
[INFO] [stdout] test run::test_beru_run_project ... ok
[INFO] [stdout] test cache::test_beru_cache_clean_removes_adhoc_only ... ok
[INFO] [stdout] test run::test_beru_run_space_in_filename ... ok
[INFO] [stdout] test test::test_beru_test_success ... ok
[INFO] [stdout] test run::test_beru_run_adhoc_script ... ok
[INFO] [stdout] test run::test_beru_run_fallback_warns ... ok
[INFO] [stdout] test cache::test_beru_run_adhoc_prints_binary_path ... ok
[INFO] [stdout] test run::test_beru_run_zero_context_no_deps ... ok
[INFO] [stdout] test cache::test_beru_cache_size_reports_nonzero_after_adhoc_run ... ok
[INFO] [stdout] 
[INFO] [stdout] failures:
[INFO] [stdout] 
[INFO] [stdout] ---- run::test_beru_run_inline_manifest_zero_context stdout ----
[INFO] [stdout] 
[INFO] [stdout] thread 'run::test_beru_run_inline_manifest_zero_context' (2721) panicked at tests/testsuite/run.rs:150:10:
[INFO] [stdout] Unexpected failure.
[INFO] [stdout] code=1
[INFO] [stdout] stderr=``````
[INFO] [stdout] Error: failed to download https://github.com/fmtlib/fmt/archive/refs/tags/11.0.2.tar.gz
[INFO] [stdout] 
[INFO] [stdout] Caused by:
[INFO] [stdout]     0: error sending request for url (https://github.com/fmtlib/fmt/archive/refs/tags/11.0.2.tar.gz)
[INFO] [stdout]     1: client error (Connect)
[INFO] [stdout]     2: dns error
[INFO] [stdout]     3: failed to lookup address information: Temporary failure in name resolution
[INFO] [stdout] 
[INFO] [stdout] Stack backtrace:
[INFO] [stdout]    0: <reqwest::error::Error as anyhow::context::ext::StdError>::ext_context::<alloc::string::String>
[INFO] [stdout]    1: beru_recipe::fetch::fetch_tarball
[INFO] [stdout]    2: beru_build::deps::resolve_and_build_locked_dep
[INFO] [stdout]    3: beru_build::adhoc::build_adhoc
[INFO] [stdout]    4: beru::commands::run::exec
[INFO] [stdout]    5: beru::commands::run
[INFO] [stdout]    6: beru::main
[INFO] [stdout]    7: std::sys::backtrace::__rust_begin_short_backtrace::<fn() -> core::result::Result<(), anyhow::Error>, core::result::Result<(), anyhow::Error>>
[INFO] [stdout]    8: std::rt::lang_start::<core::result::Result<(), anyhow::Error>>::{closure#0}
[INFO] [stdout]    9: std::rt::lang_start_internal
[INFO] [stdout]   10: main
[INFO] [stdout]   11: <unknown>
[INFO] [stdout]   12: __libc_start_main
[INFO] [stdout]   13: _start
[INFO] [stdout] ```
[INFO] [stdout] ```
[INFO] [stdout] command=`cd "/tmp/.tmpjHyMmz/zero_context" && BERU_HOME="/tmp/.tmpjHyMmz/.beru" "/opt/rustwide/target/release/beru" "run" "script_with_deps.cpp"`
[INFO] [stdout] code=1
[INFO] [stdout] stdout=```
[INFO] [stdout] \x1b[2m2026-10-18T06:15:08.629330Z\x1b[0m \x1b[32m INFO\x1b[0m unit_propagation: Id::<String>(0) = \'root\'
[INFO] [stdout] \x1b[2m2026-10-18T06:15:08.629352Z\x1b[0m \x1b[32m INFO\x1b[0m DP chose: Id::<String>(0) = \'root\' @ Some(SemanticVersion { major: 0, minor: 0, patch: 0 })
[INFO] [stdout] \x1b[2m2026-10-18T06:15:08.629370Z\x1b[0m \x1b[32m INFO\x1b[0m add_decision: Id::<String>(0) @ 0.0.0 without checking dependencies
[INFO] [stdout] \x1b[2m2026-10-18T06:15:08.629374Z\x1b[0m \x1b[32m INFO\x1b[0m unit_propagation: Id::<String>(0) = \'root\'
[INFO] [stdout] \x1b[2m2026-10-18T06:15:08.629503Z\x1b[0m \x1b[32m INFO\x1b[0m DP chose: Id::<String>(1) = \'fmt\' @ Some(SemanticVersion { major: 11, minor: 0, patch: 2 })
[INFO] [stdout] \x1b[2m2026-10-18T06:15:08.629512Z\x1b[0m \x1b[32m INFO\x1b[0m Fetching dependencies for fmt v11.0.2
[INFO] [stdout] \x1b[2m2026-10-18T06:15:08.629578Z\x1b[0m \x1b[32m INFO\x1b[0m add_decision: Id::<String>(1) @ 11.0.2 without checking dependencies
[INFO] [stdout] \x1b[2m2026-10-18T06:15:08.629584Z\x1b[0m \x1b[32m INFO\x1b[0m unit_propagation: Id::<String>(1) = \'fmt\'
[INFO] [stdout]   Fetching fmt (registry @ 11.0.2)
[INFO] [stdout] \x1b[2m2026-10-18T06:15:08.629775Z\x1b[0m \x1b[32m INFO\x1b[0m downloading https://github.com/fmtlib/fmt/archive/refs/tags/11.0.2.tar.gz
[INFO] [stdout] ```
[INFO] [stdout] 
[INFO] [stdout] stderr=```
[INFO] [stdout] Error: failed to download https://github.com/fmtlib/fmt/archive/refs/tags/11.0.2.tar.gz
[INFO] [stdout] 
[INFO] [stdout] Caused by:
[INFO] [stdout]     0: error sending request for url (https://github.com/fmtlib/fmt/archive/refs/tags/11.0.2.tar.gz)
[INFO] [stdout]     1: client error (Connect)
[INFO] [stdout]     2: dns error
[INFO] [stdout]     3: failed to lookup address information: Temporary failure in name resolution
[INFO] [stdout] 
[INFO] [stdout] Stack backtrace:
[INFO] [stdout]    0: <reqwest::error::Error as anyhow::context::ext::StdError>::ext_context::<alloc::string::String>
[INFO] [stdout]    1: beru_recipe::fetch::fetch_tarball
[INFO] [stdout]    2: beru_build::deps::resolve_and_build_locked_dep
[INFO] [stdout]    3: beru_build::adhoc::build_adhoc
[INFO] [stdout]    4: beru::commands::run::exec
[INFO] [stdout]    5: beru::commands::run
[INFO] [stdout]    6: beru::main
[INFO] [stdout]    7: std::sys::backtrace::__rust_begin_short_backtrace::<fn() -> core::result::Result<(), anyhow::Error>, core::result::Result<(), anyhow::Error>>
[INFO] [stdout]    8: std::rt::lang_start::<core::result::Result<(), anyhow::Error>>::{closure#0}
[INFO] [stdout]    9: std::rt::lang_start_internal
[INFO] [stdout]   10: main
[INFO] [stdout]   11: <unknown>
[INFO] [stdout]   12: __libc_start_main
[INFO] [stdout]   13: _start
[INFO] [stdout] ```
[INFO] [stdout] 
[INFO] [stdout] 
[INFO] [stdout] stack backtrace:
[INFO] [stdout]    0:     0x6229a3c91dc1 - <<std[617be2ca0a6fd877]::sys::backtrace::BacktraceLock>::print::DisplayBacktrace as core[a373ad73a504971]::fmt::Display>::fmt
[INFO] [stdout]    1:     0x6229a3ca8f1a - core[a373ad73a504971]::fmt::write
[INFO] [stdout]    2:     0x6229a3c97c2c - <alloc[2e1b2a31b91974c5]::vec::Vec<u8> as core[a373ad73a504971]::io::write::Write>::write_fmt
[INFO] [stdout]    3:     0x6229a3c6b6d6 - std[617be2ca0a6fd877]::panicking::default_hook::{closure#0}
[INFO] [stdout]    4:     0x6229a3c89319 - std[617be2ca0a6fd877]::panicking::default_hook
[INFO] [stdout]    5:     0x6229a3c0ecf0 - test[aada8e7e76ba119b]::test_main_inner::{closure#0}
[INFO] [stdout]    6:     0x6229a3c894d2 - std[617be2ca0a6fd877]::panicking::panic_with_hook
[INFO] [stdout]    7:     0x6229a3c6b782 - std[617be2ca0a6fd877]::panicking::panic_handler::{closure#0}
[INFO] [stdout]    8:     0x6229a3c63bb9 - std[617be2ca0a6fd877]::sys::backtrace::__rust_end_short_backtrace::<std[617be2ca0a6fd877]::panicking::panic_handler::{closure#0}, !>
[INFO] [stdout]    9:     0x6229a3c6c49d - __rustc[ea4f61d10b84890b]::rust_begin_unwind
[INFO] [stdout]   10:     0x6229a3ca96fc - core[a373ad73a504971]::panicking::panic_fmt
[INFO] [stdout]   11:     0x6229a3c4427f - <assert_cmd[1e383951ca1ffc71]::assert::AssertError>::panic::<assert_cmd[1e383951ca1ffc71]::assert::Assert>
[INFO] [stdout]   12:     0x6229a3c44ab9 - <assert_cmd[1e383951ca1ffc71]::assert::Assert>::success
[INFO] [stdout]   13:     0x6229a3bff960 - <testsuite[7d35554053e3736]::run::test_beru_run_inline_manifest_zero_context::{closure#0} as core[a373ad73a504971]::ops::function::FnOnce<()>>::call_once
[INFO] [stdout]   14:     0x6229a3c0213b - test[aada8e7e76ba119b]::__rust_begin_short_backtrace::<core[a373ad73a504971]::result::Result<(), alloc[2e1b2a31b91974c5]::string::String>, fn() -> core[a373ad73a504971]::result::Result<(), alloc[2e1b2a31b91974c5]::string::String>>
[INFO] [stdout]   15:     0x6229a3c0f315 - test[aada8e7e76ba119b]::run_test::{closure#0}
[INFO] [stdout]   16:     0x6229a3c08c04 - std[617be2ca0a6fd877]::sys::backtrace::__rust_begin_short_backtrace::<test[aada8e7e76ba119b]::run_test::{closure#1}, ()>
[INFO] [stdout]   17:     0x6229a3c123a2 - <std[617be2ca0a6fd877]::thread::lifecycle::spawn_unchecked<test[aada8e7e76ba119b]::run_test::{closure#1}, ()>::{closure#1} as core[a373ad73a504971]::ops::function::FnOnce<()>>::call_once::{shim:vtable#0}
[INFO] [stdout]   18:     0x6229a3c9102f - <std[617be2ca0a6fd877]::sys::thread::unix::Thread>::new::thread_start
[INFO] [stdout]   19:     0x73a2b7fc3dfa - <unknown>
[INFO] [stdout]   20:     0x73a2b80573d4 - clone
[INFO] [stdout]   21:                0x0 - <unknown>
[INFO] [stdout] 
[INFO] [stdout] ---- tree::test_beru_tree stdout ----
[INFO] [stdout] 
[INFO] [stdout] thread 'tree::test_beru_tree' (2786) panicked at tests/testsuite/tree.rs:21:44:
[INFO] [stdout] Unexpected failure.
[INFO] [stdout] code=1
[INFO] [stdout] stderr=``````
[INFO] [stdout] Error: Failed to clone index:
[INFO] [stdout] Cloning into \'/tmp/.tmpG9IYOF/.beru/index\'...
[INFO] [stdout] fatal: unable to access \'https://github.com/KnightShadows/beru_index.git/\': Could not resolve host: github.com
[INFO] [stdout] 
[INFO] [stdout] 
[INFO] [stdout] Stack backtrace:
[INFO] [stdout]    0: <anyhow::Error>::msg::<alloc::string::String>
[INFO] [stdout]    1: beru::commands::run
[INFO] [stdout]    2: beru::main
[INFO] [stdout]    3: std::sys::backtrace::__rust_begin_short_backtrace::<fn() -> core::result::Result<(), anyhow::Error>, core::result::Result<(), anyhow::Error>>
[INFO] [stdout]    4: std::rt::lang_start::<core::result::Result<(), anyhow::Error>>::{closure#0}
[INFO] [stdout]    5: std::rt::lang_start_internal
[INFO] [stdout]    6: main
[INFO] [stdout]    7: <unknown>
[INFO] [stdout]    8: __libc_start_main
[INFO] [stdout]    9: _start
[INFO] [stdout] ```
[INFO] [stdout] ```
[INFO] [stdout] command=`cd "/tmp/.tmpG9IYOF/tree-proj" && BERU_HOME="/tmp/.tmpG9IYOF/.beru" "/opt/rustwide/target/release/beru" "index" "update"`
[INFO] [stdout] code=1
[INFO] [stdout] stdout="\x1b[2m2026-10-18T06:15:08.651866Z\x1b[0m \x1b[32m INFO\x1b[0m Updating Beru index from https://github.com/KnightShadows/beru_index.git\n"
[INFO] [stdout] stderr=```
[INFO] [stdout] Error: Failed to clone index:
[INFO] [stdout] Cloning into \'/tmp/.tmpG9IYOF/.beru/index\'...
[INFO] [stdout] fatal: unable to access \'https://github.com/KnightShadows/beru_index.git/\': Could not resolve host: github.com
[INFO] [stdout] 
[INFO] [stdout] 
[INFO] [stdout] Stack backtrace:
[INFO] [stdout]    0: <anyhow::Error>::msg::<alloc::string::String>
[INFO] [stdout]    1: beru::commands::run
[INFO] [stdout]    2: beru::main
[INFO] [stdout]    3: std::sys::backtrace::__rust_begin_short_backtrace::<fn() -> core::result::Result<(), anyhow::Error>, core::result::Result<(), anyhow::Error>>
[INFO] [stdout]    4: std::rt::lang_start::<core::result::Result<(), anyhow::Error>>::{closure#0}
[INFO] [stdout]    5: std::rt::lang_start_internal
[INFO] [stdout]    6: main
[INFO] [stdout]    7: <unknown>
[INFO] [stdout]    8: __libc_start_main
[INFO] [stdout]    9: _start
[INFO] [stdout] ```
[INFO] [stdout] 
[INFO] [stdout] 
[INFO] [stdout] stack backtrace:
[INFO] [stdout]    0:     0x6229a3c91dc1 - <<std[617be2ca0a6fd877]::sys::backtrace::BacktraceLock>::print::DisplayBacktrace as core[a373ad73a504971]::fmt::Display>::fmt
[INFO] [stdout]    1:     0x6229a3ca8f1a - core[a373ad73a504971]::fmt::write
[INFO] [stdout]    2:     0x6229a3c97c2c - <alloc[2e1b2a31b91974c5]::vec::Vec<u8> as core[a373ad73a504971]::io::write::Write>::write_fmt
[INFO] [stdout]    3:     0x6229a3c6b6d6 - std[617be2ca0a6fd877]::panicking::default_hook::{closure#0}
[INFO] [stdout]    4:     0x6229a3c89319 - std[617be2ca0a6fd877]::panicking::default_hook
[INFO] [stdout]    5:     0x6229a3c0ecf0 - test[aada8e7e76ba119b]::test_main_inner::{closure#0}
[INFO] [stdout]    6:     0x6229a3c894d2 - std[617be2ca0a6fd877]::panicking::panic_with_hook
[INFO] [stdout]    7:     0x6229a3c6b782 - std[617be2ca0a6fd877]::panicking::panic_handler::{closure#0}
[INFO] [stdout]    8:     0x6229a3c63bb9 - std[617be2ca0a6fd877]::sys::backtrace::__rust_end_short_backtrace::<std[617be2ca0a6fd877]::panicking::panic_handler::{closure#0}, !>
[INFO] [stdout]    9:     0x6229a3c6c49d - __rustc[ea4f61d10b84890b]::rust_begin_unwind
[INFO] [stdout]   10:     0x6229a3ca96fc - core[a373ad73a504971]::panicking::panic_fmt
[INFO] [stdout]   11:     0x6229a3c4427f - <assert_cmd[1e383951ca1ffc71]::assert::AssertError>::panic::<assert_cmd[1e383951ca1ffc71]::assert::Assert>
[INFO] [stdout]   12:     0x6229a3c44ab9 - <assert_cmd[1e383951ca1ffc71]::assert::Assert>::success
[INFO] [stdout]   13:     0x6229a3c00367 - <testsuite[7d35554053e3736]::tree::test_beru_tree::{closure#0} as core[a373ad73a504971]::ops::function::FnOnce<()>>::call_once
[INFO] [stdout]   14:     0x6229a3c0213b - test[aada8e7e76ba119b]::__rust_begin_short_backtrace::<core[a373ad73a504971]::result::Result<(), alloc[2e1b2a31b91974c5]::string::String>, fn() -> core[a373ad73a504971]::result::Result<(), alloc[2e1b2a31b91974c5]::string::String>>
[INFO] [stdout]   15:     0x6229a3c0f315 - test[aada8e7e76ba119b]::run_test::{closure#0}
[INFO] [stdout]   16:     0x6229a3c08c04 - std[617be2ca0a6fd877]::sys::backtrace::__rust_begin_short_backtrace::<test[aada8e7e76ba119b]::run_test::{closure#1}, ()>
[INFO] [stdout]   17:     0x6229a3c123a2 - <std[617be2ca0a6fd877]::thread::lifecycle::spawn_unchecked<test[aada8e7e76ba119b]::run_test::{closure#1}, ()>::{closure#1} as core[a373ad73a504971]::ops::function::FnOnce<()>>::call_once::{shim:vtable#0}
[INFO] [stdout]   18:     0x6229a3c9102f - <std[617be2ca0a6fd877]::sys::thread::unix::Thread>::new::thread_start
[INFO] [stdout]   19:     0x73a2b7fc3dfa - <unknown>
[INFO] [stdout]   20:     0x73a2b80573d4 - clone
[INFO] [stdout]   21:                0x0 - <unknown>
[INFO] [stdout] 
[INFO] [stdout] ---- resolve::test_beru_resolve_dependencies stdout ----
[INFO] [stdout] 
[INFO] [stdout] thread 'resolve::test_beru_resolve_dependencies' (2672) panicked at tests/testsuite/resolve.rs:21:44:
[INFO] [stdout] Unexpected failure.
[INFO] [stdout] code=1
[INFO] [stdout] stderr=``````
[INFO] [stdout] Error: Failed to clone index:
[INFO] [stdout] Cloning into \'/tmp/.tmpVobzcG/.beru/index\'...
[INFO] [stdout] fatal: unable to access \'https://github.com/KnightShadows/beru_index.git/\': Could not resolve host: github.com
[INFO] [stdout] 
[INFO] [stdout] 
[INFO] [stdout] Stack backtrace:
[INFO] [stdout]    0: <anyhow::Error>::msg::<alloc::string::String>
[INFO] [stdout]    1: beru::commands::run
[INFO] [stdout]    2: beru::main
[INFO] [stdout]    3: std::sys::backtrace::__rust_begin_short_backtrace::<fn() -> core::result::Result<(), anyhow::Error>, core::result::Result<(), anyhow::Error>>
[INFO] [stdout]    4: std::rt::lang_start::<core::result::Result<(), anyhow::Error>>::{closure#0}
[INFO] [stdout]    5: std::rt::lang_start_internal
[INFO] [stdout]    6: main
[INFO] [stdout]    7: <unknown>
[INFO] [stdout]    8: __libc_start_main
[INFO] [stdout]    9: _start
[INFO] [stdout] ```
[INFO] [stdout] ```
[INFO] [stdout] command=`cd "/tmp/.tmpVobzcG/resolve-proj" && BERU_HOME="/tmp/.tmpVobzcG/.beru" "/opt/rustwide/target/release/beru" "index" "update"`
[INFO] [stdout] code=1
[INFO] [stdout] stdout="\x1b[2m2026-10-18T06:15:08.606335Z\x1b[0m \x1b[32m INFO\x1b[0m Updating Beru index from https://github.com/KnightShadows/beru_index.git\n"
[INFO] [stdout] stderr=```
[INFO] [stdout] Error: Failed to clone index:
[INFO] [stdout] Cloning into \'/tmp/.tmpVobzcG/.beru/index\'...
[INFO] [stdout] fatal: unable to access \'https://github.com/KnightShadows/beru_index.git/\': Could not resolve host: github.com
[INFO] [stdout] 
[INFO] [stdout] 
[INFO] [stdout] Stack backtrace:
[INFO] [stdout]    0: <anyhow::Error>::msg::<alloc::string::String>
[INFO] [stdout]    1: beru::commands::run
[INFO] [stdout]    2: beru::main
[INFO] [stdout]    3: std::sys::backtrace::__rust_begin_short_backtrace::<fn() -> core::result::Result<(), anyhow::Error>, core::result::Result<(), anyhow::Error>>
[INFO] [stdout]    4: std::rt::lang_start::<core::result::Result<(), anyhow::Error>>::{closure#0}
[INFO] [stdout]    5: std::rt::lang_start_internal
[INFO] [stdout]    6: main
[INFO] [stdout]    7: <unknown>
[INFO] [stdout]    8: __libc_start_main
[INFO] [stdout]    9: _start
[INFO] [stdout] ```
[INFO] [stdout] 
[INFO] [stdout] 
[INFO] [stdout] stack backtrace:
[INFO] [stdout]    0:     0x6229a3c91dc1 - <<std[617be2ca0a6fd877]::sys::backtrace::BacktraceLock>::print::DisplayBacktrace as core[a373ad73a504971]::fmt::Display>::fmt
[INFO] [stdout]    1:     0x6229a3ca8f1a - core[a373ad73a504971]::fmt::write
[INFO] [stdout]    2:     0x6229a3c97c2c - <alloc[2e1b2a31b91974c5]::vec::Vec<u8> as core[a373ad73a504971]::io::write::Write>::write_fmt
[INFO] [stdout]    3:     0x6229a3c6b6d6 - std[617be2ca0a6fd877]::panicking::default_hook::{closure#0}
[INFO] [stdout]    4:     0x6229a3c89319 - std[617be2ca0a6fd877]::panicking::default_hook
[INFO] [stdout]    5:     0x6229a3c0ecf0 - test[aada8e7e76ba119b]::test_main_inner::{closure#0}
[INFO] [stdout]    6:     0x6229a3c894d2 - std[617be2ca0a6fd877]::panicking::panic_with_hook
[INFO] [stdout]    7:     0x6229a3c6b782 - std[617be2ca0a6fd877]::panicking::panic_handler::{closure#0}
[INFO] [stdout]    8:     0x6229a3c63bb9 - std[617be2ca0a6fd877]::sys::backtrace::__rust_end_short_backtrace::<std[617be2ca0a6fd877]::panicking::panic_handler::{closure#0}, !>
[INFO] [stdout]    9:     0x6229a3c6c49d - __rustc[ea4f61d10b84890b]::rust_begin_unwind
[INFO] [stdout]   10:     0x6229a3ca96fc - core[a373ad73a504971]::panicking::panic_fmt
[INFO] [stdout]   11:     0x6229a3c4427f - <assert_cmd[1e383951ca1ffc71]::assert::AssertError>::panic::<assert_cmd[1e383951ca1ffc71]::assert::Assert>
[INFO] [stdout]   12:     0x6229a3c44ab9 - <assert_cmd[1e383951ca1ffc71]::assert::Assert>::success
[INFO] [stdout]   13:     0x6229a3bfb1ef - <testsuite[7d35554053e3736]::resolve::test_beru_resolve_dependencies::{closure#0} as core[a373ad73a504971]::ops::function::FnOnce<()>>::call_once
[INFO] [stdout]   14:     0x6229a3c0213b - test[aada8e7e76ba119b]::__rust_begin_short_backtrace::<core[a373ad73a504971]::result::Result<(), alloc[2e1b2a31b91974c5]::string::String>, fn() -> core[a373ad73a504971]::result::Result<(), alloc[2e1b2a31b91974c5]::string::String>>
[INFO] [stdout]   15:     0x6229a3c0f315 - test[aada8e7e76ba119b]::run_test::{closure#0}
[INFO] [stdout]   16:     0x6229a3c08c04 - std[617be2ca0a6fd877]::sys::backtrace::__rust_begin_short_backtrace::<test[aada8e7e76ba119b]::run_test::{closure#1}, ()>
[INFO] [stdout]   17:     0x6229a3c123a2 - <std[617be2ca0a6fd877]::thread::lifecycle::spawn_unchecked<test[aada8e7e76ba119b]::run_test::{closure#1}, ()>::{closure#1} as core[a373ad73a504971]::ops::function::FnOnce<()>>::call_once::{shim:vtable#0}
[INFO] [stdout]   18:     0x6229a3c9102f - <std[617be2ca0a6fd877]::sys::thread::unix::Thread>::new::thread_start
[INFO] [stdout]   19:     0x73a2b7fc3dfa - <unknown>
[INFO] [stdout]   20:     0x73a2b80573d4 - clone
[INFO] [stdout]   21:                0x0 - <unknown>
[INFO] [stdout] 
[INFO] [stdout] 
[INFO] [stdout] failures:
[INFO] [stdout]     resolve::test_beru_resolve_dependencies
[INFO] [stdout]     run::test_beru_run_inline_manifest_zero_context
[INFO] [stdout]     tree::test_beru_tree
[INFO] [stdout] 
[INFO] [stdout] test result: FAILED. 20 passed; 3 failed; 0 ignored; 0 measured; 0 filtered out; finished in 6.86s
[INFO] [stdout] 
[INFO] [stderr] error: test failed, to rerun pass `--test testsuite`
[INFO] running `Command { std: "docker" "inspect" "c0b3c80bef711a5ff1a67bba9752a3a2b1cbe8f041c547b6f1f78edd46c9fad7", kill_on_drop: false }`
[INFO] running `Command { std: "docker" "rm" "-f" "c0b3c80bef711a5ff1a67bba9752a3a2b1cbe8f041c547b6f1f78edd46c9fad7", kill_on_drop: false }`
[INFO] [stdout] c0b3c80bef711a5ff1a67bba9752a3a2b1cbe8f041c547b6f1f78edd46c9fad7
