[INFO] fetching crate ashurbanipal-actix-web 0.6.0...
[INFO] testing ashurbanipal-actix-web-0.6.0 against 1.99.0-beta.8+cargoflags=--release for beta-release-1.100-2
[INFO] extracting crate ashurbanipal-actix-web 0.6.0 into /workspace/builds/worker-6-tc1/source
[INFO] started tweaking crates.io crate ashurbanipal-actix-web 0.6.0
[INFO] removed 0 missing examples
[INFO] removed 0 missing tests
[INFO] finished tweaking crates.io crate ashurbanipal-actix-web 0.6.0
[INFO] tweaked toml for crates.io crate ashurbanipal-actix-web 0.6.0 written to /workspace/builds/worker-6-tc1/source/Cargo.toml
[INFO] validating manifest of crates.io crate ashurbanipal-actix-web 0.6.0 on toolchain 1.99.0-beta.8
[INFO] running `Command { std: CARGO_HOME="/workspace/cargo-home" RUSTUP_HOME="/workspace/rustup-home" "/workspace/cargo-home/bin/cargo" "+1.99.0-beta.8" "metadata" "--manifest-path" "Cargo.toml" "--no-deps", kill_on_drop: false }`
[INFO] crate crates.io crate ashurbanipal-actix-web 0.6.0 already has a lockfile, it will not be regenerated
[INFO] running `Command { std: CARGO_HOME="/workspace/cargo-home" RUSTUP_HOME="/workspace/rustup-home" "/workspace/cargo-home/bin/cargo" "+1.99.0-beta.8" "fetch" "--manifest-path" "Cargo.toml", kill_on_drop: false }`
[INFO] [stderr]     Updating crates.io index
[INFO] [stderr]  Downloading crates ...
[INFO] [stderr]   Downloaded whoami v2.1.2
[INFO] [stderr]   Downloaded webpki-root-certs v1.0.8
[INFO] [stderr]   Downloaded ashurbanipal v0.6.0
[INFO] [stderr]   Downloaded actix-web v4.15.0
[INFO] running `Command { std: "docker" "create" "-v" "/var/lib/crater-agent-workspace/builds/worker-6-tc1/source:/opt/rustwide/workdir:ro,Z" "-v" "/var/lib/crater-agent-workspace/builds/worker-6-tc1/target:/opt/rustwide/target:rw,Z" "-v" "/var/lib/crater-agent-workspace/cargo-home:/opt/rustwide/cargo-home:ro,Z" "-v" "/var/lib/crater-agent-workspace/rustup-home:/opt/rustwide/rustup-home:ro,Z" "-m" "1610612736" "--network" "none" "ghcr.io/rust-lang/crates-build-env/linux@sha256:77db811e55d90add9212f6832c23229e3de5f1c1f9905e8cb07319ea15df73ac" "sleep" "infinity", kill_on_drop: false }`
[INFO] [stdout] fd55a680d7c46e419a1e3688dd1e075d525ce5b6914de30f592de1acac1dc1e7
[INFO] running `Command { std: "docker" "start" "fd55a680d7c46e419a1e3688dd1e075d525ce5b6914de30f592de1acac1dc1e7", kill_on_drop: false }`
[INFO] running `Command { std: "docker" "inspect" "fd55a680d7c46e419a1e3688dd1e075d525ce5b6914de30f592de1acac1dc1e7", kill_on_drop: false }`
[INFO] running `Command { std: "docker" "exec" "-e" "SOURCE_DIR=/opt/rustwide/workdir" "-e" "CARGO_HOME=/opt/rustwide/cargo-home" "-e" "RUSTUP_HOME=/opt/rustwide/rustup-home" "-e" "CARGO_TARGET_DIR=/opt/rustwide/target" "-w" "/opt/rustwide/workdir" "--user" "0:0" "fd55a680d7c46e419a1e3688dd1e075d525ce5b6914de30f592de1acac1dc1e7" "/opt/rustwide/cargo-home/bin/cargo" "+1.99.0-beta.8" "metadata" "--no-deps" "--format-version=1", kill_on_drop: false }`
[INFO] running `Command { std: "docker" "inspect" "fd55a680d7c46e419a1e3688dd1e075d525ce5b6914de30f592de1acac1dc1e7", kill_on_drop: false }`
[INFO] running `Command { std: "docker" "exec" "-e" "SOURCE_DIR=/opt/rustwide/workdir" "-e" "CARGO_HOME=/opt/rustwide/cargo-home" "-e" "RUSTUP_HOME=/opt/rustwide/rustup-home" "-e" "CARGO_TARGET_DIR=/opt/rustwide/target" "-e" "CARGO_INCREMENTAL=0" "-e" "RUST_BACKTRACE=full" "-e" "RUSTFLAGS=--cap-lints=warn" "-e" "RUSTDOCFLAGS=--cap-lints=warn" "-w" "/opt/rustwide/workdir" "--user" "0:0" "fd55a680d7c46e419a1e3688dd1e075d525ce5b6914de30f592de1acac1dc1e7" "/opt/rustwide/cargo-home/bin/cargo" "+1.99.0-beta.8" "build" "--frozen" "--message-format=json" "--release", kill_on_drop: false }`
[INFO] [stderr]    Compiling libc v0.2.186
[INFO] [stderr]    Compiling quote v1.0.46
[INFO] [stderr]    Compiling log v0.4.33
[INFO] [stderr]    Compiling pkg-config v0.3.33
[INFO] [stderr]    Compiling typenum v1.20.1
[INFO] [stderr]    Compiling dunce v1.0.5
[INFO] [stderr]    Compiling fs_extra v1.3.0
[INFO] [stderr]    Compiling futures-util v0.3.32
[INFO] [stderr]    Compiling aws-lc-rs v1.17.1
[INFO] [stderr]    Compiling rustls-pki-types v1.15.0
[INFO] [stderr]    Compiling cmov v0.5.4
[INFO] [stderr]    Compiling const-oid v0.10.2
[INFO] [stderr]    Compiling syn v2.0.119
[INFO] [stderr]    Compiling ctutils v0.4.2
[INFO] [stderr]    Compiling syn v3.0.3
[INFO] [stderr]    Compiling rustls v0.23.42
[INFO] [stderr]    Compiling serde v1.0.229
[INFO] [stderr]    Compiling cpufeatures v0.3.0
[INFO] [stderr]    Compiling num-traits v0.2.19
[INFO] [stderr]    Compiling rand_core v0.10.1
[INFO] [stderr]    Compiling serde_json v1.0.151
[INFO] [stderr]    Compiling hybrid-array v0.4.13
[INFO] [stderr]    Compiling generic-array v0.14.9
[INFO] [stderr]    Compiling getrandom v0.4.3
[INFO] [stderr]    Compiling foldhash v0.2.0
[INFO] [stderr]    Compiling parking_lot_core v0.9.12
[INFO] [stderr]    Compiling errno v0.3.14
[INFO] [stderr]    Compiling signal-hook-registry v1.4.8
[INFO] [stderr]    Compiling parking_lot v0.12.5
[INFO] [stderr]    Compiling jobserver v0.1.35
[INFO] [stderr]    Compiling mio v1.2.2
[INFO] [stderr]    Compiling socket2 v0.6.5
[INFO] [stderr]    Compiling cc v1.2.67
[INFO] [stderr]    Compiling crypto-common v0.2.2
[INFO] [stderr]    Compiling tokio v1.53.1
[INFO] [stderr]    Compiling block-buffer v0.12.1
[INFO] [stderr]    Compiling getrandom v0.2.17
[INFO] [stderr]    Compiling hashbrown v0.17.1
[INFO] [stderr]    Compiling digest v0.11.3
[INFO] [stderr]    Compiling crossbeam-utils v0.8.22
[INFO] [stderr]    Compiling cmake v0.1.58
[INFO] [stderr]    Compiling serde_derive v1.0.229
[INFO] [stderr]    Compiling indexmap v2.14.0
[INFO] [stderr]    Compiling aws-lc-sys v0.42.0
[INFO] [stderr]    Compiling ring v0.17.14
[INFO] [stderr]    Compiling synstructure v0.13.2
[INFO] [stderr]    Compiling zstd-sys v2.0.16+zstd.1.5.7
[INFO] [stderr]    Compiling block-buffer v0.10.4
[INFO] [stderr]    Compiling crypto-common v0.1.6
[INFO] [stderr]    Compiling chacha20 v0.10.1
[INFO] [stderr]    Compiling thiserror v2.0.18
[INFO] [stderr]    Compiling serde_core v1.0.229
[INFO] [stderr]    Compiling hashbrown v0.16.1
[INFO] [stderr]    Compiling zerofrom-derive v0.1.7
[INFO] [stderr]    Compiling yoke-derive v0.8.2
[INFO] [stderr]    Compiling zerovec-derive v0.11.3
[INFO] [stderr]    Compiling displaydoc v0.2.6
[INFO] [stderr]    Compiling tracing-attributes v0.1.31
[INFO] [stderr]    Compiling thiserror-impl v2.0.18
[INFO] [stderr]    Compiling zerofrom v0.1.8
[INFO] [stderr]    Compiling yoke v0.8.3
[INFO] [stderr]    Compiling zerovec v0.11.6
[INFO] [stderr]    Compiling zerotrie v0.2.4
[INFO] [stderr]    Compiling tracing v0.1.44
[INFO] [stderr]    Compiling tinystr v0.8.3
[INFO] [stderr]    Compiling potential_utf v0.1.5
[INFO] [stderr]    Compiling tinyvec v1.12.0
[INFO] [stderr]    Compiling icu_collections v2.2.0
[INFO] [stderr]    Compiling icu_locale_core v2.2.0
[INFO] [stderr]    Compiling rand v0.10.2
[INFO] [stderr]    Compiling digest v0.10.7
[INFO] [stderr]    Compiling crc-catalog v2.5.0
[INFO] [stderr]    Compiling unicode-segmentation v1.13.3
[INFO] [stderr]    Compiling zstd-safe v7.2.4
[INFO] [stderr]    Compiling local-waker v0.1.4
[INFO] [stderr]    Compiling convert_case v0.10.0
[INFO] [stderr]    Compiling icu_provider v2.2.0
[INFO] [stderr]    Compiling crossbeam-queue v0.3.13
[INFO] [stderr]    Compiling alloc-stdlib v0.2.4
[INFO] [stderr]    Compiling event-listener v5.4.2
[INFO] [stderr]    Compiling sha2 v0.10.9
[INFO] [stderr]    Compiling icu_normalizer v2.2.0
[INFO] [stderr]    Compiling icu_properties v2.2.0
[INFO] [stderr]    Compiling crc v3.4.0
[INFO] [stderr]    Compiling idna_adapter v1.2.2
[INFO] [stderr]    Compiling chrono v0.4.45
[INFO] [stderr]    Compiling idna v1.1.0
[INFO] [stderr]    Compiling unicode-normalization v0.1.25
[INFO] [stderr]    Compiling url v2.5.8
[INFO] [stderr]    Compiling tokio-util v0.7.19
[INFO] [stderr]    Compiling tokio-stream v0.1.18
[INFO] [stderr]    Compiling hashlink v0.11.1
[INFO] [stderr]    Compiling hmac v0.13.0
[INFO] [stderr]    Compiling futures-intrusive v0.5.0
[INFO] [stderr]    Compiling webpki-roots v1.0.8
[INFO] [stderr]    Compiling aho-corasick v1.1.5
[INFO] [stderr]    Compiling tracing-core v0.1.36
[INFO] [stderr]    Compiling uuid v1.24.0
[INFO] [stderr]    Compiling bytes v1.12.1
[INFO] [stderr]    Compiling regex-syntax v0.8.11
[INFO] [stderr]    Compiling either v1.16.0
[INFO] [stderr]    Compiling unicode-properties v0.1.4
[INFO] [stderr]    Compiling pin-project-lite v0.2.17
[INFO] [stderr]    Compiling unicode-xid v0.2.6
[INFO] [stderr]    Compiling unicode-bidi v0.3.18
[INFO] [stderr]    Compiling derive_more-impl v2.1.1
[INFO] [stderr]    Compiling bytestring v1.5.1
[INFO] [stderr]    Compiling stringprep v0.1.5
[INFO] [stderr]    Compiling hyper v1.10.1
[INFO] [stderr]    Compiling regex-automata v0.4.18
[INFO] [stderr]    Compiling hkdf v0.13.0
[INFO] [stderr]    Compiling brotli-decompressor v5.0.3
[INFO] [stderr]    Compiling actix-utils v3.0.1
[INFO] [stderr]    Compiling actix-rt v2.11.0
[INFO] [stderr]    Compiling atoi v2.0.0
[INFO] [stderr]    Compiling sha2 v0.11.0
[INFO] [stderr]    Compiling md-5 v0.11.0
[INFO] [stderr]    Compiling cookie v0.16.2
[INFO] [stderr]    Compiling actix-service v2.0.3
[INFO] [stderr]    Compiling winnow v1.0.4
[INFO] [stderr]    Compiling deranged v0.5.8
[INFO] [stderr]    Compiling byteorder v1.5.0
[INFO] [stderr]    Compiling dotenvy v0.15.7
[INFO] [stderr]    Compiling regex-lite v0.1.9
[INFO] [stderr]    Compiling whoami v2.1.2
[INFO] [stderr]    Compiling time v0.3.55
[INFO] [stderr]    Compiling actix-router v0.5.4
[INFO] [stderr]    Compiling hyper-util v0.1.20
[INFO] [stderr]    Compiling tower v0.5.3
[INFO] [stderr]    Compiling toml_parser v1.1.3+spec-1.1.0
[INFO] [stderr]    Compiling rustls-native-certs v0.8.4
[INFO] [stderr]    Compiling regex v1.13.1
[INFO] [stderr]    Compiling brotli v8.0.4
[INFO] [stderr]    Compiling derive_more v2.1.1
[INFO] [stderr]    Compiling actix-codec v0.5.2
[INFO] [stderr]    Compiling h2 v0.3.27
[INFO] [stderr]    Compiling local-channel v0.1.5
[INFO] [stderr]    Compiling sha1 v0.11.0
[INFO] [stderr]    Compiling toml_datetime v1.1.1+spec-1.1.0
[INFO] [stderr]    Compiling serde_spanned v1.1.1
[INFO] [stderr]    Compiling toml_writer v1.1.2+spec-1.1.0
[INFO] [stderr]    Compiling toml v1.1.4+spec-1.1.0
[INFO] [stderr]    Compiling serde_urlencoded v0.7.1
[INFO] [stderr]    Compiling tower-http v0.6.11
[INFO] [stderr]    Compiling actix-web-codegen v4.3.0
[INFO] [stderr]    Compiling actix-server v2.7.0
[INFO] [stderr]    Compiling actix-macros v0.2.4
[INFO] [stderr]    Compiling http-body-util v0.1.4
[INFO] [stderr]    Compiling impl-more v0.3.5
[INFO] [stderr]    Compiling zstd v0.13.3
[INFO] [stderr]    Compiling actix-http v3.13.3
[INFO] [stderr]    Compiling actix-web v4.15.0
[INFO] [stderr]    Compiling rustls-webpki v0.103.13
[INFO] [stderr]    Compiling sqlx-core v0.9.0
[INFO] [stderr]    Compiling tokio-rustls v0.26.4
[INFO] [stderr]    Compiling rustls-platform-verifier v0.6.2
[INFO] [stderr]    Compiling hyper-rustls v0.27.9
[INFO] [stderr]    Compiling reqwest v0.13.4
[INFO] [stderr]    Compiling sqlx-postgres v0.9.0
[INFO] [stderr]    Compiling sqlx v0.9.0
[INFO] [stderr]    Compiling ashurbanipal v0.6.0
[INFO] [stderr]    Compiling ashurbanipal-actix-web v0.6.0 (/opt/rustwide/workdir)
[INFO] [stderr]     Finished `release` profile [optimized] target(s) in 8m 14s
[INFO] running `Command { std: "docker" "inspect" "fd55a680d7c46e419a1e3688dd1e075d525ce5b6914de30f592de1acac1dc1e7", kill_on_drop: false }`
[INFO] running `Command { std: "docker" "exec" "-e" "SOURCE_DIR=/opt/rustwide/workdir" "-e" "CARGO_HOME=/opt/rustwide/cargo-home" "-e" "RUSTUP_HOME=/opt/rustwide/rustup-home" "-e" "CARGO_TARGET_DIR=/opt/rustwide/target" "-e" "CARGO_INCREMENTAL=0" "-e" "RUST_BACKTRACE=full" "-e" "RUSTFLAGS=--cap-lints=warn" "-e" "RUSTDOCFLAGS=--cap-lints=warn" "-w" "/opt/rustwide/workdir" "--user" "0:0" "fd55a680d7c46e419a1e3688dd1e075d525ce5b6914de30f592de1acac1dc1e7" "/opt/rustwide/cargo-home/bin/cargo" "+1.99.0-beta.8" "test" "--frozen" "--no-run" "--message-format=json" "--release", kill_on_drop: false }`
[INFO] [stderr]    Compiling mio v1.2.2
[INFO] [stderr]    Compiling tokio-macros v2.7.0
[INFO] [stderr]    Compiling tracing v0.1.44
[INFO] [stderr]    Compiling rustls-platform-verifier v0.6.2
[INFO] [stderr]    Compiling tracing-subscriber v0.3.23
[INFO] [stderr]    Compiling actix-router v0.5.4
[INFO] [stderr]    Compiling tokio v1.53.1
[INFO] [stderr]    Compiling tokio-util v0.7.19
[INFO] [stderr]    Compiling tokio-stream v0.1.18
[INFO] [stderr]    Compiling actix-rt v2.11.0
[INFO] [stderr]    Compiling hyper v1.10.1
[INFO] [stderr]    Compiling tower v0.5.3
[INFO] [stderr]    Compiling tokio-rustls v0.26.4
[INFO] [stderr]    Compiling sqlx-core v0.9.0
[INFO] [stderr]    Compiling tower-http v0.6.11
[INFO] [stderr]    Compiling h2 v0.3.27
[INFO] [stderr]    Compiling hyper-util v0.1.20
[INFO] [stderr]    Compiling actix-codec v0.5.2
[INFO] [stderr]    Compiling actix-server v2.7.0
[INFO] [stderr]    Compiling hyper-rustls v0.27.9
[INFO] [stderr]    Compiling reqwest v0.13.4
[INFO] [stderr]    Compiling sqlx-postgres v0.9.0
[INFO] [stderr]    Compiling actix-http v3.13.3
[INFO] [stderr]    Compiling sqlx v0.9.0
[INFO] [stderr]    Compiling ashurbanipal v0.6.0
[INFO] [stderr]    Compiling actix-web v4.15.0
[INFO] [stderr]    Compiling ashurbanipal-actix-web v0.6.0 (/opt/rustwide/workdir)
[INFO] [stderr]     Finished `release` profile [optimized] target(s) in 3m 47s
[INFO] running `Command { std: "docker" "inspect" "fd55a680d7c46e419a1e3688dd1e075d525ce5b6914de30f592de1acac1dc1e7", kill_on_drop: false }`
[INFO] running `Command { std: "docker" "exec" "-e" "SOURCE_DIR=/opt/rustwide/workdir" "-e" "CARGO_HOME=/opt/rustwide/cargo-home" "-e" "RUSTUP_HOME=/opt/rustwide/rustup-home" "-e" "CARGO_TARGET_DIR=/opt/rustwide/target" "-e" "CARGO_INCREMENTAL=0" "-e" "RUST_BACKTRACE=full" "-e" "RUSTFLAGS=--cap-lints=warn" "-e" "RUSTDOCFLAGS=--cap-lints=warn" "-w" "/opt/rustwide/workdir" "--user" "0:0" "fd55a680d7c46e419a1e3688dd1e075d525ce5b6914de30f592de1acac1dc1e7" "/opt/rustwide/cargo-home/bin/cargo" "+1.99.0-beta.8" "test" "--frozen" "--release", kill_on_drop: false }`
[INFO] [stderr]     Finished `release` profile [optimized] target(s) in 0.45s
[INFO] [stderr]      Running unittests src/lib.rs (/opt/rustwide/target/release/deps/ashurbanipal_actix_web-72d59c6ee98ab20c)
[INFO] [stdout] 
[INFO] [stdout] running 2 tests
[INFO] [stdout] test routes::tests::health_url_resolves_against_origin ... ok
[INFO] [stderr]      Running tests/multi_source.rs (/opt/rustwide/target/release/deps/multi_source-195e402dbb41e583)
[INFO] [stdout] test routes::kill_switch_tests::disabled_config_404s_html_and_api_routes ... ok
[INFO] [stdout] 
[INFO] [stdout] test result: ok. 2 passed; 0 failed; 0 ignored; 0 measured; 0 filtered out; finished in 0.08s
[INFO] [stdout] 
[INFO] [stdout] 
[INFO] [stdout] running 3 tests
[INFO] [stdout] test unknown_source_is_rejected_with_400_on_every_source_aware_route ... FAILED
[INFO] [stdout] test api_sources_lists_registered_names_in_registration_order_with_no_backend_field ... FAILED
[INFO] [stdout] test omitting_source_resolves_to_first_registered_and_explicit_source_reaches_its_own_data ... FAILED
[INFO] [stdout] 
[INFO] [stdout] failures:
[INFO] [stdout] 
[INFO] [stdout] ---- unknown_source_is_rejected_with_400_on_every_source_aware_route stdout ----
[INFO] [stdout] 
[INFO] [stdout] thread 'unknown_source_is_rejected_with_400_on_every_source_aware_route' (5095) panicked at tests/multi_source.rs:157:10:
[INFO] [stdout] DATABASE_URL must be set (the devcontainer sets it automatically): NotPresent
[INFO] [stdout] stack backtrace:
[INFO] [stdout]    0:     0x5817f4eb2351 - <<std[70759c8f55707aa4]::sys::backtrace::BacktraceLock>::print::DisplayBacktrace as core[df12db4294e9bfd3]::fmt::Display>::fmt
[INFO] [stdout]    1:     0x5817f4eca60a - core[df12db4294e9bfd3]::fmt::write
[INFO] [stdout]    2:     0x5817f4eb739c - <alloc[2182bb758b4b3781]::vec::Vec<u8> as core[df12db4294e9bfd3]::io::write::Write>::write_fmt
[INFO] [stdout]    3:     0x5817f4e8c7e6 - std[70759c8f55707aa4]::panicking::default_hook::{closure#0}
[INFO] [stdout]    4:     0x5817f4ea97c9 - std[70759c8f55707aa4]::panicking::default_hook
[INFO] [stdout]    5:     0x5817f48cc570 - test[9d35eded1c95d3be]::test_main_inner::<test[9d35eded1c95d3be]::test_main_static::{closure#0}>::{closure#0}
[INFO] [stdout]    6:     0x5817f4ea9af2 - std[70759c8f55707aa4]::panicking::panic_with_hook
[INFO] [stdout]    7:     0x5817f4e8c892 - std[70759c8f55707aa4]::panicking::panic_handler::{closure#0}
[INFO] [stdout]    8:     0x5817f4e85309 - std[70759c8f55707aa4]::sys::backtrace::__rust_end_short_backtrace::<std[70759c8f55707aa4]::panicking::panic_handler::{closure#0}, !>
[INFO] [stdout]    9:     0x5817f4e8d67d - __rustc[8fa7c3cbc660c2b3]::rust_begin_unwind
[INFO] [stdout]   10:     0x5817f4ecae2c - core[df12db4294e9bfd3]::panicking::panic_fmt
[INFO] [stdout]   11:     0x5817f4ecac02 - core[df12db4294e9bfd3]::result::unwrap_failed
[INFO] [stdout]   12:     0x5817f489c438 - <std[70759c8f55707aa4]::thread::local::LocalKey<tokio[730a97ed3ba5eb2b]::task::local::LocalData>>::with::<<tokio[730a97ed3ba5eb2b]::task::local::LocalSet>::with<core[df12db4294e9bfd3]::task::poll::Poll<()>, <tokio[730a97ed3ba5eb2b]::task::local::RunUntil<multi_source[72436ad200901e6b]::unknown_source_is_rejected_with_400_on_every_source_aware_route::{closure#0}> as core[df12db4294e9bfd3]::future::future::Future>::poll::{closure#0}>::{closure#0}, core[df12db4294e9bfd3]::task::poll::Poll<()>>
[INFO] [stdout]   13:     0x5817f4848043 - <core[df12db4294e9bfd3]::pin::Pin<alloc[2182bb758b4b3781]::boxed::Box<<tokio[730a97ed3ba5eb2b]::task::local::LocalSet>::run_until<multi_source[72436ad200901e6b]::unknown_source_is_rejected_with_400_on_every_source_aware_route::{closure#0}>::{closure#0}>> as core[df12db4294e9bfd3]::future::future::Future>::poll
[INFO] [stdout]   14:     0x5817f486af15 - <tokio[730a97ed3ba5eb2b]::runtime::context::scoped::Scoped<tokio[730a97ed3ba5eb2b]::runtime::scheduler::Context>>::set::<<tokio[730a97ed3ba5eb2b]::runtime::scheduler::current_thread::CoreGuard>::enter<<tokio[730a97ed3ba5eb2b]::runtime::scheduler::current_thread::CoreGuard>::block_on<core[df12db4294e9bfd3]::pin::Pin<&mut core[df12db4294e9bfd3]::pin::Pin<alloc[2182bb758b4b3781]::boxed::Box<<tokio[730a97ed3ba5eb2b]::task::local::LocalSet>::run_until<multi_source[72436ad200901e6b]::unknown_source_is_rejected_with_400_on_every_source_aware_route::{closure#0}>::{closure#0}>>>>::{closure#0}, core[df12db4294e9bfd3]::option::Option<()>>::{closure#0}, (alloc[2182bb758b4b3781]::boxed::Box<tokio[730a97ed3ba5eb2b]::runtime::scheduler::current_thread::Core>, core[df12db4294e9bfd3]::option::Option<()>)>
[INFO] [stdout]   15:     0x5817f486bafc - <tokio[730a97ed3ba5eb2b]::runtime::scheduler::current_thread::CurrentThread>::block_on::<core[df12db4294e9bfd3]::pin::Pin<alloc[2182bb758b4b3781]::boxed::Box<<tokio[730a97ed3ba5eb2b]::task::local::LocalSet>::run_until<multi_source[72436ad200901e6b]::unknown_source_is_rejected_with_400_on_every_source_aware_route::{closure#0}>::{closure#0}>>>
[INFO] [stdout]   16:     0x5817f48ad784 - <tokio[730a97ed3ba5eb2b]::runtime::runtime::Runtime>::block_on::<<tokio[730a97ed3ba5eb2b]::task::local::LocalSet>::run_until<multi_source[72436ad200901e6b]::unknown_source_is_rejected_with_400_on_every_source_aware_route::{closure#0}>::{closure#0}>
[INFO] [stdout]   17:     0x5817f48550e2 - <multi_source[72436ad200901e6b]::unknown_source_is_rejected_with_400_on_every_source_aware_route::{closure#0} as core[df12db4294e9bfd3]::ops::function::FnOnce<()>>::call_once
[INFO] [stdout]   18:     0x5817f48bf85b - test[9d35eded1c95d3be]::__rust_begin_short_backtrace::<core[df12db4294e9bfd3]::result::Result<(), alloc[2182bb758b4b3781]::string::String>, fn() -> core[df12db4294e9bfd3]::result::Result<(), alloc[2182bb758b4b3781]::string::String>>
[INFO] [stdout]   19:     0x5817f48ccec5 - test[9d35eded1c95d3be]::run_test::{closure#0}
[INFO] [stdout]   20:     0x5817f48c6784 - std[70759c8f55707aa4]::sys::backtrace::__rust_begin_short_backtrace::<test[9d35eded1c95d3be]::run_test::{closure#1}, ()>
[INFO] [stdout]   21:     0x5817f48d0022 - <std[70759c8f55707aa4]::thread::lifecycle::spawn_unchecked<test[9d35eded1c95d3be]::run_test::{closure#1}, ()>::{closure#1} as core[df12db4294e9bfd3]::ops::function::FnOnce<()>>::call_once::{shim:vtable#0}
[INFO] [stdout]   22:     0x5817f4eb1559 - <std[70759c8f55707aa4]::sys::thread::unix::Thread>::new::thread_start
[INFO] [stdout]   23:     0x79b75c816dfa - <unknown>
[INFO] [stdout]   24:     0x79b75c8aa3d4 - clone
[INFO] [stdout]   25:                0x0 - <unknown>
[INFO] [stdout] 
[INFO] [stdout] ---- api_sources_lists_registered_names_in_registration_order_with_no_backend_field stdout ----
[INFO] [stdout] 
[INFO] [stdout] thread 'api_sources_lists_registered_names_in_registration_order_with_no_backend_field' (5093) panicked at tests/multi_source.rs:180:10:
[INFO] [stdout] DATABASE_URL must be set (the devcontainer sets it automatically): NotPresent
[INFO] [stdout] stack backtrace:
[INFO] [stdout]    0:     0x5817f4eb2351 - <<std[70759c8f55707aa4]::sys::backtrace::BacktraceLock>::print::DisplayBacktrace as core[df12db4294e9bfd3]::fmt::Display>::fmt
[INFO] [stdout]    1:     0x5817f4eca60a - core[df12db4294e9bfd3]::fmt::write
[INFO] [stdout]    2:     0x5817f4eb739c - <alloc[2182bb758b4b3781]::vec::Vec<u8> as core[df12db4294e9bfd3]::io::write::Write>::write_fmt
[INFO] [stdout]    3:     0x5817f4e8c7e6 - std[70759c8f55707aa4]::panicking::default_hook::{closure#0}
[INFO] [stdout]    4:     0x5817f4ea97c9 - std[70759c8f55707aa4]::panicking::default_hook
[INFO] [stdout]    5:     0x5817f48cc570 - test[9d35eded1c95d3be]::test_main_inner::<test[9d35eded1c95d3be]::test_main_static::{closure#0}>::{closure#0}
[INFO] [stdout]    6:     0x5817f4ea9af2 - std[70759c8f55707aa4]::panicking::panic_with_hook
[INFO] [stdout]    7:     0x5817f4e8c892 - std[70759c8f55707aa4]::panicking::panic_handler::{closure#0}
[INFO] [stdout]    8:     0x5817f4e85309 - std[70759c8f55707aa4]::sys::backtrace::__rust_end_short_backtrace::<std[70759c8f55707aa4]::panicking::panic_handler::{closure#0}, !>
[INFO] [stdout]    9:     0x5817f4e8d67d - __rustc[8fa7c3cbc660c2b3]::rust_begin_unwind
[INFO] [stdout]   10:     0x5817f4ecae2c - core[df12db4294e9bfd3]::panicking::panic_fmt
[INFO] [stdout]   11:     0x5817f4ecac02 - core[df12db4294e9bfd3]::result::unwrap_failed
[INFO] [stdout]   12:     0x5817f489dee9 - <std[70759c8f55707aa4]::thread::local::LocalKey<tokio[730a97ed3ba5eb2b]::task::local::LocalData>>::with::<<tokio[730a97ed3ba5eb2b]::task::local::LocalSet>::with<core[df12db4294e9bfd3]::task::poll::Poll<()>, <tokio[730a97ed3ba5eb2b]::task::local::RunUntil<multi_source[72436ad200901e6b]::api_sources_lists_registered_names_in_registration_order_with_no_backend_field::{closure#0}> as core[df12db4294e9bfd3]::future::future::Future>::poll::{closure#0}>::{closure#0}, core[df12db4294e9bfd3]::task::poll::Poll<()>>
[INFO] [stdout]   13:     0x5817f4848143 - <core[df12db4294e9bfd3]::pin::Pin<alloc[2182bb758b4b3781]::boxed::Box<<tokio[730a97ed3ba5eb2b]::task::local::LocalSet>::run_until<multi_source[72436ad200901e6b]::api_sources_lists_registered_names_in_registration_order_with_no_backend_field::{closure#0}>::{closure#0}>> as core[df12db4294e9bfd3]::future::future::Future>::poll
[INFO] [stdout]   14:     0x5817f486b245 - <tokio[730a97ed3ba5eb2b]::runtime::context::scoped::Scoped<tokio[730a97ed3ba5eb2b]::runtime::scheduler::Context>>::set::<<tokio[730a97ed3ba5eb2b]::runtime::scheduler::current_thread::CoreGuard>::enter<<tokio[730a97ed3ba5eb2b]::runtime::scheduler::current_thread::CoreGuard>::block_on<core[df12db4294e9bfd3]::pin::Pin<&mut core[df12db4294e9bfd3]::pin::Pin<alloc[2182bb758b4b3781]::boxed::Box<<tokio[730a97ed3ba5eb2b]::task::local::LocalSet>::run_until<multi_source[72436ad200901e6b]::api_sources_lists_registered_names_in_registration_order_with_no_backend_field::{closure#0}>::{closure#0}>>>>::{closure#0}, core[df12db4294e9bfd3]::option::Option<()>>::{closure#0}, (alloc[2182bb758b4b3781]::boxed::Box<tokio[730a97ed3ba5eb2b]::runtime::scheduler::current_thread::Core>, core[df12db4294e9bfd3]::option::Option<()>)>
[INFO] [stdout]   15:     0x5817f486c11c - <tokio[730a97ed3ba5eb2b]::runtime::scheduler::current_thread::CurrentThread>::block_on::<core[df12db4294e9bfd3]::pin::Pin<alloc[2182bb758b4b3781]::boxed::Box<<tokio[730a97ed3ba5eb2b]::task::local::LocalSet>::run_until<multi_source[72436ad200901e6b]::api_sources_lists_registered_names_in_registration_order_with_no_backend_field::{closure#0}>::{closure#0}>>>
[INFO] [stdout]   16:     0x5817f48ad904 - <tokio[730a97ed3ba5eb2b]::runtime::runtime::Runtime>::block_on::<<tokio[730a97ed3ba5eb2b]::task::local::LocalSet>::run_until<multi_source[72436ad200901e6b]::api_sources_lists_registered_names_in_registration_order_with_no_backend_field::{closure#0}>::{closure#0}>
[INFO] [stdout]   17:     0x5817f48551a2 - <multi_source[72436ad200901e6b]::api_sources_lists_registered_names_in_registration_order_with_no_backend_field::{closure#0} as core[df12db4294e9bfd3]::ops::function::FnOnce<()>>::call_once
[INFO] [stdout]   18:     0x5817f48bf85b - test[9d35eded1c95d3be]::__rust_begin_short_backtrace::<core[df12db4294e9bfd3]::result::Result<(), alloc[2182bb758b4b3781]::string::String>, fn() -> core[df12db4294e9bfd3]::result::Result<(), alloc[2182bb758b4b3781]::string::String>>
[INFO] [stdout]   19:     0x5817f48ccec5 - test[9d35eded1c95d3be]::run_test::{closure#0}
[INFO] [stdout]   20:     0x5817f48c6784 - std[70759c8f55707aa4]::sys::backtrace::__rust_begin_short_backtrace::<test[9d35eded1c95d3be]::run_test::{closure#1}, ()>
[INFO] [stdout]   21:     0x5817f48d0022 - <std[70759c8f55707aa4]::thread::lifecycle::spawn_unchecked<test[9d35eded1c95d3be]::run_test::{closure#1}, ()>::{closure#1} as core[df12db4294e9bfd3]::ops::function::FnOnce<()>>::call_once::{shim:vtable#0}
[INFO] [stdout]   22:     0x5817f4eb1559 - <std[70759c8f55707aa4]::sys::thread::unix::Thread>::new::thread_start
[INFO] [stdout]   23:     0x79b75c816dfa - <unknown>
[INFO] [stdout]   24:     0x79b75c8aa3d4 - clone
[INFO] [stdout]   25:                0x0 - <unknown>
[INFO] [stdout] 
[INFO] [stdout] ---- omitting_source_resolves_to_first_registered_and_explicit_source_reaches_its_own_data stdout ----
[INFO] [stdout] 
[INFO] [stdout] thread 'omitting_source_resolves_to_first_registered_and_explicit_source_reaches_its_own_data' (5094) panicked at tests/multi_source.rs:93:10:
[INFO] [stdout] DATABASE_URL must be set (the devcontainer sets it automatically): NotPresent
[INFO] [stdout] stack backtrace:
[INFO] [stdout]    0:     0x5817f4eb2351 - <<std[70759c8f55707aa4]::sys::backtrace::BacktraceLock>::print::DisplayBacktrace as core[df12db4294e9bfd3]::fmt::Display>::fmt
[INFO] [stdout]    1:     0x5817f4eca60a - core[df12db4294e9bfd3]::fmt::write
[INFO] [stdout]    2:     0x5817f4eb739c - <alloc[2182bb758b4b3781]::vec::Vec<u8> as core[df12db4294e9bfd3]::io::write::Write>::write_fmt
[INFO] [stdout]    3:     0x5817f4e8c7e6 - std[70759c8f55707aa4]::panicking::default_hook::{closure#0}
[INFO] [stdout]    4:     0x5817f4ea97c9 - std[70759c8f55707aa4]::panicking::default_hook
[INFO] [stdout]    5:     0x5817f48cc570 - test[9d35eded1c95d3be]::test_main_inner::<test[9d35eded1c95d3be]::test_main_static::{closure#0}>::{closure#0}
[INFO] [stdout]    6:     0x5817f4ea9af2 - std[70759c8f55707aa4]::panicking::panic_with_hook
[INFO] [stdout]    7:     0x5817f4e8c892 - std[70759c8f55707aa4]::panicking::panic_handler::{closure#0}
[INFO] [stdout]    8:     0x5817f4e85309 - std[70759c8f55707aa4]::sys::backtrace::__rust_end_short_backtrace::<std[70759c8f55707aa4]::panicking::panic_handler::{closure#0}, !>
[INFO] [stdout]    9:     0x5817f4e8d67d - __rustc[8fa7c3cbc660c2b3]::rust_begin_unwind
[INFO] [stdout]   10:     0x5817f4ecae2c - core[df12db4294e9bfd3]::panicking::panic_fmt
[INFO] [stdout]   11:     0x5817f4ecac02 - core[df12db4294e9bfd3]::result::unwrap_failed
[INFO] [stdout]   12:     0x5817f489f1dd - <std[70759c8f55707aa4]::thread::local::LocalKey<tokio[730a97ed3ba5eb2b]::task::local::LocalData>>::with::<<tokio[730a97ed3ba5eb2b]::task::local::LocalSet>::with<core[df12db4294e9bfd3]::task::poll::Poll<()>, <tokio[730a97ed3ba5eb2b]::task::local::RunUntil<multi_source[72436ad200901e6b]::omitting_source_resolves_to_first_registered_and_explicit_source_reaches_its_own_data::{closure#0}> as core[df12db4294e9bfd3]::future::future::Future>::poll::{closure#0}>::{closure#0}, core[df12db4294e9bfd3]::task::poll::Poll<()>>
[INFO] [stdout]   13:     0x5817f4848243 - <core[df12db4294e9bfd3]::pin::Pin<alloc[2182bb758b4b3781]::boxed::Box<<tokio[730a97ed3ba5eb2b]::task::local::LocalSet>::run_until<multi_source[72436ad200901e6b]::omitting_source_resolves_to_first_registered_and_explicit_source_reaches_its_own_data::{closure#0}>::{closure#0}>> as core[df12db4294e9bfd3]::future::future::Future>::poll
[INFO] [stdout]   14:     0x5817f486b575 - <tokio[730a97ed3ba5eb2b]::runtime::context::scoped::Scoped<tokio[730a97ed3ba5eb2b]::runtime::scheduler::Context>>::set::<<tokio[730a97ed3ba5eb2b]::runtime::scheduler::current_thread::CoreGuard>::enter<<tokio[730a97ed3ba5eb2b]::runtime::scheduler::current_thread::CoreGuard>::block_on<core[df12db4294e9bfd3]::pin::Pin<&mut core[df12db4294e9bfd3]::pin::Pin<alloc[2182bb758b4b3781]::boxed::Box<<tokio[730a97ed3ba5eb2b]::task::local::LocalSet>::run_until<multi_source[72436ad200901e6b]::omitting_source_resolves_to_first_registered_and_explicit_source_reaches_its_own_data::{closure#0}>::{closure#0}>>>>::{closure#0}, core[df12db4294e9bfd3]::option::Option<()>>::{closure#0}, (alloc[2182bb758b4b3781]::boxed::Box<tokio[730a97ed3ba5eb2b]::runtime::scheduler::current_thread::Core>, core[df12db4294e9bfd3]::option::Option<()>)>
[INFO] [stdout]   15:     0x5817f486c73c - <tokio[730a97ed3ba5eb2b]::runtime::scheduler::current_thread::CurrentThread>::block_on::<core[df12db4294e9bfd3]::pin::Pin<alloc[2182bb758b4b3781]::boxed::Box<<tokio[730a97ed3ba5eb2b]::task::local::LocalSet>::run_until<multi_source[72436ad200901e6b]::omitting_source_resolves_to_first_registered_and_explicit_source_reaches_its_own_data::{closure#0}>::{closure#0}>>>
[INFO] [stdout]   16:     0x5817f48ada66 - <tokio[730a97ed3ba5eb2b]::runtime::runtime::Runtime>::block_on::<<tokio[730a97ed3ba5eb2b]::task::local::LocalSet>::run_until<multi_source[72436ad200901e6b]::omitting_source_resolves_to_first_registered_and_explicit_source_reaches_its_own_data::{closure#0}>::{closure#0}>
[INFO] [stdout]   17:     0x5817f4855244 - <multi_source[72436ad200901e6b]::omitting_source_resolves_to_first_registered_and_explicit_source_reaches_its_own_data::{closure#0} as core[df12db4294e9bfd3]::ops::function::FnOnce<()>>::call_once
[INFO] [stdout]   18:     0x5817f48bf85b - test[9d35eded1c95d3be]::__rust_begin_short_backtrace::<core[df12db4294e9bfd3]::result::Result<(), alloc[2182bb758b4b3781]::string::String>, fn() -> core[df12db4294e9bfd3]::result::Result<(), alloc[2182bb758b4b3781]::string::String>>
[INFO] [stdout]   19:     0x5817f48ccec5 - test[9d35eded1c95d3be]::run_test::{closure#0}
[INFO] [stdout]   20:     0x5817f48c6784 - std[70759c8f55707aa4]::sys::backtrace::__rust_begin_short_backtrace::<test[9d35eded1c95d3be]::run_test::{closure#1}, ()>
[INFO] [stdout]   21:     0x5817f48d0022 - <std[70759c8f55707aa4]::thread::lifecycle::spawn_unchecked<test[9d35eded1c95d3be]::run_test::{closure#1}, ()>::{closure#1} as core[df12db4294e9bfd3]::ops::function::FnOnce<()>>::call_once::{shim:vtable#0}
[INFO] [stdout]   22:     0x5817f4eb1559 - <std[70759c8f55707aa4]::sys::thread::unix::Thread>::new::thread_start
[INFO] [stdout]   23:     0x79b75c816dfa - <unknown>
[INFO] [stdout]   24:     0x79b75c8aa3d4 - clone
[INFO] [stdout]   25:                0x0 - <unknown>
[INFO] [stdout] 
[INFO] [stdout] 
[INFO] [stdout] failures:
[INFO] [stdout]     api_sources_lists_registered_names_in_registration_order_with_no_backend_field
[INFO] [stdout]     omitting_source_resolves_to_first_registered_and_explicit_source_reaches_its_own_data
[INFO] [stdout]     unknown_source_is_rejected_with_400_on_every_source_aware_route
[INFO] [stdout] 
[INFO] [stdout] test result: FAILED. 0 passed; 3 failed; 0 ignored; 0 measured; 0 filtered out; finished in 0.01s
[INFO] [stdout] 
[INFO] [stderr] error: test failed, to rerun pass `--test multi_source`
[INFO] running `Command { std: "docker" "inspect" "fd55a680d7c46e419a1e3688dd1e075d525ce5b6914de30f592de1acac1dc1e7", kill_on_drop: false }`
[INFO] running `Command { std: "docker" "rm" "-f" "fd55a680d7c46e419a1e3688dd1e075d525ce5b6914de30f592de1acac1dc1e7", kill_on_drop: false }`
[INFO] [stdout] fd55a680d7c46e419a1e3688dd1e075d525ce5b6914de30f592de1acac1dc1e7
