[INFO] fetching crate alloy-ens-extender 0.1.1...
[INFO] testing alloy-ens-extender-0.1.1 against 1.100.0-beta.1+cargoflags=--release for beta-release-1.100-2
[INFO] extracting crate alloy-ens-extender 0.1.1 into /workspace/builds/worker-6-tc2/source
[INFO] started tweaking crates.io crate alloy-ens-extender 0.1.1
[INFO] finished tweaking crates.io crate alloy-ens-extender 0.1.1
[INFO] tweaked toml for crates.io crate alloy-ens-extender 0.1.1 written to /workspace/builds/worker-6-tc2/source/Cargo.toml
[INFO] validating manifest of crates.io crate alloy-ens-extender 0.1.1 on toolchain 1.100.0-beta.1
[INFO] running `Command { std: CARGO_HOME="/workspace/cargo-home" RUSTUP_HOME="/workspace/rustup-home" "/workspace/cargo-home/bin/cargo" "+1.100.0-beta.1" "metadata" "--manifest-path" "Cargo.toml" "--no-deps", kill_on_drop: false }`
[INFO] crate crates.io crate alloy-ens-extender 0.1.1 already has a lockfile, it will not be regenerated
[INFO] running `Command { std: CARGO_HOME="/workspace/cargo-home" RUSTUP_HOME="/workspace/rustup-home" "/workspace/cargo-home/bin/cargo" "+1.100.0-beta.1" "fetch" "--manifest-path" "Cargo.toml", kill_on_drop: false }`
[INFO] running `Command { std: "docker" "create" "-v" "/var/lib/crater-agent-workspace/builds/worker-6-tc2/source:/opt/rustwide/workdir:ro,Z" "-v" "/var/lib/crater-agent-workspace/builds/worker-6-tc2/target:/opt/rustwide/target:rw,Z" "-v" "/var/lib/crater-agent-workspace/cargo-home:/opt/rustwide/cargo-home:ro,Z" "-v" "/var/lib/crater-agent-workspace/rustup-home:/opt/rustwide/rustup-home:ro,Z" "-m" "1610612736" "--network" "none" "ghcr.io/rust-lang/crates-build-env/linux@sha256:77db811e55d90add9212f6832c23229e3de5f1c1f9905e8cb07319ea15df73ac" "sleep" "infinity", kill_on_drop: false }`
[INFO] [stdout] 0a03fb7741a0247e83c82907eba8b882453fbd0ec31f396b59fb2df119588394
[INFO] running `Command { std: "docker" "start" "0a03fb7741a0247e83c82907eba8b882453fbd0ec31f396b59fb2df119588394", kill_on_drop: false }`
[INFO] running `Command { std: "docker" "inspect" "0a03fb7741a0247e83c82907eba8b882453fbd0ec31f396b59fb2df119588394", kill_on_drop: false }`
[INFO] running `Command { std: "docker" "exec" "-e" "SOURCE_DIR=/opt/rustwide/workdir" "-e" "CARGO_HOME=/opt/rustwide/cargo-home" "-e" "RUSTUP_HOME=/opt/rustwide/rustup-home" "-e" "CARGO_TARGET_DIR=/opt/rustwide/target" "-w" "/opt/rustwide/workdir" "--user" "0:0" "0a03fb7741a0247e83c82907eba8b882453fbd0ec31f396b59fb2df119588394" "/opt/rustwide/cargo-home/bin/cargo" "+1.100.0-beta.1" "metadata" "--no-deps" "--format-version=1", kill_on_drop: false }`
[INFO] running `Command { std: "docker" "inspect" "0a03fb7741a0247e83c82907eba8b882453fbd0ec31f396b59fb2df119588394", kill_on_drop: false }`
[INFO] running `Command { std: "docker" "exec" "-e" "SOURCE_DIR=/opt/rustwide/workdir" "-e" "CARGO_HOME=/opt/rustwide/cargo-home" "-e" "RUSTUP_HOME=/opt/rustwide/rustup-home" "-e" "CARGO_TARGET_DIR=/opt/rustwide/target" "-e" "CARGO_INCREMENTAL=0" "-e" "RUST_BACKTRACE=full" "-e" "RUSTFLAGS=--cap-lints=warn" "-e" "RUSTDOCFLAGS=--cap-lints=warn" "-w" "/opt/rustwide/workdir" "--user" "0:0" "0a03fb7741a0247e83c82907eba8b882453fbd0ec31f396b59fb2df119588394" "/opt/rustwide/cargo-home/bin/cargo" "+1.100.0-beta.1" "build" "--frozen" "--message-format=json" "--release", kill_on_drop: false }`
[INFO] [stderr]    Compiling proc-macro2 v1.0.103
[INFO] [stderr]    Compiling unicode-ident v1.0.22
[INFO] [stderr]    Compiling quote v1.0.41
[INFO] [stderr]    Compiling serde_core v1.0.228
[INFO] [stderr]    Compiling serde v1.0.228
[INFO] [stderr]    Compiling libc v0.2.177
[INFO] [stderr]    Compiling cfg-if v1.0.4
[INFO] [stderr]    Compiling zeroize v1.8.2
[INFO] [stderr]    Compiling subtle v2.6.1
[INFO] [stderr]    Compiling typenum v1.19.0
[INFO] [stderr]    Compiling version_check v0.9.5
[INFO] [stderr]    Compiling itoa v1.0.15
[INFO] [stderr]    Compiling crunchy v0.2.4
[INFO] [stderr]    Compiling const-oid v0.9.6
[INFO] [stderr]    Compiling tiny-keccak v2.0.2
[INFO] [stderr]    Compiling foldhash v0.2.0
[INFO] [stderr]    Compiling generic-array v0.14.9
[INFO] [stderr]    Compiling unicode-xid v0.2.6
[INFO] [stderr]    Compiling ruint-macro v1.2.1
[INFO] [stderr]    Compiling paste v1.0.15
[INFO] [stderr]    Compiling pin-project-lite v0.2.16
[INFO] [stderr]    Compiling der v0.7.10
[INFO] [stderr]    Compiling memchr v2.7.6
[INFO] [stderr]    Compiling base16ct v0.2.0
[INFO] [stderr]    Compiling syn v2.0.108
[INFO] [stderr]    Compiling cpufeatures v0.2.17
[INFO] [stderr]    Compiling once_cell v1.21.3
[INFO] [stderr]    Compiling getrandom v0.2.16
[INFO] [stderr]    Compiling rand_core v0.6.4
[INFO] [stderr]    Compiling shlex v1.3.0
[INFO] [stderr]    Compiling block-buffer v0.10.4
[INFO] [stderr]    Compiling crypto-common v0.1.6
[INFO] [stderr]    Compiling ff v0.13.1
[INFO] [stderr]    Compiling crypto-bigint v0.5.5
[INFO] [stderr]    Compiling digest v0.10.7
[INFO] [stderr]    Compiling group v0.13.0
[INFO] [stderr]    Compiling hmac v0.12.1
[INFO] [stderr]    Compiling sec1 v0.7.3
[INFO] [stderr]    Compiling signature v2.2.0
[INFO] [stderr]    Compiling rfc6979 v0.4.0
[INFO] [stderr]    Compiling spki v0.7.3
[INFO] [stderr]    Compiling sha2 v0.10.9
[INFO] [stderr]    Compiling find-msvc-tools v0.1.4
[INFO] [stderr]    Compiling cc v1.2.44
[INFO] [stderr]    Compiling tracing-core v0.1.34
[INFO] [stderr]    Compiling futures-core v0.3.31
[INFO] [stderr]    Compiling serde_json v1.0.145
[INFO] [stderr]    Compiling ryu v1.0.20
[INFO] [stderr]    Compiling elliptic-curve v0.13.8
[INFO] [stderr]    Compiling const-hex v1.17.0
[INFO] [stderr]    Compiling thiserror v2.0.17
[INFO] [stderr]    Compiling ecdsa v0.16.9
[INFO] [stderr]    Compiling heck v0.5.0
[INFO] [stderr]    Compiling ruint v1.17.0
[INFO] [stderr]    Compiling stable_deref_trait v1.2.1
[INFO] [stderr]    Compiling futures-sink v0.3.31
[INFO] [stderr]    Compiling winnow v0.7.13
[INFO] [stderr]    Compiling k256 v0.13.4
[INFO] [stderr]    Compiling socket2 v0.6.1
[INFO] [stderr]    Compiling mio v1.1.0
[INFO] [stderr]    Compiling ident_case v1.0.1
[INFO] [stderr]    Compiling fnv v1.0.7
[INFO] [stderr]    Compiling strsim v0.11.1
[INFO] [stderr]    Compiling proc-macro-error-attr2 v2.0.0
[INFO] [stderr]    Compiling equivalent v1.0.2
[INFO] [stderr]    Compiling hashbrown v0.16.0
[INFO] [stderr]    Compiling dunce v1.0.5
[INFO] [stderr]    Compiling slab v0.4.11
[INFO] [stderr]    Compiling futures-channel v0.3.31
[INFO] [stderr]    Compiling synstructure v0.13.2
[INFO] [stderr]    Compiling macro-string v0.1.4
[INFO] [stderr]    Compiling syn-solidity v1.4.1
[INFO] [stderr]    Compiling indexmap v2.12.0
[INFO] [stderr]    Compiling proc-macro-error2 v2.0.1
[INFO] [stderr]    Compiling pin-utils v0.1.0
[INFO] [stderr]    Compiling futures-task v0.3.31
[INFO] [stderr]    Compiling vcpkg v0.2.15
[INFO] [stderr]    Compiling pkg-config v0.3.32
[INFO] [stderr]    Compiling futures-io v0.3.31
[INFO] [stderr]    Compiling crc-catalog v2.4.0
[INFO] [stderr]    Compiling litemap v0.8.1
[INFO] [stderr]    Compiling writeable v0.6.2
[INFO] [stderr]    Compiling openssl-sys v0.9.110
[INFO] [stderr]    Compiling crc v3.3.0
[INFO] [stderr]    Compiling ring v0.17.14
[INFO] [stderr]    Compiling icu_properties_data v2.1.1
[INFO] [stderr]    Compiling percent-encoding v2.3.2
[INFO] [stderr]    Compiling icu_normalizer_data v2.1.1
[INFO] [stderr]    Compiling tower-service v0.3.3
[INFO] [stderr]    Compiling httparse v1.10.1
[INFO] [stderr]    Compiling serde_derive v1.0.228
[INFO] [stderr]    Compiling derive_more-impl v2.0.1
[INFO] [stderr]    Compiling alloy-rlp-derive v0.3.12
[INFO] [stderr]    Compiling tracing-attributes v0.1.30
[INFO] [stderr]    Compiling zerofrom-derive v0.1.6
[INFO] [stderr]    Compiling thiserror-impl v2.0.17
[INFO] [stderr]    Compiling yoke-derive v0.8.1
[INFO] [stderr]    Compiling tracing v0.1.41
[INFO] [stderr]    Compiling zerofrom v0.1.6
[INFO] [stderr]    Compiling tokio-macros v2.6.0
[INFO] [stderr]    Compiling zerovec-derive v0.11.2
[INFO] [stderr]    Compiling displaydoc v0.2.5
[INFO] [stderr]    Compiling yoke v0.8.1
[INFO] [stderr]    Compiling auto_impl v1.3.0
[INFO] [stderr]    Compiling futures-macro v0.3.31
[INFO] [stderr]    Compiling zerotrie v0.2.3
[INFO] [stderr]    Compiling rustls-pki-types v1.13.0
[INFO] [stderr]    Compiling futures-util v0.3.31
[INFO] [stderr]    Compiling zerovec v0.11.5
[INFO] [stderr]    Compiling atomic-waker v1.1.2
[INFO] [stderr]    Compiling openssl v0.10.74
[INFO] [stderr]    Compiling untrusted v0.9.0
[INFO] [stderr]    Compiling foreign-types-shared v0.1.1
[INFO] [stderr]    Compiling bitflags v2.10.0
[INFO] [stderr]    Compiling try-lock v0.2.5
[INFO] [stderr]    Compiling want v0.3.1
[INFO] [stderr]    Compiling foreign-types v0.3.2
[INFO] [stderr]    Compiling openssl-macros v0.1.1
[INFO] [stderr]    Compiling tinystr v0.8.2
[INFO] [stderr]    Compiling potential_utf v0.1.4
[INFO] [stderr]    Compiling derive_more v2.0.1
[INFO] [stderr]    Compiling icu_collections v2.1.1
[INFO] [stderr]    Compiling icu_locale_core v2.1.1
[INFO] [stderr]    Compiling rustls v0.23.34
[INFO] [stderr]    Compiling native-tls v0.2.14
[INFO] [stderr]    Compiling parking_lot_core v0.9.12
[INFO] [stderr]    Compiling base64 v0.22.1
[INFO] [stderr]    Compiling bytes v1.10.1
[INFO] [stderr]    Compiling arrayvec v0.7.6
[INFO] [stderr]    Compiling smallvec v1.15.1
[INFO] [stderr]    Compiling alloy-primitives v1.4.1
[INFO] [stderr]    Compiling alloy-sol-type-parser v1.4.1
[INFO] [stderr]    Compiling darling_core v0.21.3
[INFO] [stderr]    Compiling alloy-rlp v0.3.12
[INFO] [stderr]    Compiling http v1.3.1
[INFO] [stderr]    Compiling tokio v1.48.0
[INFO] [stderr]    Compiling alloy-json-abi v1.4.1
[INFO] [stderr]    Compiling either v1.15.0
[INFO] [stderr]    Compiling http-body v1.0.1
[INFO] [stderr]    Compiling nybbles v0.4.6
[INFO] [stderr]    Compiling alloy-sol-macro-input v1.4.1
[INFO] [stderr]    Compiling alloy-sol-macro-expander v1.4.1
[INFO] [stderr]    Compiling icu_provider v2.1.1
[INFO] [stderr]    Compiling darling_macro v0.21.3
[INFO] [stderr]    Compiling darling v0.21.3
[INFO] [stderr]    Compiling serde_with_macros v3.15.1
[INFO] [stderr]    Compiling alloy-eip2930 v0.2.1
[INFO] [stderr]    Compiling alloy-eip7702 v0.6.1
[INFO] [stderr]    Compiling alloy-eip2124 v0.2.0
[INFO] [stderr]    Compiling serde_with v3.15.1
[INFO] [stderr]    Compiling alloy-serde v1.0.42
[INFO] [stderr]    Compiling alloy-tx-macros v1.0.42
[INFO] [stderr]    Compiling tokio-util v0.7.16
[INFO] [stderr]    Compiling alloy-trie v0.9.1
[INFO] [stderr]    Compiling alloy-sol-macro v1.4.1
[INFO] [stderr]    Compiling alloy-sol-types v1.4.1
[INFO] [stderr]    Compiling alloy-eips v1.0.42
[INFO] [stderr]    Compiling h2 v0.4.12
[INFO] [stderr]    Compiling icu_properties v2.1.1
[INFO] [stderr]    Compiling alloy-consensus v1.0.42
[INFO] [stderr]    Compiling icu_normalizer v2.1.1
[INFO] [stderr]    Compiling rustls-webpki v0.103.8
[INFO] [stderr]    Compiling idna_adapter v1.2.1
[INFO] [stderr]    Compiling form_urlencoded v1.2.2
[INFO] [stderr]    Compiling sync_wrapper v1.0.2
[INFO] [stderr]    Compiling log v0.4.28
[INFO] [stderr]    Compiling utf8_iter v1.0.4
[INFO] [stderr]    Compiling tower-layer v0.3.3
[INFO] [stderr]    Compiling scopeguard v1.2.0
[INFO] [stderr]    Compiling openssl-probe v0.1.6
[INFO] [stderr]    Compiling ipnet v2.11.0
[INFO] [stderr]    Compiling tower v0.5.2
[INFO] [stderr]    Compiling hyper v1.7.0
[INFO] [stderr]    Compiling lock_api v0.4.14
[INFO] [stderr]    Compiling idna v1.1.0
[INFO] [stderr]    Compiling alloy-json-rpc v1.0.42
[INFO] [stderr]    Compiling alloy-network-primitives v1.0.42
[INFO] [stderr]    Compiling hyper-util v0.1.17
[INFO] [stderr]    Compiling alloy-consensus-any v1.0.42
[INFO] [stderr]    Compiling itertools v0.14.0
[INFO] [stderr]    Compiling futures-utils-wasm v0.1.0
[INFO] [stderr]    Compiling url v2.5.7
[INFO] [stderr]    Compiling tokio-native-tls v0.3.1
[INFO] [stderr]    Compiling http-body-util v0.1.3
[INFO] [stderr]    Compiling futures-executor v0.3.31
[INFO] [stderr]    Compiling alloy-rpc-types-eth v1.0.42
[INFO] [stderr]    Compiling webpki-roots v1.0.3
[INFO] [stderr]    Compiling iri-string v0.7.8
[INFO] [stderr]    Compiling rustversion v1.0.22
[INFO] [stderr]    Compiling autocfg v1.5.0
[INFO] [stderr]    Compiling futures v0.3.31
[INFO] [stderr]    Compiling hyper-tls v0.6.0
[INFO] [stderr]    Compiling parking_lot v0.12.5
[INFO] [stderr]    Compiling serde_urlencoded v0.7.1
[INFO] [stderr]    Compiling async-trait v0.1.89
[INFO] [stderr]    Compiling num-traits v0.2.19
[INFO] [stderr]    Compiling encoding_rs v0.8.35
[INFO] [stderr]    Compiling crossbeam-utils v0.8.21
[INFO] [stderr]    Compiling zerocopy v0.8.27
[INFO] [stderr]    Compiling mime v0.3.17
[INFO] [stderr]    Compiling tokio-rustls v0.26.4
[INFO] [stderr]    Compiling alloy-signer v1.0.42
[INFO] [stderr]    Compiling hyper-rustls v0.27.7
[INFO] [stderr]    Compiling alloy-transport v1.0.42
[INFO] [stderr]    Compiling num_enum_derive v0.7.5
[INFO] [stderr]    Compiling pin-project-internal v1.1.10
[INFO] [stderr]    Compiling strum_macros v0.27.2
[INFO] [stderr]    Compiling tower-http v0.6.6
[INFO] [stderr]    Compiling reqwest v0.12.24
[INFO] [stderr]    Compiling alloy-rpc-types-any v1.0.42
[INFO] [stderr]    Compiling allocator-api2 v0.2.21
[INFO] [stderr]    Compiling foldhash v0.1.5
[INFO] [stderr]    Compiling alloy-network v1.0.42
[INFO] [stderr]    Compiling pin-project v1.1.10
[INFO] [stderr]    Compiling num_enum v0.7.5
[INFO] [stderr]    Compiling hashbrown v0.15.5
[INFO] [stderr]    Compiling strum v0.27.2
[INFO] [stderr]    Compiling tokio-stream v0.1.17
[INFO] [stderr]    Compiling async-stream-impl v0.3.6
[INFO] [stderr]    Compiling hashbrown v0.14.5
[INFO] [stderr]    Compiling async-stream v0.3.6
[INFO] [stderr]    Compiling lru v0.13.0
[INFO] [stderr]    Compiling alloy-transport-http v1.0.42
[INFO] [stderr]    Compiling alloy-chains v0.2.17
[INFO] [stderr]    Compiling alloy-rpc-client v1.0.42
[INFO] [stderr]    Compiling dashmap v6.1.0
[INFO] [stderr]    Compiling alloy-dyn-abi v1.4.1
[INFO] [stderr]    Compiling alloy-provider v1.0.42
[INFO] [stderr]    Compiling ordered-float v2.10.1
[INFO] [stderr]    Compiling aho-corasick v1.1.4
[INFO] [stderr]    Compiling ppv-lite86 v0.2.21
[INFO] [stderr]    Compiling rand_chacha v0.3.1
[INFO] [stderr]    Compiling anyhow v1.0.100
[INFO] [stderr]    Compiling iana-time-zone v0.1.64
[INFO] [stderr]    Compiling tinyvec_macros v0.1.1
[INFO] [stderr]    Compiling regex-syntax v0.8.8
[INFO] [stderr]    Compiling tinyvec v1.10.0
[INFO] [stderr]    Compiling chrono v0.4.42
[INFO] [stderr]    Compiling rand v0.8.5
[INFO] [stderr]    Compiling serde-value v0.7.0
[INFO] [stderr]    Compiling regex-automata v0.4.13
[INFO] [stderr]    Compiling serde-aux v4.7.0
[INFO] [stderr]    Compiling alloy-signer-local v1.0.42
[INFO] [stderr]    Compiling alloy-contract v1.0.42
[INFO] [stderr]    Compiling alloy-ens v1.0.42
[INFO] [stderr]    Compiling regex v1.12.2
[INFO] [stderr]    Compiling unicode-normalization v0.1.25
[INFO] [stderr]    Compiling alloy-core v1.4.1
[INFO] [stderr]    Compiling alloy-rpc-types v1.0.42
[INFO] [stderr]    Compiling itertools v0.13.0
[INFO] [stderr]    Compiling serde_plain v1.0.2
[INFO] [stderr]    Compiling lazy_static v1.5.0
[INFO] [stderr]    Compiling alloy v1.0.42
[INFO] [stderr]    Compiling ens-normalize-rs v0.1.1
[INFO] [stderr]    Compiling alloy-ens-extender v0.1.1 (/opt/rustwide/workdir)
[INFO] [stdout] warning: unnecessary parentheses around `if` condition
[INFO] [stdout]    --> src/utils.rs:159:8
[INFO] [stdout]     |
[INFO] [stdout] 159 |     if (is_ipns || is_ipfs) {
[INFO] [stdout]     |        ^                  ^
[INFO] [stdout]     |
[INFO] [stdout]     = note: `#[warn(unused_parens)]` (part of `#[warn(unused)]`) on by default
[INFO] [stdout] help: remove these parentheses
[INFO] [stdout]     |
[INFO] [stdout] 159 -     if (is_ipns || is_ipfs) {
[INFO] [stdout] 159 +     if is_ipns || is_ipfs {
[INFO] [stdout]     |
[INFO] [stdout] 
[INFO] [stdout] 
[INFO] [stdout] warning: use of deprecated function `base64::encode`: Use Engine::encode
[INFO] [stdout]    --> src/utils.rs:187:21
[INFO] [stdout]     |
[INFO] [stdout] 187 |             base64::encode(parsed_uri.as_bytes())
[INFO] [stdout]     |                     ^^^^^^
[INFO] [stdout]     |
[INFO] [stdout]     = note: `#[warn(deprecated)]` on by default
[INFO] [stdout] 
[INFO] [stdout] 
[INFO] [stdout] warning: use of deprecated function `base64::encode`: Use Engine::encode
[INFO] [stdout]    --> src/utils.rs:222:21
[INFO] [stdout]     |
[INFO] [stdout] 222 |             base64::encode(parsed_uri.as_bytes())
[INFO] [stdout]     |                     ^^^^^^
[INFO] [stdout] 
[INFO] [stdout] 
[INFO] [stdout] warning: trait `ProviderEnsExtend` is never used
[INFO] [stdout]   --> src/lib.rs:67:7
[INFO] [stdout]    |
[INFO] [stdout] 67 | trait ProviderEnsExtend<N: alloy::providers::Network, P: alloy::providers::Provider<N>> {
[INFO] [stdout]    |       ^^^^^^^^^^^^^^^^^
[INFO] [stdout]    |
[INFO] [stdout]    = note: `#[warn(dead_code)]` (part of `#[warn(unused)]`) on by default
[INFO] [stdout] 
[INFO] [stdout] 
[INFO] [stdout] warning: static `NETWORK_REGEX` is never used
[INFO] [stdout]  --> src/constants.rs:4:12
[INFO] [stdout]   |
[INFO] [stdout] 4 | pub static NETWORK_REGEX: LazyLock<Regex> = LazyLock::new(|| {
[INFO] [stdout]   |            ^^^^^^^^^^^^^
[INFO] [stdout] 
[INFO] [stdout] 
[INFO] [stdout] warning: static `IPFS_HASH_REGEX` is never used
[INFO] [stdout]   --> src/constants.rs:17:12
[INFO] [stdout]    |
[INFO] [stdout] 17 | pub static IPFS_HASH_REGEX: LazyLock<Regex> = LazyLock::new(|| {
[INFO] [stdout]    |            ^^^^^^^^^^^^^^^
[INFO] [stdout] 
[INFO] [stdout] 
[INFO] [stdout] warning: static `BASE64_REGEX` is never used
[INFO] [stdout]   --> src/constants.rs:35:12
[INFO] [stdout]    |
[INFO] [stdout] 35 | pub static BASE64_REGEX: LazyLock<Regex> = LazyLock::new(|| {
[INFO] [stdout]    |            ^^^^^^^^^^^^
[INFO] [stdout] 
[INFO] [stdout] 
[INFO] [stdout] warning: static `DATA_URI_REGEX` is never used
[INFO] [stdout]   --> src/constants.rs:44:12
[INFO] [stdout]    |
[INFO] [stdout] 44 | pub static DATA_URI_REGEX: LazyLock<Regex> =
[INFO] [stdout]    |            ^^^^^^^^^^^^^^
[INFO] [stdout] 
[INFO] [stdout] 
[INFO] [stdout] warning: static `ID_URI_REGEX` is never used
[INFO] [stdout]   --> src/constants.rs:47:12
[INFO] [stdout]    |
[INFO] [stdout] 47 | pub static ID_URI_REGEX: LazyLock<Regex> = LazyLock::new(|| Regex::new(r"(?:0x)?\{id\}").unwrap());
[INFO] [stdout]    |            ^^^^^^^^^^^^
[INFO] [stdout] 
[INFO] [stdout] 
[INFO] [stdout] warning: function `get_metadata_avatar_uri` is never used
[INFO] [stdout]   --> src/utils.rs:10:14
[INFO] [stdout]    |
[INFO] [stdout] 10 | pub async fn get_metadata_avatar_uri(
[INFO] [stdout]    |              ^^^^^^^^^^^^^^^^^^^^^^^
[INFO] [stdout] 
[INFO] [stdout] 
[INFO] [stdout] warning: function `get_gateway` is never used
[INFO] [stdout]   --> src/utils.rs:32:8
[INFO] [stdout]    |
[INFO] [stdout] 32 | pub fn get_gateway(custom: Option<&str>, default_gateway: &str) -> String {
[INFO] [stdout]    |        ^^^^^^^^^^^
[INFO] [stdout] 
[INFO] [stdout] 
[INFO] [stdout] warning: function `get_json_image` is never used
[INFO] [stdout]   --> src/utils.rs:49:8
[INFO] [stdout]    |
[INFO] [stdout] 49 | pub fn get_json_image(data: &Value) -> Result<String, EnsAvatarNftInvalidMetadataError> {
[INFO] [stdout]    |        ^^^^^^^^^^^^^^
[INFO] [stdout] 
[INFO] [stdout] 
[INFO] [stdout] warning: struct `UriItem` is never constructed
[INFO] [stdout]   --> src/utils.rs:94:12
[INFO] [stdout]    |
[INFO] [stdout] 94 | pub struct UriItem {
[INFO] [stdout]    |            ^^^^^^^
[INFO] [stdout] 
[INFO] [stdout] 
[INFO] [stdout] warning: function `decode_base64_json` is never used
[INFO] [stdout]    --> src/utils.rs:100:8
[INFO] [stdout]     |
[INFO] [stdout] 100 | pub fn decode_base64_json(resolved_nft_uri: &str) -> Result<String, Box<dyn std::error::Error>> {
[INFO] [stdout]     |        ^^^^^^^^^^^^^^^^^^
[INFO] [stdout] 
[INFO] [stdout] 
[INFO] [stdout] warning: function `parse_avatar_uri` is never used
[INFO] [stdout]    --> src/utils.rs:107:8
[INFO] [stdout]     |
[INFO] [stdout] 107 | pub fn parse_avatar_uri(
[INFO] [stdout]     |        ^^^^^^^^^^^^^^^^
[INFO] [stdout] 
[INFO] [stdout] 
[INFO] [stdout] warning: enum `NftUriNamespace` is never used
[INFO] [stdout]    --> src/utils.rs:237:10
[INFO] [stdout]     |
[INFO] [stdout] 237 | pub enum NftUriNamespace {
[INFO] [stdout]     |          ^^^^^^^^^^^^^^^
[INFO] [stdout] 
[INFO] [stdout] 
[INFO] [stdout] warning: associated items `ERC721_STR`, `ERC1155_STR`, `as_str`, and `from_str` are never used
[INFO] [stdout]    --> src/utils.rs:243:15
[INFO] [stdout]     |
[INFO] [stdout] 242 | impl NftUriNamespace {
[INFO] [stdout]     | -------------------- associated items in this implementation
[INFO] [stdout] 243 |     pub const ERC721_STR: &'static str = "erc721";
[INFO] [stdout]     |               ^^^^^^^^^^
[INFO] [stdout] 244 |     pub const ERC1155_STR: &'static str = "erc1155";
[INFO] [stdout]     |               ^^^^^^^^^^^
[INFO] [stdout] 245 |
[INFO] [stdout] 246 |     pub fn as_str(&self) -> &'static str {
[INFO] [stdout]     |            ^^^^^^
[INFO] [stdout] ...
[INFO] [stdout] 253 |     pub fn from_str(s: &str) -> Option<Self> {
[INFO] [stdout]     |            ^^^^^^^^
[INFO] [stdout] 
[INFO] [stdout] 
[INFO] [stdout] warning: struct `ParsedNftUri` is never constructed
[INFO] [stdout]    --> src/utils.rs:262:12
[INFO] [stdout]     |
[INFO] [stdout] 262 | pub struct ParsedNftUri {
[INFO] [stdout]     |            ^^^^^^^^^^^^
[INFO] [stdout] 
[INFO] [stdout] 
[INFO] [stdout] warning: function `parse_nft_uri` is never used
[INFO] [stdout]    --> src/utils.rs:284:8
[INFO] [stdout]     |
[INFO] [stdout] 284 | pub fn parse_nft_uri(uri: &str) -> Result<ParsedNftUri, ParseNftError> {
[INFO] [stdout]     |        ^^^^^^^^^^^^^
[INFO] [stdout] 
[INFO] [stdout] 
[INFO] [stderr]     Finished `release` profile [optimized] target(s) in 6m 24s
[INFO] [stderr] warning: the following packages contain code that will be rejected by a future version of Rust: proc-macro-error2 v2.0.1
[INFO] [stderr] note: to see what the problems were, use the option `--future-incompat-report`, or run `cargo report future-incompatibilities --id 1`
[INFO] running `Command { std: "docker" "inspect" "0a03fb7741a0247e83c82907eba8b882453fbd0ec31f396b59fb2df119588394", kill_on_drop: false }`
[INFO] running `Command { std: "docker" "exec" "-e" "SOURCE_DIR=/opt/rustwide/workdir" "-e" "CARGO_HOME=/opt/rustwide/cargo-home" "-e" "RUSTUP_HOME=/opt/rustwide/rustup-home" "-e" "CARGO_TARGET_DIR=/opt/rustwide/target" "-e" "CARGO_INCREMENTAL=0" "-e" "RUST_BACKTRACE=full" "-e" "RUSTFLAGS=--cap-lints=warn" "-e" "RUSTDOCFLAGS=--cap-lints=warn" "-w" "/opt/rustwide/workdir" "--user" "0:0" "0a03fb7741a0247e83c82907eba8b882453fbd0ec31f396b59fb2df119588394" "/opt/rustwide/cargo-home/bin/cargo" "+1.100.0-beta.1" "test" "--frozen" "--no-run" "--message-format=json" "--release", kill_on_drop: false }`
[INFO] [stdout] warning: unnecessary parentheses around `if` condition
[INFO] [stdout]    --> src/utils.rs:159:8
[INFO] [stdout]     |
[INFO] [stdout] 159 |     if (is_ipns || is_ipfs) {
[INFO] [stdout]     |        ^                  ^
[INFO] [stdout]     |
[INFO] [stdout]     = note: `#[warn(unused_parens)]` (part of `#[warn(unused)]`) on by default
[INFO] [stdout] help: remove these parentheses
[INFO] [stdout]     |
[INFO] [stdout] 159 -     if (is_ipns || is_ipfs) {
[INFO] [stdout] 159 +     if is_ipns || is_ipfs {
[INFO] [stdout]     |
[INFO] [stdout] 
[INFO] [stdout] 
[INFO] [stdout] warning: use of deprecated function `base64::encode`: Use Engine::encode
[INFO] [stdout]    --> src/utils.rs:187:21
[INFO] [stdout]     |
[INFO] [stdout] 187 |             base64::encode(parsed_uri.as_bytes())
[INFO] [stdout]     |                     ^^^^^^
[INFO] [stdout]     |
[INFO] [stdout]     = note: `#[warn(deprecated)]` on by default
[INFO] [stdout] 
[INFO] [stdout] 
[INFO] [stdout] warning: use of deprecated function `base64::encode`: Use Engine::encode
[INFO] [stdout]    --> src/utils.rs:222:21
[INFO] [stdout]     |
[INFO] [stdout] 222 |             base64::encode(parsed_uri.as_bytes())
[INFO] [stdout]     |                     ^^^^^^
[INFO] [stdout] 
[INFO] [stdout] 
[INFO] [stdout] warning: trait `ProviderEnsExtend` is never used
[INFO] [stdout]   --> src/lib.rs:67:7
[INFO] [stdout]    |
[INFO] [stdout] 67 | trait ProviderEnsExtend<N: alloy::providers::Network, P: alloy::providers::Provider<N>> {
[INFO] [stdout]    |       ^^^^^^^^^^^^^^^^^
[INFO] [stdout]    |
[INFO] [stdout]    = note: `#[warn(dead_code)]` (part of `#[warn(unused)]`) on by default
[INFO] [stdout] 
[INFO] [stdout] 
[INFO] [stdout] warning: static `NETWORK_REGEX` is never used
[INFO] [stdout]  --> src/constants.rs:4:12
[INFO] [stdout]   |
[INFO] [stdout] 4 | pub static NETWORK_REGEX: LazyLock<Regex> = LazyLock::new(|| {
[INFO] [stdout]   |            ^^^^^^^^^^^^^
[INFO] [stdout] 
[INFO] [stdout] 
[INFO] [stdout] warning: static `IPFS_HASH_REGEX` is never used
[INFO] [stdout]   --> src/constants.rs:17:12
[INFO] [stdout]    |
[INFO] [stdout] 17 | pub static IPFS_HASH_REGEX: LazyLock<Regex> = LazyLock::new(|| {
[INFO] [stdout]    |            ^^^^^^^^^^^^^^^
[INFO] [stdout] 
[INFO] [stdout] 
[INFO] [stdout] warning: static `BASE64_REGEX` is never used
[INFO] [stdout]   --> src/constants.rs:35:12
[INFO] [stdout]    |
[INFO] [stdout] 35 | pub static BASE64_REGEX: LazyLock<Regex> = LazyLock::new(|| {
[INFO] [stdout]    |            ^^^^^^^^^^^^
[INFO] [stdout] 
[INFO] [stdout] 
[INFO] [stdout] warning: static `DATA_URI_REGEX` is never used
[INFO] [stdout]   --> src/constants.rs:44:12
[INFO] [stdout]    |
[INFO] [stdout] 44 | pub static DATA_URI_REGEX: LazyLock<Regex> =
[INFO] [stdout]    |            ^^^^^^^^^^^^^^
[INFO] [stdout] 
[INFO] [stdout] 
[INFO] [stdout] warning: static `ID_URI_REGEX` is never used
[INFO] [stdout]   --> src/constants.rs:47:12
[INFO] [stdout]    |
[INFO] [stdout] 47 | pub static ID_URI_REGEX: LazyLock<Regex> = LazyLock::new(|| Regex::new(r"(?:0x)?\{id\}").unwrap());
[INFO] [stdout]    |            ^^^^^^^^^^^^
[INFO] [stdout] 
[INFO] [stdout] 
[INFO] [stdout] warning: function `get_metadata_avatar_uri` is never used
[INFO] [stdout]   --> src/utils.rs:10:14
[INFO] [stdout]    |
[INFO] [stdout] 10 | pub async fn get_metadata_avatar_uri(
[INFO] [stdout]    |              ^^^^^^^^^^^^^^^^^^^^^^^
[INFO] [stdout] 
[INFO] [stdout] 
[INFO] [stdout] warning: function `get_gateway` is never used
[INFO] [stdout]   --> src/utils.rs:32:8
[INFO] [stdout]    |
[INFO] [stdout] 32 | pub fn get_gateway(custom: Option<&str>, default_gateway: &str) -> String {
[INFO] [stdout]    |        ^^^^^^^^^^^
[INFO] [stdout] 
[INFO] [stdout] 
[INFO] [stdout] warning: function `get_json_image` is never used
[INFO] [stdout]   --> src/utils.rs:49:8
[INFO] [stdout]    |
[INFO] [stdout] 49 | pub fn get_json_image(data: &Value) -> Result<String, EnsAvatarNftInvalidMetadataError> {
[INFO] [stdout]    |        ^^^^^^^^^^^^^^
[INFO] [stdout] 
[INFO] [stdout] 
[INFO] [stdout] warning: struct `UriItem` is never constructed
[INFO] [stdout]   --> src/utils.rs:94:12
[INFO] [stdout]    |
[INFO] [stdout] 94 | pub struct UriItem {
[INFO] [stdout]    |            ^^^^^^^
[INFO] [stdout] 
[INFO] [stdout] 
[INFO] [stdout] warning: function `decode_base64_json` is never used
[INFO] [stdout]    --> src/utils.rs:100:8
[INFO] [stdout]     |
[INFO] [stdout] 100 | pub fn decode_base64_json(resolved_nft_uri: &str) -> Result<String, Box<dyn std::error::Error>> {
[INFO] [stdout]     |        ^^^^^^^^^^^^^^^^^^
[INFO] [stdout] 
[INFO] [stdout] 
[INFO] [stdout] warning: function `parse_avatar_uri` is never used
[INFO] [stdout]    --> src/utils.rs:107:8
[INFO] [stdout]     |
[INFO] [stdout] 107 | pub fn parse_avatar_uri(
[INFO] [stdout]     |        ^^^^^^^^^^^^^^^^
[INFO] [stdout] 
[INFO] [stdout] 
[INFO] [stdout] warning: enum `NftUriNamespace` is never used
[INFO] [stdout]    --> src/utils.rs:237:10
[INFO] [stdout]     |
[INFO] [stdout] 237 | pub enum NftUriNamespace {
[INFO] [stdout]     |          ^^^^^^^^^^^^^^^
[INFO] [stdout] 
[INFO] [stdout] 
[INFO] [stdout] warning: associated items `ERC721_STR`, `ERC1155_STR`, `as_str`, and `from_str` are never used
[INFO] [stdout]    --> src/utils.rs:243:15
[INFO] [stdout]     |
[INFO] [stdout] 242 | impl NftUriNamespace {
[INFO] [stdout]     | -------------------- associated items in this implementation
[INFO] [stdout] 243 |     pub const ERC721_STR: &'static str = "erc721";
[INFO] [stdout]     |               ^^^^^^^^^^
[INFO] [stdout] 244 |     pub const ERC1155_STR: &'static str = "erc1155";
[INFO] [stdout]     |               ^^^^^^^^^^^
[INFO] [stdout] 245 |
[INFO] [stdout] 246 |     pub fn as_str(&self) -> &'static str {
[INFO] [stdout]     |            ^^^^^^
[INFO] [stdout] ...
[INFO] [stdout] 253 |     pub fn from_str(s: &str) -> Option<Self> {
[INFO] [stdout]     |            ^^^^^^^^
[INFO] [stdout] 
[INFO] [stdout] 
[INFO] [stdout] warning: struct `ParsedNftUri` is never constructed
[INFO] [stdout]    --> src/utils.rs:262:12
[INFO] [stdout]     |
[INFO] [stdout] 262 | pub struct ParsedNftUri {
[INFO] [stdout]     |            ^^^^^^^^^^^^
[INFO] [stdout] 
[INFO] [stdout] 
[INFO] [stdout] warning: function `parse_nft_uri` is never used
[INFO] [stdout]    --> src/utils.rs:284:8
[INFO] [stdout]     |
[INFO] [stdout] 284 | pub fn parse_nft_uri(uri: &str) -> Result<ParsedNftUri, ParseNftError> {
[INFO] [stdout]     |        ^^^^^^^^^^^^^
[INFO] [stdout] 
[INFO] [stdout] 
[INFO] [stderr]    Compiling alloy-ens-extender v0.1.1 (/opt/rustwide/workdir)
[INFO] [stdout] warning: unnecessary parentheses around `if` condition
[INFO] [stdout]    --> src/utils.rs:159:8
[INFO] [stdout]     |
[INFO] [stdout] 159 |     if (is_ipns || is_ipfs) {
[INFO] [stdout]     |        ^                  ^
[INFO] [stdout]     |
[INFO] [stdout]     = note: `#[warn(unused_parens)]` (part of `#[warn(unused)]`) on by default
[INFO] [stdout] help: remove these parentheses
[INFO] [stdout]     |
[INFO] [stdout] 159 -     if (is_ipns || is_ipfs) {
[INFO] [stdout] 159 +     if is_ipns || is_ipfs {
[INFO] [stdout]     |
[INFO] [stdout] 
[INFO] [stdout] 
[INFO] [stdout] warning: use of deprecated function `base64::encode`: Use Engine::encode
[INFO] [stdout]    --> src/utils.rs:187:21
[INFO] [stdout]     |
[INFO] [stdout] 187 |             base64::encode(parsed_uri.as_bytes())
[INFO] [stdout]     |                     ^^^^^^
[INFO] [stdout]     |
[INFO] [stdout]     = note: `#[warn(deprecated)]` on by default
[INFO] [stdout] 
[INFO] [stdout] 
[INFO] [stdout] warning: use of deprecated function `base64::encode`: Use Engine::encode
[INFO] [stdout]    --> src/utils.rs:222:21
[INFO] [stdout]     |
[INFO] [stdout] 222 |             base64::encode(parsed_uri.as_bytes())
[INFO] [stdout]     |                     ^^^^^^
[INFO] [stdout] 
[INFO] [stdout] 
[INFO] [stdout] warning: method `as_str` is never used
[INFO] [stdout]    --> src/utils.rs:246:12
[INFO] [stdout]     |
[INFO] [stdout] 242 | impl NftUriNamespace {
[INFO] [stdout]     | -------------------- method in this implementation
[INFO] [stdout] ...
[INFO] [stdout] 246 |     pub fn as_str(&self) -> &'static str {
[INFO] [stdout]     |            ^^^^^^
[INFO] [stdout]     |
[INFO] [stdout]     = note: `#[warn(dead_code)]` (part of `#[warn(unused)]`) on by default
[INFO] [stdout] 
[INFO] [stdout] 
[INFO] [stderr]     Finished `release` profile [optimized] target(s) in 10.81s
[INFO] [stderr] warning: the following packages contain code that will be rejected by a future version of Rust: proc-macro-error2 v2.0.1
[INFO] [stderr] note: to see what the problems were, use the option `--future-incompat-report`, or run `cargo report future-incompatibilities --id 1`
[INFO] running `Command { std: "docker" "inspect" "0a03fb7741a0247e83c82907eba8b882453fbd0ec31f396b59fb2df119588394", kill_on_drop: false }`
[INFO] running `Command { std: "docker" "exec" "-e" "SOURCE_DIR=/opt/rustwide/workdir" "-e" "CARGO_HOME=/opt/rustwide/cargo-home" "-e" "RUSTUP_HOME=/opt/rustwide/rustup-home" "-e" "CARGO_TARGET_DIR=/opt/rustwide/target" "-e" "CARGO_INCREMENTAL=0" "-e" "RUST_BACKTRACE=full" "-e" "RUSTFLAGS=--cap-lints=warn" "-e" "RUSTDOCFLAGS=--cap-lints=warn" "-w" "/opt/rustwide/workdir" "--user" "0:0" "0a03fb7741a0247e83c82907eba8b882453fbd0ec31f396b59fb2df119588394" "/opt/rustwide/cargo-home/bin/cargo" "+1.100.0-beta.1" "test" "--frozen" "--release", kill_on_drop: false }`
[INFO] [stderr] warning: unnecessary parentheses around `if` condition
[INFO] [stderr]    --> src/utils.rs:159:8
[INFO] [stderr]     |
[INFO] [stderr] 159 |     if (is_ipns || is_ipfs) {
[INFO] [stderr]     |        ^                  ^
[INFO] [stderr]     |
[INFO] [stderr]     = note: `#[warn(unused_parens)]` (part of `#[warn(unused)]`) on by default
[INFO] [stderr] help: remove these parentheses
[INFO] [stderr]     |
[INFO] [stderr] 159 -     if (is_ipns || is_ipfs) {
[INFO] [stderr] 159 +     if is_ipns || is_ipfs {
[INFO] [stderr]     |
[INFO] [stderr] 
[INFO] [stderr] warning: use of deprecated function `base64::encode`: Use Engine::encode
[INFO] [stderr]    --> src/utils.rs:187:21
[INFO] [stderr]     |
[INFO] [stderr] 187 |             base64::encode(parsed_uri.as_bytes())
[INFO] [stderr]     |                     ^^^^^^
[INFO] [stderr]     |
[INFO] [stderr]     = note: `#[warn(deprecated)]` on by default
[INFO] [stderr] 
[INFO] [stderr] warning: use of deprecated function `base64::encode`: Use Engine::encode
[INFO] [stderr]    --> src/utils.rs:222:21
[INFO] [stderr]     |
[INFO] [stderr] 222 |             base64::encode(parsed_uri.as_bytes())
[INFO] [stderr]     |                     ^^^^^^
[INFO] [stderr] 
[INFO] [stderr] warning: trait `ProviderEnsExtend` is never used
[INFO] [stderr]   --> src/lib.rs:67:7
[INFO] [stderr]    |
[INFO] [stderr] 67 | trait ProviderEnsExtend<N: alloy::providers::Network, P: alloy::providers::Provider<N>> {
[INFO] [stderr]    |       ^^^^^^^^^^^^^^^^^
[INFO] [stderr]    |
[INFO] [stderr]    = note: `#[warn(dead_code)]` (part of `#[warn(unused)]`) on by default
[INFO] [stderr] 
[INFO] [stderr] warning: static `NETWORK_REGEX` is never used
[INFO] [stderr]  --> src/constants.rs:4:12
[INFO] [stderr]   |
[INFO] [stderr] 4 | pub static NETWORK_REGEX: LazyLock<Regex> = LazyLock::new(|| {
[INFO] [stderr]   |            ^^^^^^^^^^^^^
[INFO] [stderr] 
[INFO] [stderr] warning: static `IPFS_HASH_REGEX` is never used
[INFO] [stderr]   --> src/constants.rs:17:12
[INFO] [stderr]    |
[INFO] [stderr] 17 | pub static IPFS_HASH_REGEX: LazyLock<Regex> = LazyLock::new(|| {
[INFO] [stderr]    |            ^^^^^^^^^^^^^^^
[INFO] [stderr] 
[INFO] [stderr] warning: static `BASE64_REGEX` is never used
[INFO] [stderr]   --> src/constants.rs:35:12
[INFO] [stderr]    |
[INFO] [stderr] 35 | pub static BASE64_REGEX: LazyLock<Regex> = LazyLock::new(|| {
[INFO] [stderr]    |            ^^^^^^^^^^^^
[INFO] [stderr] 
[INFO] [stderr] warning: static `DATA_URI_REGEX` is never used
[INFO] [stderr]   --> src/constants.rs:44:12
[INFO] [stderr]    |
[INFO] [stderr] 44 | pub static DATA_URI_REGEX: LazyLock<Regex> =
[INFO] [stderr]    |            ^^^^^^^^^^^^^^
[INFO] [stderr] 
[INFO] [stderr] warning: static `ID_URI_REGEX` is never used
[INFO] [stderr]   --> src/constants.rs:47:12
[INFO] [stderr]    |
[INFO] [stderr] 47 | pub static ID_URI_REGEX: LazyLock<Regex> = LazyLock::new(|| Regex::new(r"(?:0x)?\{id\}").unwrap());
[INFO] [stderr]    |            ^^^^^^^^^^^^
[INFO] [stderr] 
[INFO] [stderr] warning: function `get_metadata_avatar_uri` is never used
[INFO] [stderr]   --> src/utils.rs:10:14
[INFO] [stderr]    |
[INFO] [stderr] 10 | pub async fn get_metadata_avatar_uri(
[INFO] [stderr]    |              ^^^^^^^^^^^^^^^^^^^^^^^
[INFO] [stderr] 
[INFO] [stderr] warning: function `get_gateway` is never used
[INFO] [stderr]   --> src/utils.rs:32:8
[INFO] [stderr]    |
[INFO] [stderr] 32 | pub fn get_gateway(custom: Option<&str>, default_gateway: &str) -> String {
[INFO] [stderr]    |        ^^^^^^^^^^^
[INFO] [stderr] 
[INFO] [stderr] warning: function `get_json_image` is never used
[INFO] [stderr]   --> src/utils.rs:49:8
[INFO] [stderr]    |
[INFO] [stderr] 49 | pub fn get_json_image(data: &Value) -> Result<String, EnsAvatarNftInvalidMetadataError> {
[INFO] [stderr]    |        ^^^^^^^^^^^^^^
[INFO] [stderr] 
[INFO] [stderr] warning: struct `UriItem` is never constructed
[INFO] [stderr]   --> src/utils.rs:94:12
[INFO] [stderr]    |
[INFO] [stderr] 94 | pub struct UriItem {
[INFO] [stderr]    |            ^^^^^^^
[INFO] [stderr] 
[INFO] [stderr] warning: function `decode_base64_json` is never used
[INFO] [stderr]    --> src/utils.rs:100:8
[INFO] [stderr]     |
[INFO] [stderr] 100 | pub fn decode_base64_json(resolved_nft_uri: &str) -> Result<String, Box<dyn std::error::Error>> {
[INFO] [stderr]     |        ^^^^^^^^^^^^^^^^^^
[INFO] [stderr] 
[INFO] [stderr] warning: function `parse_avatar_uri` is never used
[INFO] [stderr]    --> src/utils.rs:107:8
[INFO] [stderr]     |
[INFO] [stderr] 107 | pub fn parse_avatar_uri(
[INFO] [stderr]     |        ^^^^^^^^^^^^^^^^
[INFO] [stderr] 
[INFO] [stderr] warning: enum `NftUriNamespace` is never used
[INFO] [stderr]    --> src/utils.rs:237:10
[INFO] [stderr]     |
[INFO] [stderr] 237 | pub enum NftUriNamespace {
[INFO] [stderr]     |          ^^^^^^^^^^^^^^^
[INFO] [stderr] 
[INFO] [stderr] warning: associated items `ERC721_STR`, `ERC1155_STR`, `as_str`, and `from_str` are never used
[INFO] [stderr]    --> src/utils.rs:243:15
[INFO] [stderr]     |
[INFO] [stderr] 242 | impl NftUriNamespace {
[INFO] [stderr]     | -------------------- associated items in this implementation
[INFO] [stderr] 243 |     pub const ERC721_STR: &'static str = "erc721";
[INFO] [stderr]     |               ^^^^^^^^^^
[INFO] [stderr] 244 |     pub const ERC1155_STR: &'static str = "erc1155";
[INFO] [stderr]     |               ^^^^^^^^^^^
[INFO] [stderr] 245 |
[INFO] [stderr] 246 |     pub fn as_str(&self) -> &'static str {
[INFO] [stderr]     |            ^^^^^^
[INFO] [stderr] ...
[INFO] [stderr] 253 |     pub fn from_str(s: &str) -> Option<Self> {
[INFO] [stderr]     |            ^^^^^^^^
[INFO] [stderr] 
[INFO] [stderr] warning: struct `ParsedNftUri` is never constructed
[INFO] [stderr]    --> src/utils.rs:262:12
[INFO] [stderr]     |
[INFO] [stderr] 262 | pub struct ParsedNftUri {
[INFO] [stderr]     |            ^^^^^^^^^^^^
[INFO] [stderr] 
[INFO] [stderr] warning: function `parse_nft_uri` is never used
[INFO] [stderr]    --> src/utils.rs:284:8
[INFO] [stderr]     |
[INFO] [stderr] 284 | pub fn parse_nft_uri(uri: &str) -> Result<ParsedNftUri, ParseNftError> {
[INFO] [stderr]     |        ^^^^^^^^^^^^^
[INFO] [stderr] 
[INFO] [stderr] warning: method `as_str` is never used
[INFO] [stderr]    --> src/utils.rs:246:12
[INFO] [stderr]     |
[INFO] [stderr] 242 | impl NftUriNamespace {
[INFO] [stderr]     | -------------------- method in this implementation
[INFO] [stderr] ...
[INFO] [stderr] 246 |     pub fn as_str(&self) -> &'static str {
[INFO] [stderr]     |            ^^^^^^
[INFO] [stderr]     |
[INFO] [stderr]     = note: `#[warn(dead_code)]` (part of `#[warn(unused)]`) on by default
[INFO] [stderr] 
[INFO] [stderr] warning: `alloy-ens-extender` (lib) generated 19 warnings (run `cargo fix --lib -p alloy-ens-extender` to apply 1 suggestion)
[INFO] [stderr] warning: `alloy-ens-extender` (lib test) generated 4 warnings (3 duplicates)
[INFO] [stderr]     Finished `release` profile [optimized] target(s) in 0.40s
[INFO] [stderr] warning: the following packages contain code that will be rejected by a future version of Rust: proc-macro-error2 v2.0.1
[INFO] [stderr] note: to see what the problems were, use the option `--future-incompat-report`, or run `cargo report future-incompatibilities --id 1`
[INFO] [stderr]      Running unittests src/lib.rs (/opt/rustwide/target/release/build/alloy-ens-extender/fbd4d13b95810072/out/alloy_ens_extender-fbd4d13b95810072)
[INFO] [stdout] 
[INFO] [stdout] running 7 tests
[INFO] [stdout] test utils::tests::test_get_gateway_with_custom ... ok
[INFO] [stdout] test utils::tests::test_parse_nft_uri_error_cases ... ok
[INFO] [stdout] test utils::tests::test_parse_avatar_uri_error_cases ... FAILED
[INFO] [stdout] test utils::tests::test_parse_avatar_uri_valid_cases ... FAILED
[INFO] [stdout] test utils::tests::test_parse_nft_uri_valid_cases ... FAILED
[INFO] [stdout] test tests::test_pub_resolver_fetching_avatar ... FAILED
[INFO] [stdout] test tests::test_normalize ... ok
[INFO] [stdout] 
[INFO] [stdout] failures:
[INFO] [stdout] 
[INFO] [stdout] ---- utils::tests::test_parse_avatar_uri_error_cases stdout ----
[INFO] [stdout] 
[INFO] [stdout] thread 'utils::tests::test_parse_avatar_uri_error_cases' (4612) panicked at src/constants.rs:45:84:
[INFO] [stdout] called `Result::unwrap()` on an `Err` value: Syntax(
[INFO] [stdout] ~~~~~~~~~~~~~~~~~~~~~~~~~~~~~~~~~~~~~~~~~~~~~~~~~~~~~~~~~~~~~~~~~~~~~~~~~~~~~~~
[INFO] [stdout] regex parse error:
[INFO] [stdout]     ^data:([a-zA-Z\\-/+]*)?(;[a-zA-Z0-9].*?)?(,)
[INFO] [stdout]                   ^^^^
[INFO] [stdout] error: invalid character class range, the start must be <= the end
[INFO] [stdout] ~~~~~~~~~~~~~~~~~~~~~~~~~~~~~~~~~~~~~~~~~~~~~~~~~~~~~~~~~~~~~~~~~~~~~~~~~~~~~~~
[INFO] [stdout] )
[INFO] [stdout] stack backtrace:
[INFO] [stdout]    0:     0x5e17a56ae541 - <<std[617be2ca0a6fd877]::sys::backtrace::BacktraceLock>::print::DisplayBacktrace as core[a373ad73a504971]::fmt::Display>::fmt
[INFO] [stdout]    1:     0x5e17a56c605a - core[a373ad73a504971]::fmt::write
[INFO] [stdout]    2:     0x5e17a56b33ac - <alloc[2e1b2a31b91974c5]::vec::Vec<u8> as core[a373ad73a504971]::io::write::Write>::write_fmt
[INFO] [stdout]    3:     0x5e17a5688f06 - std[617be2ca0a6fd877]::panicking::default_hook::{closure#0}
[INFO] [stdout]    4:     0x5e17a56a6419 - std[617be2ca0a6fd877]::panicking::default_hook
[INFO] [stdout]    5:     0x5e17a53239d0 - test[aada8e7e76ba119b]::test_main_inner::{closure#0}
[INFO] [stdout]    6:     0x5e17a56a6742 - std[617be2ca0a6fd877]::panicking::panic_with_hook
[INFO] [stdout]    7:     0x5e17a5688fb2 - std[617be2ca0a6fd877]::panicking::panic_handler::{closure#0}
[INFO] [stdout]    8:     0x5e17a5681659 - std[617be2ca0a6fd877]::sys::backtrace::__rust_end_short_backtrace::<std[617be2ca0a6fd877]::panicking::panic_handler::{closure#0}, !>
[INFO] [stdout]    9:     0x5e17a5689ebd - __rustc[ea4f61d10b84890b]::rust_begin_unwind
[INFO] [stdout]   10:     0x5e17a56c683c - core[a373ad73a504971]::panicking::panic_fmt
[INFO] [stdout]   11:     0x5e17a56c6612 - core[a373ad73a504971]::result::unwrap_failed
[INFO] [stdout]   12:     0x5e17a52b6467 - <alloy_ens_extender[c7151a1f943e0da6]::constants::DATA_URI_REGEX::{closure#0} as core[a373ad73a504971]::ops::function::FnOnce<()>>::call_once
[INFO] [stdout]   13:     0x5e17a52a9632 - <std[617be2ca0a6fd877]::sync::once::Once>::call_once_force::<<std[617be2ca0a6fd877]::sync::lazy_lock::LazyLock<regex[38c4ebb92168bbb]::regex::string::Regex>>::force::{closure#0}>::{closure#0}
[INFO] [stdout]   14:     0x5e17a568f389 - <std[617be2ca0a6fd877]::sys::sync::once::futex::Once>::call
[INFO] [stdout]   15:     0x5e17a52ac6d5 - alloy_ens_extender[c7151a1f943e0da6]::utils::parse_avatar_uri
[INFO] [stdout]   16:     0x5e17a52ba405 - <alloy_ens_extender[c7151a1f943e0da6]::utils::tests::test_parse_avatar_uri_error_cases::{closure#0} as core[a373ad73a504971]::ops::function::FnOnce<()>>::call_once
[INFO] [stdout]   17:     0x5e17a5316e1b - test[aada8e7e76ba119b]::__rust_begin_short_backtrace::<core[a373ad73a504971]::result::Result<(), alloc[2e1b2a31b91974c5]::string::String>, fn() -> core[a373ad73a504971]::result::Result<(), alloc[2e1b2a31b91974c5]::string::String>>
[INFO] [stdout]   18:     0x5e17a5323ff5 - test[aada8e7e76ba119b]::run_test::{closure#0}
[INFO] [stdout]   19:     0x5e17a531d8e4 - std[617be2ca0a6fd877]::sys::backtrace::__rust_begin_short_backtrace::<test[aada8e7e76ba119b]::run_test::{closure#1}, ()>
[INFO] [stdout]   20:     0x5e17a5327082 - <std[617be2ca0a6fd877]::thread::lifecycle::spawn_unchecked<test[aada8e7e76ba119b]::run_test::{closure#1}, ()>::{closure#1} as core[a373ad73a504971]::ops::function::FnOnce<()>>::call_once::{shim:vtable#0}
[INFO] [stdout]   21:     0x5e17a56ad9ef - <std[617be2ca0a6fd877]::sys::thread::unix::Thread>::new::thread_start
[INFO] [stdout]   22:     0x728d6f75fdfa - <unknown>
[INFO] [stdout]   23:     0x728d6f7f33d4 - clone
[INFO] [stdout]   24:                0x0 - <unknown>
[INFO] [stdout] 
[INFO] [stdout] ---- utils::tests::test_parse_avatar_uri_valid_cases stdout ----
[INFO] [stdout] 
[INFO] [stdout] thread 'utils::tests::test_parse_avatar_uri_valid_cases' (4613) panicked at /rustc/e3feeb59cd1bdd011a2bfcc0747b55125d9b8527/library/std/src/sync/lazy_lock.rs:475:5:
[INFO] [stdout] LazyLock instance has previously been poisoned
[INFO] [stdout] stack backtrace:
[INFO] [stdout]    0:     0x5e17a56ae541 - <<std[617be2ca0a6fd877]::sys::backtrace::BacktraceLock>::print::DisplayBacktrace as core[a373ad73a504971]::fmt::Display>::fmt
[INFO] [stdout]    1:     0x5e17a56c605a - core[a373ad73a504971]::fmt::write
[INFO] [stdout]    2:     0x5e17a56b33ac - <alloc[2e1b2a31b91974c5]::vec::Vec<u8> as core[a373ad73a504971]::io::write::Write>::write_fmt
[INFO] [stdout]    3:     0x5e17a5688f06 - std[617be2ca0a6fd877]::panicking::default_hook::{closure#0}
[INFO] [stdout]    4:     0x5e17a56a6419 - std[617be2ca0a6fd877]::panicking::default_hook
[INFO] [stdout]    5:     0x5e17a53239d0 - test[aada8e7e76ba119b]::test_main_inner::{closure#0}
[INFO] [stdout]    6:     0x5e17a56a6742 - std[617be2ca0a6fd877]::panicking::panic_with_hook
[INFO] [stdout]    7:     0x5e17a5688fe4 - std[617be2ca0a6fd877]::panicking::panic_handler::{closure#0}
[INFO] [stdout]    8:     0x5e17a5681659 - std[617be2ca0a6fd877]::sys::backtrace::__rust_end_short_backtrace::<std[617be2ca0a6fd877]::panicking::panic_handler::{closure#0}, !>
[INFO] [stdout]    9:     0x5e17a5689ebd - __rustc[ea4f61d10b84890b]::rust_begin_unwind
[INFO] [stdout]   10:     0x5e17a56c683c - core[a373ad73a504971]::panicking::panic_fmt
[INFO] [stdout]   11:     0x5e17a56a73bd - std[617be2ca0a6fd877]::sync::lazy_lock::panic_poisoned
[INFO] [stdout]   12:     0x5e17a52a965b - <std[617be2ca0a6fd877]::sync::once::Once>::call_once_force::<<std[617be2ca0a6fd877]::sync::lazy_lock::LazyLock<regex[38c4ebb92168bbb]::regex::string::Regex>>::force::{closure#0}>::{closure#0}
[INFO] [stdout]   13:     0x5e17a568f389 - <std[617be2ca0a6fd877]::sys::sync::once::futex::Once>::call
[INFO] [stdout]   14:     0x5e17a52ac6d5 - alloy_ens_extender[c7151a1f943e0da6]::utils::parse_avatar_uri
[INFO] [stdout]   15:     0x5e17a52ba86c - <alloy_ens_extender[c7151a1f943e0da6]::utils::tests::test_parse_avatar_uri_valid_cases::{closure#0} as core[a373ad73a504971]::ops::function::FnOnce<()>>::call_once
[INFO] [stdout]   16:     0x5e17a5316e1b - test[aada8e7e76ba119b]::__rust_begin_short_backtrace::<core[a373ad73a504971]::result::Result<(), alloc[2e1b2a31b91974c5]::string::String>, fn() -> core[a373ad73a504971]::result::Result<(), alloc[2e1b2a31b91974c5]::string::String>>
[INFO] [stdout]   17:     0x5e17a5323ff5 - test[aada8e7e76ba119b]::run_test::{closure#0}
[INFO] [stdout]   18:     0x5e17a531d8e4 - std[617be2ca0a6fd877]::sys::backtrace::__rust_begin_short_backtrace::<test[aada8e7e76ba119b]::run_test::{closure#1}, ()>
[INFO] [stdout]   19:     0x5e17a5327082 - <std[617be2ca0a6fd877]::thread::lifecycle::spawn_unchecked<test[aada8e7e76ba119b]::run_test::{closure#1}, ()>::{closure#1} as core[a373ad73a504971]::ops::function::FnOnce<()>>::call_once::{shim:vtable#0}
[INFO] [stdout]   20:     0x5e17a56ad9ef - <std[617be2ca0a6fd877]::sys::thread::unix::Thread>::new::thread_start
[INFO] [stdout]   21:     0x728d6f75fdfa - <unknown>
[INFO] [stdout]   22:     0x728d6f7f33d4 - clone
[INFO] [stdout]   23:                0x0 - <unknown>
[INFO] [stdout] 
[INFO] [stdout] ---- utils::tests::test_parse_nft_uri_valid_cases stdout ----
[INFO] [stdout] ["eip155:1", "erc1155:0x495f947276749ce646f68ac8c248420045cb7b5e", "8112316025873927737505937898915153732580103913704334048512380490797008551937"]
[INFO] [stdout] 
[INFO] [stdout] thread 'utils::tests::test_parse_nft_uri_valid_cases' (4615) panicked at src/utils.rs:357:14:
[INFO] [stdout] called `Result::unwrap()` on an `Err` value: BaseConvertError(InvalidDigit(30, 10))
[INFO] [stdout] stack backtrace:
[INFO] [stdout]    0:     0x5e17a56ae541 - <<std[617be2ca0a6fd877]::sys::backtrace::BacktraceLock>::print::DisplayBacktrace as core[a373ad73a504971]::fmt::Display>::fmt
[INFO] [stdout]    1:     0x5e17a56c605a - core[a373ad73a504971]::fmt::write
[INFO] [stdout]    2:     0x5e17a56b33ac - <alloc[2e1b2a31b91974c5]::vec::Vec<u8> as core[a373ad73a504971]::io::write::Write>::write_fmt
[INFO] [stdout]    3:     0x5e17a5688f06 - std[617be2ca0a6fd877]::panicking::default_hook::{closure#0}
[INFO] [stdout]    4:     0x5e17a56a6419 - std[617be2ca0a6fd877]::panicking::default_hook
[INFO] [stdout]    5:     0x5e17a53239d0 - test[aada8e7e76ba119b]::test_main_inner::{closure#0}
[INFO] [stdout]    6:     0x5e17a56a6742 - std[617be2ca0a6fd877]::panicking::panic_with_hook
[INFO] [stdout]    7:     0x5e17a5688fb2 - std[617be2ca0a6fd877]::panicking::panic_handler::{closure#0}
[INFO] [stdout]    8:     0x5e17a5681659 - std[617be2ca0a6fd877]::sys::backtrace::__rust_end_short_backtrace::<std[617be2ca0a6fd877]::panicking::panic_handler::{closure#0}, !>
[INFO] [stdout]    9:     0x5e17a5689ebd - __rustc[ea4f61d10b84890b]::rust_begin_unwind
[INFO] [stdout]   10:     0x5e17a56c683c - core[a373ad73a504971]::panicking::panic_fmt
[INFO] [stdout]   11:     0x5e17a56c6612 - core[a373ad73a504971]::result::unwrap_failed
[INFO] [stdout]   12:     0x5e17a52ba178 - <alloy_ens_extender[c7151a1f943e0da6]::utils::tests::test_parse_nft_uri_valid_cases::{closure#0} as core[a373ad73a504971]::ops::function::FnOnce<()>>::call_once
[INFO] [stdout]   13:     0x5e17a5316e1b - test[aada8e7e76ba119b]::__rust_begin_short_backtrace::<core[a373ad73a504971]::result::Result<(), alloc[2e1b2a31b91974c5]::string::String>, fn() -> core[a373ad73a504971]::result::Result<(), alloc[2e1b2a31b91974c5]::string::String>>
[INFO] [stdout]   14:     0x5e17a5323ff5 - test[aada8e7e76ba119b]::run_test::{closure#0}
[INFO] [stdout]   15:     0x5e17a531d8e4 - std[617be2ca0a6fd877]::sys::backtrace::__rust_begin_short_backtrace::<test[aada8e7e76ba119b]::run_test::{closure#1}, ()>
[INFO] [stdout]   16:     0x5e17a5327082 - <std[617be2ca0a6fd877]::thread::lifecycle::spawn_unchecked<test[aada8e7e76ba119b]::run_test::{closure#1}, ()>::{closure#1} as core[a373ad73a504971]::ops::function::FnOnce<()>>::call_once::{shim:vtable#0}
[INFO] [stdout]   17:     0x5e17a56ad9ef - <std[617be2ca0a6fd877]::sys::thread::unix::Thread>::new::thread_start
[INFO] [stdout]   18:     0x728d6f75fdfa - <unknown>
[INFO] [stdout]   19:     0x728d6f7f33d4 - clone
[INFO] [stdout]   20:                0x0 - <unknown>
[INFO] [stdout] 
[INFO] [stdout] ---- tests::test_pub_resolver_fetching_avatar stdout ----
[INFO] [stdout] 
[INFO] [stdout] thread 'tests::test_pub_resolver_fetching_avatar' (4610) panicked at src/lib.rs:210:60:
[INFO] [stdout] called `Result::unwrap()` on an `Err` value: Ens(Resolver(TransportError(Transport(Custom(reqwest::Error { kind: Request, url: "http://reth-ethereum.ithaca.xyz/rpc", source: hyper_util::client::legacy::Error(Connect, ConnectError("dns error", Custom { kind: Uncategorized, error: "failed to lookup address information: Temporary failure in name resolution" })) })))))
[INFO] [stdout] stack backtrace:
[INFO] [stdout]    0:     0x5e17a56ae541 - <<std[617be2ca0a6fd877]::sys::backtrace::BacktraceLock>::print::DisplayBacktrace as core[a373ad73a504971]::fmt::Display>::fmt
[INFO] [stdout]    1:     0x5e17a56c605a - core[a373ad73a504971]::fmt::write
[INFO] [stdout]    2:     0x5e17a56b33ac - <alloc[2e1b2a31b91974c5]::vec::Vec<u8> as core[a373ad73a504971]::io::write::Write>::write_fmt
[INFO] [stdout]    3:     0x5e17a5688f06 - std[617be2ca0a6fd877]::panicking::default_hook::{closure#0}
[INFO] [stdout]    4:     0x5e17a56a6419 - std[617be2ca0a6fd877]::panicking::default_hook
[INFO] [stdout]    5:     0x5e17a53239d0 - test[aada8e7e76ba119b]::test_main_inner::{closure#0}
[INFO] [stdout]    6:     0x5e17a56a6742 - std[617be2ca0a6fd877]::panicking::panic_with_hook
[INFO] [stdout]    7:     0x5e17a5688fb2 - std[617be2ca0a6fd877]::panicking::panic_handler::{closure#0}
[INFO] [stdout]    8:     0x5e17a5681659 - std[617be2ca0a6fd877]::sys::backtrace::__rust_end_short_backtrace::<std[617be2ca0a6fd877]::panicking::panic_handler::{closure#0}, !>
[INFO] [stdout]    9:     0x5e17a5689ebd - __rustc[ea4f61d10b84890b]::rust_begin_unwind
[INFO] [stdout]   10:     0x5e17a56c683c - core[a373ad73a504971]::panicking::panic_fmt
[INFO] [stdout]   11:     0x5e17a56c6612 - core[a373ad73a504971]::result::unwrap_failed
[INFO] [stdout]   12:     0x5e17a52b8883 - alloy_ens_extender[c7151a1f943e0da6]::tests::test_pub_resolver_fetching_avatar::{closure#0}
[INFO] [stdout]   13:     0x5e17a52c0613 - <tokio[cf1f1f8a069a0ba7]::runtime::scheduler::current_thread::Context>::enter::<core[a373ad73a504971]::task::poll::Poll<()>, <tokio[cf1f1f8a069a0ba7]::runtime::scheduler::current_thread::CoreGuard>::block_on<core[a373ad73a504971]::pin::Pin<&mut core[a373ad73a504971]::pin::Pin<&mut dyn core[a373ad73a504971]::future::future::Future<Output = ()>>>>::{closure#0}::{closure#0}>
[INFO] [stdout]   14:     0x5e17a52ceeac - <tokio[cf1f1f8a069a0ba7]::runtime::context::scoped::Scoped<tokio[cf1f1f8a069a0ba7]::runtime::scheduler::Context>>::set::<<tokio[cf1f1f8a069a0ba7]::runtime::scheduler::current_thread::CoreGuard>::enter<<tokio[cf1f1f8a069a0ba7]::runtime::scheduler::current_thread::CoreGuard>::block_on<core[a373ad73a504971]::pin::Pin<&mut core[a373ad73a504971]::pin::Pin<&mut dyn core[a373ad73a504971]::future::future::Future<Output = ()>>>>::{closure#0}, core[a373ad73a504971]::option::Option<()>>::{closure#0}, (alloc[2e1b2a31b91974c5]::boxed::Box<tokio[cf1f1f8a069a0ba7]::runtime::scheduler::current_thread::Core>, core[a373ad73a504971]::option::Option<()>)>
[INFO] [stdout]   15:     0x5e17a52c0ae5 - <tokio[cf1f1f8a069a0ba7]::runtime::scheduler::current_thread::CoreGuard>::block_on::<core[a373ad73a504971]::pin::Pin<&mut core[a373ad73a504971]::pin::Pin<&mut dyn core[a373ad73a504971]::future::future::Future<Output = ()>>>>
[INFO] [stdout]   16:     0x5e17a52d0cb8 - tokio[cf1f1f8a069a0ba7]::runtime::context::runtime::enter_runtime::<<tokio[cf1f1f8a069a0ba7]::runtime::scheduler::current_thread::CurrentThread>::block_on<core[a373ad73a504971]::pin::Pin<&mut dyn core[a373ad73a504971]::future::future::Future<Output = ()>>>::{closure#0}, ()>
[INFO] [stdout]   17:     0x5e17a52c03eb - <tokio[cf1f1f8a069a0ba7]::runtime::runtime::Runtime>::block_on::<core[a373ad73a504971]::pin::Pin<&mut dyn core[a373ad73a504971]::future::future::Future<Output = ()>>>
[INFO] [stdout]   18:     0x5e17a52b992b - <alloy_ens_extender[c7151a1f943e0da6]::tests::test_pub_resolver_fetching_avatar::{closure#0} as core[a373ad73a504971]::ops::function::FnOnce<()>>::call_once
[INFO] [stdout]   19:     0x5e17a5316e1b - test[aada8e7e76ba119b]::__rust_begin_short_backtrace::<core[a373ad73a504971]::result::Result<(), alloc[2e1b2a31b91974c5]::string::String>, fn() -> core[a373ad73a504971]::result::Result<(), alloc[2e1b2a31b91974c5]::string::String>>
[INFO] [stdout]   20:     0x5e17a5323ff5 - test[aada8e7e76ba119b]::run_test::{closure#0}
[INFO] [stdout]   21:     0x5e17a531d8e4 - std[617be2ca0a6fd877]::sys::backtrace::__rust_begin_short_backtrace::<test[aada8e7e76ba119b]::run_test::{closure#1}, ()>
[INFO] [stdout]   22:     0x5e17a5327082 - <std[617be2ca0a6fd877]::thread::lifecycle::spawn_unchecked<test[aada8e7e76ba119b]::run_test::{closure#1}, ()>::{closure#1} as core[a373ad73a504971]::ops::function::FnOnce<()>>::call_once::{shim:vtable#0}
[INFO] [stdout]   23:     0x5e17a56ad9ef - <std[617be2ca0a6fd877]::sys::thread::unix::Thread>::new::thread_start
[INFO] [stdout]   24:     0x728d6f75fdfa - <unknown>
[INFO] [stdout]   25:     0x728d6f7f33d4 - clone
[INFO] [stdout]   26:                0x0 - <unknown>
[INFO] [stdout] 
[INFO] [stdout] 
[INFO] [stdout] failures:
[INFO] [stdout]     tests::test_pub_resolver_fetching_avatar
[INFO] [stdout]     utils::tests::test_parse_avatar_uri_error_cases
[INFO] [stdout]     utils::tests::test_parse_avatar_uri_valid_cases
[INFO] [stdout]     utils::tests::test_parse_nft_uri_valid_cases
[INFO] [stdout] 
[INFO] [stdout] test result: FAILED. 3 passed; 4 failed; 0 ignored; 0 measured; 0 filtered out; finished in 0.44s
[INFO] [stdout] 
[INFO] [stderr] error: test failed, to rerun pass `--lib`
[INFO] running `Command { std: "docker" "inspect" "0a03fb7741a0247e83c82907eba8b882453fbd0ec31f396b59fb2df119588394", kill_on_drop: false }`
[INFO] running `Command { std: "docker" "rm" "-f" "0a03fb7741a0247e83c82907eba8b882453fbd0ec31f396b59fb2df119588394", kill_on_drop: false }`
[INFO] [stdout] 0a03fb7741a0247e83c82907eba8b882453fbd0ec31f396b59fb2df119588394
