[INFO] fetching crate alloy-ccip-read 0.3.1...
[INFO] testing alloy-ccip-read-0.3.1 against 1.100.0-beta.1+cargoflags=--release for beta-release-1.100-2
[INFO] extracting crate alloy-ccip-read 0.3.1 into /workspace/builds/worker-5-tc2/source
[INFO] started tweaking crates.io crate alloy-ccip-read 0.3.1
[INFO] removed 0 missing examples
[INFO] finished tweaking crates.io crate alloy-ccip-read 0.3.1
[INFO] tweaked toml for crates.io crate alloy-ccip-read 0.3.1 written to /workspace/builds/worker-5-tc2/source/Cargo.toml
[INFO] validating manifest of crates.io crate alloy-ccip-read 0.3.1 on toolchain 1.100.0-beta.1
[INFO] running `Command { std: CARGO_HOME="/workspace/cargo-home" RUSTUP_HOME="/workspace/rustup-home" "/workspace/cargo-home/bin/cargo" "+1.100.0-beta.1" "metadata" "--manifest-path" "Cargo.toml" "--no-deps", kill_on_drop: false }`
[INFO] crate crates.io crate alloy-ccip-read 0.3.1 already has a lockfile, it will not be regenerated
[INFO] running `Command { std: CARGO_HOME="/workspace/cargo-home" RUSTUP_HOME="/workspace/rustup-home" "/workspace/cargo-home/bin/cargo" "+1.100.0-beta.1" "fetch" "--manifest-path" "Cargo.toml", kill_on_drop: false }`
[INFO] [stderr] warning: `package.homepage` is redundant with `package.repository`
[INFO] [stderr]   --> Cargo.toml:84:12
[INFO] [stderr]    |
[INFO] [stderr] 84 | homepage = "https://github.com/sevenzing/alloy-ccip-read"
[INFO] [stderr]    |            ^^^^^^^^^^^^^^^^^^^^^^^^^^^^^^^^^^^^^^^^^^^^^^
[INFO] [stderr] ...
[INFO] [stderr] 89 | repository = "https://github.com/sevenzing/alloy-ccip-read"
[INFO] [stderr]    |              ----------------------------------------------
[INFO] [stderr]    |
[INFO] [stderr]    = note: `cargo::redundant_homepage` is set to `warn` by default
[INFO] [stderr] help: consider removing `package.homepage`
[INFO] [stderr] warning: `alloy-ccip-read` (manifest) generated 1 warning
[INFO] running `Command { std: "docker" "create" "-v" "/var/lib/crater-agent-workspace/builds/worker-5-tc2/source:/opt/rustwide/workdir:ro,Z" "-v" "/var/lib/crater-agent-workspace/builds/worker-5-tc2/target:/opt/rustwide/target:rw,Z" "-v" "/var/lib/crater-agent-workspace/cargo-home:/opt/rustwide/cargo-home:ro,Z" "-v" "/var/lib/crater-agent-workspace/rustup-home:/opt/rustwide/rustup-home:ro,Z" "-m" "1610612736" "--network" "none" "ghcr.io/rust-lang/crates-build-env/linux@sha256:77db811e55d90add9212f6832c23229e3de5f1c1f9905e8cb07319ea15df73ac" "sleep" "infinity", kill_on_drop: false }`
[INFO] [stdout] 5fe34d43547a1929612471b37b7d540627c92c7773cca05c201935be294b26ff
[INFO] running `Command { std: "docker" "start" "5fe34d43547a1929612471b37b7d540627c92c7773cca05c201935be294b26ff", kill_on_drop: false }`
[INFO] running `Command { std: "docker" "inspect" "5fe34d43547a1929612471b37b7d540627c92c7773cca05c201935be294b26ff", kill_on_drop: false }`
[INFO] running `Command { std: "docker" "exec" "-e" "SOURCE_DIR=/opt/rustwide/workdir" "-e" "CARGO_HOME=/opt/rustwide/cargo-home" "-e" "RUSTUP_HOME=/opt/rustwide/rustup-home" "-e" "CARGO_TARGET_DIR=/opt/rustwide/target" "-w" "/opt/rustwide/workdir" "--user" "0:0" "5fe34d43547a1929612471b37b7d540627c92c7773cca05c201935be294b26ff" "/opt/rustwide/cargo-home/bin/cargo" "+1.100.0-beta.1" "metadata" "--no-deps" "--format-version=1", kill_on_drop: false }`
[INFO] running `Command { std: "docker" "inspect" "5fe34d43547a1929612471b37b7d540627c92c7773cca05c201935be294b26ff", kill_on_drop: false }`
[INFO] running `Command { std: "docker" "exec" "-e" "SOURCE_DIR=/opt/rustwide/workdir" "-e" "CARGO_HOME=/opt/rustwide/cargo-home" "-e" "RUSTUP_HOME=/opt/rustwide/rustup-home" "-e" "CARGO_TARGET_DIR=/opt/rustwide/target" "-e" "CARGO_INCREMENTAL=0" "-e" "RUST_BACKTRACE=full" "-e" "RUSTFLAGS=--cap-lints=warn" "-e" "RUSTDOCFLAGS=--cap-lints=warn" "-w" "/opt/rustwide/workdir" "--user" "0:0" "5fe34d43547a1929612471b37b7d540627c92c7773cca05c201935be294b26ff" "/opt/rustwide/cargo-home/bin/cargo" "+1.100.0-beta.1" "build" "--frozen" "--message-format=json" "--release", kill_on_drop: false }`
[INFO] [stderr] warning: `package.homepage` is redundant with `package.repository`
[INFO] [stderr]   --> Cargo.toml:84:12
[INFO] [stderr]    |
[INFO] [stderr] 84 | homepage = "https://github.com/sevenzing/alloy-ccip-read"
[INFO] [stderr]    |            ^^^^^^^^^^^^^^^^^^^^^^^^^^^^^^^^^^^^^^^^^^^^^^
[INFO] [stderr] ...
[INFO] [stderr] 89 | repository = "https://github.com/sevenzing/alloy-ccip-read"
[INFO] [stderr]    |              ----------------------------------------------
[INFO] [stderr]    |
[INFO] [stderr]    = note: `cargo::redundant_homepage` is set to `warn` by default
[INFO] [stderr] help: consider removing `package.homepage`
[INFO] [stderr] warning: `alloy-ccip-read` (manifest) generated 1 warning
[INFO] [stderr]    Compiling proc-macro2 v1.0.106
[INFO] [stderr]    Compiling unicode-ident v1.0.24
[INFO] [stderr]    Compiling quote v1.0.45
[INFO] [stderr]    Compiling libc v0.2.186
[INFO] [stderr]    Compiling serde_core v1.0.228
[INFO] [stderr]    Compiling serde v1.0.228
[INFO] [stderr]    Compiling version_check v0.9.5
[INFO] [stderr]    Compiling cfg-if v1.0.4
[INFO] [stderr]    Compiling typenum v1.20.1
[INFO] [stderr]    Compiling subtle v2.6.1
[INFO] [stderr]    Compiling const-oid v0.9.6
[INFO] [stderr]    Compiling generic-array v0.14.9
[INFO] [stderr]    Compiling itoa v1.0.18
[INFO] [stderr]    Compiling find-msvc-tools v0.1.9
[INFO] [stderr]    Compiling shlex v2.0.1
[INFO] [stderr]    Compiling foldhash v0.2.0
[INFO] [stderr]    Compiling unicode-segmentation v1.13.3
[INFO] [stderr]    Compiling pin-project-lite v0.2.17
[INFO] [stderr]    Compiling syn v2.0.117
[INFO] [stderr]    Compiling convert_case v0.10.0
[INFO] [stderr]    Compiling unicode-xid v0.2.6
[INFO] [stderr]    Compiling paste v1.0.15
[INFO] [stderr]    Compiling ruint-macro v1.2.1
[INFO] [stderr]    Compiling once_cell v1.21.4
[INFO] [stderr]    Compiling cpufeatures v0.2.17
[INFO] [stderr]    Compiling base16ct v0.2.0
[INFO] [stderr]    Compiling hybrid-array v0.4.12
[INFO] [stderr]    Compiling arrayvec v0.7.6
[INFO] [stderr]    Compiling jobserver v0.1.34
[INFO] [stderr]    Compiling zmij v1.0.21
[INFO] [stderr]    Compiling memchr v2.8.1
[INFO] [stderr]    Compiling cc v1.2.63
[INFO] [stderr]    Compiling getrandom v0.2.17
[INFO] [stderr]    Compiling rand_core v0.6.4
[INFO] [stderr]    Compiling crypto-common v0.2.2
[INFO] [stderr]    Compiling block-buffer v0.12.0
[INFO] [stderr]    Compiling ff v0.13.1
[INFO] [stderr]    Compiling dunce v1.0.5
[INFO] [stderr]    Compiling keccak v0.2.0
[INFO] [stderr]    Compiling group v0.13.0
[INFO] [stderr]    Compiling serde_json v1.0.150
[INFO] [stderr]    Compiling rustc-hash v2.1.2
[INFO] [stderr]    Compiling tracing-core v0.1.36
[INFO] [stderr]    Compiling thiserror v2.0.18
[INFO] [stderr]    Compiling digest v0.11.3
[INFO] [stderr]    Compiling hashbrown v0.17.1
[INFO] [stderr]    Compiling sha3 v0.11.0
[INFO] [stderr]    Compiling const-hex v1.19.1
[INFO] [stderr]    Compiling futures-core v0.3.32
[INFO] [stderr]    Compiling base64 v0.22.1
[INFO] [stderr]    Compiling heck v0.5.0
[INFO] [stderr]    Compiling winnow v1.0.3
[INFO] [stderr]    Compiling mio v1.2.1
[INFO] [stderr]    Compiling socket2 v0.6.4
[INFO] [stderr]    Compiling stable_deref_trait v1.2.1
[INFO] [stderr]    Compiling futures-sink v0.3.32
[INFO] [stderr]    Compiling proc-macro-error-attr2 v2.0.0
[INFO] [stderr]    Compiling equivalent v1.0.2
[INFO] [stderr]    Compiling indexmap v2.14.0
[INFO] [stderr]    Compiling slab v0.4.12
[INFO] [stderr]    Compiling synstructure v0.13.2
[INFO] [stderr]    Compiling macro-string v0.2.0
[INFO] [stderr]    Compiling syn-solidity v1.6.0
[INFO] [stderr]    Compiling proc-macro-error2 v2.0.1
[INFO] [stderr]    Compiling strsim v0.11.1
[INFO] [stderr]    Compiling ident_case v1.0.1
[INFO] [stderr]    Compiling futures-channel v0.3.32
[INFO] [stderr]    Compiling cmake v0.1.58
[INFO] [stderr]    Compiling futures-io v0.3.32
[INFO] [stderr]    Compiling futures-task v0.3.32
[INFO] [stderr]    Compiling fs_extra v1.3.0
[INFO] [stderr]    Compiling blst v0.3.16
[INFO] [stderr]    Compiling litemap v0.8.2
[INFO] [stderr]    Compiling writeable v0.6.3
[INFO] [stderr]    Compiling num_cpus v1.17.0
[INFO] [stderr]    Compiling aws-lc-sys v0.41.0
[INFO] [stderr]    Compiling icu_normalizer_data v2.2.0
[INFO] [stderr]    Compiling utf8_iter v1.0.4
[INFO] [stderr]    Compiling percent-encoding v2.3.2
[INFO] [stderr]    Compiling icu_properties_data v2.2.0
[INFO] [stderr]    Compiling threadpool v1.8.1
[INFO] [stderr]    Compiling c-kzg v2.1.7
[INFO] [stderr]    Compiling crc-catalog v2.5.0
[INFO] [stderr]    Compiling aws-lc-rs v1.17.0
[INFO] [stderr]    Compiling value-bag v1.12.0
[INFO] [stderr]    Compiling crc v3.4.0
[INFO] [stderr]    Compiling serde_derive v1.0.228
[INFO] [stderr]    Compiling zeroize_derive v1.4.3
[INFO] [stderr]    Compiling alloy-rlp-derive v0.3.15
[INFO] [stderr]    Compiling derive_more-impl v2.1.1
[INFO] [stderr]    Compiling thiserror-impl v2.0.18
[INFO] [stderr]    Compiling zeroize v1.8.2
[INFO] [stderr]    Compiling der v0.7.10
[INFO] [stderr]    Compiling block-buffer v0.10.4
[INFO] [stderr]    Compiling crypto-common v0.1.6
[INFO] [stderr]    Compiling crypto-bigint v0.5.5
[INFO] [stderr]    Compiling digest v0.10.7
[INFO] [stderr]    Compiling hmac v0.12.1
[INFO] [stderr]    Compiling rfc6979 v0.4.0
[INFO] [stderr]    Compiling signature v2.2.0
[INFO] [stderr]    Compiling sha2 v0.10.9
[INFO] [stderr]    Compiling spki v0.7.3
[INFO] [stderr]    Compiling pkcs8 v0.10.2
[INFO] [stderr]    Compiling tracing-attributes v0.1.31
[INFO] [stderr]    Compiling zerofrom-derive v0.1.7
[INFO] [stderr]    Compiling yoke-derive v0.8.2
[INFO] [stderr]    Compiling serdect v0.2.0
[INFO] [stderr]    Compiling bytes v1.11.1
[INFO] [stderr]    Compiling smallvec v1.15.1
[INFO] [stderr]    Compiling sec1 v0.7.3
[INFO] [stderr]    Compiling derive_more v2.1.1
[INFO] [stderr]    Compiling tracing v0.1.44
[INFO] [stderr]    Compiling elliptic-curve v0.13.8
[INFO] [stderr]    Compiling ecdsa v0.16.9
[INFO] [stderr]    Compiling alloy-rlp v0.3.15
[INFO] [stderr]    Compiling alloy-sol-type-parser v1.6.0
[INFO] [stderr]    Compiling zerofrom v0.1.8
[INFO] [stderr]    Compiling ruint v1.18.0
[INFO] [stderr]    Compiling tokio-macros v2.7.0
[INFO] [stderr]    Compiling yoke v0.8.3
[INFO] [stderr]    Compiling http v1.4.1
[INFO] [stderr]    Compiling zerovec-derive v0.11.3
[INFO] [stderr]    Compiling k256 v0.13.4
[INFO] [stderr]    Compiling tokio v1.52.3
[INFO] [stderr]    Compiling auto_impl v1.3.0
[INFO] [stderr]    Compiling alloy-primitives v1.6.0
[INFO] [stderr]    Compiling zerovec v0.11.6
[INFO] [stderr]    Compiling displaydoc v0.2.6
[INFO] [stderr]    Compiling darling_core v0.23.0
[INFO] [stderr]    Compiling futures-macro v0.3.32
[INFO] [stderr]    Compiling either v1.16.0
[INFO] [stderr]    Compiling tinystr v0.8.3
[INFO] [stderr]    Compiling zerotrie v0.2.4
[INFO] [stderr]    Compiling icu_locale_core v2.2.0
[INFO] [stderr]    Compiling potential_utf v0.1.5
[INFO] [stderr]    Compiling rustls-pki-types v1.14.1
[INFO] [stderr]    Compiling alloy-json-abi v1.6.0
[INFO] [stderr]    Compiling futures-util v0.3.32
[INFO] [stderr]    Compiling alloy-sol-macro-input v1.6.0
[INFO] [stderr]    Compiling darling_macro v0.23.0
[INFO] [stderr]    Compiling icu_provider v2.2.0
[INFO] [stderr]    Compiling darling v0.23.0
[INFO] [stderr]    Compiling alloy-sol-macro-expander v1.6.0
[INFO] [stderr]    Compiling serde_with_macros v3.20.0
[INFO] [stderr]    Compiling icu_collections v2.2.0
[INFO] [stderr]    Compiling serde_with v3.20.0
[INFO] [stderr]    Compiling tokio-util v0.7.18
[INFO] [stderr]    Compiling log v0.4.32
[INFO] [stderr]    Compiling hex v0.4.3
[INFO] [stderr]    Compiling httparse v1.10.1
[INFO] [stderr]    Compiling tower-service v0.3.3
[INFO] [stderr]    Compiling icu_properties v2.2.0
[INFO] [stderr]    Compiling alloy-sol-macro v1.6.0
[INFO] [stderr]    Compiling icu_normalizer v2.2.0
[INFO] [stderr]    Compiling alloy-sol-types v1.6.0
[INFO] [stderr]    Compiling alloy-eip7928 v0.3.7
[INFO] [stderr]    Compiling alloy-eip2930 v0.2.3
[INFO] [stderr]    Compiling alloy-eip2124 v0.2.0
[INFO] [stderr]    Compiling alloy-eip7702 v0.6.3
[INFO] [stderr]    Compiling alloy-serde v1.8.3
[INFO] [stderr]    Compiling nybbles v0.4.8
[INFO] [stderr]    Compiling zerocopy v0.8.50
[INFO] [stderr]    Compiling alloy-trie v0.9.5
[INFO] [stderr]    Compiling alloy-eips v1.8.3
[INFO] [stderr]    Compiling idna_adapter v1.2.2
[INFO] [stderr]    Compiling alloy-tx-macros v1.8.3
[INFO] [stderr]    Compiling form_urlencoded v1.2.2
[INFO] [stderr]    Compiling untrusted v0.9.0
[INFO] [stderr]    Compiling rustls v0.23.40
[INFO] [stderr]    Compiling idna v1.1.0
[INFO] [stderr]    Compiling itertools v0.14.0
[INFO] [stderr]    Compiling http-body v1.0.1
[INFO] [stderr]    Compiling sync_wrapper v1.0.2
[INFO] [stderr]    Compiling tower-layer v0.3.3
[INFO] [stderr]    Compiling parking_lot_core v0.9.12
[INFO] [stderr]    Compiling alloy-consensus v1.8.3
[INFO] [stderr]    Compiling tower v0.5.3
[INFO] [stderr]    Compiling url v2.5.8
[INFO] [stderr]    Compiling atomic-waker v1.1.2
[INFO] [stderr]    Compiling getrandom v0.3.4
[INFO] [stderr]    Compiling fnv v1.0.7
[INFO] [stderr]    Compiling try-lock v0.2.5
[INFO] [stderr]    Compiling openssl-probe v0.2.1
[INFO] [stderr]    Compiling scopeguard v1.2.0
[INFO] [stderr]    Compiling bitflags v2.12.1
[INFO] [stderr]    Compiling lock_api v0.4.14
[INFO] [stderr]    Compiling want v0.3.1
[INFO] [stderr]    Compiling alloy-json-rpc v1.8.3
[INFO] [stderr]    Compiling h2 v0.4.14
[INFO] [stderr]    Compiling futures-utils-wasm v0.1.0
[INFO] [stderr]    Compiling futures-executor v0.3.32
[INFO] [stderr]    Compiling pkg-config v0.3.33
[INFO] [stderr]    Compiling ipnet v2.12.0
[INFO] [stderr]    Compiling alloy-network-primitives v1.8.3
[INFO] [stderr]    Compiling alloy-consensus-any v1.8.3
[INFO] [stderr]    Compiling alloy-rpc-types-eth v1.8.3
[INFO] [stderr]    Compiling vcpkg v0.2.15
[INFO] [stderr]    Compiling futures v0.3.32
[INFO] [stderr]    Compiling rand_core v0.9.5
[INFO] [stderr]    Compiling parking_lot v0.12.5
[INFO] [stderr]    Compiling http-body-util v0.1.3
[INFO] [stderr]    Compiling ppv-lite86 v0.2.21
[INFO] [stderr]    Compiling alloy-transport v1.8.3
[INFO] [stderr]    Compiling openssl-sys v0.9.116
[INFO] [stderr]    Compiling rand_chacha v0.9.0
[INFO] [stderr]    Compiling tower-http v0.6.11
[INFO] [stderr]    Compiling rand v0.9.4
[INFO] [stderr]    Compiling rustls-native-certs v0.8.4
[INFO] [stderr]    Compiling tokio-stream v0.1.18
[INFO] [stderr]    Compiling hyper v1.10.1
[INFO] [stderr]    Compiling webpki-roots v1.0.7
[INFO] [stderr]    Compiling sha1 v0.10.6
[INFO] [stderr]    Compiling rustversion v1.0.22
[INFO] [stderr]    Compiling utf-8 v0.7.6
[INFO] [stderr]    Compiling bimap v0.6.3
[INFO] [stderr]    Compiling data-encoding v2.11.0
[INFO] [stderr]    Compiling alloy-pubsub v1.8.3
[INFO] [stderr]    Compiling webpki-roots v0.26.11
[INFO] [stderr]    Compiling pin-project-internal v1.1.13
[INFO] [stderr]    Compiling async-trait v0.1.89
[INFO] [stderr]    Compiling hyper-util v0.1.20
[INFO] [stderr]    Compiling crossbeam-utils v0.8.21
[INFO] [stderr]    Compiling doctest-file v1.1.1
[INFO] [stderr]    Compiling foreign-types-shared v0.1.1
[INFO] [stderr]    Compiling openssl v0.10.80
[INFO] [stderr]    Compiling foreign-types v0.3.2
[INFO] [stderr]    Compiling interprocess v2.4.2
[INFO] [stderr]    Compiling alloy-signer v1.8.3
[INFO] [stderr]    Compiling pin-project v1.1.13
[INFO] [stderr]    Compiling alloy-rpc-types-any v1.8.3
[INFO] [stderr]    Compiling openssl-macros v0.1.1
[INFO] [stderr]    Compiling strum_macros v0.27.2
[INFO] [stderr]    Compiling num_enum_derive v0.7.6
[INFO] [stderr]    Compiling native-tls v0.2.18
[INFO] [stderr]    Compiling allocator-api2 v0.2.21
[INFO] [stderr]    Compiling alloy-network v1.8.3
[INFO] [stderr]    Compiling hashbrown v0.16.1
[INFO] [stderr]    Compiling alloy-transport-ipc v1.8.3
[INFO] [stderr]    Compiling num_enum v0.7.6
[INFO] [stderr]    Compiling alloy-rpc-types-trace v1.8.3
[INFO] [stderr]    Compiling alloy-rpc-types-anvil v1.8.3
[INFO] [stderr]    Compiling alloy-rpc-types-txpool v1.8.3
[INFO] [stderr]    Compiling alloy-rpc-types-debug v1.8.3
[INFO] [stderr]    Compiling strum v0.27.2
[INFO] [stderr]    Compiling async-stream-impl v0.3.6
[INFO] [stderr]    Compiling hashbrown v0.14.5
[INFO] [stderr]    Compiling alloy-chains v0.2.34
[INFO] [stderr]    Compiling async-stream v0.3.6
[INFO] [stderr]    Compiling lru v0.16.4
[INFO] [stderr]    Compiling rand_chacha v0.3.1
[INFO] [stderr]    Compiling dashmap v6.2.1
[INFO] [stderr]    Compiling alloy-dyn-abi v1.6.0
[INFO] [stderr]    Compiling rand v0.8.6
[INFO] [stderr]    Compiling thiserror v1.0.69
[INFO] [stderr]    Compiling lazy_static v1.5.0
[INFO] [stderr]    Compiling ryu v1.0.23
[INFO] [stderr]    Compiling anyhow v1.0.102
[INFO] [stderr]    Compiling serde_urlencoded v0.7.1
[INFO] [stderr]    Compiling sharded-slab v0.1.7
[INFO] [stderr]    Compiling alloy-core v1.6.0
[INFO] [stderr]    Compiling tracing-log v0.2.0
[INFO] [stderr]    Compiling alloy-signer-local v1.8.3
[INFO] [stderr]    Compiling tokio-native-tls v0.3.1
[INFO] [stderr]    Compiling hyper-tls v0.6.0
[INFO] [stderr]    Compiling alloy-rpc-types v1.8.3
[INFO] [stderr]    Compiling thiserror-impl v1.0.69
[INFO] [stderr]    Compiling thread_local v1.1.9
[INFO] [stderr]    Compiling encoding_rs v0.8.35
[INFO] [stderr]    Compiling mime v0.3.17
[INFO] [stderr]    Compiling nu-ansi-term v0.50.3
[INFO] [stderr]    Compiling tracing-subscriber v0.3.23
[INFO] [stderr]    Compiling derive-new v0.7.0
[INFO] [stderr]    Compiling async-recursion v1.1.1
[INFO] [stderr]    Compiling reqwest v0.12.28
[INFO] [stderr]    Compiling rustls-webpki v0.103.13
[INFO] [stderr]    Compiling tokio-rustls v0.26.4
[INFO] [stderr]    Compiling rustls-platform-verifier v0.7.0
[INFO] [stderr]    Compiling tungstenite v0.28.0
[INFO] [stderr]    Compiling hyper-rustls v0.27.9
[INFO] [stderr]    Compiling reqwest v0.13.4
[INFO] [stderr]    Compiling tokio-tungstenite v0.28.0
[INFO] [stderr]    Compiling alloy-transport-ws v1.8.3
[INFO] [stderr]    Compiling alloy-transport-http v1.8.3
[INFO] [stderr]    Compiling alloy-rpc-client v1.8.3
[INFO] [stderr]    Compiling alloy-provider v1.8.3
[INFO] [stderr]    Compiling alloy-contract v1.8.3
[INFO] [stderr]    Compiling alloy v1.8.3
[INFO] [stderr]    Compiling alloy-ccip-read v0.3.1 (/opt/rustwide/workdir)
[INFO] [stderr] warning: unused dependency `tracing-subscriber`
[INFO] [stderr]   --> Cargo.toml:39:15
[INFO] [stderr]    |
[INFO] [stderr] 39 | [dependencies.tracing-subscriber]
[INFO] [stderr]    |               ^^^^^^^^^^^^^^^^^^^
[INFO] [stderr]    |
[INFO] [stderr]    = note: `cargo::unused_dependencies` is set to `warn` by default
[INFO] [stderr] help: consider removing the dependency on `tracing-subscriber`
[INFO] [stderr] warning: `alloy-ccip-read` (manifest) generated 1 warning
[INFO] [stderr]     Finished `release` profile [optimized] target(s) in 8m 21s
[INFO] [stderr] warning: the following packages contain code that will be rejected by a future version of Rust: proc-macro-error2 v2.0.1
[INFO] [stderr] note: to see what the problems were, use the option `--future-incompat-report`, or run `cargo report future-incompatibilities --id 1`
[INFO] running `Command { std: "docker" "inspect" "5fe34d43547a1929612471b37b7d540627c92c7773cca05c201935be294b26ff", kill_on_drop: false }`
[INFO] running `Command { std: "docker" "exec" "-e" "SOURCE_DIR=/opt/rustwide/workdir" "-e" "CARGO_HOME=/opt/rustwide/cargo-home" "-e" "RUSTUP_HOME=/opt/rustwide/rustup-home" "-e" "CARGO_TARGET_DIR=/opt/rustwide/target" "-e" "CARGO_INCREMENTAL=0" "-e" "RUST_BACKTRACE=full" "-e" "RUSTFLAGS=--cap-lints=warn" "-e" "RUSTDOCFLAGS=--cap-lints=warn" "-w" "/opt/rustwide/workdir" "--user" "0:0" "5fe34d43547a1929612471b37b7d540627c92c7773cca05c201935be294b26ff" "/opt/rustwide/cargo-home/bin/cargo" "+1.100.0-beta.1" "test" "--frozen" "--no-run" "--message-format=json" "--release", kill_on_drop: false }`
[INFO] [stderr] warning: `package.homepage` is redundant with `package.repository`
[INFO] [stderr]   --> Cargo.toml:84:12
[INFO] [stderr]    |
[INFO] [stderr] 84 | homepage = "https://github.com/sevenzing/alloy-ccip-read"
[INFO] [stderr]    |            ^^^^^^^^^^^^^^^^^^^^^^^^^^^^^^^^^^^^^^^^^^^^^^
[INFO] [stderr] ...
[INFO] [stderr] 89 | repository = "https://github.com/sevenzing/alloy-ccip-read"
[INFO] [stderr]    |              ----------------------------------------------
[INFO] [stderr]    |
[INFO] [stderr]    = note: `cargo::redundant_homepage` is set to `warn` by default
[INFO] [stderr] help: consider removing `package.homepage`
[INFO] [stderr] warning: `alloy-ccip-read` (manifest) generated 1 warning
[INFO] [stderr]    Compiling concurrent-queue v2.5.0
[INFO] [stderr]    Compiling parking v2.2.1
[INFO] [stderr]    Compiling fastrand v2.4.1
[INFO] [stderr]    Compiling rustix v1.1.4
[INFO] [stderr]    Compiling autocfg v1.5.1
[INFO] [stderr]    Compiling linux-raw-sys v0.12.1
[INFO] [stderr]    Compiling semver v1.0.28
[INFO] [stderr]    Compiling aho-corasick v1.1.4
[INFO] [stderr]    Compiling toml_parser v1.1.2+spec-1.1.0
[INFO] [stderr]    Compiling event-listener v5.4.1
[INFO] [stderr]    Compiling futures-lite v2.6.1
[INFO] [stderr]    Compiling rustc_version v0.4.1
[INFO] [stderr]    Compiling toml_datetime v1.1.1+spec-1.1.0
[INFO] [stderr]    Compiling async-io v2.6.0
[INFO] [stderr]    Compiling event-listener-strategy v0.5.4
[INFO] [stderr]    Compiling async-task v4.7.1
[INFO] [stderr]    Compiling regex-syntax v0.8.10
[INFO] [stderr]    Compiling syn v1.0.109
[INFO] [stderr]    Compiling rstest_macros v0.23.0
[INFO] [stderr]    Compiling async-channel v2.5.0
[INFO] [stderr]    Compiling toml_edit v0.25.12+spec-1.1.0
[INFO] [stderr]    Compiling piper v0.2.5
[INFO] [stderr]    Compiling async-lock v3.4.2
[INFO] [stderr]    Compiling glob v0.3.3
[INFO] [stderr]    Compiling async-executor v1.14.0
[INFO] [stderr]    Compiling blocking v1.6.2
[INFO] [stderr]    Compiling proc-macro-crate v3.5.0
[INFO] [stderr]    Compiling event-listener v2.5.3
[INFO] [stderr]    Compiling relative-path v1.9.3
[INFO] [stderr]    Compiling async-channel v1.9.0
[INFO] [stderr]    Compiling kv-log-macro v1.0.7
[INFO] [stderr]    Compiling futures-timer v3.0.4
[INFO] [stderr]    Compiling diff v0.1.13
[INFO] [stderr]    Compiling pin-utils v0.1.0
[INFO] [stderr]    Compiling yansi v1.0.1
[INFO] [stderr]    Compiling pretty_assertions v1.4.1
[INFO] [stderr]    Compiling regex-automata v0.4.14
[INFO] [stderr]    Compiling async-attributes v1.1.2
[INFO] [stderr]    Compiling regex v1.12.3
[INFO] [stderr]    Compiling polling v3.11.0
[INFO] [stderr]    Compiling async-global-executor v2.4.1
[INFO] [stderr]    Compiling async-std v1.13.2
[INFO] [stderr]    Compiling rstest v0.23.0
[INFO] [stderr]    Compiling alloy-ccip-read v0.3.1 (/opt/rustwide/workdir)
[INFO] [stderr] warning: unused dependency `tracing-subscriber`
[INFO] [stderr]   --> Cargo.toml:39:15
[INFO] [stderr]    |
[INFO] [stderr] 39 | [dependencies.tracing-subscriber]
[INFO] [stderr]    |               ^^^^^^^^^^^^^^^^^^^
[INFO] [stderr]    |
[INFO] [stderr]    = note: `cargo::unused_dependencies` is set to `warn` by default
[INFO] [stderr] help: consider removing the dependency on `tracing-subscriber`
[INFO] [stderr] help: to still use for development builds, move to `dev-dependencies`
[INFO] [stderr] warning: `alloy-ccip-read` (manifest) generated 1 warning
[INFO] [stderr]     Finished `release` profile [optimized] target(s) in 1m 18s
[INFO] [stderr] warning: the following packages contain code that will be rejected by a future version of Rust: proc-macro-error2 v2.0.1
[INFO] [stderr] note: to see what the problems were, use the option `--future-incompat-report`, or run `cargo report future-incompatibilities --id 1`
[INFO] running `Command { std: "docker" "inspect" "5fe34d43547a1929612471b37b7d540627c92c7773cca05c201935be294b26ff", kill_on_drop: false }`
[INFO] running `Command { std: "docker" "exec" "-e" "SOURCE_DIR=/opt/rustwide/workdir" "-e" "CARGO_HOME=/opt/rustwide/cargo-home" "-e" "RUSTUP_HOME=/opt/rustwide/rustup-home" "-e" "CARGO_TARGET_DIR=/opt/rustwide/target" "-e" "CARGO_INCREMENTAL=0" "-e" "RUST_BACKTRACE=full" "-e" "RUSTFLAGS=--cap-lints=warn" "-e" "RUSTDOCFLAGS=--cap-lints=warn" "-w" "/opt/rustwide/workdir" "--user" "0:0" "5fe34d43547a1929612471b37b7d540627c92c7773cca05c201935be294b26ff" "/opt/rustwide/cargo-home/bin/cargo" "+1.100.0-beta.1" "test" "--frozen" "--release", kill_on_drop: false }`
[INFO] [stderr] warning: `package.homepage` is redundant with `package.repository`
[INFO] [stderr]   --> Cargo.toml:84:12
[INFO] [stderr]    |
[INFO] [stderr] 84 | homepage = "https://github.com/sevenzing/alloy-ccip-read"
[INFO] [stderr]    |            ^^^^^^^^^^^^^^^^^^^^^^^^^^^^^^^^^^^^^^^^^^^^^^
[INFO] [stderr] ...
[INFO] [stderr] 89 | repository = "https://github.com/sevenzing/alloy-ccip-read"
[INFO] [stderr]    |              ----------------------------------------------
[INFO] [stderr]    |
[INFO] [stderr]    = note: `cargo::redundant_homepage` is set to `warn` by default
[INFO] [stderr] help: consider removing `package.homepage`
[INFO] [stderr] warning: `alloy-ccip-read` (manifest) generated 1 warning
[INFO] [stderr] warning: unused dependency `tracing-subscriber`
[INFO] [stderr]   --> Cargo.toml:39:15
[INFO] [stderr]    |
[INFO] [stderr] 39 | [dependencies.tracing-subscriber]
[INFO] [stderr]    |               ^^^^^^^^^^^^^^^^^^^
[INFO] [stderr]    |
[INFO] [stderr]    = note: `cargo::unused_dependencies` is set to `warn` by default
[INFO] [stderr] help: consider removing the dependency on `tracing-subscriber`
[INFO] [stderr] help: to still use for development builds, move to `dev-dependencies`
[INFO] [stderr] warning: `alloy-ccip-read` (manifest) generated 1 warning
[INFO] [stderr]     Finished `release` profile [optimized] target(s) in 0.59s
[INFO] [stderr] warning: the following packages contain code that will be rejected by a future version of Rust: proc-macro-error2 v2.0.1
[INFO] [stderr] note: to see what the problems were, use the option `--future-incompat-report`, or run `cargo report future-incompatibilities --id 1`
[INFO] [stderr]      Running unittests src/lib.rs (/opt/rustwide/target/release/build/alloy-ccip-read/4cd4339b8a77f117/out/alloy_ccip_read-4cd4339b8a77f117)
[INFO] [stdout] 
[INFO] [stdout] running 12 tests
[INFO] [stdout] test protocols::d3::tests::test_shibarium_d3connect::case_1 ... ignored, D3 http server is down
[INFO] [stdout] test domain_id::tests::namehash_works ... ok
[INFO] [stdout] test reader::tests::test_ccip_call ... FAILED
[INFO] [stdout] test protocols::ens::tests::test_ens_wildcards::case_6 ... FAILED
[INFO] [stdout] test protocols::ens::tests::test_ens_wildcards::case_1 ... FAILED
[INFO] [stdout] test protocols::ens::tests::test_ens_wildcards::case_2 ... FAILED
[INFO] [stdout] test protocols::ens::tests::test_ens_wildcards::case_4 ... FAILED
[INFO] [stdout] test protocols::ens::tests::test_custom_domain_id_provider ... FAILED
[INFO] [stdout] test protocols::ens::tests::test_ens_wildcards::case_3 ... FAILED
[INFO] [stdout] test utils::tests::test_dns_encode ... ok
[INFO] [stdout] test utils::tests::test_dns_encode_with_a_long_name ... ok
[INFO] [stdout] test protocols::ens::tests::test_ens_wildcards::case_5 ... FAILED
[INFO] [stdout] 
[INFO] [stdout] failures:
[INFO] [stdout] 
[INFO] [stdout] ---- reader::tests::test_ccip_call stdout ----
[INFO] [stdout] 
[INFO] [stdout] thread 'reader::tests::test_ccip_call' (7099) panicked at src/reader.rs:288:61:
[INFO] [stdout] called `Result::unwrap()` on an `Err` value: Rpc(Transport(Custom(reqwest::Error { kind: Request, url: "https://ethereum-rpc.publicnode.com/", source: hyper_util::client::legacy::Error(Connect, ConnectError("dns error", Custom { kind: Uncategorized, error: "failed to lookup address information: Temporary failure in name resolution" })) })))
[INFO] [stdout] stack backtrace:
[INFO] [stdout]    0:     0x60ccb168b891 - <<std[617be2ca0a6fd877]::sys::backtrace::BacktraceLock>::print::DisplayBacktrace as core[a373ad73a504971]::fmt::Display>::fmt
[INFO] [stdout]    1:     0x60ccb16a293a - core[a373ad73a504971]::fmt::write
[INFO] [stdout]    2:     0x60ccb1690afc - <alloc[2e1b2a31b91974c5]::vec::Vec<u8> as core[a373ad73a504971]::io::write::Write>::write_fmt
[INFO] [stdout]    3:     0x60ccb16659e6 - std[617be2ca0a6fd877]::panicking::default_hook::{closure#0}
[INFO] [stdout]    4:     0x60ccb1682fd9 - std[617be2ca0a6fd877]::panicking::default_hook
[INFO] [stdout]    5:     0x60ccb1183f90 - test[aada8e7e76ba119b]::test_main_inner::{closure#0}
[INFO] [stdout]    6:     0x60ccb1683302 - std[617be2ca0a6fd877]::panicking::panic_with_hook
[INFO] [stdout]    7:     0x60ccb1665a92 - std[617be2ca0a6fd877]::panicking::panic_handler::{closure#0}
[INFO] [stdout]    8:     0x60ccb165e099 - std[617be2ca0a6fd877]::sys::backtrace::__rust_end_short_backtrace::<std[617be2ca0a6fd877]::panicking::panic_handler::{closure#0}, !>
[INFO] [stdout]    9:     0x60ccb166699d - __rustc[ea4f61d10b84890b]::rust_begin_unwind
[INFO] [stdout]   10:     0x60ccb16a309c - core[a373ad73a504971]::panicking::panic_fmt
[INFO] [stdout]   11:     0x60ccb16a2e72 - core[a373ad73a504971]::result::unwrap_failed
[INFO] [stdout]   12:     0x60ccb114cf27 - alloy_ccip_read[d923039619071dd8]::reader::tests::test_ccip_call::{closure#0}
[INFO] [stdout]   13:     0x60ccb1150683 - <tokio[33851412ba44d38]::runtime::scheduler::current_thread::Context>::enter::<core[a373ad73a504971]::task::poll::Poll<()>, <tokio[33851412ba44d38]::runtime::scheduler::current_thread::CoreGuard>::block_on<core[a373ad73a504971]::pin::Pin<&mut core[a373ad73a504971]::pin::Pin<&mut dyn core[a373ad73a504971]::future::future::Future<Output = ()>>>>::{closure#0}::{closure#0}>
[INFO] [stdout]   14:     0x60ccb114a40c - <tokio[33851412ba44d38]::runtime::context::scoped::Scoped<tokio[33851412ba44d38]::runtime::scheduler::Context>>::set::<<tokio[33851412ba44d38]::runtime::scheduler::current_thread::CoreGuard>::enter<<tokio[33851412ba44d38]::runtime::scheduler::current_thread::CoreGuard>::block_on<core[a373ad73a504971]::pin::Pin<&mut core[a373ad73a504971]::pin::Pin<&mut dyn core[a373ad73a504971]::future::future::Future<Output = ()>>>>::{closure#0}, core[a373ad73a504971]::option::Option<()>>::{closure#0}, (alloc[2e1b2a31b91974c5]::boxed::Box<tokio[33851412ba44d38]::runtime::scheduler::current_thread::Core>, core[a373ad73a504971]::option::Option<()>)>
[INFO] [stdout]   15:     0x60ccb114fffc - <tokio[33851412ba44d38]::runtime::runtime::Runtime>::block_on::<core[a373ad73a504971]::pin::Pin<&mut dyn core[a373ad73a504971]::future::future::Future<Output = ()>>>
[INFO] [stdout]   16:     0x60ccb114f9be - <alloy_ccip_read[d923039619071dd8]::reader::tests::test_ccip_call::{closure#0} as core[a373ad73a504971]::ops::function::FnOnce<()>>::call_once
[INFO] [stdout]   17:     0x60ccb11773db - test[aada8e7e76ba119b]::__rust_begin_short_backtrace::<core[a373ad73a504971]::result::Result<(), alloc[2e1b2a31b91974c5]::string::String>, fn() -> core[a373ad73a504971]::result::Result<(), alloc[2e1b2a31b91974c5]::string::String>>
[INFO] [stdout]   18:     0x60ccb11845b5 - test[aada8e7e76ba119b]::run_test::{closure#0}
[INFO] [stdout]   19:     0x60ccb117dea4 - std[617be2ca0a6fd877]::sys::backtrace::__rust_begin_short_backtrace::<test[aada8e7e76ba119b]::run_test::{closure#1}, ()>
[INFO] [stdout]   20:     0x60ccb1187642 - <std[617be2ca0a6fd877]::thread::lifecycle::spawn_unchecked<test[aada8e7e76ba119b]::run_test::{closure#1}, ()>::{closure#1} as core[a373ad73a504971]::ops::function::FnOnce<()>>::call_once::{shim:vtable#0}
[INFO] [stdout]   21:     0x60ccb168ad3f - <std[617be2ca0a6fd877]::sys::thread::unix::Thread>::new::thread_start
[INFO] [stdout]   22:     0x7f3a29a80dfa - <unknown>
[INFO] [stdout]   23:     0x7f3a29b143d4 - clone
[INFO] [stdout]   24:                0x0 - <unknown>
[INFO] [stdout] 
[INFO] [stdout] ---- protocols::ens::tests::test_ens_wildcards::case_6 stdout ----
[INFO] [stdout] 
[INFO] [stdout] thread 'protocols::ens::tests::test_ens_wildcards::case_6' (7080) panicked at src/protocols/ens.rs:314:14:
[INFO] [stdout] called `Result::unwrap()` on an `Err` value: ContractCall(TransportError(Transport(Custom(reqwest::Error { kind: Request, url: "https://ethereum-rpc.publicnode.com/", source: hyper_util::client::legacy::Error(Connect, ConnectError("dns error", Custom { kind: Uncategorized, error: "failed to lookup address information: Temporary failure in name resolution" })) }))))
[INFO] [stdout] stack backtrace:
[INFO] [stdout]    0:     0x60ccb168b891 - <<std[617be2ca0a6fd877]::sys::backtrace::BacktraceLock>::print::DisplayBacktrace as core[a373ad73a504971]::fmt::Display>::fmt
[INFO] [stdout]    1:     0x60ccb16a293a - core[a373ad73a504971]::fmt::write
[INFO] [stdout]    2:     0x60ccb1690afc - <alloc[2e1b2a31b91974c5]::vec::Vec<u8> as core[a373ad73a504971]::io::write::Write>::write_fmt
[INFO] [stdout]    3:     0x60ccb16659e6 - std[617be2ca0a6fd877]::panicking::default_hook::{closure#0}
[INFO] [stdout]    4:     0x60ccb1682fd9 - std[617be2ca0a6fd877]::panicking::default_hook
[INFO] [stdout]    5:     0x60ccb1183f90 - test[aada8e7e76ba119b]::test_main_inner::{closure#0}
[INFO] [stdout]    6:     0x60ccb1683302 - std[617be2ca0a6fd877]::panicking::panic_with_hook
[INFO] [stdout]    7:     0x60ccb1665a92 - std[617be2ca0a6fd877]::panicking::panic_handler::{closure#0}
[INFO] [stdout]    8:     0x60ccb165e099 - std[617be2ca0a6fd877]::sys::backtrace::__rust_end_short_backtrace::<std[617be2ca0a6fd877]::panicking::panic_handler::{closure#0}, !>
[INFO] [stdout]    9:     0x60ccb166699d - __rustc[ea4f61d10b84890b]::rust_begin_unwind
[INFO] [stdout]   10:     0x60ccb16a309c - core[a373ad73a504971]::panicking::panic_fmt
[INFO] [stdout]   11:     0x60ccb16a2e72 - core[a373ad73a504971]::result::unwrap_failed
[INFO] [stdout]   12:     0x60ccb10f8c4b - alloy_ccip_read[d923039619071dd8]::protocols::ens::tests::test_ens_wildcards::{closure#0}
[INFO] [stdout]   13:     0x60ccb10ed83a - <std[617be2ca0a6fd877]::thread::local::LocalKey<core[a373ad73a504971]::cell::Cell<*const async_std[3c43fb9a11970f25]::task::task_locals_wrapper::TaskLocalsWrapper>>>::with::<<async_std[3c43fb9a11970f25]::task::task_locals_wrapper::TaskLocalsWrapper>::set_current<<async_std[3c43fb9a11970f25]::task::builder::SupportTaskLocals<alloy_ccip_read[d923039619071dd8]::protocols::ens::tests::test_ens_wildcards::case_6::{closure#0}> as core[a373ad73a504971]::future::future::Future>::poll::{closure#0}, core[a373ad73a504971]::task::poll::Poll<()>>::{closure#0}, core[a373ad73a504971]::task::poll::Poll<()>>
[INFO] [stdout]   14:     0x60ccb1140129 - <futures_lite[c1f655a89327d296]::future::Or<async_std[3c43fb9a11970f25]::task::builder::SupportTaskLocals<alloy_ccip_read[d923039619071dd8]::protocols::ens::tests::test_ens_wildcards::case_6::{closure#0}>, <async_executor[8d10b9696de75875]::State>::run<(), async_std[3c43fb9a11970f25]::task::builder::SupportTaskLocals<alloy_ccip_read[d923039619071dd8]::protocols::ens::tests::test_ens_wildcards::case_6::{closure#0}>>::{closure#0}::{closure#0}> as core[a373ad73a504971]::future::future::Future>::poll
[INFO] [stdout]   15:     0x60ccb10f2c4c - <std[617be2ca0a6fd877]::thread::local::LocalKey<core[a373ad73a504971]::cell::RefCell<(parking[94520506948df958]::Parker, core[a373ad73a504971]::task::wake::Waker, alloc[2e1b2a31b91974c5]::sync::Arc<core[a373ad73a504971]::sync::atomic::Atomic<bool>>)>>>::with::<async_io[41c8316fc19f824f]::driver::block_on<(), <async_executor[8d10b9696de75875]::LocalExecutor>::run<(), async_std[3c43fb9a11970f25]::task::builder::SupportTaskLocals<alloy_ccip_read[d923039619071dd8]::protocols::ens::tests::test_ens_wildcards::case_6::{closure#0}>>::{closure#0}>::{closure#1}, ()>
[INFO] [stdout]   16:     0x60ccb115123c - async_global_executor[4a72a79cb4ddfccd]::reactor::block_on::<<async_executor[8d10b9696de75875]::LocalExecutor>::run<(), async_std[3c43fb9a11970f25]::task::builder::SupportTaskLocals<alloy_ccip_read[d923039619071dd8]::protocols::ens::tests::test_ens_wildcards::case_6::{closure#0}>>::{closure#0}, ()>
[INFO] [stdout]   17:     0x60ccb10ee70a - <std[617be2ca0a6fd877]::thread::local::LocalKey<core[a373ad73a504971]::cell::Cell<usize>>>::with::<<async_std[3c43fb9a11970f25]::task::builder::Builder>::blocking<alloy_ccip_read[d923039619071dd8]::protocols::ens::tests::test_ens_wildcards::case_6::{closure#0}, ()>::{closure#0}, ()>
[INFO] [stdout]   18:     0x60ccb114a2c7 - <async_std[3c43fb9a11970f25]::task::builder::Builder>::blocking::<alloy_ccip_read[d923039619071dd8]::protocols::ens::tests::test_ens_wildcards::case_6::{closure#0}, ()>
[INFO] [stdout]   19:     0x60ccb11271bb - <alloy_ccip_read[d923039619071dd8]::protocols::ens::tests::test_ens_wildcards::case_6::{closure#0} as core[a373ad73a504971]::ops::function::FnOnce<()>>::call_once
[INFO] [stdout]   20:     0x60ccb11773db - test[aada8e7e76ba119b]::__rust_begin_short_backtrace::<core[a373ad73a504971]::result::Result<(), alloc[2e1b2a31b91974c5]::string::String>, fn() -> core[a373ad73a504971]::result::Result<(), alloc[2e1b2a31b91974c5]::string::String>>
[INFO] [stdout]   21:     0x60ccb11845b5 - test[aada8e7e76ba119b]::run_test::{closure#0}
[INFO] [stdout]   22:     0x60ccb117dea4 - std[617be2ca0a6fd877]::sys::backtrace::__rust_begin_short_backtrace::<test[aada8e7e76ba119b]::run_test::{closure#1}, ()>
[INFO] [stdout]   23:     0x60ccb1187642 - <std[617be2ca0a6fd877]::thread::lifecycle::spawn_unchecked<test[aada8e7e76ba119b]::run_test::{closure#1}, ()>::{closure#1} as core[a373ad73a504971]::ops::function::FnOnce<()>>::call_once::{shim:vtable#0}
[INFO] [stdout]   24:     0x60ccb168ad3f - <std[617be2ca0a6fd877]::sys::thread::unix::Thread>::new::thread_start
[INFO] [stdout]   25:     0x7f3a29a80dfa - <unknown>
[INFO] [stdout]   26:     0x7f3a29b143d4 - clone
[INFO] [stdout]   27:                0x0 - <unknown>
[INFO] [stdout] 
[INFO] [stdout] ---- protocols::ens::tests::test_ens_wildcards::case_1 stdout ----
[INFO] [stdout] 
[INFO] [stdout] thread 'protocols::ens::tests::test_ens_wildcards::case_1' (7075) panicked at src/protocols/ens.rs:314:14:
[INFO] [stdout] called `Result::unwrap()` on an `Err` value: ContractCall(TransportError(Transport(Custom(reqwest::Error { kind: Request, url: "https://ethereum-rpc.publicnode.com/", source: hyper_util::client::legacy::Error(Connect, ConnectError("dns error", Custom { kind: Uncategorized, error: "failed to lookup address information: Temporary failure in name resolution" })) }))))
[INFO] [stdout] stack backtrace:
[INFO] [stdout]    0:     0x60ccb168b891 - <<std[617be2ca0a6fd877]::sys::backtrace::BacktraceLock>::print::DisplayBacktrace as core[a373ad73a504971]::fmt::Display>::fmt
[INFO] [stdout]    1:     0x60ccb16a293a - core[a373ad73a504971]::fmt::write
[INFO] [stdout]    2:     0x60ccb1690afc - <alloc[2e1b2a31b91974c5]::vec::Vec<u8> as core[a373ad73a504971]::io::write::Write>::write_fmt
[INFO] [stdout]    3:     0x60ccb16659e6 - std[617be2ca0a6fd877]::panicking::default_hook::{closure#0}
[INFO] [stdout]    4:     0x60ccb1682fd9 - std[617be2ca0a6fd877]::panicking::default_hook
[INFO] [stdout]    5:     0x60ccb1183f90 - test[aada8e7e76ba119b]::test_main_inner::{closure#0}
[INFO] [stdout]    6:     0x60ccb1683302 - std[617be2ca0a6fd877]::panicking::panic_with_hook
[INFO] [stdout]    7:     0x60ccb1665a92 - std[617be2ca0a6fd877]::panicking::panic_handler::{closure#0}
[INFO] [stdout]    8:     0x60ccb165e099 - std[617be2ca0a6fd877]::sys::backtrace::__rust_end_short_backtrace::<std[617be2ca0a6fd877]::panicking::panic_handler::{closure#0}, !>
[INFO] [stdout]    9:     0x60ccb166699d - __rustc[ea4f61d10b84890b]::rust_begin_unwind
[INFO] [stdout]   10:     0x60ccb16a309c - core[a373ad73a504971]::panicking::panic_fmt
[INFO] [stdout]   11:     0x60ccb16a2e72 - core[a373ad73a504971]::result::unwrap_failed
[INFO] [stdout]   12:     0x60ccb10f8c4b - alloy_ccip_read[d923039619071dd8]::protocols::ens::tests::test_ens_wildcards::{closure#0}
[INFO] [stdout]   13:     0x60ccb10ed24a - <std[617be2ca0a6fd877]::thread::local::LocalKey<core[a373ad73a504971]::cell::Cell<*const async_std[3c43fb9a11970f25]::task::task_locals_wrapper::TaskLocalsWrapper>>>::with::<<async_std[3c43fb9a11970f25]::task::task_locals_wrapper::TaskLocalsWrapper>::set_current<<async_std[3c43fb9a11970f25]::task::builder::SupportTaskLocals<alloy_ccip_read[d923039619071dd8]::protocols::ens::tests::test_ens_wildcards::case_1::{closure#0}> as core[a373ad73a504971]::future::future::Future>::poll::{closure#0}, core[a373ad73a504971]::task::poll::Poll<()>>::{closure#0}, core[a373ad73a504971]::task::poll::Poll<()>>
[INFO] [stdout]   14:     0x60ccb113fa99 - <futures_lite[c1f655a89327d296]::future::Or<async_std[3c43fb9a11970f25]::task::builder::SupportTaskLocals<alloy_ccip_read[d923039619071dd8]::protocols::ens::tests::test_ens_wildcards::case_1::{closure#0}>, <async_executor[8d10b9696de75875]::State>::run<(), async_std[3c43fb9a11970f25]::task::builder::SupportTaskLocals<alloy_ccip_read[d923039619071dd8]::protocols::ens::tests::test_ens_wildcards::case_1::{closure#0}>>::{closure#0}::{closure#0}> as core[a373ad73a504971]::future::future::Future>::poll
[INFO] [stdout]   15:     0x60ccb10ef40c - <std[617be2ca0a6fd877]::thread::local::LocalKey<core[a373ad73a504971]::cell::RefCell<(parking[94520506948df958]::Parker, core[a373ad73a504971]::task::wake::Waker, alloc[2e1b2a31b91974c5]::sync::Arc<core[a373ad73a504971]::sync::atomic::Atomic<bool>>)>>>::with::<async_io[41c8316fc19f824f]::driver::block_on<(), <async_executor[8d10b9696de75875]::LocalExecutor>::run<(), async_std[3c43fb9a11970f25]::task::builder::SupportTaskLocals<alloy_ccip_read[d923039619071dd8]::protocols::ens::tests::test_ens_wildcards::case_1::{closure#0}>>::{closure#0}>::{closure#1}, ()>
[INFO] [stdout]   16:     0x60ccb1150b5c - async_global_executor[4a72a79cb4ddfccd]::reactor::block_on::<<async_executor[8d10b9696de75875]::LocalExecutor>::run<(), async_std[3c43fb9a11970f25]::task::builder::SupportTaskLocals<alloy_ccip_read[d923039619071dd8]::protocols::ens::tests::test_ens_wildcards::case_1::{closure#0}>>::{closure#0}, ()>
[INFO] [stdout]   17:     0x60ccb10eda3a - <std[617be2ca0a6fd877]::thread::local::LocalKey<core[a373ad73a504971]::cell::Cell<usize>>>::with::<<async_std[3c43fb9a11970f25]::task::builder::Builder>::blocking<alloy_ccip_read[d923039619071dd8]::protocols::ens::tests::test_ens_wildcards::case_1::{closure#0}, ()>::{closure#0}, ()>
[INFO] [stdout]   18:     0x60ccb11495a7 - <async_std[3c43fb9a11970f25]::task::builder::Builder>::blocking::<alloy_ccip_read[d923039619071dd8]::protocols::ens::tests::test_ens_wildcards::case_1::{closure#0}, ()>
[INFO] [stdout]   19:     0x60ccb112707b - <alloy_ccip_read[d923039619071dd8]::protocols::ens::tests::test_ens_wildcards::case_1::{closure#0} as core[a373ad73a504971]::ops::function::FnOnce<()>>::call_once
[INFO] [stdout]   20:     0x60ccb11773db - test[aada8e7e76ba119b]::__rust_begin_short_backtrace::<core[a373ad73a504971]::result::Result<(), alloc[2e1b2a31b91974c5]::string::String>, fn() -> core[a373ad73a504971]::result::Result<(), alloc[2e1b2a31b91974c5]::string::String>>
[INFO] [stdout]   21:     0x60ccb11845b5 - test[aada8e7e76ba119b]::run_test::{closure#0}
[INFO] [stdout]   22:     0x60ccb117dea4 - std[617be2ca0a6fd877]::sys::backtrace::__rust_begin_short_backtrace::<test[aada8e7e76ba119b]::run_test::{closure#1}, ()>
[INFO] [stdout]   23:     0x60ccb1187642 - <std[617be2ca0a6fd877]::thread::lifecycle::spawn_unchecked<test[aada8e7e76ba119b]::run_test::{closure#1}, ()>::{closure#1} as core[a373ad73a504971]::ops::function::FnOnce<()>>::call_once::{shim:vtable#0}
[INFO] [stdout]   24:     0x60ccb168ad3f - <std[617be2ca0a6fd877]::sys::thread::unix::Thread>::new::thread_start
[INFO] [stdout]   25:     0x7f3a29a80dfa - <unknown>
[INFO] [stdout]   26:     0x7f3a29b143d4 - clone
[INFO] [stdout]   27:                0x0 - <unknown>
[INFO] [stdout] 
[INFO] [stdout] ---- protocols::ens::tests::test_ens_wildcards::case_2 stdout ----
[INFO] [stdout] 
[INFO] [stdout] thread 'protocols::ens::tests::test_ens_wildcards::case_2' (7076) panicked at src/protocols/ens.rs:314:14:
[INFO] [stdout] called `Result::unwrap()` on an `Err` value: ContractCall(TransportError(Transport(Custom(reqwest::Error { kind: Request, url: "https://ethereum-rpc.publicnode.com/", source: hyper_util::client::legacy::Error(Connect, ConnectError("dns error", Custom { kind: Uncategorized, error: "failed to lookup address information: Temporary failure in name resolution" })) }))))
[INFO] [stdout] stack backtrace:
[INFO] [stdout]    0:     0x60ccb168b891 - <<std[617be2ca0a6fd877]::sys::backtrace::BacktraceLock>::print::DisplayBacktrace as core[a373ad73a504971]::fmt::Display>::fmt
[INFO] [stdout]    1:     0x60ccb16a293a - core[a373ad73a504971]::fmt::write
[INFO] [stdout]    2:     0x60ccb1690afc - <alloc[2e1b2a31b91974c5]::vec::Vec<u8> as core[a373ad73a504971]::io::write::Write>::write_fmt
[INFO] [stdout]    3:     0x60ccb16659e6 - std[617be2ca0a6fd877]::panicking::default_hook::{closure#0}
[INFO] [stdout]    4:     0x60ccb1682fd9 - std[617be2ca0a6fd877]::panicking::default_hook
[INFO] [stdout]    5:     0x60ccb1183f90 - test[aada8e7e76ba119b]::test_main_inner::{closure#0}
[INFO] [stdout]    6:     0x60ccb1683302 - std[617be2ca0a6fd877]::panicking::panic_with_hook
[INFO] [stdout]    7:     0x60ccb1665a92 - std[617be2ca0a6fd877]::panicking::panic_handler::{closure#0}
[INFO] [stdout]    8:     0x60ccb165e099 - std[617be2ca0a6fd877]::sys::backtrace::__rust_end_short_backtrace::<std[617be2ca0a6fd877]::panicking::panic_handler::{closure#0}, !>
[INFO] [stdout]    9:     0x60ccb166699d - __rustc[ea4f61d10b84890b]::rust_begin_unwind
[INFO] [stdout]   10:     0x60ccb16a309c - core[a373ad73a504971]::panicking::panic_fmt
[INFO] [stdout]   11:     0x60ccb16a2e72 - core[a373ad73a504971]::result::unwrap_failed
[INFO] [stdout]   12:     0x60ccb10f8c4b - alloy_ccip_read[d923039619071dd8]::protocols::ens::tests::test_ens_wildcards::{closure#0}
[INFO] [stdout]   13:     0x60ccb10ed37a - <std[617be2ca0a6fd877]::thread::local::LocalKey<core[a373ad73a504971]::cell::Cell<*const async_std[3c43fb9a11970f25]::task::task_locals_wrapper::TaskLocalsWrapper>>>::with::<<async_std[3c43fb9a11970f25]::task::task_locals_wrapper::TaskLocalsWrapper>::set_current<<async_std[3c43fb9a11970f25]::task::builder::SupportTaskLocals<alloy_ccip_read[d923039619071dd8]::protocols::ens::tests::test_ens_wildcards::case_2::{closure#0}> as core[a373ad73a504971]::future::future::Future>::poll::{closure#0}, core[a373ad73a504971]::task::poll::Poll<()>>::{closure#0}, core[a373ad73a504971]::task::poll::Poll<()>>
[INFO] [stdout]   14:     0x60ccb113fbe9 - <futures_lite[c1f655a89327d296]::future::Or<async_std[3c43fb9a11970f25]::task::builder::SupportTaskLocals<alloy_ccip_read[d923039619071dd8]::protocols::ens::tests::test_ens_wildcards::case_2::{closure#0}>, <async_executor[8d10b9696de75875]::State>::run<(), async_std[3c43fb9a11970f25]::task::builder::SupportTaskLocals<alloy_ccip_read[d923039619071dd8]::protocols::ens::tests::test_ens_wildcards::case_2::{closure#0}>>::{closure#0}::{closure#0}> as core[a373ad73a504971]::future::future::Future>::poll
[INFO] [stdout]   15:     0x60ccb10eff4c - <std[617be2ca0a6fd877]::thread::local::LocalKey<core[a373ad73a504971]::cell::RefCell<(parking[94520506948df958]::Parker, core[a373ad73a504971]::task::wake::Waker, alloc[2e1b2a31b91974c5]::sync::Arc<core[a373ad73a504971]::sync::atomic::Atomic<bool>>)>>>::with::<async_io[41c8316fc19f824f]::driver::block_on<(), <async_executor[8d10b9696de75875]::LocalExecutor>::run<(), async_std[3c43fb9a11970f25]::task::builder::SupportTaskLocals<alloy_ccip_read[d923039619071dd8]::protocols::ens::tests::test_ens_wildcards::case_2::{closure#0}>>::{closure#0}>::{closure#1}, ()>
[INFO] [stdout]   16:     0x60ccb1150cbc - async_global_executor[4a72a79cb4ddfccd]::reactor::block_on::<<async_executor[8d10b9696de75875]::LocalExecutor>::run<(), async_std[3c43fb9a11970f25]::task::builder::SupportTaskLocals<alloy_ccip_read[d923039619071dd8]::protocols::ens::tests::test_ens_wildcards::case_2::{closure#0}>>::{closure#0}, ()>
[INFO] [stdout]   17:     0x60ccb10edcca - <std[617be2ca0a6fd877]::thread::local::LocalKey<core[a373ad73a504971]::cell::Cell<usize>>>::with::<<async_std[3c43fb9a11970f25]::task::builder::Builder>::blocking<alloy_ccip_read[d923039619071dd8]::protocols::ens::tests::test_ens_wildcards::case_2::{closure#0}, ()>::{closure#0}, ()>
[INFO] [stdout]   18:     0x60ccb1149847 - <async_std[3c43fb9a11970f25]::task::builder::Builder>::blocking::<alloy_ccip_read[d923039619071dd8]::protocols::ens::tests::test_ens_wildcards::case_2::{closure#0}, ()>
[INFO] [stdout]   19:     0x60ccb11270bb - <alloy_ccip_read[d923039619071dd8]::protocols::ens::tests::test_ens_wildcards::case_2::{closure#0} as core[a373ad73a504971]::ops::function::FnOnce<()>>::call_once
[INFO] [stdout]   20:     0x60ccb11773db - test[aada8e7e76ba119b]::__rust_begin_short_backtrace::<core[a373ad73a504971]::result::Result<(), alloc[2e1b2a31b91974c5]::string::String>, fn() -> core[a373ad73a504971]::result::Result<(), alloc[2e1b2a31b91974c5]::string::String>>
[INFO] [stdout]   21:     0x60ccb11845b5 - test[aada8e7e76ba119b]::run_test::{closure#0}
[INFO] [stdout]   22:     0x60ccb117dea4 - std[617be2ca0a6fd877]::sys::backtrace::__rust_begin_short_backtrace::<test[aada8e7e76ba119b]::run_test::{closure#1}, ()>
[INFO] [stdout]   23:     0x60ccb1187642 - <std[617be2ca0a6fd877]::thread::lifecycle::spawn_unchecked<test[aada8e7e76ba119b]::run_test::{closure#1}, ()>::{closure#1} as core[a373ad73a504971]::ops::function::FnOnce<()>>::call_once::{shim:vtable#0}
[INFO] [stdout]   24:     0x60ccb168ad3f - <std[617be2ca0a6fd877]::sys::thread::unix::Thread>::new::thread_start
[INFO] [stdout]   25:     0x7f3a29a80dfa - <unknown>
[INFO] [stdout]   26:     0x7f3a29b143d4 - clone
[INFO] [stdout]   27:                0x0 - <unknown>
[INFO] [stdout] 
[INFO] [stdout] ---- protocols::ens::tests::test_ens_wildcards::case_4 stdout ----
[INFO] [stdout] 
[INFO] [stdout] thread 'protocols::ens::tests::test_ens_wildcards::case_4' (7078) panicked at src/protocols/ens.rs:314:14:
[INFO] [stdout] called `Result::unwrap()` on an `Err` value: ContractCall(TransportError(Transport(Custom(reqwest::Error { kind: Request, url: "https://ethereum-rpc.publicnode.com/", source: hyper_util::client::legacy::Error(Connect, ConnectError("dns error", Custom { kind: Uncategorized, error: "failed to lookup address information: Temporary failure in name resolution" })) }))))
[INFO] [stdout] stack backtrace:
[INFO] [stdout]    0:     0x60ccb168b891 - <<std[617be2ca0a6fd877]::sys::backtrace::BacktraceLock>::print::DisplayBacktrace as core[a373ad73a504971]::fmt::Display>::fmt
[INFO] [stdout]    1:     0x60ccb16a293a - core[a373ad73a504971]::fmt::write
[INFO] [stdout]    2:     0x60ccb1690afc - <alloc[2e1b2a31b91974c5]::vec::Vec<u8> as core[a373ad73a504971]::io::write::Write>::write_fmt
[INFO] [stdout]    3:     0x60ccb16659e6 - std[617be2ca0a6fd877]::panicking::default_hook::{closure#0}
[INFO] [stdout]    4:     0x60ccb1682fd9 - std[617be2ca0a6fd877]::panicking::default_hook
[INFO] [stdout]    5:     0x60ccb1183f90 - test[aada8e7e76ba119b]::test_main_inner::{closure#0}
[INFO] [stdout]    6:     0x60ccb1683302 - std[617be2ca0a6fd877]::panicking::panic_with_hook
[INFO] [stdout]    7:     0x60ccb1665a92 - std[617be2ca0a6fd877]::panicking::panic_handler::{closure#0}
[INFO] [stdout]    8:     0x60ccb165e099 - std[617be2ca0a6fd877]::sys::backtrace::__rust_end_short_backtrace::<std[617be2ca0a6fd877]::panicking::panic_handler::{closure#0}, !>
[INFO] [stdout]    9:     0x60ccb166699d - __rustc[ea4f61d10b84890b]::rust_begin_unwind
[INFO] [stdout]   10:     0x60ccb16a309c - core[a373ad73a504971]::panicking::panic_fmt
[INFO] [stdout]   11:     0x60ccb16a2e72 - core[a373ad73a504971]::result::unwrap_failed
[INFO] [stdout]   12:     0x60ccb10f8c4b - alloy_ccip_read[d923039619071dd8]::protocols::ens::tests::test_ens_wildcards::{closure#0}
[INFO] [stdout]   13:     0x60ccb10ed5da - <std[617be2ca0a6fd877]::thread::local::LocalKey<core[a373ad73a504971]::cell::Cell<*const async_std[3c43fb9a11970f25]::task::task_locals_wrapper::TaskLocalsWrapper>>>::with::<<async_std[3c43fb9a11970f25]::task::task_locals_wrapper::TaskLocalsWrapper>::set_current<<async_std[3c43fb9a11970f25]::task::builder::SupportTaskLocals<alloy_ccip_read[d923039619071dd8]::protocols::ens::tests::test_ens_wildcards::case_4::{closure#0}> as core[a373ad73a504971]::future::future::Future>::poll::{closure#0}, core[a373ad73a504971]::task::poll::Poll<()>>::{closure#0}, core[a373ad73a504971]::task::poll::Poll<()>>
[INFO] [stdout]   14:     0x60ccb113fe89 - <futures_lite[c1f655a89327d296]::future::Or<async_std[3c43fb9a11970f25]::task::builder::SupportTaskLocals<alloy_ccip_read[d923039619071dd8]::protocols::ens::tests::test_ens_wildcards::case_4::{closure#0}>, <async_executor[8d10b9696de75875]::State>::run<(), async_std[3c43fb9a11970f25]::task::builder::SupportTaskLocals<alloy_ccip_read[d923039619071dd8]::protocols::ens::tests::test_ens_wildcards::case_4::{closure#0}>>::{closure#0}::{closure#0}> as core[a373ad73a504971]::future::future::Future>::poll
[INFO] [stdout]   15:     0x60ccb10f15cc - <std[617be2ca0a6fd877]::thread::local::LocalKey<core[a373ad73a504971]::cell::RefCell<(parking[94520506948df958]::Parker, core[a373ad73a504971]::task::wake::Waker, alloc[2e1b2a31b91974c5]::sync::Arc<core[a373ad73a504971]::sync::atomic::Atomic<bool>>)>>>::with::<async_io[41c8316fc19f824f]::driver::block_on<(), <async_executor[8d10b9696de75875]::LocalExecutor>::run<(), async_std[3c43fb9a11970f25]::task::builder::SupportTaskLocals<alloy_ccip_read[d923039619071dd8]::protocols::ens::tests::test_ens_wildcards::case_4::{closure#0}>>::{closure#0}>::{closure#1}, ()>
[INFO] [stdout]   16:     0x60ccb1150f7c - async_global_executor[4a72a79cb4ddfccd]::reactor::block_on::<<async_executor[8d10b9696de75875]::LocalExecutor>::run<(), async_std[3c43fb9a11970f25]::task::builder::SupportTaskLocals<alloy_ccip_read[d923039619071dd8]::protocols::ens::tests::test_ens_wildcards::case_4::{closure#0}>>::{closure#0}, ()>
[INFO] [stdout]   17:     0x60ccb10ee1ea - <std[617be2ca0a6fd877]::thread::local::LocalKey<core[a373ad73a504971]::cell::Cell<usize>>>::with::<<async_std[3c43fb9a11970f25]::task::builder::Builder>::blocking<alloy_ccip_read[d923039619071dd8]::protocols::ens::tests::test_ens_wildcards::case_4::{closure#0}, ()>::{closure#0}, ()>
[INFO] [stdout]   18:     0x60ccb1149d87 - <async_std[3c43fb9a11970f25]::task::builder::Builder>::blocking::<alloy_ccip_read[d923039619071dd8]::protocols::ens::tests::test_ens_wildcards::case_4::{closure#0}, ()>
[INFO] [stdout]   19:     0x60ccb112713b - <alloy_ccip_read[d923039619071dd8]::protocols::ens::tests::test_ens_wildcards::case_4::{closure#0} as core[a373ad73a504971]::ops::function::FnOnce<()>>::call_once
[INFO] [stdout]   20:     0x60ccb11773db - test[aada8e7e76ba119b]::__rust_begin_short_backtrace::<core[a373ad73a504971]::result::Result<(), alloc[2e1b2a31b91974c5]::string::String>, fn() -> core[a373ad73a504971]::result::Result<(), alloc[2e1b2a31b91974c5]::string::String>>
[INFO] [stdout]   21:     0x60ccb11845b5 - test[aada8e7e76ba119b]::run_test::{closure#0}
[INFO] [stdout]   22:     0x60ccb117dea4 - std[617be2ca0a6fd877]::sys::backtrace::__rust_begin_short_backtrace::<test[aada8e7e76ba119b]::run_test::{closure#1}, ()>
[INFO] [stdout]   23:     0x60ccb1187642 - <std[617be2ca0a6fd877]::thread::lifecycle::spawn_unchecked<test[aada8e7e76ba119b]::run_test::{closure#1}, ()>::{closure#1} as core[a373ad73a504971]::ops::function::FnOnce<()>>::call_once::{shim:vtable#0}
[INFO] [stdout]   24:     0x60ccb168ad3f - <std[617be2ca0a6fd877]::sys::thread::unix::Thread>::new::thread_start
[INFO] [stdout]   25:     0x7f3a29a80dfa - <unknown>
[INFO] [stdout]   26:     0x7f3a29b143d4 - clone
[INFO] [stdout]   27:                0x0 - <unknown>
[INFO] [stdout] 
[INFO] [stdout] ---- protocols::ens::tests::test_custom_domain_id_provider stdout ----
[INFO] [stdout] 
[INFO] [stdout] thread 'protocols::ens::tests::test_custom_domain_id_provider' (7074) panicked at src/protocols/ens.rs:249:14:
[INFO] [stdout] called `Result::unwrap()` on an `Err` value: ContractCall(TransportError(Transport(Custom(reqwest::Error { kind: Request, url: "https://ethereum-rpc.publicnode.com/", source: hyper_util::client::legacy::Error(Connect, ConnectError("dns error", Custom { kind: Uncategorized, error: "failed to lookup address information: Temporary failure in name resolution" })) }))))
[INFO] [stdout] stack backtrace:
[INFO] [stdout]    0:     0x60ccb168b891 - <<std[617be2ca0a6fd877]::sys::backtrace::BacktraceLock>::print::DisplayBacktrace as core[a373ad73a504971]::fmt::Display>::fmt
[INFO] [stdout]    1:     0x60ccb16a293a - core[a373ad73a504971]::fmt::write
[INFO] [stdout]    2:     0x60ccb1690afc - <alloc[2e1b2a31b91974c5]::vec::Vec<u8> as core[a373ad73a504971]::io::write::Write>::write_fmt
[INFO] [stdout]    3:     0x60ccb16659e6 - std[617be2ca0a6fd877]::panicking::default_hook::{closure#0}
[INFO] [stdout]    4:     0x60ccb1682fd9 - std[617be2ca0a6fd877]::panicking::default_hook
[INFO] [stdout]    5:     0x60ccb1183f90 - test[aada8e7e76ba119b]::test_main_inner::{closure#0}
[INFO] [stdout]    6:     0x60ccb1683302 - std[617be2ca0a6fd877]::panicking::panic_with_hook
[INFO] [stdout]    7:     0x60ccb1665a92 - std[617be2ca0a6fd877]::panicking::panic_handler::{closure#0}
[INFO] [stdout]    8:     0x60ccb165e099 - std[617be2ca0a6fd877]::sys::backtrace::__rust_end_short_backtrace::<std[617be2ca0a6fd877]::panicking::panic_handler::{closure#0}, !>
[INFO] [stdout]    9:     0x60ccb166699d - __rustc[ea4f61d10b84890b]::rust_begin_unwind
[INFO] [stdout]   10:     0x60ccb16a309c - core[a373ad73a504971]::panicking::panic_fmt
[INFO] [stdout]   11:     0x60ccb16a2e72 - core[a373ad73a504971]::result::unwrap_failed
[INFO] [stdout]   12:     0x60ccb1124c8d - alloy_ccip_read[d923039619071dd8]::protocols::ens::tests::test_custom_domain_id_provider::{closure#0}
[INFO] [stdout]   13:     0x60ccb1150683 - <tokio[33851412ba44d38]::runtime::scheduler::current_thread::Context>::enter::<core[a373ad73a504971]::task::poll::Poll<()>, <tokio[33851412ba44d38]::runtime::scheduler::current_thread::CoreGuard>::block_on<core[a373ad73a504971]::pin::Pin<&mut core[a373ad73a504971]::pin::Pin<&mut dyn core[a373ad73a504971]::future::future::Future<Output = ()>>>>::{closure#0}::{closure#0}>
[INFO] [stdout]   14:     0x60ccb114a40c - <tokio[33851412ba44d38]::runtime::context::scoped::Scoped<tokio[33851412ba44d38]::runtime::scheduler::Context>>::set::<<tokio[33851412ba44d38]::runtime::scheduler::current_thread::CoreGuard>::enter<<tokio[33851412ba44d38]::runtime::scheduler::current_thread::CoreGuard>::block_on<core[a373ad73a504971]::pin::Pin<&mut core[a373ad73a504971]::pin::Pin<&mut dyn core[a373ad73a504971]::future::future::Future<Output = ()>>>>::{closure#0}, core[a373ad73a504971]::option::Option<()>>::{closure#0}, (alloc[2e1b2a31b91974c5]::boxed::Box<tokio[33851412ba44d38]::runtime::scheduler::current_thread::Core>, core[a373ad73a504971]::option::Option<()>)>
[INFO] [stdout]   15:     0x60ccb114fffc - <tokio[33851412ba44d38]::runtime::runtime::Runtime>::block_on::<core[a373ad73a504971]::pin::Pin<&mut dyn core[a373ad73a504971]::future::future::Future<Output = ()>>>
[INFO] [stdout]   16:     0x60ccb1126f8e - <alloy_ccip_read[d923039619071dd8]::protocols::ens::tests::test_custom_domain_id_provider::{closure#0} as core[a373ad73a504971]::ops::function::FnOnce<()>>::call_once
[INFO] [stdout]   17:     0x60ccb11773db - test[aada8e7e76ba119b]::__rust_begin_short_backtrace::<core[a373ad73a504971]::result::Result<(), alloc[2e1b2a31b91974c5]::string::String>, fn() -> core[a373ad73a504971]::result::Result<(), alloc[2e1b2a31b91974c5]::string::String>>
[INFO] [stdout]   18:     0x60ccb11845b5 - test[aada8e7e76ba119b]::run_test::{closure#0}
[INFO] [stdout]   19:     0x60ccb117dea4 - std[617be2ca0a6fd877]::sys::backtrace::__rust_begin_short_backtrace::<test[aada8e7e76ba119b]::run_test::{closure#1}, ()>
[INFO] [stdout]   20:     0x60ccb1187642 - <std[617be2ca0a6fd877]::thread::lifecycle::spawn_unchecked<test[aada8e7e76ba119b]::run_test::{closure#1}, ()>::{closure#1} as core[a373ad73a504971]::ops::function::FnOnce<()>>::call_once::{shim:vtable#0}
[INFO] [stdout]   21:     0x60ccb168ad3f - <std[617be2ca0a6fd877]::sys::thread::unix::Thread>::new::thread_start
[INFO] [stdout]   22:     0x7f3a29a80dfa - <unknown>
[INFO] [stdout]   23:     0x7f3a29b143d4 - clone
[INFO] [stdout]   24:                0x0 - <unknown>
[INFO] [stdout] 
[INFO] [stdout] ---- protocols::ens::tests::test_ens_wildcards::case_3 stdout ----
[INFO] [stdout] 
[INFO] [stdout] thread 'protocols::ens::tests::test_ens_wildcards::case_3' (7077) panicked at src/protocols/ens.rs:314:14:
[INFO] [stdout] called `Result::unwrap()` on an `Err` value: ContractCall(TransportError(Transport(Custom(reqwest::Error { kind: Request, url: "https://ethereum-rpc.publicnode.com/", source: hyper_util::client::legacy::Error(Connect, ConnectError("dns error", Custom { kind: Uncategorized, error: "failed to lookup address information: Temporary failure in name resolution" })) }))))
[INFO] [stdout] stack backtrace:
[INFO] [stdout]    0:     0x60ccb168b891 - <<std[617be2ca0a6fd877]::sys::backtrace::BacktraceLock>::print::DisplayBacktrace as core[a373ad73a504971]::fmt::Display>::fmt
[INFO] [stdout]    1:     0x60ccb16a293a - core[a373ad73a504971]::fmt::write
[INFO] [stdout]    2:     0x60ccb1690afc - <alloc[2e1b2a31b91974c5]::vec::Vec<u8> as core[a373ad73a504971]::io::write::Write>::write_fmt
[INFO] [stdout]    3:     0x60ccb16659e6 - std[617be2ca0a6fd877]::panicking::default_hook::{closure#0}
[INFO] [stdout]    4:     0x60ccb1682fd9 - std[617be2ca0a6fd877]::panicking::default_hook
[INFO] [stdout]    5:     0x60ccb1183f90 - test[aada8e7e76ba119b]::test_main_inner::{closure#0}
[INFO] [stdout]    6:     0x60ccb1683302 - std[617be2ca0a6fd877]::panicking::panic_with_hook
[INFO] [stdout]    7:     0x60ccb1665a92 - std[617be2ca0a6fd877]::panicking::panic_handler::{closure#0}
[INFO] [stdout]    8:     0x60ccb165e099 - std[617be2ca0a6fd877]::sys::backtrace::__rust_end_short_backtrace::<std[617be2ca0a6fd877]::panicking::panic_handler::{closure#0}, !>
[INFO] [stdout]    9:     0x60ccb166699d - __rustc[ea4f61d10b84890b]::rust_begin_unwind
[INFO] [stdout]   10:     0x60ccb16a309c - core[a373ad73a504971]::panicking::panic_fmt
[INFO] [stdout]   11:     0x60ccb16a2e72 - core[a373ad73a504971]::result::unwrap_failed
[INFO] [stdout]   12:     0x60ccb10f8c4b - alloy_ccip_read[d923039619071dd8]::protocols::ens::tests::test_ens_wildcards::{closure#0}
[INFO] [stdout]   13:     0x60ccb10ed4aa - <std[617be2ca0a6fd877]::thread::local::LocalKey<core[a373ad73a504971]::cell::Cell<*const async_std[3c43fb9a11970f25]::task::task_locals_wrapper::TaskLocalsWrapper>>>::with::<<async_std[3c43fb9a11970f25]::task::task_locals_wrapper::TaskLocalsWrapper>::set_current<<async_std[3c43fb9a11970f25]::task::builder::SupportTaskLocals<alloy_ccip_read[d923039619071dd8]::protocols::ens::tests::test_ens_wildcards::case_3::{closure#0}> as core[a373ad73a504971]::future::future::Future>::poll::{closure#0}, core[a373ad73a504971]::task::poll::Poll<()>>::{closure#0}, core[a373ad73a504971]::task::poll::Poll<()>>
[INFO] [stdout]   14:     0x60ccb113fd39 - <futures_lite[c1f655a89327d296]::future::Or<async_std[3c43fb9a11970f25]::task::builder::SupportTaskLocals<alloy_ccip_read[d923039619071dd8]::protocols::ens::tests::test_ens_wildcards::case_3::{closure#0}>, <async_executor[8d10b9696de75875]::State>::run<(), async_std[3c43fb9a11970f25]::task::builder::SupportTaskLocals<alloy_ccip_read[d923039619071dd8]::protocols::ens::tests::test_ens_wildcards::case_3::{closure#0}>>::{closure#0}::{closure#0}> as core[a373ad73a504971]::future::future::Future>::poll
[INFO] [stdout]   15:     0x60ccb10f0a8c - <std[617be2ca0a6fd877]::thread::local::LocalKey<core[a373ad73a504971]::cell::RefCell<(parking[94520506948df958]::Parker, core[a373ad73a504971]::task::wake::Waker, alloc[2e1b2a31b91974c5]::sync::Arc<core[a373ad73a504971]::sync::atomic::Atomic<bool>>)>>>::with::<async_io[41c8316fc19f824f]::driver::block_on<(), <async_executor[8d10b9696de75875]::LocalExecutor>::run<(), async_std[3c43fb9a11970f25]::task::builder::SupportTaskLocals<alloy_ccip_read[d923039619071dd8]::protocols::ens::tests::test_ens_wildcards::case_3::{closure#0}>>::{closure#0}>::{closure#1}, ()>
[INFO] [stdout]   16:     0x60ccb1150e1c - async_global_executor[4a72a79cb4ddfccd]::reactor::block_on::<<async_executor[8d10b9696de75875]::LocalExecutor>::run<(), async_std[3c43fb9a11970f25]::task::builder::SupportTaskLocals<alloy_ccip_read[d923039619071dd8]::protocols::ens::tests::test_ens_wildcards::case_3::{closure#0}>>::{closure#0}, ()>
[INFO] [stdout]   17:     0x60ccb10edf5a - <std[617be2ca0a6fd877]::thread::local::LocalKey<core[a373ad73a504971]::cell::Cell<usize>>>::with::<<async_std[3c43fb9a11970f25]::task::builder::Builder>::blocking<alloy_ccip_read[d923039619071dd8]::protocols::ens::tests::test_ens_wildcards::case_3::{closure#0}, ()>::{closure#0}, ()>
[INFO] [stdout]   18:     0x60ccb1149ae7 - <async_std[3c43fb9a11970f25]::task::builder::Builder>::blocking::<alloy_ccip_read[d923039619071dd8]::protocols::ens::tests::test_ens_wildcards::case_3::{closure#0}, ()>
[INFO] [stdout]   19:     0x60ccb11270fb - <alloy_ccip_read[d923039619071dd8]::protocols::ens::tests::test_ens_wildcards::case_3::{closure#0} as core[a373ad73a504971]::ops::function::FnOnce<()>>::call_once
[INFO] [stdout]   20:     0x60ccb11773db - test[aada8e7e76ba119b]::__rust_begin_short_backtrace::<core[a373ad73a504971]::result::Result<(), alloc[2e1b2a31b91974c5]::string::String>, fn() -> core[a373ad73a504971]::result::Result<(), alloc[2e1b2a31b91974c5]::string::String>>
[INFO] [stdout]   21:     0x60ccb11845b5 - test[aada8e7e76ba119b]::run_test::{closure#0}
[INFO] [stdout]   22:     0x60ccb117dea4 - std[617be2ca0a6fd877]::sys::backtrace::__rust_begin_short_backtrace::<test[aada8e7e76ba119b]::run_test::{closure#1}, ()>
[INFO] [stdout]   23:     0x60ccb1187642 - <std[617be2ca0a6fd877]::thread::lifecycle::spawn_unchecked<test[aada8e7e76ba119b]::run_test::{closure#1}, ()>::{closure#1} as core[a373ad73a504971]::ops::function::FnOnce<()>>::call_once::{shim:vtable#0}
[INFO] [stdout]   24:     0x60ccb168ad3f - <std[617be2ca0a6fd877]::sys::thread::unix::Thread>::new::thread_start
[INFO] [stdout]   25:     0x7f3a29a80dfa - <unknown>
[INFO] [stdout]   26:     0x7f3a29b143d4 - clone
[INFO] [stdout]   27:                0x0 - <unknown>
[INFO] [stdout] 
[INFO] [stdout] ---- protocols::ens::tests::test_ens_wildcards::case_5 stdout ----
[INFO] [stdout] 
[INFO] [stdout] thread 'protocols::ens::tests::test_ens_wildcards::case_5' (7079) panicked at src/protocols/ens.rs:314:14:
[INFO] [stdout] called `Result::unwrap()` on an `Err` value: ContractCall(TransportError(Transport(Custom(reqwest::Error { kind: Request, url: "https://ethereum-rpc.publicnode.com/", source: hyper_util::client::legacy::Error(Connect, ConnectError("dns error", Custom { kind: Uncategorized, error: "failed to lookup address information: Temporary failure in name resolution" })) }))))
[INFO] [stdout] stack backtrace:
[INFO] [stdout]    0:     0x60ccb168b891 - <<std[617be2ca0a6fd877]::sys::backtrace::BacktraceLock>::print::DisplayBacktrace as core[a373ad73a504971]::fmt::Display>::fmt
[INFO] [stdout]    1:     0x60ccb16a293a - core[a373ad73a504971]::fmt::write
[INFO] [stdout]    2:     0x60ccb1690afc - <alloc[2e1b2a31b91974c5]::vec::Vec<u8> as core[a373ad73a504971]::io::write::Write>::write_fmt
[INFO] [stdout]    3:     0x60ccb16659e6 - std[617be2ca0a6fd877]::panicking::default_hook::{closure#0}
[INFO] [stdout]    4:     0x60ccb1682fd9 - std[617be2ca0a6fd877]::panicking::default_hook
[INFO] [stdout]    5:     0x60ccb1183f90 - test[aada8e7e76ba119b]::test_main_inner::{closure#0}
[INFO] [stdout]    6:     0x60ccb1683302 - std[617be2ca0a6fd877]::panicking::panic_with_hook
[INFO] [stdout]    7:     0x60ccb1665a92 - std[617be2ca0a6fd877]::panicking::panic_handler::{closure#0}
[INFO] [stdout]    8:     0x60ccb165e099 - std[617be2ca0a6fd877]::sys::backtrace::__rust_end_short_backtrace::<std[617be2ca0a6fd877]::panicking::panic_handler::{closure#0}, !>
[INFO] [stdout]    9:     0x60ccb166699d - __rustc[ea4f61d10b84890b]::rust_begin_unwind
[INFO] [stdout]   10:     0x60ccb16a309c - core[a373ad73a504971]::panicking::panic_fmt
[INFO] [stdout]   11:     0x60ccb16a2e72 - core[a373ad73a504971]::result::unwrap_failed
[INFO] [stdout]   12:     0x60ccb10f8c4b - alloy_ccip_read[d923039619071dd8]::protocols::ens::tests::test_ens_wildcards::{closure#0}
[INFO] [stdout]   13:     0x60ccb10ed70a - <std[617be2ca0a6fd877]::thread::local::LocalKey<core[a373ad73a504971]::cell::Cell<*const async_std[3c43fb9a11970f25]::task::task_locals_wrapper::TaskLocalsWrapper>>>::with::<<async_std[3c43fb9a11970f25]::task::task_locals_wrapper::TaskLocalsWrapper>::set_current<<async_std[3c43fb9a11970f25]::task::builder::SupportTaskLocals<alloy_ccip_read[d923039619071dd8]::protocols::ens::tests::test_ens_wildcards::case_5::{closure#0}> as core[a373ad73a504971]::future::future::Future>::poll::{closure#0}, core[a373ad73a504971]::task::poll::Poll<()>>::{closure#0}, core[a373ad73a504971]::task::poll::Poll<()>>
[INFO] [stdout]   14:     0x60ccb113ffd9 - <futures_lite[c1f655a89327d296]::future::Or<async_std[3c43fb9a11970f25]::task::builder::SupportTaskLocals<alloy_ccip_read[d923039619071dd8]::protocols::ens::tests::test_ens_wildcards::case_5::{closure#0}>, <async_executor[8d10b9696de75875]::State>::run<(), async_std[3c43fb9a11970f25]::task::builder::SupportTaskLocals<alloy_ccip_read[d923039619071dd8]::protocols::ens::tests::test_ens_wildcards::case_5::{closure#0}>>::{closure#0}::{closure#0}> as core[a373ad73a504971]::future::future::Future>::poll
[INFO] [stdout]   15:     0x60ccb10f210c - <std[617be2ca0a6fd877]::thread::local::LocalKey<core[a373ad73a504971]::cell::RefCell<(parking[94520506948df958]::Parker, core[a373ad73a504971]::task::wake::Waker, alloc[2e1b2a31b91974c5]::sync::Arc<core[a373ad73a504971]::sync::atomic::Atomic<bool>>)>>>::with::<async_io[41c8316fc19f824f]::driver::block_on<(), <async_executor[8d10b9696de75875]::LocalExecutor>::run<(), async_std[3c43fb9a11970f25]::task::builder::SupportTaskLocals<alloy_ccip_read[d923039619071dd8]::protocols::ens::tests::test_ens_wildcards::case_5::{closure#0}>>::{closure#0}>::{closure#1}, ()>
[INFO] [stdout]   16:     0x60ccb11510dc - async_global_executor[4a72a79cb4ddfccd]::reactor::block_on::<<async_executor[8d10b9696de75875]::LocalExecutor>::run<(), async_std[3c43fb9a11970f25]::task::builder::SupportTaskLocals<alloy_ccip_read[d923039619071dd8]::protocols::ens::tests::test_ens_wildcards::case_5::{closure#0}>>::{closure#0}, ()>
[INFO] [stdout]   17:     0x60ccb10ee47a - <std[617be2ca0a6fd877]::thread::local::LocalKey<core[a373ad73a504971]::cell::Cell<usize>>>::with::<<async_std[3c43fb9a11970f25]::task::builder::Builder>::blocking<alloy_ccip_read[d923039619071dd8]::protocols::ens::tests::test_ens_wildcards::case_5::{closure#0}, ()>::{closure#0}, ()>
[INFO] [stdout]   18:     0x60ccb114a027 - <async_std[3c43fb9a11970f25]::task::builder::Builder>::blocking::<alloy_ccip_read[d923039619071dd8]::protocols::ens::tests::test_ens_wildcards::case_5::{closure#0}, ()>
[INFO] [stdout]   19:     0x60ccb112717b - <alloy_ccip_read[d923039619071dd8]::protocols::ens::tests::test_ens_wildcards::case_5::{closure#0} as core[a373ad73a504971]::ops::function::FnOnce<()>>::call_once
[INFO] [stdout]   20:     0x60ccb11773db - test[aada8e7e76ba119b]::__rust_begin_short_backtrace::<core[a373ad73a504971]::result::Result<(), alloc[2e1b2a31b91974c5]::string::String>, fn() -> core[a373ad73a504971]::result::Result<(), alloc[2e1b2a31b91974c5]::string::String>>
[INFO] [stdout]   21:     0x60ccb11845b5 - test[aada8e7e76ba119b]::run_test::{closure#0}
[INFO] [stdout]   22:     0x60ccb117dea4 - std[617be2ca0a6fd877]::sys::backtrace::__rust_begin_short_backtrace::<test[aada8e7e76ba119b]::run_test::{closure#1}, ()>
[INFO] [stdout]   23:     0x60ccb1187642 - <std[617be2ca0a6fd877]::thread::lifecycle::spawn_unchecked<test[aada8e7e76ba119b]::run_test::{closure#1}, ()>::{closure#1} as core[a373ad73a504971]::ops::function::FnOnce<()>>::call_once::{shim:vtable#0}
[INFO] [stdout]   24:     0x60ccb168ad3f - <std[617be2ca0a6fd877]::sys::thread::unix::Thread>::new::thread_start
[INFO] [stdout]   25:     0x7f3a29a80dfa - <unknown>
[INFO] [stdout]   26:     0x7f3a29b143d4 - clone
[INFO] [stdout]   27:                0x0 - <unknown>
[INFO] [stdout] 
[INFO] [stdout] 
[INFO] [stdout] failures:
[INFO] [stdout]     protocols::ens::tests::test_custom_domain_id_provider
[INFO] [stdout]     protocols::ens::tests::test_ens_wildcards::case_1
[INFO] [stdout]     protocols::ens::tests::test_ens_wildcards::case_2
[INFO] [stdout]     protocols::ens::tests::test_ens_wildcards::case_3
[INFO] [stdout]     protocols::ens::tests::test_ens_wildcards::case_4
[INFO] [stdout]     protocols::ens::tests::test_ens_wildcards::case_5
[INFO] [stdout]     protocols::ens::tests::test_ens_wildcards::case_6
[INFO] [stdout]     reader::tests::test_ccip_call
[INFO] [stdout] 
[INFO] [stdout] test result: FAILED. 3 passed; 8 failed; 1 ignored; 0 measured; 0 filtered out; finished in 0.45s
[INFO] [stdout] 
[INFO] [stderr] error: test failed, to rerun pass `--lib`
[INFO] running `Command { std: "docker" "inspect" "5fe34d43547a1929612471b37b7d540627c92c7773cca05c201935be294b26ff", kill_on_drop: false }`
[INFO] running `Command { std: "docker" "rm" "-f" "5fe34d43547a1929612471b37b7d540627c92c7773cca05c201935be294b26ff", kill_on_drop: false }`
[INFO] [stdout] 5fe34d43547a1929612471b37b7d540627c92c7773cca05c201935be294b26ff
