[INFO] fetching crate alfars 0.4.3...
[INFO] testing alfars-0.4.3 against 1.100.0-beta.1+cargoflags=--release for beta-release-1.100-2
[INFO] extracting crate alfars 0.4.3 into /workspace/builds/worker-1-tc2/source
[INFO] started tweaking crates.io crate alfars 0.4.3
[INFO] finished tweaking crates.io crate alfars 0.4.3
[INFO] tweaked toml for crates.io crate alfars 0.4.3 written to /workspace/builds/worker-1-tc2/source/Cargo.toml
[INFO] validating manifest of crates.io crate alfars 0.4.3 on toolchain 1.100.0-beta.1
[INFO] running `Command { std: CARGO_HOME="/workspace/cargo-home" RUSTUP_HOME="/workspace/rustup-home" "/workspace/cargo-home/bin/cargo" "+1.100.0-beta.1" "metadata" "--manifest-path" "Cargo.toml" "--no-deps", kill_on_drop: false }`
[INFO] crate crates.io crate alfars 0.4.3 already has a lockfile, it will not be regenerated
[INFO] running `Command { std: CARGO_HOME="/workspace/cargo-home" RUSTUP_HOME="/workspace/rustup-home" "/workspace/cargo-home/bin/cargo" "+1.100.0-beta.1" "fetch" "--manifest-path" "Cargo.toml", kill_on_drop: false }`
[INFO] [stderr] warning: `package.homepage` is redundant with `package.repository`
[INFO] [stderr]    --> Cargo.toml:99:12
[INFO] [stderr]     |
[INFO] [stderr]  99 | homepage = "https://github.com/EthanNOV56/alfa.rs"
[INFO] [stderr]     |            ^^^^^^^^^^^^^^^^^^^^^^^^^^^^^^^^^^^^^^^
[INFO] [stderr] ...
[INFO] [stderr] 104 | repository = "https://github.com/EthanNOV56/alfa.rs"
[INFO] [stderr]     |              ---------------------------------------
[INFO] [stderr]     |
[INFO] [stderr]     = note: `cargo::redundant_homepage` is set to `warn` by default
[INFO] [stderr] help: consider removing `package.homepage`
[INFO] [stderr] warning: unused build dependency `pyo3-build-config`
[INFO] [stderr]  --> Cargo.toml:5:21
[INFO] [stderr]   |
[INFO] [stderr] 5 | [build-dependencies.pyo3-build-config]
[INFO] [stderr]   |                     ^^^^^^^^^^^^^^^^^^
[INFO] [stderr]   |
[INFO] [stderr]   = note: `cargo::unused_dependencies` is set to `warn` by default
[INFO] [stderr] help: consider removing the dependency on `pyo3-build-config`
[INFO] [stderr] warning: `alfars` (manifest) generated 2 warnings
[INFO] running `Command { std: "docker" "create" "-v" "/var/lib/crater-agent-workspace/builds/worker-1-tc2/source:/opt/rustwide/workdir:ro,Z" "-v" "/var/lib/crater-agent-workspace/builds/worker-1-tc2/target:/opt/rustwide/target:rw,Z" "-v" "/var/lib/crater-agent-workspace/cargo-home:/opt/rustwide/cargo-home:ro,Z" "-v" "/var/lib/crater-agent-workspace/rustup-home:/opt/rustwide/rustup-home:ro,Z" "-m" "1610612736" "--network" "none" "ghcr.io/rust-lang/crates-build-env/linux@sha256:77db811e55d90add9212f6832c23229e3de5f1c1f9905e8cb07319ea15df73ac" "sleep" "infinity", kill_on_drop: false }`
[INFO] [stdout] 36e2330df5a625ef96d80819f1c58cc0f198392cdbfd58fd21dc46120f745598
[INFO] running `Command { std: "docker" "start" "36e2330df5a625ef96d80819f1c58cc0f198392cdbfd58fd21dc46120f745598", kill_on_drop: false }`
[INFO] running `Command { std: "docker" "inspect" "36e2330df5a625ef96d80819f1c58cc0f198392cdbfd58fd21dc46120f745598", kill_on_drop: false }`
[INFO] running `Command { std: "docker" "exec" "-e" "SOURCE_DIR=/opt/rustwide/workdir" "-e" "CARGO_HOME=/opt/rustwide/cargo-home" "-e" "RUSTUP_HOME=/opt/rustwide/rustup-home" "-e" "CARGO_TARGET_DIR=/opt/rustwide/target" "-w" "/opt/rustwide/workdir" "--user" "0:0" "36e2330df5a625ef96d80819f1c58cc0f198392cdbfd58fd21dc46120f745598" "/opt/rustwide/cargo-home/bin/cargo" "+1.100.0-beta.1" "metadata" "--no-deps" "--format-version=1", kill_on_drop: false }`
[INFO] running `Command { std: "docker" "inspect" "36e2330df5a625ef96d80819f1c58cc0f198392cdbfd58fd21dc46120f745598", kill_on_drop: false }`
[INFO] running `Command { std: "docker" "exec" "-e" "SOURCE_DIR=/opt/rustwide/workdir" "-e" "CARGO_HOME=/opt/rustwide/cargo-home" "-e" "RUSTUP_HOME=/opt/rustwide/rustup-home" "-e" "CARGO_TARGET_DIR=/opt/rustwide/target" "-e" "CARGO_INCREMENTAL=0" "-e" "RUST_BACKTRACE=full" "-e" "RUSTFLAGS=--cap-lints=warn" "-e" "RUSTDOCFLAGS=--cap-lints=warn" "-w" "/opt/rustwide/workdir" "--user" "0:0" "36e2330df5a625ef96d80819f1c58cc0f198392cdbfd58fd21dc46120f745598" "/opt/rustwide/cargo-home/bin/cargo" "+1.100.0-beta.1" "build" "--frozen" "--message-format=json" "--release", kill_on_drop: false }`
[INFO] [stderr] warning: `package.homepage` is redundant with `package.repository`
[INFO] [stderr]    --> Cargo.toml:99:12
[INFO] [stderr]     |
[INFO] [stderr]  99 | homepage = "https://github.com/EthanNOV56/alfa.rs"
[INFO] [stderr]     |            ^^^^^^^^^^^^^^^^^^^^^^^^^^^^^^^^^^^^^^^
[INFO] [stderr] ...
[INFO] [stderr] 104 | repository = "https://github.com/EthanNOV56/alfa.rs"
[INFO] [stderr]     |              ---------------------------------------
[INFO] [stderr]     |
[INFO] [stderr]     = note: `cargo::redundant_homepage` is set to `warn` by default
[INFO] [stderr] help: consider removing `package.homepage`
[INFO] [stderr] warning: unused build dependency `pyo3-build-config`
[INFO] [stderr]  --> Cargo.toml:5:21
[INFO] [stderr]   |
[INFO] [stderr] 5 | [build-dependencies.pyo3-build-config]
[INFO] [stderr]   |                     ^^^^^^^^^^^^^^^^^^
[INFO] [stderr]   |
[INFO] [stderr]   = note: `cargo::unused_dependencies` is set to `warn` by default
[INFO] [stderr] help: consider removing the dependency on `pyo3-build-config`
[INFO] [stderr] warning: `alfars` (manifest) generated 2 warnings
[INFO] [stderr]    Compiling libc v0.2.182
[INFO] [stderr]    Compiling cc v1.2.56
[INFO] [stderr]    Compiling http v1.4.0
[INFO] [stderr]    Compiling quote v1.0.44
[INFO] [stderr]    Compiling tracing v0.1.44
[INFO] [stderr]    Compiling bitflags v2.11.0
[INFO] [stderr]    Compiling pyo3-build-config v0.28.2
[INFO] [stderr]    Compiling futures-util v0.3.32
[INFO] [stderr]    Compiling num-traits v0.2.19
[INFO] [stderr]    Compiling openssl v0.10.75
[INFO] [stderr]    Compiling zerocopy v0.8.40
[INFO] [stderr]    Compiling matrixmultiply v0.3.10
[INFO] [stderr]    Compiling getrandom v0.4.2
[INFO] [stderr]    Compiling serde_json v1.0.149
[INFO] [stderr]    Compiling toml_write v0.1.2
[INFO] [stderr]    Compiling virtue v0.0.18
[INFO] [stderr]    Compiling syn v2.0.117
[INFO] [stderr]    Compiling iri-string v0.7.10
[INFO] [stderr]    Compiling winnow v0.7.15
[INFO] [stderr]    Compiling rustls-pki-types v1.14.0
[INFO] [stderr]    Compiling rustix v1.1.4
[INFO] [stderr]    Compiling digest v0.10.7
[INFO] [stderr]    Compiling serde_path_to_error v0.1.20
[INFO] [stderr]    Compiling bincode_derive v2.0.1
[INFO] [stderr]    Compiling num-integer v0.1.46
[INFO] [stderr]    Compiling num-complex v0.4.6
[INFO] [stderr]    Compiling unty v0.0.4
[INFO] [stderr]    Compiling rustc-hash v2.1.1
[INFO] [stderr]    Compiling http-body v1.0.1
[INFO] [stderr]    Compiling http-body-util v0.1.3
[INFO] [stderr]    Compiling sha2 v0.10.9
[INFO] [stderr]    Compiling openssl-sys v0.9.111
[INFO] [stderr]    Compiling parking_lot_core v0.9.12
[INFO] [stderr]    Compiling errno v0.3.14
[INFO] [stderr]    Compiling parking_lot v0.12.5
[INFO] [stderr]    Compiling mio v1.1.1
[INFO] [stderr]    Compiling signal-hook-registry v1.4.8
[INFO] [stderr]    Compiling socket2 v0.6.3
[INFO] [stderr]    Compiling pyo3-ffi v0.28.2
[INFO] [stderr]    Compiling pyo3-macros-backend v0.28.2
[INFO] [stderr]    Compiling native-tls v0.2.18
[INFO] [stderr]    Compiling pyo3 v0.28.2
[INFO] [stderr]    Compiling getrandom v0.2.17
[INFO] [stderr]    Compiling lz4-sys v1.11.1+lz4-1.10.0
[INFO] [stderr]    Compiling rand_core v0.6.4
[INFO] [stderr]    Compiling numpy v0.28.0
[INFO] [stderr]    Compiling ndarray v0.15.6
[INFO] [stderr]    Compiling dirs-sys v0.4.1
[INFO] [stderr]    Compiling getrandom v0.3.4
[INFO] [stderr]    Compiling dirs v5.0.1
[INFO] [stderr]    Compiling tempfile v3.26.0
[INFO] [stderr]    Compiling uuid v1.22.0
[INFO] [stderr]    Compiling tower-http v0.5.2
[INFO] [stderr]    Compiling bincode v2.0.1
[INFO] [stderr]    Compiling rayon v1.11.0
[INFO] [stderr]    Compiling urlencoding v2.1.3
[INFO] [stderr]    Compiling synstructure v0.13.2
[INFO] [stderr]    Compiling zerovec-derive v0.11.2
[INFO] [stderr]    Compiling tokio-macros v2.6.1
[INFO] [stderr]    Compiling displaydoc v0.2.5
[INFO] [stderr]    Compiling serde_derive v1.0.228
[INFO] [stderr]    Compiling openssl-macros v0.1.1
[INFO] [stderr]    Compiling async-trait v0.1.89
[INFO] [stderr]    Compiling zerofrom-derive v0.1.6
[INFO] [stderr]    Compiling yoke-derive v0.8.1
[INFO] [stderr]    Compiling tokio v1.50.0
[INFO] [stderr]    Compiling axum-core v0.4.5
[INFO] [stderr]    Compiling zerofrom v0.1.6
[INFO] [stderr]    Compiling yoke v0.8.1
[INFO] [stderr]    Compiling zerovec v0.11.5
[INFO] [stderr]    Compiling zerotrie v0.2.3
[INFO] [stderr]    Compiling ppv-lite86 v0.2.21
[INFO] [stderr]    Compiling ahash v0.8.12
[INFO] [stderr]    Compiling tinystr v0.8.2
[INFO] [stderr]    Compiling potential_utf v0.1.4
[INFO] [stderr]    Compiling icu_collections v2.1.1
[INFO] [stderr]    Compiling rand_chacha v0.3.1
[INFO] [stderr]    Compiling icu_locale_core v2.1.1
[INFO] [stderr]    Compiling rand v0.8.5
[INFO] [stderr]    Compiling serde v1.0.228
[INFO] [stderr]    Compiling icu_provider v2.1.1
[INFO] [stderr]    Compiling icu_properties v2.1.2
[INFO] [stderr]    Compiling icu_normalizer v2.1.1
[INFO] [stderr]    Compiling serde_urlencoded v0.7.1
[INFO] [stderr]    Compiling toml_datetime v0.6.11
[INFO] [stderr]    Compiling serde_spanned v0.6.9
[INFO] [stderr]    Compiling toml_edit v0.22.27
[INFO] [stderr]    Compiling pyo3-macros v0.28.2
[INFO] [stderr]    Compiling idna_adapter v1.2.1
[INFO] [stderr]    Compiling idna v1.1.0
[INFO] [stderr]    Compiling url v2.5.8
[INFO] [stderr]    Compiling tokio-util v0.7.18
[INFO] [stderr]    Compiling tower v0.5.3
[INFO] [stderr]    Compiling tokio-native-tls v0.3.1
[INFO] [stderr]    Compiling toml v0.8.23
[INFO] [stderr]    Compiling tower-http v0.6.8
[INFO] [stderr]    Compiling h2 v0.4.13
[INFO] [stderr]    Compiling hyper v1.8.1
[INFO] [stderr]    Compiling hyper-util v0.1.20
[INFO] [stderr]    Compiling lz4 v1.28.1
[INFO] [stderr]    Compiling hyper-tls v0.6.0
[INFO] [stderr]    Compiling axum v0.7.9
[INFO] [stderr]    Compiling reqwest v0.12.28
[INFO] [stderr]    Compiling alfars v0.4.3 (/opt/rustwide/workdir)
[INFO] [stdout] warning: unused import: `DataType`
[INFO] [stdout]   --> src/expr/optimizer.rs:10:28
[INFO] [stdout]    |
[INFO] [stdout] 10 | use super::ast::{BinaryOp, DataType, Expr, Literal, UnaryOp};
[INFO] [stdout]    |                            ^^^^^^^^
[INFO] [stdout]    |
[INFO] [stdout]    = note: `#[warn(unused_imports)]` (part of `#[warn(unused)]`) on by default
[INFO] [stdout] 
[INFO] [stdout] 
[INFO] [stdout] warning: unused import: `std::collections::HashMap`
[INFO] [stdout]  --> src/lazy/engine.rs:5:5
[INFO] [stdout]   |
[INFO] [stdout] 5 | use std::collections::HashMap;
[INFO] [stdout]   |     ^^^^^^^^^^^^^^^^^^^^^^^^^
[INFO] [stdout] 
[INFO] [stdout] 
[INFO] [stdout] warning: unused import: `std::sync::Arc`
[INFO] [stdout]  --> src/lazy/engine.rs:6:5
[INFO] [stdout]   |
[INFO] [stdout] 6 | use std::sync::Arc;
[INFO] [stdout]   |     ^^^^^^^^^^^^^^
[INFO] [stdout] 
[INFO] [stdout] 
[INFO] [stdout] warning: unused import: `ndarray::Array2`
[INFO] [stdout]  --> src/lazy/engine.rs:8:5
[INFO] [stdout]   |
[INFO] [stdout] 8 | use ndarray::Array2;
[INFO] [stdout]   |     ^^^^^^^^^^^^^^^
[INFO] [stdout] 
[INFO] [stdout] 
[INFO] [stdout] warning: unused import: `std::sync::Arc`
[INFO] [stdout]   --> src/types/dataframe.rs:10:5
[INFO] [stdout]    |
[INFO] [stdout] 10 | use std::sync::Arc;
[INFO] [stdout]    |     ^^^^^^^^^^^^^^
[INFO] [stdout] 
[INFO] [stdout] 
[INFO] [stdout] warning: use of deprecated constant `std::f64::NAN`: replaced by the `NAN` associated constant on `f64`
[INFO] [stdout]   --> src/backtest/engine.rs:11:15
[INFO] [stdout]    |
[INFO] [stdout] 11 | use std::f64::NAN;
[INFO] [stdout]    |               ^^^
[INFO] [stdout]    |
[INFO] [stdout]    = note: `#[warn(deprecated)]` on by default
[INFO] [stdout] 
[INFO] [stdout] 
[INFO] [stdout] warning: use of deprecated constant `std::f64::NAN`: replaced by the `NAN` associated constant on `f64`
[INFO] [stdout]    --> src/backtest/engine.rs:661:28
[INFO] [stdout]     |
[INFO] [stdout] 661 |                     return NAN;
[INFO] [stdout]     |                            ^^^
[INFO] [stdout] 
[INFO] [stdout] 
[INFO] [stdout] warning: use of deprecated constant `std::f64::NAN`: replaced by the `NAN` associated constant on `f64`
[INFO] [stdout]    --> src/backtest/engine.rs:682:40
[INFO] [stdout]     |
[INFO] [stdout] 682 |         let ic_ir = if ic_std == 0.0 { NAN } else { ic_mean / ic_std };
[INFO] [stdout]     |                                        ^^^
[INFO] [stdout] 
[INFO] [stdout] 
[INFO] [stdout] warning: unused variable: `factor`
[INFO] [stdout]    --> src/backtest/engine.rs:316:9
[INFO] [stdout]     |
[INFO] [stdout] 316 |         factor: &Array2<f64>,
[INFO] [stdout]     |         ^^^^^^ help: if this is intentional, prefix it with an underscore: `_factor`
[INFO] [stdout]     |
[INFO] [stdout]     = note: `#[warn(unused_variables)]` (part of `#[warn(unused)]`) on by default
[INFO] [stdout] 
[INFO] [stdout] 
[INFO] [stdout] warning: unused variable: `n_rows`
[INFO] [stdout]   --> src/data/mod.rs:47:13
[INFO] [stdout]    |
[INFO] [stdout] 47 |         let n_rows = data.values().next().map(|v| v.len()).unwrap_or(0);
[INFO] [stdout]    |             ^^^^^^ help: if this is intentional, prefix it with an underscore: `_n_rows`
[INFO] [stdout] 
[INFO] [stdout] 
[INFO] [stdout] warning: unreachable pattern
[INFO] [stdout]    --> src/expr/registry/functions.rs:303:9
[INFO] [stdout]     |
[INFO] [stdout] 298 |         "le" | "less_equal" | "lte" => Ok(arg_values[0]
[INFO] [stdout]     |         --------------------------- matches all the relevant values
[INFO] [stdout] ...
[INFO] [stdout] 303 |         "le" | "less_equal" | "lte" => Ok(arg_values[0]
[INFO] [stdout]     |         ^^^^^^^^^^^^^^^^^^^^^^^^^^^ no value can reach this
[INFO] [stdout]     |
[INFO] [stdout]     = note: `#[warn(unreachable_patterns)]` (part of `#[warn(unused)]`) on by default
[INFO] [stdout] 
[INFO] [stdout] 
[INFO] [stdout] warning: unused variable: `n_total`
[INFO] [stdout]    --> src/expr/registry/mod.rs:271:17
[INFO] [stdout]     |
[INFO] [stdout] 271 |             let n_total = factor_exprs.len();
[INFO] [stdout]     |                 ^^^^^^^ help: if this is intentional, prefix it with an underscore: `_n_total`
[INFO] [stdout] 
[INFO] [stdout] 
[INFO] [stdout] warning: associated function `apply_fees` is never used
[INFO] [stdout]    --> src/backtest/engine.rs:555:8
[INFO] [stdout]     |
[INFO] [stdout] 157 | impl BacktestEngine {
[INFO] [stdout]     | ------------------- associated function in this implementation
[INFO] [stdout] ...
[INFO] [stdout] 555 |     fn apply_fees(
[INFO] [stdout]     |        ^^^^^^^^^^
[INFO] [stdout]     |
[INFO] [stdout]     = note: `#[warn(dead_code)]` (part of `#[warn(unused)]`) on by default
[INFO] [stdout] 
[INFO] [stdout] 
[INFO] [stdout] warning: field `counter` is never read
[INFO] [stdout]    --> src/expr/optimizer.rs:421:13
[INFO] [stdout]     |
[INFO] [stdout] 419 |         struct CseVisitor {
[INFO] [stdout]     |                ---------- field in this struct
[INFO] [stdout] 420 |             subexprs: HashMap<String, Expr>,
[INFO] [stdout] 421 |             counter: usize,
[INFO] [stdout]     |             ^^^^^^^
[INFO] [stdout] 
[INFO] [stdout] 
[INFO] [stderr] warning: unused dependency `ahash`
[INFO] [stderr]  --> Cargo.toml:8:15
[INFO] [stderr]   |
[INFO] [stderr] 8 | [dependencies.ahash]
[INFO] [stderr]   |               ^^^^^^
[INFO] [stderr]   |
[INFO] [stderr]   = note: `cargo::unused_dependencies` is set to `warn` by default
[INFO] [stderr] help: consider removing the dependency on `ahash`
[INFO] [stderr] warning: unused dependency `bincode`
[INFO] [stderr]   --> Cargo.toml:14:15
[INFO] [stderr]    |
[INFO] [stderr] 14 | [dependencies.bincode]
[INFO] [stderr]    |               ^^^^^^^^
[INFO] [stderr]    |
[INFO] [stderr] help: consider removing the dependency on `bincode`
[INFO] [stderr] warning: unused dependency `dotenv`
[INFO] [stderr]   --> Cargo.toml:20:15
[INFO] [stderr]    |
[INFO] [stderr] 20 | [dependencies.dotenv]
[INFO] [stderr]    |               ^^^^^^^
[INFO] [stderr]    |
[INFO] [stderr] help: consider removing the dependency on `dotenv`
[INFO] [stderr] warning: unused dependency `itertools`
[INFO] [stderr]   --> Cargo.toml:23:15
[INFO] [stderr]    |
[INFO] [stderr] 23 | [dependencies.itertools]
[INFO] [stderr]    |               ^^^^^^^^^^
[INFO] [stderr]    |
[INFO] [stderr] help: consider removing the dependency on `itertools`
[INFO] [stderr] warning: unused dependency `tempfile`
[INFO] [stderr]   --> Cargo.toml:62:15
[INFO] [stderr]    |
[INFO] [stderr] 62 | [dependencies.tempfile]
[INFO] [stderr]    |               ^^^^^^^^^
[INFO] [stderr]    |
[INFO] [stderr] help: consider removing the dependency on `tempfile`
[INFO] [stderr] warning: `alfars` (manifest) generated 5 warnings
[INFO] [stderr]     Finished `release` profile [optimized] target(s) in 2m 39s
[INFO] running `Command { std: "docker" "inspect" "36e2330df5a625ef96d80819f1c58cc0f198392cdbfd58fd21dc46120f745598", kill_on_drop: false }`
[INFO] running `Command { std: "docker" "exec" "-e" "SOURCE_DIR=/opt/rustwide/workdir" "-e" "CARGO_HOME=/opt/rustwide/cargo-home" "-e" "RUSTUP_HOME=/opt/rustwide/rustup-home" "-e" "CARGO_TARGET_DIR=/opt/rustwide/target" "-e" "CARGO_INCREMENTAL=0" "-e" "RUST_BACKTRACE=full" "-e" "RUSTFLAGS=--cap-lints=warn" "-e" "RUSTDOCFLAGS=--cap-lints=warn" "-w" "/opt/rustwide/workdir" "--user" "0:0" "36e2330df5a625ef96d80819f1c58cc0f198392cdbfd58fd21dc46120f745598" "/opt/rustwide/cargo-home/bin/cargo" "+1.100.0-beta.1" "test" "--frozen" "--no-run" "--message-format=json" "--release", kill_on_drop: false }`
[INFO] [stderr] warning: `package.homepage` is redundant with `package.repository`
[INFO] [stderr]    --> Cargo.toml:99:12
[INFO] [stderr]     |
[INFO] [stderr]  99 | homepage = "https://github.com/EthanNOV56/alfa.rs"
[INFO] [stderr]     |            ^^^^^^^^^^^^^^^^^^^^^^^^^^^^^^^^^^^^^^^
[INFO] [stderr] ...
[INFO] [stderr] 104 | repository = "https://github.com/EthanNOV56/alfa.rs"
[INFO] [stderr]     |              ---------------------------------------
[INFO] [stderr]     |
[INFO] [stderr]     = note: `cargo::redundant_homepage` is set to `warn` by default
[INFO] [stderr] help: consider removing `package.homepage`
[INFO] [stderr] warning: unused build dependency `pyo3-build-config`
[INFO] [stderr]  --> Cargo.toml:5:21
[INFO] [stderr]   |
[INFO] [stderr] 5 | [build-dependencies.pyo3-build-config]
[INFO] [stderr]   |                     ^^^^^^^^^^^^^^^^^^
[INFO] [stderr]   |
[INFO] [stderr]   = note: `cargo::unused_dependencies` is set to `warn` by default
[INFO] [stderr] help: consider removing the dependency on `pyo3-build-config`
[INFO] [stderr] warning: `alfars` (manifest) generated 2 warnings
[INFO] [stdout] warning: unused import: `DataType`
[INFO] [stdout]   --> src/expr/optimizer.rs:10:28
[INFO] [stdout]    |
[INFO] [stdout] 10 | use super::ast::{BinaryOp, DataType, Expr, Literal, UnaryOp};
[INFO] [stdout]    |                            ^^^^^^^^
[INFO] [stdout]    |
[INFO] [stdout]    = note: `#[warn(unused_imports)]` (part of `#[warn(unused)]`) on by default
[INFO] [stdout] 
[INFO] [stdout] 
[INFO] [stdout] warning: unused import: `std::collections::HashMap`
[INFO] [stdout]  --> src/lazy/engine.rs:5:5
[INFO] [stdout]   |
[INFO] [stdout] 5 | use std::collections::HashMap;
[INFO] [stdout]   |     ^^^^^^^^^^^^^^^^^^^^^^^^^
[INFO] [stdout] 
[INFO] [stdout] 
[INFO] [stdout] warning: unused import: `std::sync::Arc`
[INFO] [stdout]  --> src/lazy/engine.rs:6:5
[INFO] [stdout]   |
[INFO] [stdout] 6 | use std::sync::Arc;
[INFO] [stdout]   |     ^^^^^^^^^^^^^^
[INFO] [stdout] 
[INFO] [stdout] 
[INFO] [stdout] warning: unused import: `ndarray::Array2`
[INFO] [stdout]  --> src/lazy/engine.rs:8:5
[INFO] [stdout]   |
[INFO] [stdout] 8 | use ndarray::Array2;
[INFO] [stdout]   |     ^^^^^^^^^^^^^^^
[INFO] [stdout] 
[INFO] [stdout] 
[INFO] [stdout] warning: unused import: `std::sync::Arc`
[INFO] [stdout]   --> src/types/dataframe.rs:10:5
[INFO] [stdout]    |
[INFO] [stdout] 10 | use std::sync::Arc;
[INFO] [stdout]    |     ^^^^^^^^^^^^^^
[INFO] [stdout] 
[INFO] [stdout] 
[INFO] [stdout] warning: use of deprecated constant `std::f64::NAN`: replaced by the `NAN` associated constant on `f64`
[INFO] [stdout]   --> src/backtest/engine.rs:11:15
[INFO] [stdout]    |
[INFO] [stdout] 11 | use std::f64::NAN;
[INFO] [stdout]    |               ^^^
[INFO] [stdout]    |
[INFO] [stdout]    = note: `#[warn(deprecated)]` on by default
[INFO] [stdout] 
[INFO] [stdout] 
[INFO] [stdout] warning: use of deprecated constant `std::f64::NAN`: replaced by the `NAN` associated constant on `f64`
[INFO] [stdout]    --> src/backtest/engine.rs:661:28
[INFO] [stdout]     |
[INFO] [stdout] 661 |                     return NAN;
[INFO] [stdout]     |                            ^^^
[INFO] [stdout] 
[INFO] [stdout] 
[INFO] [stdout] warning: use of deprecated constant `std::f64::NAN`: replaced by the `NAN` associated constant on `f64`
[INFO] [stdout]    --> src/backtest/engine.rs:682:40
[INFO] [stdout]     |
[INFO] [stdout] 682 |         let ic_ir = if ic_std == 0.0 { NAN } else { ic_mean / ic_std };
[INFO] [stdout]     |                                        ^^^
[INFO] [stdout] 
[INFO] [stdout] 
[INFO] [stdout] warning: unused variable: `factor`
[INFO] [stdout]    --> src/backtest/engine.rs:316:9
[INFO] [stdout]     |
[INFO] [stdout] 316 |         factor: &Array2<f64>,
[INFO] [stdout]     |         ^^^^^^ help: if this is intentional, prefix it with an underscore: `_factor`
[INFO] [stdout]     |
[INFO] [stdout]     = note: `#[warn(unused_variables)]` (part of `#[warn(unused)]`) on by default
[INFO] [stdout] 
[INFO] [stdout] 
[INFO] [stdout] warning: unused variable: `n_rows`
[INFO] [stdout]   --> src/data/mod.rs:47:13
[INFO] [stdout]    |
[INFO] [stdout] 47 |         let n_rows = data.values().next().map(|v| v.len()).unwrap_or(0);
[INFO] [stdout]    |             ^^^^^^ help: if this is intentional, prefix it with an underscore: `_n_rows`
[INFO] [stdout] 
[INFO] [stdout] 
[INFO] [stdout] warning: unreachable pattern
[INFO] [stdout]    --> src/expr/registry/functions.rs:303:9
[INFO] [stdout]     |
[INFO] [stdout] 298 |         "le" | "less_equal" | "lte" => Ok(arg_values[0]
[INFO] [stdout]     |         --------------------------- matches all the relevant values
[INFO] [stdout] ...
[INFO] [stdout] 303 |         "le" | "less_equal" | "lte" => Ok(arg_values[0]
[INFO] [stdout]     |         ^^^^^^^^^^^^^^^^^^^^^^^^^^^ no value can reach this
[INFO] [stdout]     |
[INFO] [stdout]     = note: `#[warn(unreachable_patterns)]` (part of `#[warn(unused)]`) on by default
[INFO] [stdout] 
[INFO] [stdout] 
[INFO] [stdout] warning: unused variable: `n_total`
[INFO] [stdout]    --> src/expr/registry/mod.rs:271:17
[INFO] [stdout]     |
[INFO] [stdout] 271 |             let n_total = factor_exprs.len();
[INFO] [stdout]     |                 ^^^^^^^ help: if this is intentional, prefix it with an underscore: `_n_total`
[INFO] [stdout] 
[INFO] [stdout] 
[INFO] [stdout] warning: associated function `apply_fees` is never used
[INFO] [stdout]    --> src/backtest/engine.rs:555:8
[INFO] [stdout]     |
[INFO] [stdout] 157 | impl BacktestEngine {
[INFO] [stdout]     | ------------------- associated function in this implementation
[INFO] [stdout] ...
[INFO] [stdout] 555 |     fn apply_fees(
[INFO] [stdout]     |        ^^^^^^^^^^
[INFO] [stdout]     |
[INFO] [stdout]     = note: `#[warn(dead_code)]` (part of `#[warn(unused)]`) on by default
[INFO] [stdout] 
[INFO] [stdout] 
[INFO] [stdout] warning: field `counter` is never read
[INFO] [stdout]    --> src/expr/optimizer.rs:421:13
[INFO] [stdout]     |
[INFO] [stdout] 419 |         struct CseVisitor {
[INFO] [stdout]     |                ---------- field in this struct
[INFO] [stdout] 420 |             subexprs: HashMap<String, Expr>,
[INFO] [stdout] 421 |             counter: usize,
[INFO] [stdout]     |             ^^^^^^^
[INFO] [stdout] 
[INFO] [stdout] 
[INFO] [stderr]    Compiling alfars v0.4.3 (/opt/rustwide/workdir)
[INFO] [stdout] warning: unused imports: `FactorRegistry` and `extract_columns`
[INFO] [stdout]    --> src/al/parser.rs:320:33
[INFO] [stdout]     |
[INFO] [stdout] 320 |     use crate::expr::registry::{FactorRegistry, extract_columns, parse_expression};
[INFO] [stdout]     |                                 ^^^^^^^^^^^^^^  ^^^^^^^^^^^^^^^
[INFO] [stdout]     |
[INFO] [stdout]     = note: `#[warn(unused_imports)]` (part of `#[warn(unused)]`) on by default
[INFO] [stdout] 
[INFO] [stdout] 
[INFO] [stdout] warning: unused import: `Array1`
[INFO] [stdout]    --> src/al/parser.rs:321:19
[INFO] [stdout]     |
[INFO] [stdout] 321 |     use ndarray::{Array1, Array2};
[INFO] [stdout]     |                   ^^^^^^
[INFO] [stdout] 
[INFO] [stdout] 
[INFO] [stdout] warning: unused import: `create_factor_metadata`
[INFO] [stdout]    --> src/gp/metalearning.rs:952:50
[INFO] [stdout]     |
[INFO] [stdout] 952 |     use crate::persistence::{PerformanceMetrics, create_factor_metadata};
[INFO] [stdout]     |                                                  ^^^^^^^^^^^^^^^^^^^^^^
[INFO] [stdout] 
[INFO] [stdout] 
[INFO] [stdout] warning: use of deprecated constant `std::f64::NAN`: replaced by the `NAN` associated constant on `f64`
[INFO] [stdout]   --> src/backtest/engine.rs:11:15
[INFO] [stdout]    |
[INFO] [stdout] 11 | use std::f64::NAN;
[INFO] [stdout]    |               ^^^
[INFO] [stdout]    |
[INFO] [stdout]    = note: `#[warn(deprecated)]` on by default
[INFO] [stdout] 
[INFO] [stdout] 
[INFO] [stdout] warning: use of deprecated constant `std::f64::NAN`: replaced by the `NAN` associated constant on `f64`
[INFO] [stdout]    --> src/backtest/engine.rs:661:28
[INFO] [stdout]     |
[INFO] [stdout] 661 |                     return NAN;
[INFO] [stdout]     |                            ^^^
[INFO] [stdout] 
[INFO] [stdout] 
[INFO] [stdout] warning: use of deprecated constant `std::f64::NAN`: replaced by the `NAN` associated constant on `f64`
[INFO] [stdout]    --> src/backtest/engine.rs:682:40
[INFO] [stdout]     |
[INFO] [stdout] 682 |         let ic_ir = if ic_std == 0.0 { NAN } else { ic_mean / ic_std };
[INFO] [stdout]     |                                        ^^^
[INFO] [stdout] 
[INFO] [stdout] 
[INFO] [stdout] warning: unused variable: `i`
[INFO] [stdout]    --> src/al/parser.rs:695:22
[INFO] [stdout]     |
[INFO] [stdout] 695 |                 for (i, (name, result)) in results.iter().take(5).enumerate() {
[INFO] [stdout]     |                      ^ help: if this is intentional, prefix it with an underscore: `_i`
[INFO] [stdout]     |
[INFO] [stdout]     = note: `#[warn(unused_variables)]` (part of `#[warn(unused)]`) on by default
[INFO] [stdout] 
[INFO] [stdout] 
[INFO] [stdout] warning: unused variable: `symbol_idx`
[INFO] [stdout]     --> src/al/parser.rs:1237:14
[INFO] [stdout]      |
[INFO] [stdout] 1237 |         for (symbol_idx, symbol) in symbols.iter().enumerate() {
[INFO] [stdout]      |              ^^^^^^^^^^ help: if this is intentional, prefix it with an underscore: `_symbol_idx`
[INFO] [stdout] 
[INFO] [stdout] 
[INFO] [stdout] warning: unused variable: `factor`
[INFO] [stdout]    --> src/backtest/engine.rs:316:9
[INFO] [stdout]     |
[INFO] [stdout] 316 |         factor: &Array2<f64>,
[INFO] [stdout]     |         ^^^^^^ help: if this is intentional, prefix it with an underscore: `_factor`
[INFO] [stdout] 
[INFO] [stdout] 
[INFO] [stdout] warning: unused variable: `n_rows`
[INFO] [stdout]   --> src/data/mod.rs:47:13
[INFO] [stdout]    |
[INFO] [stdout] 47 |         let n_rows = data.values().next().map(|v| v.len()).unwrap_or(0);
[INFO] [stdout]    |             ^^^^^^ help: if this is intentional, prefix it with an underscore: `_n_rows`
[INFO] [stdout] 
[INFO] [stdout] 
[INFO] [stdout] warning: unreachable pattern
[INFO] [stdout]    --> src/expr/registry/functions.rs:303:9
[INFO] [stdout]     |
[INFO] [stdout] 298 |         "le" | "less_equal" | "lte" => Ok(arg_values[0]
[INFO] [stdout]     |         --------------------------- matches all the relevant values
[INFO] [stdout] ...
[INFO] [stdout] 303 |         "le" | "less_equal" | "lte" => Ok(arg_values[0]
[INFO] [stdout]     |         ^^^^^^^^^^^^^^^^^^^^^^^^^^^ no value can reach this
[INFO] [stdout]     |
[INFO] [stdout]     = note: `#[warn(unreachable_patterns)]` (part of `#[warn(unused)]`) on by default
[INFO] [stdout] 
[INFO] [stdout] 
[INFO] [stdout] warning: unused variable: `n_total`
[INFO] [stdout]    --> src/expr/registry/mod.rs:271:17
[INFO] [stdout]     |
[INFO] [stdout] 271 |             let n_total = factor_exprs.len();
[INFO] [stdout]     |                 ^^^^^^^ help: if this is intentional, prefix it with an underscore: `_n_total`
[INFO] [stdout] 
[INFO] [stdout] 
[INFO] [stdout] warning: associated function `apply_fees` is never used
[INFO] [stdout]    --> src/backtest/engine.rs:555:8
[INFO] [stdout]     |
[INFO] [stdout] 157 | impl BacktestEngine {
[INFO] [stdout]     | ------------------- associated function in this implementation
[INFO] [stdout] ...
[INFO] [stdout] 555 |     fn apply_fees(
[INFO] [stdout]     |        ^^^^^^^^^^
[INFO] [stdout]     |
[INFO] [stdout]     = note: `#[warn(dead_code)]` (part of `#[warn(unused)]`) on by default
[INFO] [stdout] 
[INFO] [stdout] 
[INFO] [stdout] warning: field `counter` is never read
[INFO] [stdout]    --> src/expr/optimizer.rs:421:13
[INFO] [stdout]     |
[INFO] [stdout] 419 |         struct CseVisitor {
[INFO] [stdout]     |                ---------- field in this struct
[INFO] [stdout] 420 |             subexprs: HashMap<String, Expr>,
[INFO] [stdout] 421 |             counter: usize,
[INFO] [stdout]     |             ^^^^^^^
[INFO] [stdout] 
[INFO] [stdout] 
[INFO] [stderr] warning: unused dependency `ahash`
[INFO] [stderr]  --> Cargo.toml:8:15
[INFO] [stderr]   |
[INFO] [stderr] 8 | [dependencies.ahash]
[INFO] [stderr]   |               ^^^^^^
[INFO] [stderr]   |
[INFO] [stderr]   = note: `cargo::unused_dependencies` is set to `warn` by default
[INFO] [stderr] help: consider removing the dependency on `ahash`
[INFO] [stderr] warning: unused dependency `bincode`
[INFO] [stderr]   --> Cargo.toml:14:15
[INFO] [stderr]    |
[INFO] [stderr] 14 | [dependencies.bincode]
[INFO] [stderr]    |               ^^^^^^^^
[INFO] [stderr]    |
[INFO] [stderr] help: consider removing the dependency on `bincode`
[INFO] [stderr] warning: unused dependency `dotenv`
[INFO] [stderr]   --> Cargo.toml:20:15
[INFO] [stderr]    |
[INFO] [stderr] 20 | [dependencies.dotenv]
[INFO] [stderr]    |               ^^^^^^^
[INFO] [stderr]    |
[INFO] [stderr] help: consider removing the dependency on `dotenv`
[INFO] [stderr] help: to still use for development builds, move to `dev-dependencies`
[INFO] [stderr] warning: unused dependency `itertools`
[INFO] [stderr]   --> Cargo.toml:23:15
[INFO] [stderr]    |
[INFO] [stderr] 23 | [dependencies.itertools]
[INFO] [stderr]    |               ^^^^^^^^^^
[INFO] [stderr]    |
[INFO] [stderr] help: consider removing the dependency on `itertools`
[INFO] [stderr] warning: unused dependency `tempfile`
[INFO] [stderr]   --> Cargo.toml:62:15
[INFO] [stderr]    |
[INFO] [stderr] 62 | [dependencies.tempfile]
[INFO] [stderr]    |               ^^^^^^^^^
[INFO] [stderr]    |
[INFO] [stderr] help: consider removing the dependency on `tempfile`
[INFO] [stderr] help: to still use for development builds, move to `dev-dependencies`
[INFO] [stderr] warning: `alfars` (manifest) generated 5 warnings
[INFO] [stderr]     Finished `release` profile [optimized] target(s) in 27.67s
[INFO] running `Command { std: "docker" "inspect" "36e2330df5a625ef96d80819f1c58cc0f198392cdbfd58fd21dc46120f745598", kill_on_drop: false }`
[INFO] running `Command { std: "docker" "exec" "-e" "SOURCE_DIR=/opt/rustwide/workdir" "-e" "CARGO_HOME=/opt/rustwide/cargo-home" "-e" "RUSTUP_HOME=/opt/rustwide/rustup-home" "-e" "CARGO_TARGET_DIR=/opt/rustwide/target" "-e" "CARGO_INCREMENTAL=0" "-e" "RUST_BACKTRACE=full" "-e" "RUSTFLAGS=--cap-lints=warn" "-e" "RUSTDOCFLAGS=--cap-lints=warn" "-w" "/opt/rustwide/workdir" "--user" "0:0" "36e2330df5a625ef96d80819f1c58cc0f198392cdbfd58fd21dc46120f745598" "/opt/rustwide/cargo-home/bin/cargo" "+1.100.0-beta.1" "test" "--frozen" "--release", kill_on_drop: false }`
[INFO] [stderr] warning: `package.homepage` is redundant with `package.repository`
[INFO] [stderr]    --> Cargo.toml:99:12
[INFO] [stderr]     |
[INFO] [stderr]  99 | homepage = "https://github.com/EthanNOV56/alfa.rs"
[INFO] [stderr]     |            ^^^^^^^^^^^^^^^^^^^^^^^^^^^^^^^^^^^^^^^
[INFO] [stderr] ...
[INFO] [stderr] 104 | repository = "https://github.com/EthanNOV56/alfa.rs"
[INFO] [stderr]     |              ---------------------------------------
[INFO] [stderr]     |
[INFO] [stderr]     = note: `cargo::redundant_homepage` is set to `warn` by default
[INFO] [stderr] help: consider removing `package.homepage`
[INFO] [stderr] warning: unused build dependency `pyo3-build-config`
[INFO] [stderr]  --> Cargo.toml:5:21
[INFO] [stderr]   |
[INFO] [stderr] 5 | [build-dependencies.pyo3-build-config]
[INFO] [stderr]   |                     ^^^^^^^^^^^^^^^^^^
[INFO] [stderr]   |
[INFO] [stderr]   = note: `cargo::unused_dependencies` is set to `warn` by default
[INFO] [stderr] help: consider removing the dependency on `pyo3-build-config`
[INFO] [stderr] warning: `alfars` (manifest) generated 2 warnings
[INFO] [stderr] warning: unused import: `DataType`
[INFO] [stderr]   --> src/expr/optimizer.rs:10:28
[INFO] [stderr]    |
[INFO] [stderr] 10 | use super::ast::{BinaryOp, DataType, Expr, Literal, UnaryOp};
[INFO] [stderr]    |                            ^^^^^^^^
[INFO] [stderr]    |
[INFO] [stderr]    = note: `#[warn(unused_imports)]` (part of `#[warn(unused)]`) on by default
[INFO] [stderr] 
[INFO] [stderr] warning: unused import: `std::collections::HashMap`
[INFO] [stderr]  --> src/lazy/engine.rs:5:5
[INFO] [stderr]   |
[INFO] [stderr] 5 | use std::collections::HashMap;
[INFO] [stderr]   |     ^^^^^^^^^^^^^^^^^^^^^^^^^
[INFO] [stderr] 
[INFO] [stderr] warning: unused import: `std::sync::Arc`
[INFO] [stderr]  --> src/lazy/engine.rs:6:5
[INFO] [stderr]   |
[INFO] [stderr] 6 | use std::sync::Arc;
[INFO] [stderr]   |     ^^^^^^^^^^^^^^
[INFO] [stderr] 
[INFO] [stderr] warning: unused import: `ndarray::Array2`
[INFO] [stderr]  --> src/lazy/engine.rs:8:5
[INFO] [stderr]   |
[INFO] [stderr] 8 | use ndarray::Array2;
[INFO] [stderr]   |     ^^^^^^^^^^^^^^^
[INFO] [stderr] 
[INFO] [stderr] warning: unused import: `std::sync::Arc`
[INFO] [stderr]   --> src/types/dataframe.rs:10:5
[INFO] [stderr]    |
[INFO] [stderr] 10 | use std::sync::Arc;
[INFO] [stderr]    |     ^^^^^^^^^^^^^^
[INFO] [stderr] 
[INFO] [stderr] warning: use of deprecated constant `std::f64::NAN`: replaced by the `NAN` associated constant on `f64`
[INFO] [stderr]   --> src/backtest/engine.rs:11:15
[INFO] [stderr]    |
[INFO] [stderr] 11 | use std::f64::NAN;
[INFO] [stderr]    |               ^^^
[INFO] [stderr]    |
[INFO] [stderr]    = note: `#[warn(deprecated)]` on by default
[INFO] [stderr] 
[INFO] [stderr] warning: use of deprecated constant `std::f64::NAN`: replaced by the `NAN` associated constant on `f64`
[INFO] [stderr]    --> src/backtest/engine.rs:661:28
[INFO] [stderr]     |
[INFO] [stderr] 661 |                     return NAN;
[INFO] [stderr]     |                            ^^^
[INFO] [stderr] 
[INFO] [stderr] warning: use of deprecated constant `std::f64::NAN`: replaced by the `NAN` associated constant on `f64`
[INFO] [stderr]    --> src/backtest/engine.rs:682:40
[INFO] [stderr]     |
[INFO] [stderr] 682 |         let ic_ir = if ic_std == 0.0 { NAN } else { ic_mean / ic_std };
[INFO] [stderr]     |                                        ^^^
[INFO] [stderr] 
[INFO] [stderr] warning: unused variable: `factor`
[INFO] [stderr]    --> src/backtest/engine.rs:316:9
[INFO] [stderr]     |
[INFO] [stderr] 316 |         factor: &Array2<f64>,
[INFO] [stderr]     |         ^^^^^^ help: if this is intentional, prefix it with an underscore: `_factor`
[INFO] [stderr]     |
[INFO] [stderr]     = note: `#[warn(unused_variables)]` (part of `#[warn(unused)]`) on by default
[INFO] [stderr] 
[INFO] [stderr] warning: unused variable: `n_rows`
[INFO] [stderr]   --> src/data/mod.rs:47:13
[INFO] [stderr]    |
[INFO] [stderr] 47 |         let n_rows = data.values().next().map(|v| v.len()).unwrap_or(0);
[INFO] [stderr]    |             ^^^^^^ help: if this is intentional, prefix it with an underscore: `_n_rows`
[INFO] [stderr] 
[INFO] [stderr] warning: unreachable pattern
[INFO] [stderr]    --> src/expr/registry/functions.rs:303:9
[INFO] [stderr]     |
[INFO] [stderr] 298 |         "le" | "less_equal" | "lte" => Ok(arg_values[0]
[INFO] [stderr]     |         --------------------------- matches all the relevant values
[INFO] [stderr] ...
[INFO] [stderr] 303 |         "le" | "less_equal" | "lte" => Ok(arg_values[0]
[INFO] [stderr]     |         ^^^^^^^^^^^^^^^^^^^^^^^^^^^ no value can reach this
[INFO] [stderr]     |
[INFO] [stderr]     = note: `#[warn(unreachable_patterns)]` (part of `#[warn(unused)]`) on by default
[INFO] [stderr] 
[INFO] [stderr] warning: unused variable: `n_total`
[INFO] [stderr]    --> src/expr/registry/mod.rs:271:17
[INFO] [stderr]     |
[INFO] [stderr] 271 |             let n_total = factor_exprs.len();
[INFO] [stderr]     |                 ^^^^^^^ help: if this is intentional, prefix it with an underscore: `_n_total`
[INFO] [stderr] 
[INFO] [stderr] warning: associated function `apply_fees` is never used
[INFO] [stderr]    --> src/backtest/engine.rs:555:8
[INFO] [stderr]     |
[INFO] [stderr] 157 | impl BacktestEngine {
[INFO] [stderr]     | ------------------- associated function in this implementation
[INFO] [stderr] ...
[INFO] [stderr] 555 |     fn apply_fees(
[INFO] [stderr]     |        ^^^^^^^^^^
[INFO] [stderr]     |
[INFO] [stderr]     = note: `#[warn(dead_code)]` (part of `#[warn(unused)]`) on by default
[INFO] [stderr] 
[INFO] [stderr] warning: field `counter` is never read
[INFO] [stderr]    --> src/expr/optimizer.rs:421:13
[INFO] [stderr]     |
[INFO] [stderr] 419 |         struct CseVisitor {
[INFO] [stderr]     |                ---------- field in this struct
[INFO] [stderr] 420 |             subexprs: HashMap<String, Expr>,
[INFO] [stderr] 421 |             counter: usize,
[INFO] [stderr]     |             ^^^^^^^
[INFO] [stderr] 
[INFO] [stderr] warning: unused imports: `FactorRegistry` and `extract_columns`
[INFO] [stderr]    --> src/al/parser.rs:320:33
[INFO] [stderr]     |
[INFO] [stderr] 320 |     use crate::expr::registry::{FactorRegistry, extract_columns, parse_expression};
[INFO] [stderr]     |                                 ^^^^^^^^^^^^^^  ^^^^^^^^^^^^^^^
[INFO] [stderr]     |
[INFO] [stderr]     = note: `#[warn(unused_imports)]` (part of `#[warn(unused)]`) on by default
[INFO] [stderr] 
[INFO] [stderr] warning: unused import: `Array1`
[INFO] [stderr]    --> src/al/parser.rs:321:19
[INFO] [stderr]     |
[INFO] [stderr] 321 |     use ndarray::{Array1, Array2};
[INFO] [stderr]     |                   ^^^^^^
[INFO] [stderr] 
[INFO] [stderr] warning: unused import: `create_factor_metadata`
[INFO] [stderr]    --> src/gp/metalearning.rs:952:50
[INFO] [stderr]     |
[INFO] [stderr] 952 |     use crate::persistence::{PerformanceMetrics, create_factor_metadata};
[INFO] [stderr]     |                                                  ^^^^^^^^^^^^^^^^^^^^^^
[INFO] [stderr] 
[INFO] [stderr] warning: unused variable: `i`
[INFO] [stderr]    --> src/al/parser.rs:695:22
[INFO] [stderr]     |
[INFO] [stderr] 695 |                 for (i, (name, result)) in results.iter().take(5).enumerate() {
[INFO] [stderr]     |                      ^ help: if this is intentional, prefix it with an underscore: `_i`
[INFO] [stderr]     |
[INFO] [stderr]     = note: `#[warn(unused_variables)]` (part of `#[warn(unused)]`) on by default
[INFO] [stderr] 
[INFO] [stderr] warning: unused variable: `symbol_idx`
[INFO] [stderr]     --> src/al/parser.rs:1237:14
[INFO] [stderr]      |
[INFO] [stderr] 1237 |         for (symbol_idx, symbol) in symbols.iter().enumerate() {
[INFO] [stderr]      |              ^^^^^^^^^^ help: if this is intentional, prefix it with an underscore: `_symbol_idx`
[INFO] [stderr] 
[INFO] [stderr] warning: unused variable: `factor`
[INFO] [stderr]    --> src/backtest/engine.rs:316:9
[INFO] [stderr]     |
[INFO] [stderr] 316 |         factor: &Array2<f64>,
[INFO] [stderr]     |         ^^^^^^ help: if this is intentional, prefix it with an underscore: `_factor`
[INFO] [stderr] 
[INFO] [stderr] warning: `alfars` (lib) generated 14 warnings (run `cargo fix --lib -p alfars` to apply 8 suggestions)
[INFO] [stderr] warning: `alfars` (lib test) generated 14 warnings (8 duplicates) (run `cargo fix --lib -p alfars --tests` to apply 6 suggestions)
[INFO] [stderr] warning: unused dependency `ahash`
[INFO] [stderr]  --> Cargo.toml:8:15
[INFO] [stderr]   |
[INFO] [stderr] 8 | [dependencies.ahash]
[INFO] [stderr]   |               ^^^^^^
[INFO] [stderr]   |
[INFO] [stderr]   = note: `cargo::unused_dependencies` is set to `warn` by default
[INFO] [stderr] help: consider removing the dependency on `ahash`
[INFO] [stderr] warning: unused dependency `bincode`
[INFO] [stderr]   --> Cargo.toml:14:15
[INFO] [stderr]    |
[INFO] [stderr] 14 | [dependencies.bincode]
[INFO] [stderr]    |               ^^^^^^^^
[INFO] [stderr]    |
[INFO] [stderr] help: consider removing the dependency on `bincode`
[INFO] [stderr] warning: unused dependency `dotenv`
[INFO] [stderr]   --> Cargo.toml:20:15
[INFO] [stderr]    |
[INFO] [stderr] 20 | [dependencies.dotenv]
[INFO] [stderr]    |               ^^^^^^^
[INFO] [stderr]    |
[INFO] [stderr] help: consider removing the dependency on `dotenv`
[INFO] [stderr] help: to still use for development builds, move to `dev-dependencies`
[INFO] [stderr] warning: unused dependency `itertools`
[INFO] [stderr]   --> Cargo.toml:23:15
[INFO] [stderr]    |
[INFO] [stderr] 23 | [dependencies.itertools]
[INFO] [stderr]    |               ^^^^^^^^^^
[INFO] [stderr]    |
[INFO] [stderr] help: consider removing the dependency on `itertools`
[INFO] [stderr] warning: unused dependency `tempfile`
[INFO] [stderr]   --> Cargo.toml:62:15
[INFO] [stderr]    |
[INFO] [stderr] 62 | [dependencies.tempfile]
[INFO] [stderr]    |               ^^^^^^^^^
[INFO] [stderr]    |
[INFO] [stderr] help: consider removing the dependency on `tempfile`
[INFO] [stderr] help: to still use for development builds, move to `dev-dependencies`
[INFO] [stderr] warning: `alfars` (manifest) generated 5 warnings
[INFO] [stderr]     Finished `release` profile [optimized] target(s) in 0.26s
[INFO] [stderr]      Running unittests src/lib.rs (/opt/rustwide/target/release/build/alfars/4cef055cc88f0f27/out/alfars-4cef055cc88f0f27)
[INFO] [stdout] 
[INFO] [stdout] running 287 tests
[INFO] [stdout] test al::parser::integration_tests::test_parse_alpha101_expressions ... ok
[INFO] [stdout] test al::parser::tests::test_default_dimension ... ok
[INFO] [stdout] test al::parser::tests::test_save_and_load_factor ... ok
[INFO] [stdout] test al::parser::integration_tests::test_load_alpha_files ... ok
[INFO] [stdout] test backtest::engine::tests::test_compute_cumulative_returns ... ok
[INFO] [stdout] test backtest::engine::tests::test_compute_group_returns ... ok
[INFO] [stdout] test backtest::engine::tests::test_backtest_engine_simple ... ok
[INFO] [stdout] test backtest::engine::tests::test_compute_ic_series ... ok
[INFO] [stdout] test backtest::engine::tests::test_apply_fees ... ok
[INFO] [stdout] test backtest::engine::tests::test_fee_config_custom ... ok
[INFO] [stdout] test backtest::engine::tests::test_full_backtest_flow ... ok
[INFO] [stdout] test backtest::engine::tests::test_market_neutral_vs_directional ... ok
[INFO] [stdout] test backtest::engine::tests::test_position_config_default ... ok
[INFO] [stdout] test backtest::engine::tests::test_fee_config_default ... ok
[INFO] [stdout] test backtest::engine::tests::test_position_config_long_only ... ok
[INFO] [stdout] test backtest::engine::tests::test_position_config_long_short ... ok
[INFO] [stdout] test backtest::engine::tests::test_slippage_config_custom ... ok
[INFO] [stdout] test backtest::engine::tests::test_nan_handling ... ok
[INFO] [stdout] test al::parser::integration_tests::test_per_stock_factor_calculation ... ok
[INFO] [stdout] test backtest::engine::tests::test_slippage_config_default ... ok
[INFO] [stdout] test al::parser::tests::test_parse_al_file ... ok
[INFO] [stdout] test al::parser::integration_tests::test_parse_all_alpha_expressions ... ok
[INFO] [stdout] test al::parser::integration_tests::test_compute_all_alpha_factors ... ok
[INFO] [stdout] test backtest::engine::tests::test_single_asset_backtest ... ok
[INFO] [stdout] test al::parser::integration_tests::test_parse_alpha191_expressions ... ok
[INFO] [stdout] test backtest::engine::tests::test_negative_returns ... ok
[INFO] [stdout] test data::clickhouse::tests::test_clickhouse_source_clone ... ok
[INFO] [stdout] test backtest::engine::tests::test_different_quantile_configurations ... ok
[INFO] [stdout] test data::clickhouse::tests::test_clickhouse_source_debug ... ok
[INFO] [stdout] test data::clickhouse::tests::test_clickhouse_source_from_env_defaults ... ok
[INFO] [stdout] test data::derivation::tests::test_compute_adjusted_prices_with_split ... ok
[INFO] [stdout] test al::parser::tests::test_parse_directory ... ok
[INFO] [stdout] test al::parser::integration_tests::test_alpha101_alpha191_full_pipeline ... ok
[INFO] [stdout] test backtest::engine::tests::test_compute_long_short_returns ... ok
[INFO] [stdout] test data::derivation::tests::test_compute_holding_returns_simple ... ok
[INFO] [stdout] test data::derivation::tests::test_compute_holding_returns_with_real_adjustment ... ok
[INFO] [stdout] test backtest::engine::tests::test_compute_quantile_groups ... ok
[INFO] [stdout] test data::derivation::tests::test_compute_holding_returns_with_adjustment ... ok
[INFO] [stdout] test backtest::engine::tests::test_single_day_backtest ... ok
[INFO] [stdout] test data::clickhouse::tests::test_clickhouse_source_new ... ok
[INFO] [stdout] test data::clickhouse::tests::test_clickhouse_source_with_username ... ok
[INFO] [stdout] test data::derivation::tests::test_compute_adjusted_prices ... ok
[INFO] [stdout] test data::clickhouse::tests::test_clickhouse_source_from_env_with_values ... ok
[INFO] [stdout] test data::derivation::tests::test_compute_simple_returns ... ok
[INFO] [stdout] test data::derivation::tests::test_compute_vwap ... ok
[INFO] [stdout] test data::derivation::tests::test_derive_all ... ok
[INFO] [stdout] test data::derivation::tests::test_empty_input ... ok
[INFO] [stdout] test data::source::tests::test_data_error_connection ... ok
[INFO] [stdout] test data::source::tests::test_data_error_not_found ... ok
[INFO] [stdout] test data::source::tests::test_data_error_query ... ok
[INFO] [stdout] test data::source::tests::test_mock_data_source_get_factor_data ... ok
[INFO] [stdout] test data::source::tests::test_mock_data_source_with_factor_data_result ... ok
[INFO] [stdout] test data::source::tests::test_mock_data_source_with_query_result ... ok
[INFO] [stdout] test expr::ast::tests::test_aggregate_all_ops ... ok
[INFO] [stdout] test data::source::tests::test_data_error_debug ... ok
[INFO] [stdout] test data::source::tests::test_data_error_invalid_param ... ok
[INFO] [stdout] test expr::ast::tests::test_basic_expression ... ok
[INFO] [stdout] test expr::ast::tests::test_binary_op_add ... ok
[INFO] [stdout] test expr::ast::tests::test_aggregate_expression ... ok
[INFO] [stdout] test expr::ast::tests::test_binary_op_divide ... ok
[INFO] [stdout] test expr::ast::tests::test_binary_op_multiply ... ok
[INFO] [stdout] test expr::ast::tests::test_alias ... ok
[INFO] [stdout] test expr::ast::tests::test_binary_op_modulo ... ok
[INFO] [stdout] test expr::ast::tests::test_binary_op_subtract ... ok
[INFO] [stdout] test expr::ast::tests::test_cast_expression ... ok
[INFO] [stdout] test expr::ast::tests::test_all_literal_types ... ok
[INFO] [stdout] test data::source::tests::test_mock_data_source_connected ... ok
[INFO] [stdout] test data::source::tests::test_mock_data_source_default ... ok
[INFO] [stdout] test data::source::tests::test_mock_data_source_default_trait_object ... ok
[INFO] [stdout] test data::source::tests::test_mock_data_source_query_error ... ok
[INFO] [stdout] test expr::ast::tests::test_binary_op_comparison ... ok
[INFO] [stdout] test expr::ast::tests::test_binary_op_logical ... ok
[INFO] [stdout] test expr::ast::tests::test_column_reference ... ok
[INFO] [stdout] test expr::ast::tests::test_nested_expressions ... ok
[INFO] [stdout] test expr::ast::tests::test_debug_format ... ok
[INFO] [stdout] test expr::ast::tests::test_operator_overloading ... ok
[INFO] [stdout] test expr::ast::tests::test_dimension_compatibility ... ok
[INFO] [stdout] test expr::ast::tests::test_dimension_valid_factor ... ok
[INFO] [stdout] test expr::ast::tests::test_expression_clone ... ok
[INFO] [stdout] test expr::ast::tests::test_generic_lit ... ok
[INFO] [stdout] test expr::ast::tests::test_literal_creation ... ok
[INFO] [stdout] test expr::optimizer::tests::test_algebraic_simplify_x_times_0 ... ok
[INFO] [stdout] test expr::optimizer::tests::test_complex_optimization ... ok
[INFO] [stdout] test expr::optimizer::tests::test_constant_folding ... ok
[INFO] [stdout] test expr::optimizer::tests::test_constant_folding_abs ... ok
[INFO] [stdout] test expr::optimizer::tests::test_constant_folding_division ... ok
[INFO] [stdout] test expr::optimizer::tests::test_algebraic_simplify_x_divide_1 ... ok
[INFO] [stdout] test expr::optimizer::tests::test_constant_folding_log_exp ... ok
[INFO] [stdout] test expr::optimizer::tests::test_algebraic_simplify_x_minus_x ... ok
[INFO] [stdout] test expr::optimizer::tests::test_algebraic_simplification ... ok
[INFO] [stdout] test expr::ast::tests::test_typed_expr_infer_dimension ... ok
[INFO] [stdout] test expr::optimizer::tests::test_constant_folding_modulo ... ok
[INFO] [stdout] test expr::ast::tests::test_conditional_expression ... ok
[INFO] [stdout] test expr::ast::tests::test_dimension_binary_result ... ok
[INFO] [stdout] test expr::ast::tests::test_function_call ... ok
[INFO] [stdout] test expr::ast::tests::test_literal_null ... ok
[INFO] [stdout] test expr::ast::tests::test_unary_op_all ... ok
[INFO] [stdout] test expr::ast::tests::test_unary_operators ... ok
[INFO] [stdout] test expr::optimizer::tests::test_constant_folding_sqrt ... ok
[INFO] [stdout] test expr::optimizer::tests::test_constant_folding_subtraction ... ok
[INFO] [stdout] test expr::optimizer::tests::test_double_negation ... ok
[INFO] [stdout] test expr::optimizer::tests::test_optimize_cast ... ok
[INFO] [stdout] test expr::optimizer::tests::test_constant_folding_unary ... ok
[INFO] [stdout] test expr::optimizer::tests::test_optimize_conditional ... ok
[INFO] [stdout] test expr::optimizer::tests::test_cse_disabled ... ok
[INFO] [stdout] test expr::optimizer::tests::test_optimize_no_change ... ok
[INFO] [stdout] test expr::optimizer::tests::test_cse_simple ... ok
[INFO] [stdout] test expr::optimizer::tests::test_optimize_function_call ... ok
[INFO] [stdout] test expr::optimizer::tests::test_preserve_non_trivial_expressions ... ok
[INFO] [stdout] test expr::registry::parser::tests::test_parse_binary ... ok
[INFO] [stdout] test expr::registry::parser::tests::test_parse_column ... ok
[INFO] [stdout] test expr::registry::parser::tests::test_parse_error ... ok
[INFO] [stdout] test expr::optimizer::tests::test_optimize_nested_complex ... ok
[INFO] [stdout] test expr::registry::parser::tests::test_parse_identifier ... ok
[INFO] [stdout] test expr::registry::tests::test_config_default ... ok
[INFO] [stdout] test expr::registry::tests::test_config_high_performance ... ok
[INFO] [stdout] test expr::registry::parser::tests::test_parse_number ... ok
[INFO] [stdout] test expr::registry::tests::test_delay ... ok
[INFO] [stdout] test expr::registry::parser::tests::test_parse_nested_expression ... ok
[INFO] [stdout] test expr::registry::tests::test_delta ... ok
[INFO] [stdout] test expr::registry::tests::test_rank ... ok
[INFO] [stdout] test expr::registry::tests::test_registry_compute ... ok
[INFO] [stdout] test expr::registry::tests::test_config_conservative ... ok
[INFO] [stdout] test expr::registry::tests::test_registry_get ... ok
[INFO] [stdout] test expr::registry::parser::tests::test_tokenize ... ok
[INFO] [stdout] test expr::registry::parser::tests::test_tokenize_complex ... ok
[INFO] [stdout] test expr::registry::parser::tests::test_parse_function ... ok
[INFO] [stdout] test expr::registry::tests::test_registry_set_columns ... ok
[INFO] [stdout] test expr::registry::tests::test_sign ... ok
[INFO] [stdout] test expr::registry::tests::test_registry_compute_ts_function ... ok
[INFO] [stdout] test expr::registry::tests::test_registry_new ... ok
[INFO] [stdout] test expr::registry::tests::test_registry_register ... ok
[INFO] [stdout] test expr::registry::tests::test_registry_list ... ok
[INFO] [stdout] test expr::registry::tests::test_registry_register_with_missing_column ... ok
[INFO] [stdout] test expr::registry::tests::test_registry_compute_batch ... ok
[INFO] [stdout] test expr::registry::tests::test_registry_compute_empty ... ok
[INFO] [stdout] test expr::registry::tests::test_registry_compute_nested_function ... ok
[INFO] [stdout] test expr::registry::tests::test_scale ... ok
[INFO] [stdout] test gp::engine::tests::test_fitness_evaluator ... ok
[INFO] [stdout] test gp::engine::tests::test_tree_operations ... ok
[INFO] [stdout] test gp::metalearning::tests::test_classify_expression_pattern ... ok
[INFO] [stdout] test gp::engine::tests::test_expression_generation ... ok
[INFO] [stdout] test gp::metalearning::tests::test_analyze_function_usage ... ok
[INFO] [stdout] test gp::metalearning::tests::test_gp_recommendations_methods ... ok
[INFO] [stdout] test expr::registry::tests::test_ts_max ... ok
[INFO] [stdout] test lazy::engine::tests::test_data_source_numpy_arrays ... ok
[INFO] [stdout] test lazy::engine::tests::test_ema_helper ... ok
[INFO] [stdout] test lazy::engine::tests::test_empty_data ... ok
[INFO] [stdout] test lazy::engine::tests::test_executor_cache ... ok
[INFO] [stdout] test gp::metalearning::tests::test_meta_learning_analyzer_creation ... ok
[INFO] [stdout] test lazy::engine::tests::test_executor_join_inner ... ok
[INFO] [stdout] test expr::registry::tests::test_ts_mean ... ok
[INFO] [stdout] test expr::registry::tests::test_ts_min ... ok
[INFO] [stdout] test expr::registry::tests::test_ts_sum ... ok
[INFO] [stdout] test gp::metalearning::tests::test_get_recommendations ... FAILED
[INFO] [stdout] test lazy::engine::tests::test_data_source_external ... ok
[INFO] [stdout] test lazy::engine::tests::test_cumsum_helper ... ok
[INFO] [stdout] test gp::metalearning::tests::test_model_persistence ... ok
[INFO] [stdout] test lazy::engine::tests::test_executor_filter ... ok
[INFO] [stdout] test lazy::engine::tests::test_expanding_window_helper ... ok
[INFO] [stdout] test lazy::engine::tests::test_extract_column_references ... ok
[INFO] [stdout] test lazy::engine::tests::test_executor_scan_with_projection ... ok
[INFO] [stdout] test lazy::engine::tests::test_executor_scan ... ok
[INFO] [stdout] test lazy::engine::tests::test_cumprod_helper ... ok
[INFO] [stdout] test lazy::engine::tests::test_join_type_variants ... ok
[INFO] [stdout] test lazy::engine::tests::test_lazy_frame_builder_scan ... ok
[INFO] [stdout] test lazy::engine::tests::test_lazy_frame_cache ... ok
[INFO] [stdout] test lazy::engine::tests::test_lazy_frame_builder_collect_factor ... ok
[INFO] [stdout] test lazy::engine::tests::test_lazy_frame_chaining ... ok
[INFO] [stdout] test lazy::engine::tests::test_lazy_frame_builder_no_frame ... ok
[INFO] [stdout] test lazy::engine::tests::test_executor_stateful_cumsum ... ok
[INFO] [stdout] test lazy::engine::tests::test_lazy_frame_builder_chaining ... ok
[INFO] [stdout] test lazy::engine::tests::test_executor_projection ... ok
[INFO] [stdout] test lazy::engine::tests::test_executor_window ... ok
[INFO] [stdout] test lazy::engine::tests::test_full_pipeline ... ok
[INFO] [stdout] test lazy::engine::tests::test_lazy_frame_join ... ok
[INFO] [stdout] test lazy::engine::tests::test_lazy_frame_optimization_level ... ok
[INFO] [stdout] test lazy::engine::tests::test_lazy_frame_scan ... ok
[INFO] [stdout] test lazy::engine::tests::test_lazy_frame_collect ... ok
[INFO] [stdout] test lazy::engine::tests::test_lazy_frame_with_columns ... ok
[INFO] [stdout] test lazy::engine::tests::test_lazy_frame_collect_factor ... ok
[INFO] [stdout] test lazy::engine::tests::test_lazy_frame_collect_factor_not_found ... ok
[INFO] [stdout] test lazy::engine::tests::test_lazy_frame_explain ... ok
[INFO] [stdout] test lazy::engine::tests::test_lazy_frame_filter ... ok
[INFO] [stdout] test lazy::engine::tests::test_lazy_frame_with_stateful ... ok
[INFO] [stdout] test lazy::engine::tests::test_logical_plan_scan ... ok
[INFO] [stdout] test lazy::engine::tests::test_logical_plan_stateful ... ok
[INFO] [stdout] test lazy::engine::tests::test_logical_plan_window ... ok
[INFO] [stdout] test lazy::engine::tests::test_optimizer_none_level ... ok
[INFO] [stdout] test lazy::engine::tests::test_multiple_projections ... ok
[INFO] [stdout] test lazy::engine::tests::test_window_spec_expanding ... ok
[INFO] [stdout] test lazy::engine::tests::test_optimizer_aggressive_level ... ok
[INFO] [stdout] test lazy::engine::tests::test_optimizer_basic_level ... ok
[INFO] [stdout] test lazy::engine::tests::test_logical_plan_projection ... ok
[INFO] [stdout] test lazy::engine::tests::test_optimizer_default_level ... ok
[INFO] [stdout] test lazy::engine::tests::test_predicate_pushdown ... ok
[INFO] [stdout] test lazy::engine::tests::test_logical_plan_cache ... ok
[INFO] [stdout] test lazy::engine::tests::test_logical_plan_join ... ok
[INFO] [stdout] test lazy::engine::tests::test_logical_plan_filter ... ok
[INFO] [stdout] test lazy::engine::tests::test_rolling_window_helper ... ok
[INFO] [stdout] test types::dataframe::tests::test_cached_evaluator_evaluate ... ok
[INFO] [stdout] test types::dataframe::tests::test_cached_evaluator_new ... ok
[INFO] [stdout] test lazy::engine::tests::test_window_spec_rolling ... ok
[INFO] [stdout] test types::dataframe::tests::test_create_backtest_dataframe ... ok
[INFO] [stdout] test types::dataframe::tests::test_dataframe_column ... ok
[INFO] [stdout] test types::dataframe::tests::test_dataframe_column_names ... ok
[INFO] [stdout] test types::dataframe::tests::test_dataframe_column_not_found ... ok
[INFO] [stdout] test types::dataframe::tests::test_dataframe_from_series_map ... ok
[INFO] [stdout] test persistence::tests::test_factor_metadata_creation ... ok
[INFO] [stdout] test types::dataframe::tests::test_cached_evaluator_caching ... ok
[INFO] [stdout] test types::dataframe::tests::test_cached_evaluator_clear_cache ... ok
[INFO] [stdout] test types::dataframe::tests::test_dataframe_new ... ok
[INFO] [stdout] test types::dataframe::tests::test_col ... ok
[INFO] [stdout] test persistence::tests::test_persistence_manager_basic ... ok
[INFO] [stdout] test types::dataframe::tests::test_dataframe_from_series_map_mismatched_lengths ... ok
[INFO] [stdout] test lazy::engine::tests::test_stateful_expr_variants ... ok
[INFO] [stdout] test types::dataframe::tests::test_dataframe_select ... ok
[INFO] [stdout] test types::dataframe::tests::test_dataframe_with_column ... ok
[INFO] [stdout] test persistence::tests::test_expression_cache ... ok
[INFO] [stdout] test types::dataframe::tests::test_dataframe_with_expr ... ok
[INFO] [stdout] test types::dataframe::tests::test_evaluate_column_not_found ... ok
[INFO] [stdout] test types::dataframe::tests::test_evaluate_binary_multiply ... ok
[INFO] [stdout] test persistence::tests::test_search_factors ... FAILED
[INFO] [stdout] test types::dataframe::tests::test_evaluate_binary_subtract ... ok
[INFO] [stdout] test types::dataframe::tests::test_dataframe_select_not_found ... ok
[INFO] [stdout] test types::dataframe::tests::test_evaluate_function_lag ... ok
[INFO] [stdout] test types::dataframe::tests::test_dataframe_with_column_mismatched_length ... ok
[INFO] [stdout] test types::dataframe::tests::test_df_from_arrays ... ok
[INFO] [stdout] test types::dataframe::tests::test_evaluate_function_rank ... ok
[INFO] [stdout] test types::dataframe::tests::test_evaluate_literal_integer ... ok
[INFO] [stdout] test types::dataframe::tests::test_df_from_arrays_mismatched_lengths ... ok
[INFO] [stdout] test types::dataframe::tests::test_evaluate_binary_add ... ok
[INFO] [stdout] test types::dataframe::tests::test_evaluate_function_moving_average ... ok
[INFO] [stdout] test types::dataframe::tests::test_evaluate_binary_divide ... ok
[INFO] [stdout] test types::dataframe::tests::test_evaluate_column ... ok
[INFO] [stdout] test types::series::tests::test_series_add ... ok
[INFO] [stdout] test types::dataframe::tests::test_evaluate_nested_expression ... ok
[INFO] [stdout] test types::dataframe::tests::test_evaluate_unary_abs ... ok
[INFO] [stdout] test types::series::tests::test_series_abs ... ok
[INFO] [stdout] test types::series::tests::test_series_cs_rank ... ok
[INFO] [stdout] test types::series::tests::test_series_add_length_mismatch ... ok
[INFO] [stdout] test types::series::tests::test_series_as_slice ... ok
[INFO] [stdout] test types::series::tests::test_series_data ... ok
[INFO] [stdout] test types::dataframe::tests::test_evaluate_unary_negate ... ok
[INFO] [stdout] test types::dataframe::tests::test_optimize_expr_for_evaluation ... ok
[INFO] [stdout] test types::series::tests::test_series_div ... ok
[INFO] [stdout] test types::dataframe::tests::test_lit_float ... ok
[INFO] [stdout] test types::dataframe::tests::test_lit_int ... ok
[INFO] [stdout] test types::series::tests::test_series_exp ... ok
[INFO] [stdout] test types::series::tests::test_series_ema ... ok
[INFO] [stdout] test types::series::tests::test_series_lag ... ok
[INFO] [stdout] test types::series::tests::test_series_decay_linear ... ok
[INFO] [stdout] test lazy::engine::tests::test_lazy_frame_with_window ... ok
[INFO] [stdout] test types::series::tests::test_series_diff ... ok
[INFO] [stdout] test types::dataframe::tests::test_evaluate_function_diff ... ok
[INFO] [stdout] test types::dataframe::tests::test_evaluate_literal_float ... ok
[INFO] [stdout] test types::dataframe::tests::test_evaluate_expr_on_dataframe_optimized ... ok
[INFO] [stdout] test types::series::tests::test_series_moving_average ... ok
[INFO] [stdout] test types::series::tests::test_series_neg ... ok
[INFO] [stdout] test types::series::tests::test_series_new ... ok
[INFO] [stdout] test types::series::tests::test_series_pct_change ... ok
[INFO] [stdout] test types::series::tests::test_series_log ... ok
[INFO] [stdout] test types::series::tests::test_series_from_array ... ok
[INFO] [stdout] test types::series::tests::test_series_gt ... ok
[INFO] [stdout] test types::series::tests::test_series_rolling_std ... ok
[INFO] [stdout] test types::series::tests::test_series_is_empty ... ok
[INFO] [stdout] test types::series::tests::test_series_sqrt ... ok
[INFO] [stdout] test types::series::tests::test_series_sub ... ok
[INFO] [stdout] test types::series::tests::test_series_scale ... ok
[INFO] [stdout] test types::series::tests::test_series_len ... ok
[INFO] [stdout] test types::series::tests::test_series_ts_argmax ... ok
[INFO] [stdout] test types::series::tests::test_series_ts_argmin ... ok
[INFO] [stdout] test types::series::tests::test_series_mul ... ok
[INFO] [stdout] test types::series::tests::test_series_sign ... ok
[INFO] [stdout] test types::series::tests::test_series_power ... ok
[INFO] [stdout] test types::series::tests::test_series_ts_rank ... ok
[INFO] [stdout] test types::series::tests::test_series_ts_sum ... ok
[INFO] [stdout] test types::series::tests::test_series_ts_corr ... ok
[INFO] [stdout] test types::series::tests::test_series_ts_count ... ok
[INFO] [stdout] test types::series::tests::test_series_ts_max ... ok
[INFO] [stdout] test types::series::tests::test_series_ts_min ... ok
[INFO] [stdout] test types::series::tests::test_series_with_name ... ok
[INFO] [stdout] test types::series::tests::test_series_z_score ... ok
[INFO] [stdout] test data::clickhouse::tests::test_clickhouse_is_connected_returns_false ... ok
[INFO] [stdout] test data::clickhouse::tests::test_clickhouse_get_factor_data_returns_error ... ok
[INFO] [stdout] test data::clickhouse::tests::test_clickhouse_query_returns_error ... ok
[INFO] [stdout] test al::parser::integration_tests::test_single_stock_weight_real_data ... ok
[INFO] [stdout] 
[INFO] [stdout] failures:
[INFO] [stdout] 
[INFO] [stdout] ---- gp::metalearning::tests::test_get_recommendations stdout ----
[INFO] [stdout] 
[INFO] [stdout] thread 'gp::metalearning::tests::test_get_recommendations' (2483) panicked at src/gp/metalearning.rs:1032:9:
[INFO] [stdout] assertion failed: recommendations.is_valid()
[INFO] [stdout] stack backtrace:
[INFO] [stdout]    0:     0x5cb6088f0d41 - <<std[617be2ca0a6fd877]::sys::backtrace::BacktraceLock>::print::DisplayBacktrace as core[a373ad73a504971]::fmt::Display>::fmt
[INFO] [stdout]    1:     0x5cb608908e3a - core[a373ad73a504971]::fmt::write
[INFO] [stdout]    2:     0x5cb6088f599c - <alloc[2e1b2a31b91974c5]::vec::Vec<u8> as core[a373ad73a504971]::io::write::Write>::write_fmt
[INFO] [stdout]    3:     0x5cb6088c9c76 - std[617be2ca0a6fd877]::panicking::default_hook::{closure#0}
[INFO] [stdout]    4:     0x5cb6088e7a89 - std[617be2ca0a6fd877]::panicking::default_hook
[INFO] [stdout]    5:     0x5cb608871920 - test[aada8e7e76ba119b]::test_main_inner::{closure#0}
[INFO] [stdout]    6:     0x5cb6088e7db2 - std[617be2ca0a6fd877]::panicking::panic_with_hook
[INFO] [stdout]    7:     0x5cb6088c9d54 - std[617be2ca0a6fd877]::panicking::panic_handler::{closure#0}
[INFO] [stdout]    8:     0x5cb6088c2479 - std[617be2ca0a6fd877]::sys::backtrace::__rust_end_short_backtrace::<std[617be2ca0a6fd877]::panicking::panic_handler::{closure#0}, !>
[INFO] [stdout]    9:     0x5cb6088cabbd - __rustc[ea4f61d10b84890b]::rust_begin_unwind
[INFO] [stdout]   10:     0x5cb60890959c - core[a373ad73a504971]::panicking::panic_fmt
[INFO] [stdout]   11:     0x5cb608909562 - core[a373ad73a504971]::panicking::panic
[INFO] [stdout]   12:     0x5cb60860ed5a - <alfars[ed60fb3c4dcfcbae]::gp::metalearning::tests::test_get_recommendations::{closure#0} as core[a373ad73a504971]::ops::function::FnOnce<()>>::call_once
[INFO] [stdout]   13:     0x5cb608864d6b - test[aada8e7e76ba119b]::__rust_begin_short_backtrace::<core[a373ad73a504971]::result::Result<(), alloc[2e1b2a31b91974c5]::string::String>, fn() -> core[a373ad73a504971]::result::Result<(), alloc[2e1b2a31b91974c5]::string::String>>
[INFO] [stdout]   14:     0x5cb608871f45 - test[aada8e7e76ba119b]::run_test::{closure#0}
[INFO] [stdout]   15:     0x5cb60886b834 - std[617be2ca0a6fd877]::sys::backtrace::__rust_begin_short_backtrace::<test[aada8e7e76ba119b]::run_test::{closure#1}, ()>
[INFO] [stdout]   16:     0x5cb608874fd2 - <std[617be2ca0a6fd877]::thread::lifecycle::spawn_unchecked<test[aada8e7e76ba119b]::run_test::{closure#1}, ()>::{closure#1} as core[a373ad73a504971]::ops::function::FnOnce<()>>::call_once::{shim:vtable#0}
[INFO] [stdout]   17:     0x5cb6088efcaf - <std[617be2ca0a6fd877]::sys::thread::unix::Thread>::new::thread_start
[INFO] [stdout]   18:     0x723405a52dfa - <unknown>
[INFO] [stdout]   19:     0x723405ae63d4 - clone
[INFO] [stdout]   20:                0x0 - <unknown>
[INFO] [stdout] 
[INFO] [stdout] ---- persistence::tests::test_search_factors stdout ----
[INFO] [stdout] 
[INFO] [stdout] thread 'persistence::tests::test_search_factors' (2542) panicked at src/persistence.rs:749:9:
[INFO] [stdout] assertion `left == right` failed
[INFO] [stdout]   left: 0
[INFO] [stdout]  right: 1
[INFO] [stdout] stack backtrace:
[INFO] [stdout]    0:     0x5cb6088f0d41 - <<std[617be2ca0a6fd877]::sys::backtrace::BacktraceLock>::print::DisplayBacktrace as core[a373ad73a504971]::fmt::Display>::fmt
[INFO] [stdout]    1:     0x5cb608908e3a - core[a373ad73a504971]::fmt::write
[INFO] [stdout]    2:     0x5cb6088f599c - <alloc[2e1b2a31b91974c5]::vec::Vec<u8> as core[a373ad73a504971]::io::write::Write>::write_fmt
[INFO] [stdout]    3:     0x5cb6088c9c76 - std[617be2ca0a6fd877]::panicking::default_hook::{closure#0}
[INFO] [stdout]    4:     0x5cb6088e7a89 - std[617be2ca0a6fd877]::panicking::default_hook
[INFO] [stdout]    5:     0x5cb608871920 - test[aada8e7e76ba119b]::test_main_inner::{closure#0}
[INFO] [stdout]    6:     0x5cb6088e7db2 - std[617be2ca0a6fd877]::panicking::panic_with_hook
[INFO] [stdout]    7:     0x5cb6088c9d22 - std[617be2ca0a6fd877]::panicking::panic_handler::{closure#0}
[INFO] [stdout]    8:     0x5cb6088c2479 - std[617be2ca0a6fd877]::sys::backtrace::__rust_end_short_backtrace::<std[617be2ca0a6fd877]::panicking::panic_handler::{closure#0}, !>
[INFO] [stdout]    9:     0x5cb6088cabbd - __rustc[ea4f61d10b84890b]::rust_begin_unwind
[INFO] [stdout]   10:     0x5cb60890959c - core[a373ad73a504971]::panicking::panic_fmt
[INFO] [stdout]   11:     0x5cb6089094b3 - core[a373ad73a504971]::panicking::assert_failed_inner
[INFO] [stdout]   12:     0x5cb608903c38 - core[a373ad73a504971]::panicking::assert_failed::<usize, usize>
[INFO] [stdout]   13:     0x5cb608604024 - <alfars[ed60fb3c4dcfcbae]::persistence::tests::test_search_factors::{closure#0} as core[a373ad73a504971]::ops::function::FnOnce<()>>::call_once
[INFO] [stdout]   14:     0x5cb608864d6b - test[aada8e7e76ba119b]::__rust_begin_short_backtrace::<core[a373ad73a504971]::result::Result<(), alloc[2e1b2a31b91974c5]::string::String>, fn() -> core[a373ad73a504971]::result::Result<(), alloc[2e1b2a31b91974c5]::string::String>>
[INFO] [stdout]   15:     0x5cb608871f45 - test[aada8e7e76ba119b]::run_test::{closure#0}
[INFO] [stdout]   16:     0x5cb60886b834 - std[617be2ca0a6fd877]::sys::backtrace::__rust_begin_short_backtrace::<test[aada8e7e76ba119b]::run_test::{closure#1}, ()>
[INFO] [stdout]   17:     0x5cb608874fd2 - <std[617be2ca0a6fd877]::thread::lifecycle::spawn_unchecked<test[aada8e7e76ba119b]::run_test::{closure#1}, ()>::{closure#1} as core[a373ad73a504971]::ops::function::FnOnce<()>>::call_once::{shim:vtable#0}
[INFO] [stdout]   18:     0x5cb6088efcaf - <std[617be2ca0a6fd877]::sys::thread::unix::Thread>::new::thread_start
[INFO] [stdout]   19:     0x723405a52dfa - <unknown>
[INFO] [stdout]   20:     0x723405ae63d4 - clone
[INFO] [stdout]   21:                0x0 - <unknown>
[INFO] [stdout] 
[INFO] [stdout] 
[INFO] [stdout] failures:
[INFO] [stdout]     gp::metalearning::tests::test_get_recommendations
[INFO] [stdout]     persistence::tests::test_search_factors
[INFO] [stdout] 
[INFO] [stdout] test result: FAILED. 285 passed; 2 failed; 0 ignored; 0 measured; 0 filtered out; finished in 0.19s
[INFO] [stdout] 
[INFO] [stderr] error: test failed, to rerun pass `--lib`
[INFO] running `Command { std: "docker" "inspect" "36e2330df5a625ef96d80819f1c58cc0f198392cdbfd58fd21dc46120f745598", kill_on_drop: false }`
[INFO] running `Command { std: "docker" "rm" "-f" "36e2330df5a625ef96d80819f1c58cc0f198392cdbfd58fd21dc46120f745598", kill_on_drop: false }`
[INFO] [stdout] 36e2330df5a625ef96d80819f1c58cc0f198392cdbfd58fd21dc46120f745598
