[INFO] fetching crate akita_codegen 0.6.0...
[INFO] testing akita_codegen-0.6.0 against 1.99.0-beta.8+cargoflags=--release for beta-release-1.100-2
[INFO] extracting crate akita_codegen 0.6.0 into /workspace/builds/worker-2-tc1/source
[INFO] started tweaking crates.io crate akita_codegen 0.6.0
[INFO] finished tweaking crates.io crate akita_codegen 0.6.0
[INFO] tweaked toml for crates.io crate akita_codegen 0.6.0 written to /workspace/builds/worker-2-tc1/source/Cargo.toml
[INFO] validating manifest of crates.io crate akita_codegen 0.6.0 on toolchain 1.99.0-beta.8
[INFO] running `Command { std: CARGO_HOME="/workspace/cargo-home" RUSTUP_HOME="/workspace/rustup-home" "/workspace/cargo-home/bin/cargo" "+1.99.0-beta.8" "metadata" "--manifest-path" "Cargo.toml" "--no-deps", kill_on_drop: false }`
[INFO] crate crates.io crate akita_codegen 0.6.0 already has a lockfile, it will not be regenerated
[INFO] running `Command { std: CARGO_HOME="/workspace/cargo-home" RUSTUP_HOME="/workspace/rustup-home" "/workspace/cargo-home/bin/cargo" "+1.99.0-beta.8" "fetch" "--manifest-path" "Cargo.toml", kill_on_drop: false }`
[INFO] [stderr]     Updating crates.io index
[INFO] [stderr]  Downloading crates ...
[INFO] [stderr]   Downloaded tera v1.20.0
[INFO] [stderr]   Downloaded pest_derive v2.7.14
[INFO] [stderr]   Downloaded pest_generator v2.7.14
[INFO] [stderr]   Downloaded getset v0.1.3
[INFO] [stderr]   Downloaded globset v0.4.15
[INFO] [stderr]   Downloaded pest_meta v2.7.14
[INFO] [stderr]   Downloaded clap v4.5.22
[INFO] [stderr]   Downloaded scheduled-thread-pool v0.2.7
[INFO] [stderr]   Downloaded cc v1.2.2
[INFO] [stderr]   Downloaded saturating v0.1.0
[INFO] [stderr]   Downloaded mysql-common-derive v0.32.1
[INFO] [stderr]   Downloaded named_pipe v0.4.1
[INFO] [stderr]   Downloaded io-enum v1.2.0
[INFO] [stderr]   Downloaded btoi v0.4.3
[INFO] [stderr]   Downloaded pest v2.7.14
[INFO] [stderr]   Downloaded akita_derive v0.6.2
[INFO] [stderr]   Downloaded pnet_sys v0.35.0
[INFO] [stderr]   Downloaded pnet_transport v0.35.0
[INFO] [stderr]   Downloaded pnet v0.35.0
[INFO] [stderr]   Downloaded deunicode v1.6.0
[INFO] [stderr]   Downloaded clap_builder v4.5.22
[INFO] [stderr]   Downloaded pnet_datalink v0.35.0
[INFO] [stderr]   Downloaded akita_core v0.6.2
[INFO] [stderr]   Downloaded bigdecimal v0.4.6
[INFO] [stderr]   Downloaded mysql v26.0.1
[INFO] [stderr]   Downloaded mysql_common v0.35.5
[INFO] [stderr]   Downloaded bstr v1.11.0
[INFO] [stderr]   Downloaded rustix v0.38.41
[INFO] [stderr]   Downloaded akita v0.6.2
[INFO] [stderr]   Downloaded libc v0.2.167
[INFO] running `Command { std: "docker" "create" "-v" "/var/lib/crater-agent-workspace/builds/worker-2-tc1/source:/opt/rustwide/workdir:ro,Z" "-v" "/var/lib/crater-agent-workspace/builds/worker-2-tc1/target:/opt/rustwide/target:rw,Z" "-v" "/var/lib/crater-agent-workspace/cargo-home:/opt/rustwide/cargo-home:ro,Z" "-v" "/var/lib/crater-agent-workspace/rustup-home:/opt/rustwide/rustup-home:ro,Z" "-m" "1610612736" "--network" "none" "ghcr.io/rust-lang/crates-build-env/linux@sha256:77db811e55d90add9212f6832c23229e3de5f1c1f9905e8cb07319ea15df73ac" "sleep" "infinity", kill_on_drop: false }`
[INFO] [stdout] ce2b8e9f9e3c75eadba28194749c40ec5aa311bf7ad31a2b54191d4cda74f96c
[INFO] running `Command { std: "docker" "start" "ce2b8e9f9e3c75eadba28194749c40ec5aa311bf7ad31a2b54191d4cda74f96c", kill_on_drop: false }`
[INFO] running `Command { std: "docker" "inspect" "ce2b8e9f9e3c75eadba28194749c40ec5aa311bf7ad31a2b54191d4cda74f96c", kill_on_drop: false }`
[INFO] running `Command { std: "docker" "exec" "-e" "SOURCE_DIR=/opt/rustwide/workdir" "-e" "CARGO_HOME=/opt/rustwide/cargo-home" "-e" "RUSTUP_HOME=/opt/rustwide/rustup-home" "-e" "CARGO_TARGET_DIR=/opt/rustwide/target" "-w" "/opt/rustwide/workdir" "--user" "0:0" "ce2b8e9f9e3c75eadba28194749c40ec5aa311bf7ad31a2b54191d4cda74f96c" "/opt/rustwide/cargo-home/bin/cargo" "+1.99.0-beta.8" "metadata" "--no-deps" "--format-version=1", kill_on_drop: false }`
[INFO] running `Command { std: "docker" "inspect" "ce2b8e9f9e3c75eadba28194749c40ec5aa311bf7ad31a2b54191d4cda74f96c", kill_on_drop: false }`
[INFO] running `Command { std: "docker" "exec" "-e" "SOURCE_DIR=/opt/rustwide/workdir" "-e" "CARGO_HOME=/opt/rustwide/cargo-home" "-e" "RUSTUP_HOME=/opt/rustwide/rustup-home" "-e" "CARGO_TARGET_DIR=/opt/rustwide/target" "-e" "CARGO_INCREMENTAL=0" "-e" "RUST_BACKTRACE=full" "-e" "RUSTFLAGS=--cap-lints=warn" "-e" "RUSTDOCFLAGS=--cap-lints=warn" "-w" "/opt/rustwide/workdir" "--user" "0:0" "ce2b8e9f9e3c75eadba28194749c40ec5aa311bf7ad31a2b54191d4cda74f96c" "/opt/rustwide/cargo-home/bin/cargo" "+1.99.0-beta.8" "build" "--frozen" "--message-format=json" "--release", kill_on_drop: false }`
[INFO] [stderr]    Compiling libc v0.2.167
[INFO] [stderr]    Compiling memchr v2.7.4
[INFO] [stderr]    Compiling quote v1.0.42
[INFO] [stderr]    Compiling stable_deref_trait v1.2.0
[INFO] [stderr]    Compiling smallvec v1.13.2
[INFO] [stderr]    Compiling aho-corasick v1.1.3
[INFO] [stderr]    Compiling equivalent v1.0.1
[INFO] [stderr]    Compiling litemap v0.7.4
[INFO] [stderr]    Compiling hashbrown v0.16.1
[INFO] [stderr]    Compiling siphasher v0.3.11
[INFO] [stderr]    Compiling rkyv v0.7.45
[INFO] [stderr]    Compiling syn v2.0.90
[INFO] [stderr]    Compiling syn v1.0.109
[INFO] [stderr]    Compiling libm v0.2.11
[INFO] [stderr]    Compiling phf_shared v0.11.2
[INFO] [stderr]    Compiling no-std-net v0.6.0
[INFO] [stderr]    Compiling rand_core v0.6.4
[INFO] [stderr]    Compiling icu_locid_transform_data v1.5.0
[INFO] [stderr]    Compiling bitflags v2.6.0
[INFO] [stderr]    Compiling seahash v4.1.0
[INFO] [stderr]    Compiling indexmap v2.12.1
[INFO] [stderr]    Compiling cc v1.2.2
[INFO] [stderr]    Compiling rand v0.8.5
[INFO] [stderr]    Compiling pnet_base v0.35.0
[INFO] [stderr]    Compiling num-traits v0.2.19
[INFO] [stderr]    Compiling serde_json v1.0.133
[INFO] [stderr]    Compiling winnow v0.7.14
[INFO] [stderr]    Compiling regex-automata v0.4.9
[INFO] [stderr]    Compiling icu_properties_data v1.5.0
[INFO] [stderr]    Compiling itoa v1.0.14
[INFO] [stderr]    Compiling ryu v1.0.18
[INFO] [stderr]    Compiling libz-sys v1.1.23
[INFO] [stderr]    Compiling phf_generator v0.11.2
[INFO] [stderr]    Compiling getrandom v0.2.15
[INFO] [stderr]    Compiling proc-macro-error-attr2 v2.0.0
[INFO] [stderr]    Compiling toml_parser v1.0.6+spec-1.1.0
[INFO] [stderr]    Compiling thiserror v1.0.69
[INFO] [stderr]    Compiling bigdecimal v0.4.6
[INFO] [stderr]    Compiling toml_datetime v0.7.5+spec-1.1.0
[INFO] [stderr]    Compiling log v0.4.22
[INFO] [stderr]    Compiling icu_normalizer_data v1.5.0
[INFO] [stderr]    Compiling num-integer v0.1.46
[INFO] [stderr]    Compiling toml_edit v0.23.10+spec-1.0.0
[INFO] [stderr]    Compiling lock_api v0.4.12
[INFO] [stderr]    Compiling num-bigint v0.4.6
[INFO] [stderr]    Compiling phf_codegen v0.11.2
[INFO] [stderr]    Compiling getrandom v0.3.4
[INFO] [stderr]    Compiling synstructure v0.13.1
[INFO] [stderr]    Compiling regex v1.11.1
[INFO] [stderr]    Compiling darling_core v0.20.11
[INFO] [stderr]    Compiling parse-zoneinfo v0.3.1
[INFO] [stderr]    Compiling ptr_meta_derive v0.1.4
[INFO] [stderr]    Compiling rkyv_derive v0.7.45
[INFO] [stderr]    Compiling ptr_meta v0.1.4
[INFO] [stderr]    Compiling proc-macro-error2 v2.0.1
[INFO] [stderr]    Compiling zerofrom-derive v0.1.5
[INFO] [stderr]    Compiling serde_derive v1.0.228
[INFO] [stderr]    Compiling yoke-derive v0.7.5
[INFO] [stderr]    Compiling zerovec-derive v0.10.3
[INFO] [stderr]    Compiling zerofrom v0.1.5
[INFO] [stderr]    Compiling displaydoc v0.2.5
[INFO] [stderr]    Compiling yoke v0.7.5
[INFO] [stderr]    Compiling icu_provider_macros v1.5.0
[INFO] [stderr]    Compiling thiserror-impl v1.0.69
[INFO] [stderr]    Compiling zerocopy-derive v0.7.35
[INFO] [stderr]    Compiling thiserror-impl v2.0.17
[INFO] [stderr]    Compiling zerovec v0.10.4
[INFO] [stderr]    Compiling darling_macro v0.20.11
[INFO] [stderr]    Compiling zerocopy v0.7.35
[INFO] [stderr]    Compiling pnet_macros v0.35.0
[INFO] [stderr]    Compiling parking_lot_core v0.9.10
[INFO] [stderr]    Compiling pnet_macros_support v0.35.0
[INFO] [stderr]    Compiling pnet_sys v0.35.0
[INFO] [stderr]    Compiling thiserror v2.0.17
[INFO] [stderr]    Compiling phf v0.11.2
[INFO] [stderr]    Compiling proc-macro-error-attr v1.0.4
[INFO] [stderr]    Compiling ucd-trie v0.1.7
[INFO] [stderr]    Compiling chrono-tz-build v0.3.0
[INFO] [stderr]    Compiling pnet_packet v0.35.0
[INFO] [stderr]    Compiling pest v2.7.14
[INFO] [stderr]    Compiling darling v0.20.11
[INFO] [stderr]    Compiling ppv-lite86 v0.2.20
[INFO] [stderr]    Compiling proc-macro-crate v3.4.0
[INFO] [stderr]    Compiling tinystr v0.7.6
[INFO] [stderr]    Compiling serde v1.0.228
[INFO] [stderr]    Compiling icu_locid v1.5.0
[INFO] [stderr]    Compiling icu_collections v1.5.0
[INFO] [stderr]    Compiling rand_chacha v0.3.1
[INFO] [stderr]    Compiling uuid v1.19.0
[INFO] [stderr]    Compiling icu_provider v1.5.0
[INFO] [stderr]    Compiling chrono v0.4.38
[INFO] [stderr]    Compiling ipnetwork v0.20.0
[INFO] [stderr]    Compiling icu_locid_transform v1.5.0
[INFO] [stderr]    Compiling icu_properties v1.5.1
[INFO] [stderr]    Compiling crc32fast v1.5.0
[INFO] [stderr]    Compiling bstr v1.11.0
[INFO] [stderr]    Compiling proc-macro-error v1.0.4
[INFO] [stderr]    Compiling termcolor v1.4.1
[INFO] [stderr]    Compiling toml_datetime v0.6.8
[INFO] [stderr]    Compiling pnet v0.35.0
[INFO] [stderr]    Compiling mysql_common v0.35.5
[INFO] [stderr]    Compiling rustix v0.38.41
[INFO] [stderr]    Compiling mysql-common-derive v0.32.1
[INFO] [stderr]    Compiling toml_edit v0.19.15
[INFO] [stderr]    Compiling globset v0.4.15
[INFO] [stderr]    Compiling anstyle-parse v0.2.6
[INFO] [stderr]    Compiling icu_normalizer v1.5.0
[INFO] [stderr]    Compiling flate2 v1.1.5
[INFO] [stderr]    Compiling crossbeam-deque v0.8.5
[INFO] [stderr]    Compiling pnet_transport v0.35.0
[INFO] [stderr]    Compiling idna_adapter v1.2.0
[INFO] [stderr]    Compiling pnet_datalink v0.35.0
[INFO] [stderr]    Compiling pest_meta v2.7.14
[INFO] [stderr]    Compiling idna v1.0.3
[INFO] [stderr]    Compiling chrono-tz v0.9.0
[INFO] [stderr]    Compiling form_urlencoded v1.2.1
[INFO] [stderr]    Compiling parking_lot v0.12.3
[INFO] [stderr]    Compiling tracing-attributes v0.1.28
[INFO] [stderr]    Compiling derive_utils v0.15.0
[INFO] [stderr]    Compiling tracing-core v0.1.33
[INFO] [stderr]    Compiling btoi v0.4.3
[INFO] [stderr]    Compiling saturating v0.1.0
[INFO] [stderr]    Compiling colorchoice v1.0.3
[INFO] [stderr]    Compiling linux-raw-sys v0.4.14
[INFO] [stderr]    Compiling bytes v1.9.0
[INFO] [stderr]    Compiling anstyle v1.0.10
[INFO] [stderr]    Compiling pin-project-lite v0.2.15
[INFO] [stderr]    Compiling anstyle-query v1.1.2
[INFO] [stderr]    Compiling safemem v0.3.3
[INFO] [stderr]    Compiling mysql v26.0.1
[INFO] [stderr]    Compiling anstream v0.6.18
[INFO] [stderr]    Compiling base64 v0.9.3
[INFO] [stderr]    Compiling tracing v0.1.41
[INFO] [stderr]    Compiling io-enum v1.2.0
[INFO] [stderr]    Compiling pest_generator v2.7.14
[INFO] [stderr]    Compiling scheduled-thread-pool v0.2.7
[INFO] [stderr]    Compiling url v2.5.4
[INFO] [stderr]    Compiling proc-macro-crate v1.3.1
[INFO] [stderr]    Compiling ignore v0.4.23
[INFO] [stderr]    Compiling pem v3.0.6
[INFO] [stderr]    Compiling socket2 v0.5.8
[INFO] [stderr]    Compiling crossbeam-queue v0.3.12
[INFO] [stderr]    Compiling deunicode v1.6.0
[INFO] [stderr]    Compiling clap_lex v0.7.3
[INFO] [stderr]    Compiling bufstream v0.1.4
[INFO] [stderr]    Compiling lru v0.12.5
[INFO] [stderr]    Compiling twox-hash v2.1.2
[INFO] [stderr]    Compiling if_chain v1.0.2
[INFO] [stderr]    Compiling fastrand v2.2.0
[INFO] [stderr]    Compiling lazy_static v1.5.0
[INFO] [stderr]    Compiling twox-hash v1.6.3
[INFO] [stderr]    Compiling akita_derive v0.6.2
[INFO] [stderr]    Compiling clap_builder v4.5.22
[INFO] [stderr]    Compiling tempfile v3.14.0
[INFO] [stderr]    Compiling console v0.16.2
[INFO] [stderr]    Compiling dashmap v6.1.0
[INFO] [stderr]    Compiling globwalk v0.9.1
[INFO] [stderr]    Compiling slug v0.1.6
[INFO] [stderr]    Compiling pest_derive v2.7.14
[INFO] [stderr]    Compiling akita_core v0.6.2
[INFO] [stderr]    Compiling r2d2 v0.8.10
[INFO] [stderr]    Compiling clap_derive v4.5.18
[INFO] [stderr]    Compiling humansize v2.1.3
[INFO] [stderr]    Compiling quick-xml v0.38.4
[INFO] [stderr]    Compiling shell-words v1.1.0
[INFO] [stderr]    Compiling serde_yaml v0.9.34+deprecated
[INFO] [stderr]    Compiling dialoguer v0.12.0
[INFO] [stderr]    Compiling tera v1.20.0
[INFO] [stderr]    Compiling clap v4.5.22
[INFO] [stderr]    Compiling getset v0.1.3
[INFO] [stderr]    Compiling akita v0.6.2
[INFO] [stderr]    Compiling akita_codegen v0.6.0 (/opt/rustwide/workdir)
[INFO] [stderr]     Finished `release` profile [optimized] target(s) in 4m 49s
[INFO] [stderr] warning: the following packages contain code that will be rejected by a future version of Rust: proc-macro-error2 v2.0.1
[INFO] [stderr] note: to see what the problems were, use the option `--future-incompat-report`, or run `cargo report future-incompatibilities --id 2`
[INFO] running `Command { std: "docker" "inspect" "ce2b8e9f9e3c75eadba28194749c40ec5aa311bf7ad31a2b54191d4cda74f96c", kill_on_drop: false }`
[INFO] running `Command { std: "docker" "exec" "-e" "SOURCE_DIR=/opt/rustwide/workdir" "-e" "CARGO_HOME=/opt/rustwide/cargo-home" "-e" "RUSTUP_HOME=/opt/rustwide/rustup-home" "-e" "CARGO_TARGET_DIR=/opt/rustwide/target" "-e" "CARGO_INCREMENTAL=0" "-e" "RUST_BACKTRACE=full" "-e" "RUSTFLAGS=--cap-lints=warn" "-e" "RUSTDOCFLAGS=--cap-lints=warn" "-w" "/opt/rustwide/workdir" "--user" "0:0" "ce2b8e9f9e3c75eadba28194749c40ec5aa311bf7ad31a2b54191d4cda74f96c" "/opt/rustwide/cargo-home/bin/cargo" "+1.99.0-beta.8" "test" "--frozen" "--no-run" "--message-format=json" "--release", kill_on_drop: false }`
[INFO] [stderr]    Compiling akita_codegen v0.6.0 (/opt/rustwide/workdir)
[INFO] [stderr]     Finished `release` profile [optimized] target(s) in 1.70s
[INFO] [stderr] warning: the following packages contain code that will be rejected by a future version of Rust: proc-macro-error2 v2.0.1
[INFO] [stderr] note: to see what the problems were, use the option `--future-incompat-report`, or run `cargo report future-incompatibilities --id 2`
[INFO] running `Command { std: "docker" "inspect" "ce2b8e9f9e3c75eadba28194749c40ec5aa311bf7ad31a2b54191d4cda74f96c", kill_on_drop: false }`
[INFO] running `Command { std: "docker" "exec" "-e" "SOURCE_DIR=/opt/rustwide/workdir" "-e" "CARGO_HOME=/opt/rustwide/cargo-home" "-e" "RUSTUP_HOME=/opt/rustwide/rustup-home" "-e" "CARGO_TARGET_DIR=/opt/rustwide/target" "-e" "CARGO_INCREMENTAL=0" "-e" "RUST_BACKTRACE=full" "-e" "RUSTFLAGS=--cap-lints=warn" "-e" "RUSTDOCFLAGS=--cap-lints=warn" "-w" "/opt/rustwide/workdir" "--user" "0:0" "ce2b8e9f9e3c75eadba28194749c40ec5aa311bf7ad31a2b54191d4cda74f96c" "/opt/rustwide/cargo-home/bin/cargo" "+1.99.0-beta.8" "test" "--frozen" "--release", kill_on_drop: false }`
[INFO] [stderr]     Finished `release` profile [optimized] target(s) in 0.27s
[INFO] [stderr] warning: the following packages contain code that will be rejected by a future version of Rust: proc-macro-error2 v2.0.1
[INFO] [stderr] note: to see what the problems were, use the option `--future-incompat-report`, or run `cargo report future-incompatibilities --id 2`
[INFO] [stderr]      Running unittests src/lib.rs (/opt/rustwide/target/release/deps/akita_codegen-74cdbd527b611c27)
[INFO] [stdout] 
[INFO] [stdout] running 2 tests
[INFO] [stdout] test engine::test_os ... ok
[INFO] [stdout] test builder::test_table_name_matches ... FAILED
[INFO] [stdout] 
[INFO] [stdout] failures:
[INFO] [stdout] 
[INFO] [stdout] ---- builder::test_table_name_matches stdout ----
[INFO] [stdout] 
[INFO] [stdout] thread 'builder::test_table_name_matches' (3126) panicked at src/builder.rs:457:5:
[INFO] [stdout] assertion `left == right` failed
[INFO] [stdout]   left: false
[INFO] [stdout]  right: true
[INFO] [stdout] stack backtrace:
[INFO] [stdout]    0:     0x55ae5645bcc1 - <<std[70759c8f55707aa4]::sys::backtrace::BacktraceLock>::print::DisplayBacktrace as core[df12db4294e9bfd3]::fmt::Display>::fmt
[INFO] [stdout]    1:     0x55ae5646fe9a - core[df12db4294e9bfd3]::fmt::write
[INFO] [stdout]    2:     0x55ae5646015c - <alloc[2182bb758b4b3781]::vec::Vec<u8> as core[df12db4294e9bfd3]::io::write::Write>::write_fmt
[INFO] [stdout]    3:     0x55ae564382b6 - std[70759c8f55707aa4]::panicking::default_hook::{closure#0}
[INFO] [stdout]    4:     0x55ae56454429 - std[70759c8f55707aa4]::panicking::default_hook
[INFO] [stdout]    5:     0x55ae563f08b0 - test[9d35eded1c95d3be]::test_main_inner::<test[9d35eded1c95d3be]::test_main_static::{closure#0}>::{closure#0}
[INFO] [stdout]    6:     0x55ae564545e2 - std[70759c8f55707aa4]::panicking::panic_with_hook
[INFO] [stdout]    7:     0x55ae56438362 - std[70759c8f55707aa4]::panicking::panic_handler::{closure#0}
[INFO] [stdout]    8:     0x55ae564310e9 - std[70759c8f55707aa4]::sys::backtrace::__rust_end_short_backtrace::<std[70759c8f55707aa4]::panicking::panic_handler::{closure#0}, !>
[INFO] [stdout]    9:     0x55ae56438f5d - __rustc[8fa7c3cbc660c2b3]::rust_begin_unwind
[INFO] [stdout]   10:     0x55ae564705cc - core[df12db4294e9bfd3]::panicking::panic_fmt
[INFO] [stdout]   11:     0x55ae564704e3 - core[df12db4294e9bfd3]::panicking::assert_failed_inner
[INFO] [stdout]   12:     0x55ae563e3a75 - core[df12db4294e9bfd3]::panicking::assert_failed::<bool, bool>
[INFO] [stdout]   13:     0x55ae563e3b40 - <akita_codegen[e1092c40f4fb972f]::builder::test_table_name_matches::{closure#0} as core[df12db4294e9bfd3]::ops::function::FnOnce<()>>::call_once
[INFO] [stdout]   14:     0x55ae563e3b9b - test[9d35eded1c95d3be]::__rust_begin_short_backtrace::<core[df12db4294e9bfd3]::result::Result<(), alloc[2182bb758b4b3781]::string::String>, fn() -> core[df12db4294e9bfd3]::result::Result<(), alloc[2182bb758b4b3781]::string::String>>
[INFO] [stdout]   15:     0x55ae563f1205 - test[9d35eded1c95d3be]::run_test::{closure#0}
[INFO] [stdout]   16:     0x55ae563eaac4 - std[70759c8f55707aa4]::sys::backtrace::__rust_begin_short_backtrace::<test[9d35eded1c95d3be]::run_test::{closure#1}, ()>
[INFO] [stdout]   17:     0x55ae563f4362 - <std[70759c8f55707aa4]::thread::lifecycle::spawn_unchecked<test[9d35eded1c95d3be]::run_test::{closure#1}, ()>::{closure#1} as core[df12db4294e9bfd3]::ops::function::FnOnce<()>>::call_once::{shim:vtable#0}
[INFO] [stdout]   18:     0x55ae5645b599 - <std[70759c8f55707aa4]::sys::thread::unix::Thread>::new::thread_start
[INFO] [stdout]   19:     0x754038257dfa - <unknown>
[INFO] [stdout]   20:     0x7540382eb3d4 - clone
[INFO] [stdout]   21:                0x0 - <unknown>
[INFO] [stdout] 
[INFO] [stdout] 
[INFO] [stdout] failures:
[INFO] [stdout]     builder::test_table_name_matches
[INFO] [stdout] 
[INFO] [stdout] test result: FAILED. 1 passed; 1 failed; 0 ignored; 0 measured; 0 filtered out; finished in 0.00s
[INFO] [stdout] 
[INFO] [stderr] error: test failed, to rerun pass `--lib`
[INFO] running `Command { std: "docker" "inspect" "ce2b8e9f9e3c75eadba28194749c40ec5aa311bf7ad31a2b54191d4cda74f96c", kill_on_drop: false }`
[INFO] running `Command { std: "docker" "rm" "-f" "ce2b8e9f9e3c75eadba28194749c40ec5aa311bf7ad31a2b54191d4cda74f96c", kill_on_drop: false }`
[INFO] [stdout] ce2b8e9f9e3c75eadba28194749c40ec5aa311bf7ad31a2b54191d4cda74f96c
