[INFO] fetching crate aether-memory 0.1.0...
[INFO] testing aether-memory-0.1.0 against 1.100.0-beta.1+cargoflags=--release for beta-release-1.100-2
[INFO] extracting crate aether-memory 0.1.0 into /workspace/builds/worker-2-tc2/source
[INFO] started tweaking crates.io crate aether-memory 0.1.0
[INFO] finished tweaking crates.io crate aether-memory 0.1.0
[INFO] tweaked toml for crates.io crate aether-memory 0.1.0 written to /workspace/builds/worker-2-tc2/source/Cargo.toml
[INFO] validating manifest of crates.io crate aether-memory 0.1.0 on toolchain 1.100.0-beta.1
[INFO] running `Command { std: CARGO_HOME="/workspace/cargo-home" RUSTUP_HOME="/workspace/rustup-home" "/workspace/cargo-home/bin/cargo" "+1.100.0-beta.1" "metadata" "--manifest-path" "Cargo.toml" "--no-deps", kill_on_drop: false }`
[INFO] crate crates.io crate aether-memory 0.1.0 already has a lockfile, it will not be regenerated
[INFO] running `Command { std: CARGO_HOME="/workspace/cargo-home" RUSTUP_HOME="/workspace/rustup-home" "/workspace/cargo-home/bin/cargo" "+1.100.0-beta.1" "fetch" "--manifest-path" "Cargo.toml", kill_on_drop: false }`
[INFO] running `Command { std: "docker" "create" "-v" "/var/lib/crater-agent-workspace/builds/worker-2-tc2/source:/opt/rustwide/workdir:ro,Z" "-v" "/var/lib/crater-agent-workspace/builds/worker-2-tc2/target:/opt/rustwide/target:rw,Z" "-v" "/var/lib/crater-agent-workspace/cargo-home:/opt/rustwide/cargo-home:ro,Z" "-v" "/var/lib/crater-agent-workspace/rustup-home:/opt/rustwide/rustup-home:ro,Z" "-m" "1610612736" "--network" "none" "ghcr.io/rust-lang/crates-build-env/linux@sha256:77db811e55d90add9212f6832c23229e3de5f1c1f9905e8cb07319ea15df73ac" "sleep" "infinity", kill_on_drop: false }`
[INFO] [stdout] bae299ee0660fb1e3a8825bbde1e9619c8e1216afbad346a64424cd93b8e2f30
[INFO] running `Command { std: "docker" "start" "bae299ee0660fb1e3a8825bbde1e9619c8e1216afbad346a64424cd93b8e2f30", kill_on_drop: false }`
[INFO] running `Command { std: "docker" "inspect" "bae299ee0660fb1e3a8825bbde1e9619c8e1216afbad346a64424cd93b8e2f30", kill_on_drop: false }`
[INFO] running `Command { std: "docker" "exec" "-e" "SOURCE_DIR=/opt/rustwide/workdir" "-e" "CARGO_HOME=/opt/rustwide/cargo-home" "-e" "RUSTUP_HOME=/opt/rustwide/rustup-home" "-e" "CARGO_TARGET_DIR=/opt/rustwide/target" "-w" "/opt/rustwide/workdir" "--user" "0:0" "bae299ee0660fb1e3a8825bbde1e9619c8e1216afbad346a64424cd93b8e2f30" "/opt/rustwide/cargo-home/bin/cargo" "+1.100.0-beta.1" "metadata" "--no-deps" "--format-version=1", kill_on_drop: false }`
[INFO] running `Command { std: "docker" "inspect" "bae299ee0660fb1e3a8825bbde1e9619c8e1216afbad346a64424cd93b8e2f30", kill_on_drop: false }`
[INFO] running `Command { std: "docker" "exec" "-e" "SOURCE_DIR=/opt/rustwide/workdir" "-e" "CARGO_HOME=/opt/rustwide/cargo-home" "-e" "RUSTUP_HOME=/opt/rustwide/rustup-home" "-e" "CARGO_TARGET_DIR=/opt/rustwide/target" "-e" "CARGO_INCREMENTAL=0" "-e" "RUST_BACKTRACE=full" "-e" "RUSTFLAGS=--cap-lints=warn" "-e" "RUSTDOCFLAGS=--cap-lints=warn" "-w" "/opt/rustwide/workdir" "--user" "0:0" "bae299ee0660fb1e3a8825bbde1e9619c8e1216afbad346a64424cd93b8e2f30" "/opt/rustwide/cargo-home/bin/cargo" "+1.100.0-beta.1" "build" "--frozen" "--message-format=json" "--release", kill_on_drop: false }`
[INFO] [stderr]    Compiling cc v1.2.62
[INFO] [stderr]    Compiling memchr v2.8.1
[INFO] [stderr]    Compiling zerocopy v0.8.48
[INFO] [stderr]    Compiling ahash v0.8.12
[INFO] [stderr]    Compiling regex-syntax v0.8.10
[INFO] [stderr]    Compiling syn v2.0.117
[INFO] [stderr]    Compiling once_cell v1.21.4
[INFO] [stderr]    Compiling getrandom v0.4.2
[INFO] [stderr]    Compiling zstd-safe v7.2.4
[INFO] [stderr]    Compiling parking_lot_core v0.9.12
[INFO] [stderr]    Compiling log v0.4.30
[INFO] [stderr]    Compiling anyhow v1.0.102
[INFO] [stderr]    Compiling serde_json v1.0.150
[INFO] [stderr]    Compiling anstream v1.0.0
[INFO] [stderr]    Compiling parking_lot v0.12.5
[INFO] [stderr]    Compiling socket2 v0.6.3
[INFO] [stderr]    Compiling aho-corasick v1.1.4
[INFO] [stderr]    Compiling mio v1.2.0
[INFO] [stderr]    Compiling fallible-iterator v0.3.0
[INFO] [stderr]    Compiling zstd-sys v2.0.16+zstd.1.5.7
[INFO] [stderr]    Compiling libsqlite3-sys v0.28.0
[INFO] [stderr]    Compiling jiff v0.2.27
[INFO] [stderr]    Compiling bytes v1.11.1
[INFO] [stderr]    Compiling regex-automata v0.4.14
[INFO] [stderr]    Compiling tokio-macros v2.7.0
[INFO] [stderr]    Compiling thiserror-impl v1.0.69
[INFO] [stderr]    Compiling hashbrown v0.14.5
[INFO] [stderr]    Compiling serde_derive v1.0.228
[INFO] [stderr]    Compiling hashlink v0.9.1
[INFO] [stderr]    Compiling regex v1.12.3
[INFO] [stderr]    Compiling env_filter v1.0.1
[INFO] [stderr]    Compiling bitflags v2.11.1
[INFO] [stderr]    Compiling fallible-streaming-iterator v0.1.9
[INFO] [stderr]    Compiling env_logger v0.11.10
[INFO] [stderr]    Compiling thiserror v1.0.69
[INFO] [stderr]    Compiling tokio v1.52.3
[INFO] [stderr]    Compiling async-trait v0.1.89
[INFO] [stderr]    Compiling serde v1.0.228
[INFO] [stderr]    Compiling uuid v1.23.1
[INFO] [stderr]    Compiling lru v0.12.5
[INFO] [stderr]    Compiling zstd v0.13.3
[INFO] [stderr]    Compiling rusqlite v0.31.0
[INFO] [stderr]    Compiling aether-memory v0.1.0 (/opt/rustwide/workdir)
[INFO] [stdout] warning: variable does not need to be mutable
[INFO] [stdout]    --> src/lib.rs:116:17
[INFO] [stdout]     |
[INFO] [stdout] 116 |             let mut end = prefix.to_vec();
[INFO] [stdout]     |                 ----^^^
[INFO] [stdout]     |                 |
[INFO] [stdout]     |                 help: remove this `mut`
[INFO] [stdout]     |
[INFO] [stdout]     = note: `#[warn(unused_mut)]` (part of `#[warn(unused)]`) on by default
[INFO] [stdout] 
[INFO] [stdout] 
[INFO] [stdout] warning: unused variable: `end`
[INFO] [stdout]    --> src/lib.rs:116:17
[INFO] [stdout]     |
[INFO] [stdout] 116 |             let mut end = prefix.to_vec();
[INFO] [stdout]     |                 ^^^^^^^ help: if this is intentional, prefix it with an underscore: `_end`
[INFO] [stdout]     |
[INFO] [stdout]     = note: `#[warn(unused_variables)]` (part of `#[warn(unused)]`) on by default
[INFO] [stdout] 
[INFO] [stdout] 
[INFO] [stdout] warning: type `BatchOp` is more private than the item `sled::Batch::ops`
[INFO] [stdout]    --> src/lib.rs:173:24
[INFO] [stdout]     |
[INFO] [stdout] 173 |     pub struct Batch { pub ops: Vec<BatchOp> }
[INFO] [stdout]     |                        ^^^^^^^^^^^^^^^^^^^^^ field `sled::Batch::ops` is reachable at visibility `pub(crate)`
[INFO] [stdout]     |
[INFO] [stdout] note: but type `BatchOp` is only usable at visibility `pub(self)`
[INFO] [stdout]    --> src/lib.rs:171:5
[INFO] [stdout]     |
[INFO] [stdout] 171 |     enum BatchOp { Insert(Vec<u8>, Vec<u8>), Remove(Vec<u8>) }
[INFO] [stdout]     |     ^^^^^^^^^^^^
[INFO] [stdout]     = note: `#[warn(private_interfaces)]` on by default
[INFO] [stdout] 
[INFO] [stdout] 
[INFO] [stderr] warning: unused dependency `lru`
[INFO] [stderr]   --> Cargo.toml:22:15
[INFO] [stderr]    |
[INFO] [stderr] 22 | [dependencies.lru]
[INFO] [stderr]    |               ^^^^
[INFO] [stderr]    |
[INFO] [stderr]    = note: `cargo::unused_dependencies` is set to `warn` by default
[INFO] [stderr] help: consider removing the dependency on `lru`
[INFO] [stderr] warning: `aether-memory` (manifest) generated 1 warning
[INFO] [stderr]     Finished `release` profile [optimized] target(s) in 4m 16s
[INFO] running `Command { std: "docker" "inspect" "bae299ee0660fb1e3a8825bbde1e9619c8e1216afbad346a64424cd93b8e2f30", kill_on_drop: false }`
[INFO] running `Command { std: "docker" "exec" "-e" "SOURCE_DIR=/opt/rustwide/workdir" "-e" "CARGO_HOME=/opt/rustwide/cargo-home" "-e" "RUSTUP_HOME=/opt/rustwide/rustup-home" "-e" "CARGO_TARGET_DIR=/opt/rustwide/target" "-e" "CARGO_INCREMENTAL=0" "-e" "RUST_BACKTRACE=full" "-e" "RUSTFLAGS=--cap-lints=warn" "-e" "RUSTDOCFLAGS=--cap-lints=warn" "-w" "/opt/rustwide/workdir" "--user" "0:0" "bae299ee0660fb1e3a8825bbde1e9619c8e1216afbad346a64424cd93b8e2f30" "/opt/rustwide/cargo-home/bin/cargo" "+1.100.0-beta.1" "test" "--frozen" "--no-run" "--message-format=json" "--release", kill_on_drop: false }`
[INFO] [stdout] warning: variable does not need to be mutable
[INFO] [stdout]    --> src/lib.rs:116:17
[INFO] [stdout]     |
[INFO] [stdout] 116 |             let mut end = prefix.to_vec();
[INFO] [stdout]     |                 ----^^^
[INFO] [stdout]     |                 |
[INFO] [stdout]     |                 help: remove this `mut`
[INFO] [stdout]     |
[INFO] [stdout]     = note: `#[warn(unused_mut)]` (part of `#[warn(unused)]`) on by default
[INFO] [stdout] 
[INFO] [stdout] 
[INFO] [stdout] warning: unused variable: `end`
[INFO] [stdout]    --> src/lib.rs:116:17
[INFO] [stdout]     |
[INFO] [stdout] 116 |             let mut end = prefix.to_vec();
[INFO] [stdout]     |                 ^^^^^^^ help: if this is intentional, prefix it with an underscore: `_end`
[INFO] [stdout]     |
[INFO] [stdout]     = note: `#[warn(unused_variables)]` (part of `#[warn(unused)]`) on by default
[INFO] [stdout] 
[INFO] [stdout] 
[INFO] [stdout] warning: type `BatchOp` is more private than the item `sled::Batch::ops`
[INFO] [stdout]    --> src/lib.rs:173:24
[INFO] [stdout]     |
[INFO] [stdout] 173 |     pub struct Batch { pub ops: Vec<BatchOp> }
[INFO] [stdout]     |                        ^^^^^^^^^^^^^^^^^^^^^ field `sled::Batch::ops` is reachable at visibility `pub(crate)`
[INFO] [stdout]     |
[INFO] [stdout] note: but type `BatchOp` is only usable at visibility `pub(self)`
[INFO] [stdout]    --> src/lib.rs:171:5
[INFO] [stdout]     |
[INFO] [stdout] 171 |     enum BatchOp { Insert(Vec<u8>, Vec<u8>), Remove(Vec<u8>) }
[INFO] [stdout]     |     ^^^^^^^^^^^^
[INFO] [stdout]     = note: `#[warn(private_interfaces)]` on by default
[INFO] [stdout] 
[INFO] [stdout] 
[INFO] [stderr]    Compiling aether-memory v0.1.0 (/opt/rustwide/workdir)
[INFO] [stdout] warning: variable does not need to be mutable
[INFO] [stdout]    --> src/lib.rs:116:17
[INFO] [stdout]     |
[INFO] [stdout] 116 |             let mut end = prefix.to_vec();
[INFO] [stdout]     |                 ----^^^
[INFO] [stdout]     |                 |
[INFO] [stdout]     |                 help: remove this `mut`
[INFO] [stdout]     |
[INFO] [stdout]     = note: `#[warn(unused_mut)]` (part of `#[warn(unused)]`) on by default
[INFO] [stdout] 
[INFO] [stdout] 
[INFO] [stdout] warning: unused variable: `end`
[INFO] [stdout]    --> src/lib.rs:116:17
[INFO] [stdout]     |
[INFO] [stdout] 116 |             let mut end = prefix.to_vec();
[INFO] [stdout]     |                 ^^^^^^^ help: if this is intentional, prefix it with an underscore: `_end`
[INFO] [stdout]     |
[INFO] [stdout]     = note: `#[warn(unused_variables)]` (part of `#[warn(unused)]`) on by default
[INFO] [stdout] 
[INFO] [stdout] 
[INFO] [stdout] warning: type `BatchOp` is more private than the item `sled::Batch::ops`
[INFO] [stdout]    --> src/lib.rs:173:24
[INFO] [stdout]     |
[INFO] [stdout] 173 |     pub struct Batch { pub ops: Vec<BatchOp> }
[INFO] [stdout]     |                        ^^^^^^^^^^^^^^^^^^^^^ field `sled::Batch::ops` is reachable at visibility `pub(crate)`
[INFO] [stdout]     |
[INFO] [stdout] note: but type `BatchOp` is only usable at visibility `pub(self)`
[INFO] [stdout]    --> src/lib.rs:171:5
[INFO] [stdout]     |
[INFO] [stdout] 171 |     enum BatchOp { Insert(Vec<u8>, Vec<u8>), Remove(Vec<u8>) }
[INFO] [stdout]     |     ^^^^^^^^^^^^
[INFO] [stdout]     = note: `#[warn(private_interfaces)]` on by default
[INFO] [stdout] 
[INFO] [stdout] 
[INFO] [stderr] warning: unused dependency `lru`
[INFO] [stderr]   --> Cargo.toml:22:15
[INFO] [stderr]    |
[INFO] [stderr] 22 | [dependencies.lru]
[INFO] [stderr]    |               ^^^^
[INFO] [stderr]    |
[INFO] [stderr]    = note: `cargo::unused_dependencies` is set to `warn` by default
[INFO] [stderr] help: consider removing the dependency on `lru`
[INFO] [stderr] warning: `aether-memory` (manifest) generated 1 warning
[INFO] [stderr]     Finished `release` profile [optimized] target(s) in 16.51s
[INFO] running `Command { std: "docker" "inspect" "bae299ee0660fb1e3a8825bbde1e9619c8e1216afbad346a64424cd93b8e2f30", kill_on_drop: false }`
[INFO] running `Command { std: "docker" "exec" "-e" "SOURCE_DIR=/opt/rustwide/workdir" "-e" "CARGO_HOME=/opt/rustwide/cargo-home" "-e" "RUSTUP_HOME=/opt/rustwide/rustup-home" "-e" "CARGO_TARGET_DIR=/opt/rustwide/target" "-e" "CARGO_INCREMENTAL=0" "-e" "RUST_BACKTRACE=full" "-e" "RUSTFLAGS=--cap-lints=warn" "-e" "RUSTDOCFLAGS=--cap-lints=warn" "-w" "/opt/rustwide/workdir" "--user" "0:0" "bae299ee0660fb1e3a8825bbde1e9619c8e1216afbad346a64424cd93b8e2f30" "/opt/rustwide/cargo-home/bin/cargo" "+1.100.0-beta.1" "test" "--frozen" "--release", kill_on_drop: false }`
[INFO] [stderr] warning: variable does not need to be mutable
[INFO] [stderr]    --> src/lib.rs:116:17
[INFO] [stderr]     |
[INFO] [stderr] 116 |             let mut end = prefix.to_vec();
[INFO] [stderr]     |                 ----^^^
[INFO] [stderr]     |                 |
[INFO] [stderr]     |                 help: remove this `mut`
[INFO] [stderr]     |
[INFO] [stderr]     = note: `#[warn(unused_mut)]` (part of `#[warn(unused)]`) on by default
[INFO] [stderr] 
[INFO] [stderr] warning: unused variable: `end`
[INFO] [stderr]    --> src/lib.rs:116:17
[INFO] [stderr]     |
[INFO] [stderr] 116 |             let mut end = prefix.to_vec();
[INFO] [stderr]     |                 ^^^^^^^ help: if this is intentional, prefix it with an underscore: `_end`
[INFO] [stderr]     |
[INFO] [stderr]     = note: `#[warn(unused_variables)]` (part of `#[warn(unused)]`) on by default
[INFO] [stderr] 
[INFO] [stderr] warning: type `BatchOp` is more private than the item `sled::Batch::ops`
[INFO] [stderr]    --> src/lib.rs:173:24
[INFO] [stderr]     |
[INFO] [stderr] 173 |     pub struct Batch { pub ops: Vec<BatchOp> }
[INFO] [stderr]     |                        ^^^^^^^^^^^^^^^^^^^^^ field `sled::Batch::ops` is reachable at visibility `pub(crate)`
[INFO] [stderr]     |
[INFO] [stderr] note: but type `BatchOp` is only usable at visibility `pub(self)`
[INFO] [stderr]    --> src/lib.rs:171:5
[INFO] [stderr]     |
[INFO] [stderr] 171 |     enum BatchOp { Insert(Vec<u8>, Vec<u8>), Remove(Vec<u8>) }
[INFO] [stderr]     |     ^^^^^^^^^^^^
[INFO] [stderr]     = note: `#[warn(private_interfaces)]` on by default
[INFO] [stderr] 
[INFO] [stderr] warning: `aether-memory` (lib) generated 3 warnings (run `cargo fix --lib -p aether-memory` to apply 2 suggestions)
[INFO] [stderr] warning: `aether-memory` (lib test) generated 3 warnings (3 duplicates)
[INFO] [stderr] warning: unused dependency `lru`
[INFO] [stderr]   --> Cargo.toml:22:15
[INFO] [stderr]    |
[INFO] [stderr] 22 | [dependencies.lru]
[INFO] [stderr]    |               ^^^^
[INFO] [stderr]    |
[INFO] [stderr]    = note: `cargo::unused_dependencies` is set to `warn` by default
[INFO] [stderr] help: consider removing the dependency on `lru`
[INFO] [stderr] warning: `aether-memory` (manifest) generated 1 warning
[INFO] [stderr]     Finished `release` profile [optimized] target(s) in 0.19s
[INFO] [stderr]      Running unittests src/lib.rs (/opt/rustwide/target/release/build/aether-memory/76e731272dadc141/out/aether_memory-76e731272dadc141)
[INFO] [stdout] 
[INFO] [stdout] running 10 tests
[INFO] [stdout] test tests::test_nebula_index_build_and_search ... ok
[INFO] [stdout] test tests::test_cosine_sim ... ok
[INFO] [stdout] test tests::test_eviction_policy_ordering ... FAILED
[INFO] [stdout] test tests::test_hot_index_basic ... FAILED
[INFO] [stdout] test tests::test_l2_distance ... ok
[INFO] [stdout] test tests::test_metrics_p99 ... ok
[INFO] [stdout] test tests::test_vector_codec_compressed ... ok
[INFO] [stdout] test tests::test_akashic_records ... ok
[INFO] [stdout] test tests::test_vector_codec_roundtrip ... ok
[INFO] [stdout] test tests::test_memory_manager_end_to_end ... ok
[INFO] [stdout] 
[INFO] [stdout] failures:
[INFO] [stdout] 
[INFO] [stdout] ---- tests::test_eviction_policy_ordering stdout ----
[INFO] [stdout] 
[INFO] [stdout] thread 'tests::test_eviction_policy_ordering' (1189) panicked at src/lib.rs:2619:9:
[INFO] [stdout] assertion `left == right` failed
[INFO] [stdout]   left: ["hot"]
[INFO] [stdout]  right: ["cold"]
[INFO] [stdout] stack backtrace:
[INFO] [stdout]    0:     0x61ca9e9ca011 - <<std[617be2ca0a6fd877]::sys::backtrace::BacktraceLock>::print::DisplayBacktrace as core[a373ad73a504971]::fmt::Display>::fmt
[INFO] [stdout]    1:     0x61ca9e9dff5a - core[a373ad73a504971]::fmt::write
[INFO] [stdout]    2:     0x61ca9e9ceb2c - <alloc[2e1b2a31b91974c5]::vec::Vec<u8> as core[a373ad73a504971]::io::write::Write>::write_fmt
[INFO] [stdout]    3:     0x61ca9e9a42d6 - std[617be2ca0a6fd877]::panicking::default_hook::{closure#0}
[INFO] [stdout]    4:     0x61ca9e9c1819 - std[617be2ca0a6fd877]::panicking::default_hook
[INFO] [stdout]    5:     0x61ca9e79e2c0 - test[aada8e7e76ba119b]::test_main_inner::{closure#0}
[INFO] [stdout]    6:     0x61ca9e9c1b42 - std[617be2ca0a6fd877]::panicking::panic_with_hook
[INFO] [stdout]    7:     0x61ca9e9a4382 - std[617be2ca0a6fd877]::panicking::panic_handler::{closure#0}
[INFO] [stdout]    8:     0x61ca9e99c859 - std[617be2ca0a6fd877]::sys::backtrace::__rust_end_short_backtrace::<std[617be2ca0a6fd877]::panicking::panic_handler::{closure#0}, !>
[INFO] [stdout]    9:     0x61ca9e9a509d - __rustc[ea4f61d10b84890b]::rust_begin_unwind
[INFO] [stdout]   10:     0x61ca9e9e06bc - core[a373ad73a504971]::panicking::panic_fmt
[INFO] [stdout]   11:     0x61ca9e9e05d3 - core[a373ad73a504971]::panicking::assert_failed_inner
[INFO] [stdout]   12:     0x61ca9e6aaf07 - core[a373ad73a504971]::panicking::assert_failed::<alloc[2e1b2a31b91974c5]::vec::Vec<alloc[2e1b2a31b91974c5]::string::String>, alloc[2e1b2a31b91974c5]::vec::Vec<&str>>
[INFO] [stdout]   13:     0x61ca9e67a10d - <aether_memory[c5bd6a63ad2632c6]::tests::test_eviction_policy_ordering::{closure#0} as core[a373ad73a504971]::ops::function::FnOnce<()>>::call_once
[INFO] [stdout]   14:     0x61ca9e79170b - test[aada8e7e76ba119b]::__rust_begin_short_backtrace::<core[a373ad73a504971]::result::Result<(), alloc[2e1b2a31b91974c5]::string::String>, fn() -> core[a373ad73a504971]::result::Result<(), alloc[2e1b2a31b91974c5]::string::String>>
[INFO] [stdout]   15:     0x61ca9e79e8e5 - test[aada8e7e76ba119b]::run_test::{closure#0}
[INFO] [stdout]   16:     0x61ca9e7981d4 - std[617be2ca0a6fd877]::sys::backtrace::__rust_begin_short_backtrace::<test[aada8e7e76ba119b]::run_test::{closure#1}, ()>
[INFO] [stdout]   17:     0x61ca9e7a1972 - <std[617be2ca0a6fd877]::thread::lifecycle::spawn_unchecked<test[aada8e7e76ba119b]::run_test::{closure#1}, ()>::{closure#1} as core[a373ad73a504971]::ops::function::FnOnce<()>>::call_once::{shim:vtable#0}
[INFO] [stdout]   18:     0x61ca9e9c936f - <std[617be2ca0a6fd877]::sys::thread::unix::Thread>::new::thread_start
[INFO] [stdout]   19:     0x724d192c2dfa - <unknown>
[INFO] [stdout]   20:     0x724d193563d4 - clone
[INFO] [stdout]   21:                0x0 - <unknown>
[INFO] [stdout] 
[INFO] [stdout] ---- tests::test_hot_index_basic stdout ----
[INFO] [stdout] 
[INFO] [stdout] thread 'tests::test_hot_index_basic' (1190) panicked at src/lib.rs:1282:9:
[INFO] [stdout] there is no reactor running, must be called from the context of a Tokio 1.x runtime
[INFO] [stdout] stack backtrace:
[INFO] [stdout]    0:     0x61ca9e9ca011 - <<std[617be2ca0a6fd877]::sys::backtrace::BacktraceLock>::print::DisplayBacktrace as core[a373ad73a504971]::fmt::Display>::fmt
[INFO] [stdout]    1:     0x61ca9e9dff5a - core[a373ad73a504971]::fmt::write
[INFO] [stdout]    2:     0x61ca9e9ceb2c - <alloc[2e1b2a31b91974c5]::vec::Vec<u8> as core[a373ad73a504971]::io::write::Write>::write_fmt
[INFO] [stdout]    3:     0x61ca9e9a42d6 - std[617be2ca0a6fd877]::panicking::default_hook::{closure#0}
[INFO] [stdout]    4:     0x61ca9e9c1819 - std[617be2ca0a6fd877]::panicking::default_hook
[INFO] [stdout]    5:     0x61ca9e79e2c0 - test[aada8e7e76ba119b]::test_main_inner::{closure#0}
[INFO] [stdout]    6:     0x61ca9e9c1b42 - std[617be2ca0a6fd877]::panicking::panic_with_hook
[INFO] [stdout]    7:     0x61ca9e9a4382 - std[617be2ca0a6fd877]::panicking::panic_handler::{closure#0}
[INFO] [stdout]    8:     0x61ca9e99c859 - std[617be2ca0a6fd877]::sys::backtrace::__rust_end_short_backtrace::<std[617be2ca0a6fd877]::panicking::panic_handler::{closure#0}, !>
[INFO] [stdout]    9:     0x61ca9e9a509d - __rustc[ea4f61d10b84890b]::rust_begin_unwind
[INFO] [stdout]   10:     0x61ca9e9e06bc - core[a373ad73a504971]::panicking::panic_fmt
[INFO] [stdout]   11:     0x61ca9e6a8d45 - tokio[aa40018e77a66996]::task::spawn::spawn::<<aether_memory[c5bd6a63ad2632c6]::HotIndex>::new::{closure#1}>
[INFO] [stdout]   12:     0x61ca9e680c1b - <aether_memory[c5bd6a63ad2632c6]::HotIndex>::new
[INFO] [stdout]   13:     0x61ca9e678d7b - <aether_memory[c5bd6a63ad2632c6]::tests::test_hot_index_basic::{closure#0} as core[a373ad73a504971]::ops::function::FnOnce<()>>::call_once
[INFO] [stdout]   14:     0x61ca9e79170b - test[aada8e7e76ba119b]::__rust_begin_short_backtrace::<core[a373ad73a504971]::result::Result<(), alloc[2e1b2a31b91974c5]::string::String>, fn() -> core[a373ad73a504971]::result::Result<(), alloc[2e1b2a31b91974c5]::string::String>>
[INFO] [stdout]   15:     0x61ca9e79e8e5 - test[aada8e7e76ba119b]::run_test::{closure#0}
[INFO] [stdout]   16:     0x61ca9e7981d4 - std[617be2ca0a6fd877]::sys::backtrace::__rust_begin_short_backtrace::<test[aada8e7e76ba119b]::run_test::{closure#1}, ()>
[INFO] [stdout]   17:     0x61ca9e7a1972 - <std[617be2ca0a6fd877]::thread::lifecycle::spawn_unchecked<test[aada8e7e76ba119b]::run_test::{closure#1}, ()>::{closure#1} as core[a373ad73a504971]::ops::function::FnOnce<()>>::call_once::{shim:vtable#0}
[INFO] [stdout]   18:     0x61ca9e9c936f - <std[617be2ca0a6fd877]::sys::thread::unix::Thread>::new::thread_start
[INFO] [stdout]   19:     0x724d192c2dfa - <unknown>
[INFO] [stdout]   20:     0x724d193563d4 - clone
[INFO] [stdout]   21:                0x0 - <unknown>
[INFO] [stdout] 
[INFO] [stdout] 
[INFO] [stdout] failures:
[INFO] [stdout]     tests::test_eviction_policy_ordering
[INFO] [stdout]     tests::test_hot_index_basic
[INFO] [stdout] 
[INFO] [stdout] test result: FAILED. 8 passed; 2 failed; 0 ignored; 0 measured; 0 filtered out; finished in 0.01s
[INFO] [stdout] 
[INFO] [stderr] error: test failed, to rerun pass `--lib`
[INFO] running `Command { std: "docker" "inspect" "bae299ee0660fb1e3a8825bbde1e9619c8e1216afbad346a64424cd93b8e2f30", kill_on_drop: false }`
[INFO] running `Command { std: "docker" "rm" "-f" "bae299ee0660fb1e3a8825bbde1e9619c8e1216afbad346a64424cd93b8e2f30", kill_on_drop: false }`
[INFO] [stdout] bae299ee0660fb1e3a8825bbde1e9619c8e1216afbad346a64424cd93b8e2f30
