[INFO] fetching crate actix-files 0.7.0...
[INFO] testing actix-files-0.7.0 against 1.99.0-beta.8+cargoflags=--release for beta-release-1.100-2
[INFO] extracting crate actix-files 0.7.0 into /workspace/builds/worker-0-tc1/source
[INFO] started tweaking crates.io crate actix-files 0.7.0
[INFO] removed 0 missing examples
[INFO] removed 0 missing tests
[INFO] finished tweaking crates.io crate actix-files 0.7.0
[INFO] tweaked toml for crates.io crate actix-files 0.7.0 written to /workspace/builds/worker-0-tc1/source/Cargo.toml
[INFO] validating manifest of crates.io crate actix-files 0.7.0 on toolchain 1.99.0-beta.8
[INFO] running `Command { std: CARGO_HOME="/workspace/cargo-home" RUSTUP_HOME="/workspace/rustup-home" "/workspace/cargo-home/bin/cargo" "+1.99.0-beta.8" "metadata" "--manifest-path" "Cargo.toml" "--no-deps", kill_on_drop: false }`
[INFO] crate crates.io crate actix-files 0.7.0 already has a lockfile, it will not be regenerated
[INFO] running `Command { std: CARGO_HOME="/workspace/cargo-home" RUSTUP_HOME="/workspace/rustup-home" "/workspace/cargo-home/bin/cargo" "+1.99.0-beta.8" "fetch" "--manifest-path" "Cargo.toml", kill_on_drop: false }`
[INFO] [stderr]     Updating crates.io index
[INFO] [stderr]  Downloading crates ...
[INFO] [stderr]   Downloaded v_htmlescape v0.17.0
[INFO] [stderr]   Downloaded v_escape-base v0.1.0
[INFO] [stderr]   Downloaded actix-web v4.14.1
[INFO] [stderr]   Downloaded impl-more v0.3.5
[INFO] [stderr]   Downloaded actix-server v2.7.0
[INFO] [stderr]   Downloaded actix-http v3.13.3
[INFO] [stderr]   Downloaded actix-test v0.1.5
[INFO] [stderr]   Downloaded actix-tls v3.5.0
[INFO] [stderr]   Downloaded actix-http-test v3.2.0
[INFO] [stderr]   Downloaded awc v3.8.2
[INFO] running `Command { std: "docker" "create" "-v" "/var/lib/crater-agent-workspace/builds/worker-0-tc1/source:/opt/rustwide/workdir:ro,Z" "-v" "/var/lib/crater-agent-workspace/builds/worker-0-tc1/target:/opt/rustwide/target:rw,Z" "-v" "/var/lib/crater-agent-workspace/cargo-home:/opt/rustwide/cargo-home:ro,Z" "-v" "/var/lib/crater-agent-workspace/rustup-home:/opt/rustwide/rustup-home:ro,Z" "-m" "1610612736" "--network" "none" "ghcr.io/rust-lang/crates-build-env/linux@sha256:77db811e55d90add9212f6832c23229e3de5f1c1f9905e8cb07319ea15df73ac" "sleep" "infinity", kill_on_drop: false }`
[INFO] [stdout] 95a1d195ffc38777d962845adb9ab5fe63765cb037ad3bfd24e00560093cc13e
[INFO] running `Command { std: "docker" "start" "95a1d195ffc38777d962845adb9ab5fe63765cb037ad3bfd24e00560093cc13e", kill_on_drop: false }`
[INFO] running `Command { std: "docker" "inspect" "95a1d195ffc38777d962845adb9ab5fe63765cb037ad3bfd24e00560093cc13e", kill_on_drop: false }`
[INFO] running `Command { std: "docker" "exec" "-e" "SOURCE_DIR=/opt/rustwide/workdir" "-e" "CARGO_HOME=/opt/rustwide/cargo-home" "-e" "RUSTUP_HOME=/opt/rustwide/rustup-home" "-e" "CARGO_TARGET_DIR=/opt/rustwide/target" "-w" "/opt/rustwide/workdir" "--user" "0:0" "95a1d195ffc38777d962845adb9ab5fe63765cb037ad3bfd24e00560093cc13e" "/opt/rustwide/cargo-home/bin/cargo" "+1.99.0-beta.8" "metadata" "--no-deps" "--format-version=1", kill_on_drop: false }`
[INFO] running `Command { std: "docker" "inspect" "95a1d195ffc38777d962845adb9ab5fe63765cb037ad3bfd24e00560093cc13e", kill_on_drop: false }`
[INFO] running `Command { std: "docker" "exec" "-e" "SOURCE_DIR=/opt/rustwide/workdir" "-e" "CARGO_HOME=/opt/rustwide/cargo-home" "-e" "RUSTUP_HOME=/opt/rustwide/rustup-home" "-e" "CARGO_TARGET_DIR=/opt/rustwide/target" "-e" "CARGO_INCREMENTAL=0" "-e" "RUST_BACKTRACE=full" "-e" "RUSTFLAGS=--cap-lints=warn" "-e" "RUSTDOCFLAGS=--cap-lints=warn" "-w" "/opt/rustwide/workdir" "--user" "0:0" "95a1d195ffc38777d962845adb9ab5fe63765cb037ad3bfd24e00560093cc13e" "/opt/rustwide/cargo-home/bin/cargo" "+1.99.0-beta.8" "build" "--frozen" "--message-format=json" "--release", kill_on_drop: false }`
[INFO] [stderr]    Compiling syn v2.0.119
[INFO] [stderr]    Compiling syn v3.0.3
[INFO] [stderr]    Compiling smallvec v1.15.2
[INFO] [stderr]    Compiling libc v0.2.189
[INFO] [stderr]    Compiling futures-core v0.3.34
[INFO] [stderr]    Compiling writeable v0.6.4
[INFO] [stderr]    Compiling litemap v0.8.3
[INFO] [stderr]    Compiling icu_normalizer_data v2.3.0
[INFO] [stderr]    Compiling icu_properties_data v2.3.0
[INFO] [stderr]    Compiling serde_core v1.0.229
[INFO] [stderr]    Compiling tracing-core v0.1.36
[INFO] [stderr]    Compiling serde v1.0.229
[INFO] [stderr]    Compiling zmij v1.0.23
[INFO] [stderr]    Compiling futures-sink v0.3.34
[INFO] [stderr]    Compiling actix-utils v3.0.1
[INFO] [stderr]    Compiling http v0.2.12
[INFO] [stderr]    Compiling actix-service v2.0.3
[INFO] [stderr]    Compiling bytestring v1.5.1
[INFO] [stderr]    Compiling unicase v2.9.0
[INFO] [stderr]    Compiling serde_json v1.0.151
[INFO] [stderr]    Compiling slab v0.4.12
[INFO] [stderr]    Compiling futures-task v0.3.34
[INFO] [stderr]    Compiling bitflags v2.13.1
[INFO] [stderr]    Compiling futures-util v0.3.34
[INFO] [stderr]    Compiling parking_lot_core v0.9.12
[INFO] [stderr]    Compiling errno v0.3.14
[INFO] [stderr]    Compiling signal-hook-registry v1.4.8
[INFO] [stderr]    Compiling mio v1.2.2
[INFO] [stderr]    Compiling parking_lot v0.12.5
[INFO] [stderr]    Compiling socket2 v0.6.5
[INFO] [stderr]    Compiling mime_guess v2.0.5
[INFO] [stderr]    Compiling tokio v1.53.1
[INFO] [stderr]    Compiling encoding_rs v0.8.35
[INFO] [stderr]    Compiling regex-lite v0.1.9
[INFO] [stderr]    Compiling foldhash v0.2.0
[INFO] [stderr]    Compiling time v0.3.55
[INFO] [stderr]    Compiling zerovec-derive v0.11.5
[INFO] [stderr]    Compiling displaydoc v0.2.7
[INFO] [stderr]    Compiling serde_urlencoded v0.7.1
[INFO] [stderr]    Compiling synstructure v0.13.2
[INFO] [stderr]    Compiling impl-more v0.3.5
[INFO] [stderr]    Compiling v_escape-base v0.1.0
[INFO] [stderr]    Compiling v_htmlescape v0.17.0
[INFO] [stderr]    Compiling http-range v0.1.5
[INFO] [stderr]    Compiling zerofrom-derive v0.1.7
[INFO] [stderr]    Compiling yoke-derive v0.8.2
[INFO] [stderr]    Compiling tracing-attributes v0.1.31
[INFO] [stderr]    Compiling derive_more-impl v2.1.1
[INFO] [stderr]    Compiling zerofrom v0.1.8
[INFO] [stderr]    Compiling yoke v0.8.3
[INFO] [stderr]    Compiling zerovec v0.11.8
[INFO] [stderr]    Compiling zerotrie v0.2.5
[INFO] [stderr]    Compiling tracing v0.1.44
[INFO] [stderr]    Compiling actix-router v0.5.4
[INFO] [stderr]    Compiling tokio-util v0.7.19
[INFO] [stderr]    Compiling actix-rt v2.11.0
[INFO] [stderr]    Compiling tinystr v0.8.4
[INFO] [stderr]    Compiling icu_locale_core v2.3.0
[INFO] [stderr]    Compiling potential_utf v0.1.6
[INFO] [stderr]    Compiling icu_collections v2.3.0
[INFO] [stderr]    Compiling actix-codec v0.5.2
[INFO] [stderr]    Compiling actix-server v2.7.0
[INFO] [stderr]    Compiling derive_more v2.1.1
[INFO] [stderr]    Compiling actix-http v3.13.3
[INFO] [stderr]    Compiling icu_provider v2.3.0
[INFO] [stderr]    Compiling icu_properties v2.3.0
[INFO] [stderr]    Compiling icu_normalizer v2.3.0
[INFO] [stderr]    Compiling idna_adapter v1.2.2
[INFO] [stderr]    Compiling idna v1.1.0
[INFO] [stderr]    Compiling url v2.5.8
[INFO] [stderr]    Compiling actix-web v4.14.1
[INFO] [stderr]    Compiling actix-files v0.7.0 (/opt/rustwide/workdir)
[INFO] [stderr]     Finished `release` profile [optimized] target(s) in 1m 55s
[INFO] running `Command { std: "docker" "inspect" "95a1d195ffc38777d962845adb9ab5fe63765cb037ad3bfd24e00560093cc13e", kill_on_drop: false }`
[INFO] running `Command { std: "docker" "exec" "-e" "SOURCE_DIR=/opt/rustwide/workdir" "-e" "CARGO_HOME=/opt/rustwide/cargo-home" "-e" "RUSTUP_HOME=/opt/rustwide/rustup-home" "-e" "CARGO_TARGET_DIR=/opt/rustwide/target" "-e" "CARGO_INCREMENTAL=0" "-e" "RUST_BACKTRACE=full" "-e" "RUSTFLAGS=--cap-lints=warn" "-e" "RUSTDOCFLAGS=--cap-lints=warn" "-w" "/opt/rustwide/workdir" "--user" "0:0" "95a1d195ffc38777d962845adb9ab5fe63765cb037ad3bfd24e00560093cc13e" "/opt/rustwide/cargo-home/bin/cargo" "+1.99.0-beta.8" "test" "--frozen" "--no-run" "--message-format=json" "--release", kill_on_drop: false }`
[INFO] [stderr]    Compiling log v0.4.33
[INFO] [stderr]    Compiling find-msvc-tools v0.1.11
[INFO] [stderr]    Compiling pkg-config v0.3.34
[INFO] [stderr]    Compiling typenum v1.20.1
[INFO] [stderr]    Compiling getrandom v0.4.3
[INFO] [stderr]    Compiling actix-macros v0.2.4
[INFO] [stderr]    Compiling bitflags v2.13.1
[INFO] [stderr]    Compiling serde v1.0.229
[INFO] [stderr]    Compiling cc v1.4.3
[INFO] [stderr]    Compiling alloc-stdlib v0.2.4
[INFO] [stderr]    Compiling mio v1.2.2
[INFO] [stderr]    Compiling tracing v0.1.44
[INFO] [stderr]    Compiling futures-util v0.3.34
[INFO] [stderr]    Compiling serde_derive v1.0.229
[INFO] [stderr]    Compiling aho-corasick v1.1.5
[INFO] [stderr]    Compiling zerocopy v0.8.56
[INFO] [stderr]    Compiling tokio v1.53.1
[INFO] [stderr]    Compiling const-oid v0.10.2
[INFO] [stderr]    Compiling regex-syntax v0.8.11
[INFO] [stderr]    Compiling hybrid-array v0.4.14
[INFO] [stderr]    Compiling num-conv v0.2.2
[INFO] [stderr]    Compiling simd-adler32 v0.3.10
[INFO] [stderr]    Compiling crypto-common v0.2.2
[INFO] [stderr]    Compiling zstd-sys v2.0.16+zstd.1.5.7
[INFO] [stderr]    Compiling block-buffer v0.12.1
[INFO] [stderr]    Compiling time-core v0.1.9
[INFO] [stderr]    Compiling time-macros v0.2.32
[INFO] [stderr]    Compiling regex-automata v0.4.18
[INFO] [stderr]    Compiling digest v0.11.3
[INFO] [stderr]    Compiling miniz_oxide v0.8.9
[INFO] [stderr]    Compiling indexmap v2.14.0
[INFO] [stderr]    Compiling brotli-decompressor v5.0.3
[INFO] [stderr]    Compiling chacha20 v0.10.1
[INFO] [stderr]    Compiling serde_core v1.0.229
[INFO] [stderr]    Compiling time v0.3.55
[INFO] [stderr]    Compiling brotli v8.0.4
[INFO] [stderr]    Compiling tokio-util v0.7.19
[INFO] [stderr]    Compiling actix-rt v2.11.0
[INFO] [stderr]    Compiling actix-codec v0.5.2
[INFO] [stderr]    Compiling h2 v0.3.27
[INFO] [stderr]    Compiling regex v1.13.1
[INFO] [stderr]    Compiling rand v0.10.2
[INFO] [stderr]    Compiling flate2 v1.1.9
[INFO] [stderr]    Compiling getrandom v0.3.4
[INFO] [stderr]    Compiling sha1 v0.11.0
[INFO] [stderr]    Compiling local-channel v0.1.5
[INFO] [stderr]    Compiling tracing-core v0.1.36
[INFO] [stderr]    Compiling bytes v1.12.1
[INFO] [stderr]    Compiling pin-project-lite v0.2.17
[INFO] [stderr]    Compiling serde_urlencoded v0.7.1
[INFO] [stderr]    Compiling rand_core v0.9.5
[INFO] [stderr]    Compiling cookie v0.16.2
[INFO] [stderr]    Compiling bytestring v1.5.1
[INFO] [stderr]    Compiling regex-lite v0.1.9
[INFO] [stderr]    Compiling actix-server v2.7.0
[INFO] [stderr]    Compiling http v1.5.0
[INFO] [stderr]    Compiling actix-router v0.5.4
[INFO] [stderr]    Compiling actix-tls v3.5.0
[INFO] [stderr]    Compiling actix-web-codegen v4.3.0
[INFO] [stderr]    Compiling rustix v1.1.4
[INFO] [stderr]    Compiling socket2 v0.5.10
[INFO] [stderr]    Compiling jiff-core v0.1.0
[INFO] [stderr]    Compiling ppv-lite86 v0.2.21
[INFO] [stderr]    Compiling jiff v0.2.35
[INFO] [stderr]    Compiling rand_chacha v0.9.0
[INFO] [stderr]    Compiling rand v0.9.5
[INFO] [stderr]    Compiling anstream v1.0.0
[INFO] [stderr]    Compiling env_filter v2.0.0
[INFO] [stderr]    Compiling fastrand v2.5.0
[INFO] [stderr]    Compiling filetime v0.2.29
[INFO] [stderr]    Compiling tempfile v3.27.0
[INFO] [stderr]    Compiling env_logger v0.11.11
[INFO] [stderr]    Compiling zstd-safe v7.2.4
[INFO] [stderr]    Compiling zstd v0.13.3
[INFO] [stderr]    Compiling actix-http v3.13.3
[INFO] [stderr]    Compiling actix-web v4.14.1
[INFO] [stderr]    Compiling awc v3.8.2
[INFO] [stderr]    Compiling actix-http-test v3.2.0
[INFO] [stderr]    Compiling actix-test v0.1.5
[INFO] [stderr]    Compiling actix-files v0.7.0 (/opt/rustwide/workdir)
[INFO] [stderr]     Finished `release` profile [optimized] target(s) in 5m 57s
[INFO] running `Command { std: "docker" "inspect" "95a1d195ffc38777d962845adb9ab5fe63765cb037ad3bfd24e00560093cc13e", kill_on_drop: false }`
[INFO] running `Command { std: "docker" "exec" "-e" "SOURCE_DIR=/opt/rustwide/workdir" "-e" "CARGO_HOME=/opt/rustwide/cargo-home" "-e" "RUSTUP_HOME=/opt/rustwide/rustup-home" "-e" "CARGO_TARGET_DIR=/opt/rustwide/target" "-e" "CARGO_INCREMENTAL=0" "-e" "RUST_BACKTRACE=full" "-e" "RUSTFLAGS=--cap-lints=warn" "-e" "RUSTDOCFLAGS=--cap-lints=warn" "-w" "/opt/rustwide/workdir" "--user" "0:0" "95a1d195ffc38777d962845adb9ab5fe63765cb037ad3bfd24e00560093cc13e" "/opt/rustwide/cargo-home/bin/cargo" "+1.99.0-beta.8" "test" "--frozen" "--release", kill_on_drop: false }`
[INFO] [stderr]     Finished `release` profile [optimized] target(s) in 0.35s
[INFO] [stderr]      Running unittests src/lib.rs (/opt/rustwide/target/release/deps/actix_files-cbcfb655730920b5)
[INFO] [stdout] 
[INFO] [stdout] running 68 tests
[INFO] [stdout] test encoding::tests::test_equiv_utf8_text ... ok
[INFO] [stdout] test path_buf::tests::encoded_slash_is_rejected ... ok
[INFO] [stdout] test named::tests::audio_files_use_inline_content_disposition ... ok
[INFO] [stdout] test named::tests::special_chars_are_escaped_in_content_disposition_filename ... ok
[INFO] [stdout] test path_buf::tests::path_traversal ... ok
[INFO] [stdout] test path_buf::tests::test_path_buf ... ok
[INFO] [stdout] test path_buf::tests::test_parse_path ... ok
[INFO] [stdout] test path_buf::tests::windows_drive_traversal ... ok
[INFO] [stdout] test range::tests::test_parse ... ok
[INFO] [stdout] test tests::integration_serve_index ... ok
[INFO] [stdout] test files::tests::custom_files_listing_renderer ... FAILED
[INFO] [stdout] test tests::status_code_customize_same_output ... ok
[INFO] [stdout] test tests::integration_percent_encoded ... ok
[INFO] [stdout] test tests::test_file_extension_to_mime ... ok
[INFO] [stdout] test tests::test_default_handler_file_missing ... ok
[INFO] [stdout] test tests::test_default_handler_filter ... ok
[INFO] [stdout] test tests::test_files_guards ... ok
[INFO] [stdout] test tests::test_default_handler_named_file ... ok
[INFO] [stdout] test tests::test_files_not_allowed ... ok
[INFO] [stdout] test tests::test_if_modified_since_without_if_none_match_same ... ok
[INFO] [stdout] test tests::test_if_modified_since_without_if_none_match ... ok
[INFO] [stdout] test tests::test_hidden_files_reject_cur_dir_segment ... ok
[INFO] [stdout] test tests::test_if_unmodified_since ... ok
[INFO] [stdout] test tests::test_if_unmodified_since_failed ... ok
[INFO] [stdout] test tests::test_mime_override ... ok
[INFO] [stdout] test tests::test_index_with_show_files_listing ... ok
[INFO] [stdout] test tests::test_named_file_allowed_method ... ok
[INFO] [stdout] test tests::test_named_file_binary ... ok
[INFO] [stdout] test tests::test_named_file_content_encoding_gzip ... ok
[INFO] [stdout] test tests::test_named_file_content_disposition ... ok
[INFO] [stdout] test tests::test_named_file_default_service ... ok
[INFO] [stdout] test tests::test_named_file_image ... ok
[INFO] [stdout] test tests::test_named_file_content_encoding ... ok
[INFO] [stdout] test tests::test_named_file_image_attachment ... ok
[INFO] [stdout] test tests::test_named_file_empty_range_headers ... ok
[INFO] [stdout] test tests::test_head_content_length_headers ... ok
[INFO] [stdout] test tests::test_named_file_javascript ... ok
[INFO] [stdout] test tests::test_named_file_set_content_type ... ok
[INFO] [stdout] test tests::test_named_file_non_ascii_file_name ... ok
[INFO] [stdout] test tests::test_named_file_ranges_status_code ... ok
[INFO] [stdout] test tests::test_path_filter ... ok
[INFO] [stdout] test tests::test_named_file_status_code_text ... ok
[INFO] [stdout] test tests::test_named_file_text ... ok
[INFO] [stdout] test tests::test_serve_index_nested ... ok
[INFO] [stdout] test tests::test_redirect_to_slash_directory ... ok
[INFO] [stdout] test tests::test_static_files ... ok
[INFO] [stdout] test tests::test_static_files_accepts_borrowed_os_string_directory ... ok
[INFO] [stdout] test tests::test_percent_encoding_2 ... ok
[INFO] [stdout] test tests::test_if_modified_since_with_if_none_match ... ok
[INFO] [stdout] test tests::test_static_files_bad_directory_does_not_serve_cwd_files ... ok
[INFO] [stdout] test tests::test_static_files_bad_directory ... ok
[INFO] [stdout] test tests::test_static_files_empty_directories ... ok
[INFO] [stdout] test tests::test_serve_named_file ... ok
[INFO] [stdout] test tests::test_static_files_multiple_directories_default_handler ... ok
[INFO] [stdout] test tests::test_serve_named_file_prefix ... ok
[INFO] [stdout] test tests::test_named_file_content_length_headers ... ok
[INFO] [stdout] test tests::test_static_files_multiple_directories_redirect_precedence ... ok
[INFO] [stdout] test tests::test_static_files_index_file_error_falls_back_to_listing ... ok
[INFO] [stdout] test tests::test_named_file_content_range_headers ... ok
[INFO] [stdout] test tests::test_static_files_multiple_directories_show_files_listing ... ok
[INFO] [stdout] test tests::test_static_files_multiple_directories_file_as_parent_falls_back ... ok
[INFO] [stdout] test tests::test_static_files_with_spaces ... ok
[INFO] [stdout] test tests::test_static_files_multiple_directories ... ok
[INFO] [stdout] test tests::test_static_files_with_special_characters ... ok
[INFO] [stdout] test tests::test_static_files_multiple_directories_index_file ... ok
[INFO] [stdout] test tests::test_static_files_multiple_directories_index_file_as_parent_falls_back ... ok
[INFO] [stdout] test tests::test_symlinks ... ok
[INFO] [stdout] test tests::test_named_file_range_header_from_zero_to_end_returns_partial_content ... ok
[INFO] [stdout] 
[INFO] [stdout] failures:
[INFO] [stdout] 
[INFO] [stdout] ---- files::tests::custom_files_listing_renderer stdout ----
[INFO] [stdout] 
[INFO] [stdout] thread 'files::tests::custom_files_listing_renderer' (3147) panicked at src/files.rs:605:9:
[INFO] [stdout] body "/opt/rustwide/workdir/tests/" does not end with "actix-files/tests"
[INFO] [stdout] stack backtrace:
[INFO] [stdout]    0:     0x59783b82eae1 - <<std[70759c8f55707aa4]::sys::backtrace::BacktraceLock>::print::DisplayBacktrace as core[df12db4294e9bfd3]::fmt::Display>::fmt
[INFO] [stdout]    1:     0x59783b847fda - core[df12db4294e9bfd3]::fmt::write
[INFO] [stdout]    2:     0x59783b83400c - <alloc[2182bb758b4b3781]::vec::Vec<u8> as core[df12db4294e9bfd3]::io::write::Write>::write_fmt
[INFO] [stdout]    3:     0x59783b807716 - std[70759c8f55707aa4]::panicking::default_hook::{closure#0}
[INFO] [stdout]    4:     0x59783b825919 - std[70759c8f55707aa4]::panicking::default_hook
[INFO] [stdout]    5:     0x59783b50b1d0 - test[9d35eded1c95d3be]::test_main_inner::<test[9d35eded1c95d3be]::test_main_static::{closure#0}>::{closure#0}
[INFO] [stdout]    6:     0x59783b825c42 - std[70759c8f55707aa4]::panicking::panic_with_hook
[INFO] [stdout]    7:     0x59783b8077c2 - std[70759c8f55707aa4]::panicking::panic_handler::{closure#0}
[INFO] [stdout]    8:     0x59783b800119 - std[70759c8f55707aa4]::sys::backtrace::__rust_end_short_backtrace::<std[70759c8f55707aa4]::panicking::panic_handler::{closure#0}, !>
[INFO] [stdout]    9:     0x59783b8085ad - __rustc[8fa7c3cbc660c2b3]::rust_begin_unwind
[INFO] [stdout]   10:     0x59783b8487bc - core[df12db4294e9bfd3]::panicking::panic_fmt
[INFO] [stdout]   11:     0x59783b3380f2 - <std[70759c8f55707aa4]::thread::local::LocalKey<tokio[2edbc8167d7d8065]::task::local::LocalData>>::with::<<tokio[2edbc8167d7d8065]::task::local::LocalSet>::with<core[df12db4294e9bfd3]::task::poll::Poll<()>, <tokio[2edbc8167d7d8065]::task::local::RunUntil<actix_files[a8b6aa3049b8fede]::files::tests::custom_files_listing_renderer::{closure#0}> as core[df12db4294e9bfd3]::future::future::Future>::poll::{closure#0}>::{closure#0}, core[df12db4294e9bfd3]::task::poll::Poll<()>>
[INFO] [stdout]   12:     0x59783b4bf2e3 - <core[df12db4294e9bfd3]::pin::Pin<&mut <tokio[2edbc8167d7d8065]::task::local::LocalSet>::run_until<actix_files[a8b6aa3049b8fede]::files::tests::custom_files_listing_renderer::{closure#0}>::{closure#0}> as core[df12db4294e9bfd3]::future::future::Future>::poll
[INFO] [stdout]   13:     0x59783b34618f - <tokio[2edbc8167d7d8065]::runtime::scheduler::current_thread::Context>::enter::<core[df12db4294e9bfd3]::task::poll::Poll<()>, <tokio[2edbc8167d7d8065]::runtime::scheduler::current_thread::CoreGuard>::block_on<core[df12db4294e9bfd3]::pin::Pin<&mut <tokio[2edbc8167d7d8065]::task::local::LocalSet>::run_until<actix_files[a8b6aa3049b8fede]::files::tests::custom_files_listing_renderer::{closure#0}>::{closure#0}>>::{closure#0}::{closure#0}>
[INFO] [stdout]   14:     0x59783b3e5f2c - <tokio[2edbc8167d7d8065]::runtime::context::scoped::Scoped<tokio[2edbc8167d7d8065]::runtime::scheduler::Context>>::set::<<tokio[2edbc8167d7d8065]::runtime::scheduler::current_thread::CoreGuard>::enter<<tokio[2edbc8167d7d8065]::runtime::scheduler::current_thread::CoreGuard>::block_on<core[df12db4294e9bfd3]::pin::Pin<&mut <tokio[2edbc8167d7d8065]::task::local::LocalSet>::run_until<actix_files[a8b6aa3049b8fede]::files::tests::custom_files_listing_renderer::{closure#0}>::{closure#0}>>::{closure#0}, core[df12db4294e9bfd3]::option::Option<()>>::{closure#0}, (alloc[2182bb758b4b3781]::boxed::Box<tokio[2edbc8167d7d8065]::runtime::scheduler::current_thread::Core>, core[df12db4294e9bfd3]::option::Option<()>)>
[INFO] [stdout]   15:     0x59783b34f255 - <tokio[2edbc8167d7d8065]::runtime::scheduler::current_thread::CoreGuard>::block_on::<core[df12db4294e9bfd3]::pin::Pin<&mut <tokio[2edbc8167d7d8065]::task::local::LocalSet>::run_until<actix_files[a8b6aa3049b8fede]::files::tests::custom_files_listing_renderer::{closure#0}>::{closure#0}>>
[INFO] [stdout]   16:     0x59783b4d8b33 - tokio[2edbc8167d7d8065]::runtime::context::runtime::enter_runtime::<<tokio[2edbc8167d7d8065]::runtime::scheduler::current_thread::CurrentThread>::block_on<<tokio[2edbc8167d7d8065]::task::local::LocalSet>::run_until<actix_files[a8b6aa3049b8fede]::files::tests::custom_files_listing_renderer::{closure#0}>::{closure#0}>::{closure#0}, ()>
[INFO] [stdout]   17:     0x59783b3f9e1f - <tokio[2edbc8167d7d8065]::runtime::runtime::Runtime>::block_on::<<tokio[2edbc8167d7d8065]::task::local::LocalSet>::run_until<actix_files[a8b6aa3049b8fede]::files::tests::custom_files_listing_renderer::{closure#0}>::{closure#0}>
[INFO] [stdout]   18:     0x59783b4c1556 - <actix_files[a8b6aa3049b8fede]::files::tests::custom_files_listing_renderer::{closure#0} as core[df12db4294e9bfd3]::ops::function::FnOnce<()>>::call_once
[INFO] [stdout]   19:     0x59783b4fe4bb - test[9d35eded1c95d3be]::__rust_begin_short_backtrace::<core[df12db4294e9bfd3]::result::Result<(), alloc[2182bb758b4b3781]::string::String>, fn() -> core[df12db4294e9bfd3]::result::Result<(), alloc[2182bb758b4b3781]::string::String>>
[INFO] [stdout]   20:     0x59783b50bb25 - test[9d35eded1c95d3be]::run_test::{closure#0}
[INFO] [stdout]   21:     0x59783b5053e4 - std[70759c8f55707aa4]::sys::backtrace::__rust_begin_short_backtrace::<test[9d35eded1c95d3be]::run_test::{closure#1}, ()>
[INFO] [stdout]   22:     0x59783b50ec82 - <std[70759c8f55707aa4]::thread::lifecycle::spawn_unchecked<test[9d35eded1c95d3be]::run_test::{closure#1}, ()>::{closure#1} as core[df12db4294e9bfd3]::ops::function::FnOnce<()>>::call_once::{shim:vtable#0}
[INFO] [stdout]   23:     0x59783b82d8a9 - <std[70759c8f55707aa4]::sys::thread::unix::Thread>::new::thread_start
[INFO] [stdout]   24:     0x763d203efdfa - <unknown>
[INFO] [stdout]   25:     0x763d204833d4 - clone
[INFO] [stdout]   26:                0x0 - <unknown>
[INFO] [stdout] 
[INFO] [stdout] 
[INFO] [stdout] failures:
[INFO] [stdout]     files::tests::custom_files_listing_renderer
[INFO] [stdout] 
[INFO] [stdout] test result: FAILED. 67 passed; 1 failed; 0 ignored; 0 measured; 0 filtered out; finished in 0.04s
[INFO] [stdout] 
[INFO] [stderr] error: test failed, to rerun pass `--lib`
[INFO] running `Command { std: "docker" "inspect" "95a1d195ffc38777d962845adb9ab5fe63765cb037ad3bfd24e00560093cc13e", kill_on_drop: false }`
[INFO] running `Command { std: "docker" "rm" "-f" "95a1d195ffc38777d962845adb9ab5fe63765cb037ad3bfd24e00560093cc13e", kill_on_drop: false }`
[INFO] [stdout] 95a1d195ffc38777d962845adb9ab5fe63765cb037ad3bfd24e00560093cc13e
