[INFO] cloning repository https://github.com/zottiben/ai-planner
[INFO] running `Command { std: "git" "-c" "credential.helper=" "-c" "credential.helper=/workspace/cargo-home/bin/git-credential-null" "clone" "--bare" "https://github.com/zottiben/ai-planner" "/workspace/cache/git-repos/https%3A%2F%2Fgithub.com%2Fzottiben%2Fai-planner", kill_on_drop: false }`
[INFO] [stderr] Cloning into bare repository '/workspace/cache/git-repos/https%3A%2F%2Fgithub.com%2Fzottiben%2Fai-planner'...
[INFO] running `Command { std: "git" "rev-parse" "HEAD", kill_on_drop: false }`
[INFO] [stdout] a6584cfec4fde053133b79c1cf304f19b5b98f8f
[INFO] testing zottiben/ai-planner against 1.99.0-beta.8+cargoflags=--release for beta-release-1.100-2
[INFO] running `Command { std: "git" "clone" "/workspace/cache/git-repos/https%3A%2F%2Fgithub.com%2Fzottiben%2Fai-planner" "/workspace/builds/worker-6-tc1/source", kill_on_drop: false }`
[INFO] [stderr] Cloning into '/workspace/builds/worker-6-tc1/source'...
[INFO] [stderr] done.
[INFO] removed /workspace/builds/worker-6-tc1/source/rust-toolchain.toml
[INFO] started tweaking git repo https://github.com/zottiben/ai-planner
[INFO] finished tweaking git repo https://github.com/zottiben/ai-planner
[INFO] tweaked toml for git repo https://github.com/zottiben/ai-planner written to /workspace/builds/worker-6-tc1/source/Cargo.toml
[INFO] validating manifest of git repo https://github.com/zottiben/ai-planner on toolchain 1.99.0-beta.8
[INFO] running `Command { std: CARGO_HOME="/workspace/cargo-home" RUSTUP_HOME="/workspace/rustup-home" "/workspace/cargo-home/bin/cargo" "+1.99.0-beta.8" "metadata" "--manifest-path" "Cargo.toml" "--no-deps", kill_on_drop: false }`
[INFO] crate git repo https://github.com/zottiben/ai-planner already has a lockfile, it will not be regenerated
[INFO] running `Command { std: CARGO_HOME="/workspace/cargo-home" RUSTUP_HOME="/workspace/rustup-home" "/workspace/cargo-home/bin/cargo" "+1.99.0-beta.8" "fetch" "--manifest-path" "Cargo.toml", kill_on_drop: false }`
[INFO] [stderr]     Updating crates.io index
[INFO] [stderr]  Downloading crates ...
[INFO] [stderr]   Downloaded cc v1.4.4
[INFO] [stderr]   Downloaded tauri-plugin-window-state v2.4.1
[INFO] [stderr]   Downloaded indexmap v2.14.1
[INFO] [stderr]   Downloaded camino v1.2.5
[INFO] [stderr]   Downloaded crc32fast v1.5.1
[INFO] [stderr]   Downloaded zlib-rs v0.6.7
[INFO] [stderr]   Downloaded unicode-normalization-alignments v0.1.12
[INFO] [stderr]   Downloaded rusqlite v0.37.0
[INFO] [stderr]   Downloaded rayon-cond v0.4.0
[INFO] [stderr]   Downloaded onig v6.5.3
[INFO] [stderr]   Downloaded tokenizers v0.22.2
[INFO] [stderr]   Downloaded monostate v0.1.18
[INFO] [stderr]   Downloaded macro_rules_attribute-proc_macro v0.2.3
[INFO] [stderr]   Downloaded monostate-impl v0.1.18
[INFO] [stderr]   Downloaded dary_heap v0.3.9
[INFO] [stderr]   Downloaded safetensors v0.8.0
[INFO] [stderr]   Downloaded macro_rules_attribute v0.2.3
[INFO] [stderr]   Downloaded ureq v3.4.0
[INFO] [stderr]   Downloaded ureq-proto v0.6.1
[INFO] [stderr]   Downloaded fastembed v5.17.4
[INFO] [stderr]   Downloaded esaxx-rs v0.1.10
[INFO] [stderr]   Downloaded spm_precompiled v0.1.4
[INFO] [stderr]   Downloaded onig_sys v69.9.3
[INFO] [stderr]   Downloaded lzma-rust2 v0.15.8
[INFO] [stderr]   Downloaded libsqlite3-sys v0.35.0
[INFO] [stderr]   Downloaded libfuzzer-sys v0.4.13
[INFO] [stderr]   Downloaded built v0.8.1
[INFO] [stderr]   Downloaded imgref v1.12.3
[INFO] [stderr]   Downloaded reborrow v0.5.5
[INFO] [stderr]   Downloaded exr v1.74.2
[INFO] [stderr]   Downloaded pulp v0.22.3
[INFO] [stderr]   Downloaded pulp-wasm-simd-flag v0.1.1
[INFO] [stderr]   Downloaded hf-hub v0.5.0
[INFO] running `Command { std: "docker" "create" "-v" "/var/lib/crater-agent-workspace/builds/worker-6-tc1/source:/opt/rustwide/workdir:ro,Z" "-v" "/var/lib/crater-agent-workspace/builds/worker-6-tc1/target:/opt/rustwide/target:rw,Z" "-v" "/var/lib/crater-agent-workspace/cargo-home:/opt/rustwide/cargo-home:ro,Z" "-v" "/var/lib/crater-agent-workspace/rustup-home:/opt/rustwide/rustup-home:ro,Z" "-m" "1610612736" "--network" "none" "ghcr.io/rust-lang/crates-build-env/linux@sha256:77db811e55d90add9212f6832c23229e3de5f1c1f9905e8cb07319ea15df73ac" "sleep" "infinity", kill_on_drop: false }`
[INFO] [stdout] b3d232b124cb606f0afd73b5c13f3fd52afc6973dd147454511e7022e8bcbbee
[INFO] running `Command { std: "docker" "start" "b3d232b124cb606f0afd73b5c13f3fd52afc6973dd147454511e7022e8bcbbee", kill_on_drop: false }`
[INFO] running `Command { std: "docker" "inspect" "b3d232b124cb606f0afd73b5c13f3fd52afc6973dd147454511e7022e8bcbbee", kill_on_drop: false }`
[INFO] running `Command { std: "docker" "exec" "-e" "SOURCE_DIR=/opt/rustwide/workdir" "-e" "CARGO_HOME=/opt/rustwide/cargo-home" "-e" "RUSTUP_HOME=/opt/rustwide/rustup-home" "-e" "CARGO_TARGET_DIR=/opt/rustwide/target" "-w" "/opt/rustwide/workdir" "--user" "0:0" "b3d232b124cb606f0afd73b5c13f3fd52afc6973dd147454511e7022e8bcbbee" "/opt/rustwide/cargo-home/bin/cargo" "+1.99.0-beta.8" "metadata" "--no-deps" "--format-version=1", kill_on_drop: false }`
[INFO] running `Command { std: "docker" "inspect" "b3d232b124cb606f0afd73b5c13f3fd52afc6973dd147454511e7022e8bcbbee", kill_on_drop: false }`
[INFO] running `Command { std: "docker" "exec" "-e" "SOURCE_DIR=/opt/rustwide/workdir" "-e" "CARGO_HOME=/opt/rustwide/cargo-home" "-e" "RUSTUP_HOME=/opt/rustwide/rustup-home" "-e" "CARGO_TARGET_DIR=/opt/rustwide/target" "-e" "CARGO_INCREMENTAL=0" "-e" "RUST_BACKTRACE=full" "-e" "RUSTFLAGS=--cap-lints=warn" "-e" "RUSTDOCFLAGS=--cap-lints=warn" "-w" "/opt/rustwide/workdir" "--user" "0:0" "b3d232b124cb606f0afd73b5c13f3fd52afc6973dd147454511e7022e8bcbbee" "/opt/rustwide/cargo-home/bin/cargo" "+1.99.0-beta.8" "build" "--frozen" "--message-format=json" "--release", kill_on_drop: false }`
[INFO] [stderr]    Compiling proc-macro2 v1.0.107
[INFO] [stderr]    Compiling quote v1.0.47
[INFO] [stderr]    Compiling libc v0.2.189
[INFO] [stderr]    Compiling futures-core v0.3.34
[INFO] [stderr]    Compiling zmij v1.0.23
[INFO] [stderr]    Compiling bytes v1.12.1
[INFO] [stderr]    Compiling serde_core v1.0.229
[INFO] [stderr]    Compiling futures-sink v0.3.34
[INFO] [stderr]    Compiling memchr v2.8.3
[INFO] [stderr]    Compiling serde v1.0.229
[INFO] [stderr]    Compiling futures-channel v0.3.34
[INFO] [stderr]    Compiling serde_json v1.0.151
[INFO] [stderr]    Compiling shlex v2.0.1
[INFO] [stderr]    Compiling find-msvc-tools v0.1.11
[INFO] [stderr]    Compiling futures-io v0.3.34
[INFO] [stderr]    Compiling typenum v1.20.1
[INFO] [stderr]    Compiling futures-task v0.3.34
[INFO] [stderr]    Compiling cc v1.4.4
[INFO] [stderr]    Compiling log v0.4.34
[INFO] [stderr]    Compiling http v1.5.0
[INFO] [stderr]    Compiling pkg-config v0.3.34
[INFO] [stderr]    Compiling syn v3.0.4
[INFO] [stderr]    Compiling syn v2.0.119
[INFO] [stderr]    Compiling errno v0.3.14
[INFO] [stderr]    Compiling mio v1.2.2
[INFO] [stderr]    Compiling socket2 v0.6.5
[INFO] [stderr]    Compiling signal-hook-registry v1.4.8
[INFO] [stderr]    Compiling generic-array v0.14.7
[INFO] [stderr]    Compiling http-body v1.1.0
[INFO] [stderr]    Compiling smallvec v1.15.2
[INFO] [stderr]    Compiling bitflags v2.13.1
[INFO] [stderr]    Compiling num-traits v0.2.19
[INFO] [stderr]    Compiling libsqlite3-sys v0.35.0
[INFO] [stderr]    Compiling thiserror v2.0.20
[INFO] [stderr]    Compiling block-buffer v0.10.4
[INFO] [stderr]    Compiling crypto-common v0.1.7
[INFO] [stderr]    Compiling hashbrown v0.15.5
[INFO] [stderr]    Compiling ref-cast v1.0.27
[INFO] [stderr]    Compiling time-core v0.1.9
[INFO] [stderr]    Compiling getrandom v0.4.3
[INFO] [stderr]    Compiling num-conv v0.2.2
[INFO] [stderr]    Compiling time-macros v0.2.32
[INFO] [stderr]    Compiling digest v0.10.7
[INFO] [stderr]    Compiling hashlink v0.10.0
[INFO] [stderr]    Compiling http-body-util v0.1.5
[INFO] [stderr]    Compiling num_threads v0.1.7
[INFO] [stderr]    Compiling serde_derive_internals v0.30.0
[INFO] [stderr]    Compiling fallible-streaming-iterator v0.1.9
[INFO] [stderr]    Compiling getrandom v0.3.4
[INFO] [stderr]    Compiling fallible-iterator v0.3.0
[INFO] [stderr]    Compiling deranged v0.5.8
[INFO] [stderr]    Compiling darling_core v0.23.0
[INFO] [stderr]    Compiling tokio-macros v2.7.2
[INFO] [stderr]    Compiling serde_derive v1.0.229
[INFO] [stderr]    Compiling tokio v1.53.1
[INFO] [stderr]    Compiling futures-macro v0.3.34
[INFO] [stderr]    Compiling thiserror-impl v2.0.20
[INFO] [stderr]    Compiling ref-cast-impl v1.0.27
[INFO] [stderr]    Compiling futures-util v0.3.34
[INFO] [stderr]    Compiling time v0.3.55
[INFO] [stderr]    Compiling tracing-attributes v0.1.31
[INFO] [stderr]    Compiling tracing v0.1.44
[INFO] [stderr]    Compiling darling_macro v0.23.0
[INFO] [stderr]    Compiling darling v0.23.0
[INFO] [stderr]    Compiling axum-core v0.5.6
[INFO] [stderr]    Compiling schemars_derive v1.2.2
[INFO] [stderr]    Compiling rustix v1.1.4
[INFO] [stderr]    Compiling chrono v0.4.45
[INFO] [stderr]    Compiling serde_urlencoded v0.7.1
[INFO] [stderr]    Compiling futures-executor v0.3.34
[INFO] [stderr]    Compiling sha2 v0.10.9
[INFO] [stderr]    Compiling serde_path_to_error v0.1.20
[INFO] [stderr]    Compiling ai-planner-ui v0.6.0 (/opt/rustwide/workdir/crates/ai-planner-ui)
[INFO] [stderr]    Compiling rmcp v2.2.0
[INFO] [stderr]    Compiling fastrand v2.5.0
[INFO] [stderr]    Compiling clap_derive v4.6.4
[INFO] [stderr]    Compiling schemars v1.2.2
[INFO] [stderr]    Compiling tempfile v3.27.0
[INFO] [stderr]    Compiling hyper v1.11.1
[INFO] [stderr]    Compiling tokio-util v0.7.19
[INFO] [stderr]    Compiling tower v0.5.3
[INFO] [stderr]    Compiling clap_builder v4.6.6
[INFO] [stderr]    Compiling tokio-stream v0.1.19
[INFO] [stderr]    Compiling futures v0.3.34
[INFO] [stderr]    Compiling rmcp-macros v2.2.0
[INFO] [stderr]    Compiling hyper-util v0.1.20
[INFO] [stderr]    Compiling async-trait v0.1.92
[INFO] [stderr]    Compiling axum v0.8.9
[INFO] [stderr]    Compiling semver v1.0.28
[INFO] [stderr]    Compiling ai-planner-update v0.6.0 (/opt/rustwide/workdir/crates/ai-planner-update)
[INFO] [stderr]    Compiling clap v4.6.6
[INFO] [stderr]    Compiling rusqlite v0.37.0
[INFO] [stderr]    Compiling ai-planner-core v0.6.0 (/opt/rustwide/workdir/crates/ai-planner-core)
[INFO] [stderr]    Compiling ai-planner v0.6.0 (/opt/rustwide/workdir/crates/ai-planner)
[INFO] [stderr]     Finished `release` profile [optimized] target(s) in 5m 33s
[INFO] running `Command { std: "docker" "inspect" "b3d232b124cb606f0afd73b5c13f3fd52afc6973dd147454511e7022e8bcbbee", kill_on_drop: false }`
[INFO] running `Command { std: "docker" "exec" "-e" "SOURCE_DIR=/opt/rustwide/workdir" "-e" "CARGO_HOME=/opt/rustwide/cargo-home" "-e" "RUSTUP_HOME=/opt/rustwide/rustup-home" "-e" "CARGO_TARGET_DIR=/opt/rustwide/target" "-e" "CARGO_INCREMENTAL=0" "-e" "RUST_BACKTRACE=full" "-e" "RUSTFLAGS=--cap-lints=warn" "-e" "RUSTDOCFLAGS=--cap-lints=warn" "-w" "/opt/rustwide/workdir" "--user" "0:0" "b3d232b124cb606f0afd73b5c13f3fd52afc6973dd147454511e7022e8bcbbee" "/opt/rustwide/cargo-home/bin/cargo" "+1.99.0-beta.8" "test" "--frozen" "--no-run" "--message-format=json" "--release", kill_on_drop: false }`
[INFO] [stderr]    Compiling ai-planner-ui v0.6.0 (/opt/rustwide/workdir/crates/ai-planner-ui)
[INFO] [stderr]    Compiling ai-planner-update v0.6.0 (/opt/rustwide/workdir/crates/ai-planner-update)
[INFO] [stderr]    Compiling ai-planner-core v0.6.0 (/opt/rustwide/workdir/crates/ai-planner-core)
[INFO] [stderr]    Compiling ai-planner v0.6.0 (/opt/rustwide/workdir/crates/ai-planner)
[INFO] [stderr]     Finished `release` profile [optimized] target(s) in 1m 09s
[INFO] running `Command { std: "docker" "inspect" "b3d232b124cb606f0afd73b5c13f3fd52afc6973dd147454511e7022e8bcbbee", kill_on_drop: false }`
[INFO] running `Command { std: "docker" "exec" "-e" "SOURCE_DIR=/opt/rustwide/workdir" "-e" "CARGO_HOME=/opt/rustwide/cargo-home" "-e" "RUSTUP_HOME=/opt/rustwide/rustup-home" "-e" "CARGO_TARGET_DIR=/opt/rustwide/target" "-e" "CARGO_INCREMENTAL=0" "-e" "RUST_BACKTRACE=full" "-e" "RUSTFLAGS=--cap-lints=warn" "-e" "RUSTDOCFLAGS=--cap-lints=warn" "-w" "/opt/rustwide/workdir" "--user" "0:0" "b3d232b124cb606f0afd73b5c13f3fd52afc6973dd147454511e7022e8bcbbee" "/opt/rustwide/cargo-home/bin/cargo" "+1.99.0-beta.8" "test" "--frozen" "--release", kill_on_drop: false }`
[INFO] [stderr]     Finished `release` profile [optimized] target(s) in 0.33s
[INFO] [stderr]      Running unittests src/main.rs (/opt/rustwide/target/release/deps/aip-7fc243ba5ec6c34b)
[INFO] [stdout] 
[INFO] [stdout] running 20 tests
[INFO] [stdout] test md::tests::machine_readable_output_is_never_rendered ... ok
[INFO] [stdout] test md::tests::an_unknown_setting_falls_back_to_looking_at_the_terminal ... ok
[INFO] [stdout] test md::tests::a_terminal_gets_rendering_and_a_pipe_does_not ... ok
[INFO] [stdout] test md::tests::the_setting_overrides_what_the_terminal_says ... ok
[INFO] [stdout] test out::tests::colour_escapes_do_not_count_towards_column_width ... ok
[INFO] [stdout] test out::tests::padding_measures_the_visible_text ... ok
[INFO] [stdout] test rules::tests::an_outdated_block_is_replaced_in_place_without_disturbing_the_rest ... ok
[INFO] [stdout] test rules::tests::it_is_short_enough_to_live_in_an_always_on_charter ... ok
[INFO] [stderr]      Running tests/delete.rs (/opt/rustwide/target/release/deps/delete-fab08931a90d4291)
[INFO] [stdout] test md::tests::no_color_turns_rendering_off ... ok
[INFO] [stdout] test rules::tests::the_block_is_appended_once_and_then_left_alone ... ok
[INFO] [stdout] test rules::tests::removing_it_leaves_the_surrounding_charter_intact ... ok
[INFO] [stdout] test update::tests::a_binary_cargo_never_installed_is_reported_as_such ... ok
[INFO] [stdout] test update::tests::a_git_install_keeps_its_url_and_records_the_commit_it_was_built_from ... ok
[INFO] [stdout] test update::tests::a_release_update_never_moves_backwards ... ok
[INFO] [stdout] test update::tests::a_path_install_is_read_back_with_its_features ... ok
[INFO] [stdout] test update::tests::an_older_single_event_install_is_upgraded_in_place ... ok
[INFO] [stdout] test update::tests::github_release_tags_are_v_prefixed_versions ... ok
[INFO] [stdout] test update::tests::hooks_are_merged_without_disturbing_anything_else ... ok
[INFO] [stdout] test update::tests::the_embedded_assets_are_the_real_ones ... ok
[INFO] [stdout] test update::tests::a_release_marker_outranks_cargo_provenance ... ok
[INFO] [stdout] 
[INFO] [stdout] test result: ok. 20 passed; 0 failed; 0 ignored; 0 measured; 0 filtered out; finished in 0.01s
[INFO] [stdout] 
[INFO] [stdout] 
[INFO] [stdout] running 6 tests
[INFO] [stdout] test deleting_takes_the_plan_and_everything_on_it ... ok
[INFO] [stdout] test the_slice_report_agrees_its_verb_with_what_it_counted ... ok
[INFO] [stdout] test a_plan_claimed_in_another_worktree_survives_until_the_delete_is_forced ... ok
[INFO] [stdout] test a_delete_is_never_taken_from_the_worktree_and_never_happens_unasked ... ok
[INFO] [stdout] test a_slice_claimed_in_another_worktree_survives_until_the_delete_is_forced ... ok
[INFO] [stderr]      Running tests/markdown.rs (/opt/rustwide/target/release/deps/markdown-e2437f408abc2f1a)
[INFO] [stdout] test deleting_a_slice_leaves_the_plan_and_the_notes_it_wrote ... ok
[INFO] [stdout] 
[INFO] [stdout] test result: ok. 6 passed; 0 failed; 0 ignored; 0 measured; 0 filtered out; finished in 0.87s
[INFO] [stdout] 
[INFO] [stdout] 
[INFO] [stdout] running 3 tests
[INFO] [stdout] test a_piped_plan_is_the_markdown_and_nothing_else ... ok
[INFO] [stdout] test forcing_rendering_hands_the_plan_to_gum ... ok
[INFO] [stdout] test plain_wins_over_asking_for_rendering ... ok
[INFO] [stdout] 
[INFO] [stdout] test result: ok. 3 passed; 0 failed; 0 ignored; 0 measured; 0 filtered out; finished in 0.46s
[INFO] [stdout] 
[INFO] [stderr]      Running tests/mcp_stdio.rs (/opt/rustwide/target/release/deps/mcp_stdio-91564966b3f35f81)
[INFO] [stdout] 
[INFO] [stdout] running 6 tests
[INFO] [stdout] test importing_defaults_to_a_dry_run ... ok
[INFO] [stdout] test a_concurrent_section_edit_is_refused_rather_than_overwritten ... ok
[INFO] [stdout] test deleting_a_plan_another_worktree_holds_is_refused_until_it_is_forced ... ok
[INFO] [stdout] test a_slice_another_worktree_holds_is_refused_not_stolen ... ok
[INFO] [stdout] test a_plan_is_only_deleted_when_the_caller_names_it_exactly ... ok
[INFO] [stdout] test the_server_exposes_the_whole_workflow_over_stdio ... ok
[INFO] [stderr]      Running tests/update.rs (/opt/rustwide/target/release/deps/update-881114dd00fb42ac)
[INFO] [stdout] 
[INFO] [stdout] test result: ok. 6 passed; 0 failed; 0 ignored; 0 measured; 0 filtered out; finished in 0.89s
[INFO] [stdout] 
[INFO] [stdout] 
[INFO] [stdout] running 8 tests
[INFO] [stdout] test another_release_marker_does_not_take_over_a_source_copy ... ok
[INFO] [stdout] test force_does_not_downgrade_a_release_cli ... ok
[INFO] [stdout] test a_release_update_targets_the_executing_copy_and_runs_its_setup ... FAILED
[INFO] [stdout] test source_metadata_is_used_for_the_actual_cargo_executable ... ok
[INFO] [stdout] test a_shadowed_cargo_install_cannot_report_the_active_binary_as_current ... ok
[INFO] [stdout] test a_failed_release_check_is_not_reported_as_success ... ok
[INFO] [stdout] test rebuilding_the_actual_source_copy_keeps_its_feature_flags ... ok
[INFO] [stderr] error: test failed, to rerun pass `-p ai-planner --test update`
[INFO] [stdout] test failed_setup_does_not_turn_a_partial_update_into_success ... ok
[INFO] [stdout] 
[INFO] [stdout] failures:
[INFO] [stdout] 
[INFO] [stdout] ---- a_release_update_targets_the_executing_copy_and_runs_its_setup stdout ----
[INFO] [stdout] 
[INFO] [stdout] thread 'a_release_update_targets_the_executing_copy_and_runs_its_setup' (3657) panicked at crates/ai-planner/tests/update.rs:75:14:
[INFO] [stdout] called `Result::unwrap()` on an `Err` value: Os { code: 26, kind: ExecutableFileBusy, message: "Text file busy" }
[INFO] [stdout] stack backtrace:
[INFO] [stdout]    0:     0x60675f9d1191 - <<std[70759c8f55707aa4]::sys::backtrace::BacktraceLock>::print::DisplayBacktrace as core[df12db4294e9bfd3]::fmt::Display>::fmt
[INFO] [stdout]    1:     0x60675f9e572a - core[df12db4294e9bfd3]::fmt::write
[INFO] [stdout]    2:     0x60675f9d58ac - <alloc[2182bb758b4b3781]::vec::Vec<u8> as core[df12db4294e9bfd3]::io::write::Write>::write_fmt
[INFO] [stdout]    3:     0x60675f9aad26 - std[70759c8f55707aa4]::panicking::default_hook::{closure#0}
[INFO] [stdout]    4:     0x60675f9c7da9 - std[70759c8f55707aa4]::panicking::default_hook
[INFO] [stdout]    5:     0x60675f962be0 - test[9d35eded1c95d3be]::test_main_inner::<test[9d35eded1c95d3be]::test_main_static::{closure#0}>::{closure#0}
[INFO] [stdout]    6:     0x60675f9c7f62 - std[70759c8f55707aa4]::panicking::panic_with_hook
[INFO] [stdout]    7:     0x60675f9aadd2 - std[70759c8f55707aa4]::panicking::panic_handler::{closure#0}
[INFO] [stdout]    8:     0x60675f9a38a9 - std[70759c8f55707aa4]::sys::backtrace::__rust_end_short_backtrace::<std[70759c8f55707aa4]::panicking::panic_handler::{closure#0}, !>
[INFO] [stdout]    9:     0x60675f9aba8d - __rustc[8fa7c3cbc660c2b3]::rust_begin_unwind
[INFO] [stdout]   10:     0x60675f9e5e5c - core[df12db4294e9bfd3]::panicking::panic_fmt
[INFO] [stdout]   11:     0x60675f9e5c32 - core[df12db4294e9bfd3]::result::unwrap_failed
[INFO] [stdout]   12:     0x60675f94cf8d - <update[a901f2b5c0d2e2cc]::Fixture>::run
[INFO] [stdout]   13:     0x60675f94c328 - <update[a901f2b5c0d2e2cc]::Fixture>::ok
[INFO] [stdout]   14:     0x60675f94f19e - <update[a901f2b5c0d2e2cc]::a_release_update_targets_the_executing_copy_and_runs_its_setup::{closure#0} as core[df12db4294e9bfd3]::ops::function::FnOnce<()>>::call_once
[INFO] [stdout]   15:     0x60675f955ecb - test[9d35eded1c95d3be]::__rust_begin_short_backtrace::<core[df12db4294e9bfd3]::result::Result<(), alloc[2182bb758b4b3781]::string::String>, fn() -> core[df12db4294e9bfd3]::result::Result<(), alloc[2182bb758b4b3781]::string::String>>
[INFO] [stdout]   16:     0x60675f963535 - test[9d35eded1c95d3be]::run_test::{closure#0}
[INFO] [stdout]   17:     0x60675f95cdf4 - std[70759c8f55707aa4]::sys::backtrace::__rust_begin_short_backtrace::<test[9d35eded1c95d3be]::run_test::{closure#1}, ()>
[INFO] [stdout]   18:     0x60675f966692 - <std[70759c8f55707aa4]::thread::lifecycle::spawn_unchecked<test[9d35eded1c95d3be]::run_test::{closure#1}, ()>::{closure#1} as core[df12db4294e9bfd3]::ops::function::FnOnce<()>>::call_once::{shim:vtable#0}
[INFO] [stdout]   19:     0x60675f9d0449 - <std[70759c8f55707aa4]::sys::thread::unix::Thread>::new::thread_start
[INFO] [stdout]   20:     0x71db6ff42dfa - <unknown>
[INFO] [stdout]   21:     0x71db6ffd63d4 - clone
[INFO] [stdout]   22:                0x0 - <unknown>
[INFO] [stdout] 
[INFO] [stdout] 
[INFO] [stdout] failures:
[INFO] [stdout]     a_release_update_targets_the_executing_copy_and_runs_its_setup
[INFO] [stdout] 
[INFO] [stdout] test result: FAILED. 7 passed; 1 failed; 0 ignored; 0 measured; 0 filtered out; finished in 0.14s
[INFO] [stdout] 
[INFO] running `Command { std: "docker" "inspect" "b3d232b124cb606f0afd73b5c13f3fd52afc6973dd147454511e7022e8bcbbee", kill_on_drop: false }`
[INFO] running `Command { std: "docker" "rm" "-f" "b3d232b124cb606f0afd73b5c13f3fd52afc6973dd147454511e7022e8bcbbee", kill_on_drop: false }`
[INFO] [stdout] b3d232b124cb606f0afd73b5c13f3fd52afc6973dd147454511e7022e8bcbbee
