[INFO] cloning repository https://github.com/zhtx2024/FQ-H
[INFO] running `Command { std: "git" "-c" "credential.helper=" "-c" "credential.helper=/workspace/cargo-home/bin/git-credential-null" "clone" "--bare" "https://github.com/zhtx2024/FQ-H" "/workspace/cache/git-repos/https%3A%2F%2Fgithub.com%2Fzhtx2024%2FFQ-H", kill_on_drop: false }`
[INFO] [stderr] Cloning into bare repository '/workspace/cache/git-repos/https%3A%2F%2Fgithub.com%2Fzhtx2024%2FFQ-H'...
[INFO] running `Command { std: "git" "rev-parse" "HEAD", kill_on_drop: false }`
[INFO] [stdout] a25390a1f83c3c99330900446b08b8d83a68b3be
[INFO] testing zhtx2024/FQ-H/a25390a1f83c3c99330900446b08b8d83a68b3be against 1.100.0-beta.1+cargoflags=--release for beta-release-1.100-2
[INFO] running `Command { std: "git" "clone" "/workspace/cache/git-repos/https%3A%2F%2Fgithub.com%2Fzhtx2024%2FFQ-H" "/workspace/builds/worker-0-tc2/source", kill_on_drop: false }`
[INFO] [stderr] Cloning into '/workspace/builds/worker-0-tc2/source'...
[INFO] [stderr] done.
[INFO] started tweaking git repo https://github.com/zhtx2024/FQ-H
[INFO] finished tweaking git repo https://github.com/zhtx2024/FQ-H
[INFO] tweaked toml for git repo https://github.com/zhtx2024/FQ-H written to /workspace/builds/worker-0-tc2/source/Cargo.toml
[INFO] validating manifest of git repo https://github.com/zhtx2024/FQ-H on toolchain 1.100.0-beta.1
[INFO] running `Command { std: CARGO_HOME="/workspace/cargo-home" RUSTUP_HOME="/workspace/rustup-home" "/workspace/cargo-home/bin/cargo" "+1.100.0-beta.1" "metadata" "--manifest-path" "Cargo.toml" "--no-deps", kill_on_drop: false }`
[INFO] crate git repo https://github.com/zhtx2024/FQ-H already has a lockfile, it will not be regenerated
[INFO] running `Command { std: CARGO_HOME="/workspace/cargo-home" RUSTUP_HOME="/workspace/rustup-home" "/workspace/cargo-home/bin/cargo" "+1.100.0-beta.1" "fetch" "--manifest-path" "Cargo.toml", kill_on_drop: false }`
[INFO] running `Command { std: "docker" "create" "-v" "/var/lib/crater-agent-workspace/builds/worker-0-tc2/source:/opt/rustwide/workdir:ro,Z" "-v" "/var/lib/crater-agent-workspace/builds/worker-0-tc2/target:/opt/rustwide/target:rw,Z" "-v" "/var/lib/crater-agent-workspace/cargo-home:/opt/rustwide/cargo-home:ro,Z" "-v" "/var/lib/crater-agent-workspace/rustup-home:/opt/rustwide/rustup-home:ro,Z" "-m" "1610612736" "--network" "none" "ghcr.io/rust-lang/crates-build-env/linux@sha256:77db811e55d90add9212f6832c23229e3de5f1c1f9905e8cb07319ea15df73ac" "sleep" "infinity", kill_on_drop: false }`
[INFO] [stdout] 5f9a00c90aa2764dd97344c9de54c2f7dc471f41d33dbd6cc2b16806bd38baac
[INFO] running `Command { std: "docker" "start" "5f9a00c90aa2764dd97344c9de54c2f7dc471f41d33dbd6cc2b16806bd38baac", kill_on_drop: false }`
[INFO] running `Command { std: "docker" "inspect" "5f9a00c90aa2764dd97344c9de54c2f7dc471f41d33dbd6cc2b16806bd38baac", kill_on_drop: false }`
[INFO] running `Command { std: "docker" "exec" "-e" "SOURCE_DIR=/opt/rustwide/workdir" "-e" "CARGO_HOME=/opt/rustwide/cargo-home" "-e" "RUSTUP_HOME=/opt/rustwide/rustup-home" "-e" "CARGO_TARGET_DIR=/opt/rustwide/target" "-w" "/opt/rustwide/workdir" "--user" "0:0" "5f9a00c90aa2764dd97344c9de54c2f7dc471f41d33dbd6cc2b16806bd38baac" "/opt/rustwide/cargo-home/bin/cargo" "+1.100.0-beta.1" "metadata" "--no-deps" "--format-version=1", kill_on_drop: false }`
[INFO] running `Command { std: "docker" "inspect" "5f9a00c90aa2764dd97344c9de54c2f7dc471f41d33dbd6cc2b16806bd38baac", kill_on_drop: false }`
[INFO] running `Command { std: "docker" "exec" "-e" "SOURCE_DIR=/opt/rustwide/workdir" "-e" "CARGO_HOME=/opt/rustwide/cargo-home" "-e" "RUSTUP_HOME=/opt/rustwide/rustup-home" "-e" "CARGO_TARGET_DIR=/opt/rustwide/target" "-e" "CARGO_INCREMENTAL=0" "-e" "RUST_BACKTRACE=full" "-e" "RUSTFLAGS=--cap-lints=warn" "-e" "RUSTDOCFLAGS=--cap-lints=warn" "-w" "/opt/rustwide/workdir" "--user" "0:0" "5f9a00c90aa2764dd97344c9de54c2f7dc471f41d33dbd6cc2b16806bd38baac" "/opt/rustwide/cargo-home/bin/cargo" "+1.100.0-beta.1" "build" "--frozen" "--message-format=json" "--release", kill_on_drop: false }`
[INFO] [stderr]    Compiling proc-macro2 v1.0.107
[INFO] [stderr]    Compiling quote v1.0.47
[INFO] [stderr]    Compiling unicode-ident v1.0.26
[INFO] [stderr]    Compiling typenum v1.20.1
[INFO] [stderr]    Compiling version_check v0.9.5
[INFO] [stderr]    Compiling cfg-if v1.0.5
[INFO] [stderr]    Compiling libc v0.2.189
[INFO] [stderr]    Compiling subtle v2.6.1
[INFO] [stderr]    Compiling cpufeatures v0.2.17
[INFO] [stderr]    Compiling find-msvc-tools v0.1.13
[INFO] [stderr]    Compiling shlex v2.0.1
[INFO] [stderr]    Compiling semver v1.0.28
[INFO] [stderr]    Compiling serde_core v1.0.229
[INFO] [stderr]    Compiling generic-array v0.14.7
[INFO] [stderr]    Compiling cc v1.4.7
[INFO] [stderr]    Compiling opaque-debug v0.3.1
[INFO] [stderr]    Compiling rustc_version v0.4.1
[INFO] [stderr]    Compiling autocfg v1.5.1
[INFO] [stderr]    Compiling serde v1.0.229
[INFO] [stderr]    Compiling thiserror v2.0.20
[INFO] [stderr]    Compiling getrandom v0.4.3
[INFO] [stderr]    Compiling curve25519-dalek v4.1.3
[INFO] [stderr]    Compiling num-traits v0.2.19
[INFO] [stderr]    Compiling curve25519-dalek v5.0.0
[INFO] [stderr]    Compiling cpufeatures v0.3.1
[INFO] [stderr]    Compiling once_cell v1.21.4
[INFO] [stderr]    Compiling getrandom v0.3.4
[INFO] [stderr]    Compiling syn v2.0.119
[INFO] [stderr]    Compiling syn v3.0.6
[INFO] [stderr]    Compiling zmij v1.0.23
[INFO] [stderr]    Compiling hybrid-array v0.4.15
[INFO] [stderr]    Compiling vcpkg v0.2.15
[INFO] [stderr]    Compiling ring v0.17.14
[INFO] [stderr]    Compiling crypto-common v0.2.2
[INFO] [stderr]    Compiling block-buffer v0.12.1
[INFO] [stderr]    Compiling crypto-common v0.1.7
[INFO] [stderr]    Compiling inout v0.1.4
[INFO] [stderr]    Compiling block-buffer v0.10.4
[INFO] [stderr]    Compiling universal-hash v0.5.1
[INFO] [stderr]    Compiling digest v0.10.7
[INFO] [stderr]    Compiling aead v0.5.2
[INFO] [stderr]    Compiling polyval v0.6.2
[INFO] [stderr]    Compiling pkg-config v0.3.34
[INFO] [stderr]    Compiling ghash v0.5.1
[INFO] [stderr]    Compiling poly1305 v0.8.0
[INFO] [stderr]    Compiling sha2 v0.10.9
[INFO] [stderr]    Compiling libsqlite3-sys v0.38.2
[INFO] [stderr]    Compiling digest v0.11.3
[INFO] [stderr]    Compiling rmp v0.8.15
[INFO] [stderr]    Compiling getrandom v0.2.17
[INFO] [stderr]    Compiling tracing-core v0.1.36
[INFO] [stderr]    Compiling snow v0.10.0
[INFO] [stderr]    Compiling signature v3.0.0
[INFO] [stderr]    Compiling pin-project-lite v0.2.17
[INFO] [stderr]    Compiling untrusted v0.9.0
[INFO] [stderr]    Compiling serde_json v1.0.151
[INFO] [stderr]    Compiling foldhash v0.2.0
[INFO] [stderr]    Compiling hashbrown v0.17.1
[INFO] [stderr]    Compiling ed25519 v3.0.0
[INFO] [stderr]    Compiling bitflags v2.13.2
[INFO] [stderr]    Compiling uuid v1.26.1
[INFO] [stderr]    Compiling serde_bytes v0.11.19
[INFO] [stderr]    Compiling sha2 v0.11.0
[INFO] [stderr]    Compiling blake2 v0.10.6
[INFO] [stderr]    Compiling errno v0.3.14
[INFO] [stderr]    Compiling memchr v2.8.3
[INFO] [stderr]    Compiling hex v0.4.3
[INFO] [stderr]    Compiling smallvec v1.16.1
[INFO] [stderr]    Compiling utf8parse v0.2.2
[INFO] [stderr]    Compiling itoa v1.0.18
[INFO] [stderr]    Compiling anstyle-parse v1.0.0
[INFO] [stderr]    Compiling signal-hook-registry v1.4.8
[INFO] [stderr]    Compiling hashlink v0.12.2
[INFO] [stderr]    Compiling socket2 v0.6.5
[INFO] [stderr]    Compiling mio v1.2.3
[INFO] [stderr]    Compiling thiserror-impl v2.0.20
[INFO] [stderr]    Compiling serde_derive v1.0.229
[INFO] [stderr]    Compiling tokio-macros v2.7.2
[INFO] [stderr]    Compiling anstyle v1.0.14
[INFO] [stderr]    Compiling colorchoice v1.0.5
[INFO] [stderr]    Compiling fallible-iterator v0.3.0
[INFO] [stderr]    Compiling anstyle-query v1.1.5
[INFO] [stderr]    Compiling fallible-streaming-iterator v0.1.9
[INFO] [stderr]    Compiling bytes v1.12.1
[INFO] [stderr]    Compiling zeroize_derive v1.5.0
[INFO] [stderr]    Compiling curve25519-dalek-derive v0.1.1
[INFO] [stderr]    Compiling tracing-attributes v0.1.31
[INFO] [stderr]    Compiling zeroize v1.9.0
[INFO] [stderr]    Compiling cipher v0.4.4
[INFO] [stderr]    Compiling chacha20 v0.9.1
[INFO] [stderr]    Compiling aes v0.8.4
[INFO] [stderr]    Compiling ctr v0.9.2
[INFO] [stderr]    Compiling chacha20poly1305 v0.10.1
[INFO] [stderr]    Compiling regex-syntax v0.8.11
[INFO] [stderr]    Compiling aes-gcm v0.10.3
[INFO] [stderr]    Compiling tracing v0.1.44
[INFO] [stderr]    Compiling ed25519-dalek v3.0.0
[INFO] [stderr]    Compiling is_terminal_polyfill v1.70.2
[INFO] [stderr]    Compiling anstream v1.0.0
[INFO] [stderr]    Compiling tokio v1.53.1
[INFO] [stderr]    Compiling if-addrs v0.15.0
[INFO] [stderr]    Compiling heck v0.5.0
[INFO] [stderr]    Compiling lazy_static v1.5.0
[INFO] [stderr]    Compiling log v0.4.34
[INFO] [stderr]    Compiling clap_lex v1.1.1
[INFO] [stderr]    Compiling strsim v0.11.1
[INFO] [stderr]    Compiling tracing-log v0.2.0
[INFO] [stderr]    Compiling clap_builder v4.6.7
[INFO] [stderr]    Compiling sharded-slab v0.1.7
[INFO] [stderr]    Compiling regex-automata v0.4.18
[INFO] [stderr]    Compiling clap_derive v4.6.7
[INFO] [stderr]    Compiling rmp-serde v1.3.1
[INFO] [stderr]    Compiling fq-proto v0.10.0 (/opt/rustwide/workdir/crates/fq-proto)
[INFO] [stderr]    Compiling thread_local v1.1.10
[INFO] [stderr]    Compiling nu-ansi-term v0.50.3
[INFO] [stderr]    Compiling matchers v0.2.0
[INFO] [stderr]    Compiling tracing-subscriber v0.3.23
[INFO] [stderr]    Compiling clap v4.6.7
[INFO] [stderr]    Compiling fq-crypto v0.10.0 (/opt/rustwide/workdir/crates/fq-crypto)
[INFO] [stderr]    Compiling fq-net v0.10.0 (/opt/rustwide/workdir/crates/fq-net)
[INFO] [stderr]    Compiling rusqlite v0.40.2
[INFO] [stderr]    Compiling fq-store v0.10.0 (/opt/rustwide/workdir/crates/fq-store)
[INFO] [stderr]    Compiling fq-core v0.10.0 (/opt/rustwide/workdir/crates/fq-core)
[INFO] [stderr]    Compiling fq-cli v0.10.0 (/opt/rustwide/workdir/apps/fq-cli)
[INFO] [stderr]     Finished `release` profile [optimized] target(s) in 4m 14s
[INFO] running `Command { std: "docker" "inspect" "5f9a00c90aa2764dd97344c9de54c2f7dc471f41d33dbd6cc2b16806bd38baac", kill_on_drop: false }`
[INFO] running `Command { std: "docker" "exec" "-e" "SOURCE_DIR=/opt/rustwide/workdir" "-e" "CARGO_HOME=/opt/rustwide/cargo-home" "-e" "RUSTUP_HOME=/opt/rustwide/rustup-home" "-e" "CARGO_TARGET_DIR=/opt/rustwide/target" "-e" "CARGO_INCREMENTAL=0" "-e" "RUST_BACKTRACE=full" "-e" "RUSTFLAGS=--cap-lints=warn" "-e" "RUSTDOCFLAGS=--cap-lints=warn" "-w" "/opt/rustwide/workdir" "--user" "0:0" "5f9a00c90aa2764dd97344c9de54c2f7dc471f41d33dbd6cc2b16806bd38baac" "/opt/rustwide/cargo-home/bin/cargo" "+1.100.0-beta.1" "test" "--frozen" "--no-run" "--message-format=json" "--release", kill_on_drop: false }`
[INFO] [stderr]    Compiling bitflags v2.13.2
[INFO] [stderr]    Compiling tokio v1.53.1
[INFO] [stderr]    Compiling rustix v1.1.5
[INFO] [stderr]    Compiling linux-raw-sys v0.12.1
[INFO] [stderr]    Compiling fastrand v2.5.0
[INFO] [stderr]    Compiling fq-proto v0.10.0 (/opt/rustwide/workdir/crates/fq-proto)
[INFO] [stderr]    Compiling rusqlite v0.40.2
[INFO] [stderr]    Compiling fq-crypto v0.10.0 (/opt/rustwide/workdir/crates/fq-crypto)
[INFO] [stderr]    Compiling fq-store v0.10.0 (/opt/rustwide/workdir/crates/fq-store)
[INFO] [stderr]    Compiling tempfile v3.27.0
[INFO] [stderr]    Compiling fq-net v0.10.0 (/opt/rustwide/workdir/crates/fq-net)
[INFO] [stderr]    Compiling fq-core v0.10.0 (/opt/rustwide/workdir/crates/fq-core)
[INFO] [stderr]    Compiling fq-cli v0.10.0 (/opt/rustwide/workdir/apps/fq-cli)
[INFO] [stderr]     Finished `release` profile [optimized] target(s) in 6m 38s
[INFO] running `Command { std: "docker" "inspect" "5f9a00c90aa2764dd97344c9de54c2f7dc471f41d33dbd6cc2b16806bd38baac", kill_on_drop: false }`
[INFO] running `Command { std: "docker" "exec" "-e" "SOURCE_DIR=/opt/rustwide/workdir" "-e" "CARGO_HOME=/opt/rustwide/cargo-home" "-e" "RUSTUP_HOME=/opt/rustwide/rustup-home" "-e" "CARGO_TARGET_DIR=/opt/rustwide/target" "-e" "CARGO_INCREMENTAL=0" "-e" "RUST_BACKTRACE=full" "-e" "RUSTFLAGS=--cap-lints=warn" "-e" "RUSTDOCFLAGS=--cap-lints=warn" "-w" "/opt/rustwide/workdir" "--user" "0:0" "5f9a00c90aa2764dd97344c9de54c2f7dc471f41d33dbd6cc2b16806bd38baac" "/opt/rustwide/cargo-home/bin/cargo" "+1.100.0-beta.1" "test" "--frozen" "--release", kill_on_drop: false }`
[INFO] [stderr]     Finished `release` profile [optimized] target(s) in 0.38s
[INFO] [stderr]      Running unittests src/main.rs (/opt/rustwide/target/release/build/fq-cli/38a1c262637cd3e0/out/fq_cli-38a1c262637cd3e0)
[INFO] [stderr]      Running tests/cli_smoke.rs (/opt/rustwide/target/release/build/fq-cli/ad6a119bdc19bb54/out/cli_smoke-ad6a119bdc19bb54)
[INFO] [stdout] 
[INFO] [stdout] running 0 tests
[INFO] [stdout] 
[INFO] [stdout] test result: ok. 0 passed; 0 failed; 0 ignored; 0 measured; 0 filtered out; finished in 0.00s
[INFO] [stdout] 
[INFO] [stdout] 
[INFO] [stdout] running 1 test
[INFO] [stderr]      Running unittests src/lib.rs (/opt/rustwide/target/release/build/fq-core/6e03f90a1dd74853/out/fq_core-6e03f90a1dd74853)
[INFO] [stdout] test two_cli_processes_full_mvp_flow ... ok
[INFO] [stdout] 
[INFO] [stdout] test result: ok. 1 passed; 0 failed; 0 ignored; 0 measured; 0 filtered out; finished in 6.66s
[INFO] [stdout] 
[INFO] [stdout] 
[INFO] [stdout] running 0 tests
[INFO] [stdout] 
[INFO] [stdout] test result: ok. 0 passed; 0 failed; 0 ignored; 0 measured; 0 filtered out; finished in 0.00s
[INFO] [stdout] 
[INFO] [stderr]      Running tests/core_loopback.rs (/opt/rustwide/target/release/build/fq-core/74017a8128a9c033/out/core_loopback-74017a8128a9c033)
[INFO] [stdout] 
[INFO] [stdout] running 28 tests
[INFO] [stdout] test group_mentions_travel_with_message ... ok
[INFO] [stdout] test group_file_fans_out_to_each_member ... ok
[INFO] [stdout] test cancel_sender_transfer_midway_reports_cancelled ... ok
[INFO] [stdout] test group_text_fans_out_and_receiver_auto_creates_group ... ok
[INFO] [stdout] test install_update_rejects_unsafe_packages ... FAILED
[INFO] [stdout] test group_recall_fans_out_to_members ... ok
[INFO] [stdout] test quoted_reply_travels_and_persists ... ok
[INFO] [stdout] test recall_of_peer_message_is_rejected ... ok
[INFO] [stdout] test recall_window_is_two_minutes ... ok
[INFO] [stdout] test messages_persisted_and_receipts_flow ... ok
[INFO] [stdout] test identity_and_history_survive_restart ... ok
[INFO] [stdout] test recall_travels_and_marks_both_sides ... ok
[INFO] [stdout] test send_failure_classification_matches_intent ... ok
[INFO] [stdout] test shake_delivers_and_records_on_both_sides ... ok
[INFO] [stdout] test removed_contact_returns_on_refresh_like_feiqiu ... ok
[INFO] [stdout] test transfer_history_records_done_and_clear_works ... ok
[INFO] [stdout] test group_message_queued_for_offline_member_and_flushed ... ok
[INFO] [stdout] test typing_is_delivered_and_not_persisted ... ok
[INFO] [stdout] test offline_queue_flushed_when_peer_returns ... ok
[INFO] [stdout] test update_script_contains_critical_steps ... ok
[INFO] [stdout] test version_compare_handles_missing_segments ... ok
[INFO] [stdout] test update_request_pulls_package_from_newer_peer ... ok
[INFO] [stdout] test recall_queued_for_offline_peer_is_flushed ... ok
[INFO] [stdout] test subnet_scan_discovers_peer_without_broadcast ... ok
[INFO] [stdout] test avatar_is_announced_fetched_cached_and_refreshed ... ok
[INFO] [stdout] [2m2026-10-18T06:12:15.726125Z[0m [33m WARN[0m [2mfq_core[0m[2m:[0m 自动重试未能发起(对端暂不可达) [3mtarget[0m[2m=[0m"fq_core" [3mold_token[0m[2m=[0m01a14da3-a895-7171-8cc5-48535bbfe8ee [3me[0m[2m=[0mIO 错误: Connection refused (os error 111)
[INFO] [stdout] test update_request_ignored_when_not_newer ... ok
[INFO] [stdout] [2m2026-10-18T06:12:17.727578Z[0m [33m WARN[0m [2mfq_core[0m[2m:[0m 自动重试未能发起(对端暂不可达) [3mtarget[0m[2m=[0m"fq_core" [3mold_token[0m[2m=[0m01a14da3-a895-7171-8cc5-48535bbfe8ee [3me[0m[2m=[0mIO 错误: Connection refused (os error 111)
[INFO] [stdout] test send_failure_auto_retries_then_gives_up ... ok
[INFO] [stdout] test rejected_transfer_is_not_retried ... ok
[INFO] [stdout] 
[INFO] [stdout] failures:
[INFO] [stdout] 
[INFO] [stdout] ---- install_update_rejects_unsafe_packages stdout ----
[INFO] [stdout] 
[INFO] [stdout] thread 'install_update_rejects_unsafe_packages' (3561) panicked at crates/fq-core/tests/core_loopback.rs:811:5:
[INFO] [stdout] 实际: 启动失败: 更新包必须是 .exe
[INFO] [stdout] stack backtrace:
[INFO] [stdout]    0:     0x623b6d4d3906 - <<std[617be2ca0a6fd877]::sys::backtrace::BacktraceLock>::print::DisplayBacktrace as core[a373ad73a504971]::fmt::Display>::fmt
[INFO] [stdout]    1:     0x623b6d28de8a - core[a373ad73a504971]::fmt::write
[INFO] [stdout]    2:     0x623b6d4d90ec - <alloc[2e1b2a31b91974c5]::vec::Vec<u8> as core[a373ad73a504971]::io::write::Write>::write_fmt
[INFO] [stdout]    3:     0x623b6d4ad942 - std[617be2ca0a6fd877]::panicking::default_hook::{closure#0}
[INFO] [stdout]    4:     0x623b6d4ca741 - std[617be2ca0a6fd877]::panicking::default_hook
[INFO] [stdout]    5:     0x623b6d4cab82 - std[617be2ca0a6fd877]::panicking::panic_with_hook
[INFO] [stdout]    6:     0x623b6d4ad9f2 - std[617be2ca0a6fd877]::panicking::panic_handler::{closure#0}
[INFO] [stdout]    7:     0x623b6d4a64d9 - std[617be2ca0a6fd877]::sys::backtrace::__rust_end_short_backtrace::<std[617be2ca0a6fd877]::panicking::panic_handler::{closure#0}, !>
[INFO] [stdout]    8:     0x623b6d4ae7bd - __rustc[ea4f61d10b84890b]::rust_begin_unwind
[INFO] [stdout]    9:     0x623b6d28e5ac - core[a373ad73a504971]::panicking::panic_fmt
[INFO] [stdout]   10:     0x623b6d2f627d - core_loopback[674dc7d621afd55]::install_update_rejects_unsafe_packages::{closure#0}
[INFO] [stdout]   11:     0x623b6d298ecf - <tokio[4cb1b0d93e5b55e6]::runtime::runtime::Runtime>::block_on::<core[a373ad73a504971]::pin::Pin<&mut dyn core[a373ad73a504971]::future::future::Future<Output = ()>>>
[INFO] [stdout]   12:     0x623b6d347def - <core_loopback[674dc7d621afd55]::install_update_rejects_unsafe_packages::{closure#0} as core[a373ad73a504971]::ops::function::FnOnce<()>>::call_once
[INFO] [stdout]   13:     0x623b6d4daeeb - test[aada8e7e76ba119b]::__rust_begin_short_backtrace::<core[a373ad73a504971]::result::Result<(), alloc[2e1b2a31b91974c5]::string::String>, fn() -> core[a373ad73a504971]::result::Result<(), alloc[2e1b2a31b91974c5]::string::String>>
[INFO] [stdout]   14:     0x623b6d4e8d94 - test[aada8e7e76ba119b]::run_test::{closure#0}
[INFO] [stdout]   15:     0x623b6d4e24c4 - std[617be2ca0a6fd877]::sys::backtrace::__rust_begin_short_backtrace::<test[aada8e7e76ba119b]::run_test::{closure#1}, ()>
[INFO] [stdout]   16:     0x623b6d4ecb52 - <std[617be2ca0a6fd877]::thread::lifecycle::spawn_unchecked<test[aada8e7e76ba119b]::run_test::{closure#1}, ()>::{closure#1} as core[a373ad73a504971]::ops::function::FnOnce<()>>::call_once::{shim:vtable#0}
[INFO] [stdout]   17:     0x623b6d4d26d4 - <std[617be2ca0a6fd877]::sys::thread::unix::Thread>::new::thread_start
[INFO] [stdout]   18:     0x757bfe73fdfa - <unknown>
[INFO] [stdout]   19:     0x757bfe7d33d4 - clone
[INFO] [stdout]   20:                0x0 - <unknown>
[INFO] [stdout] 
[INFO] [stdout] 
[INFO] [stdout] failures:
[INFO] [stdout]     install_update_rejects_unsafe_packages
[INFO] [stdout] 
[INFO] [stdout] test result: FAILED. 27 passed; 1 failed; 0 ignored; 0 measured; 0 filtered out; finished in 5.66s
[INFO] [stdout] 
[INFO] [stderr] error: test failed, to rerun pass `-p fq-core --test core_loopback`
[INFO] running `Command { std: "docker" "inspect" "5f9a00c90aa2764dd97344c9de54c2f7dc471f41d33dbd6cc2b16806bd38baac", kill_on_drop: false }`
[INFO] running `Command { std: "docker" "rm" "-f" "5f9a00c90aa2764dd97344c9de54c2f7dc471f41d33dbd6cc2b16806bd38baac", kill_on_drop: false }`
[INFO] [stdout] 5f9a00c90aa2764dd97344c9de54c2f7dc471f41d33dbd6cc2b16806bd38baac
