[INFO] cloning repository https://github.com/zenbakiak/skillet
[INFO] running `Command { std: "git" "-c" "credential.helper=" "-c" "credential.helper=/workspace/cargo-home/bin/git-credential-null" "clone" "--bare" "https://github.com/zenbakiak/skillet" "/workspace/cache/git-repos/https%3A%2F%2Fgithub.com%2Fzenbakiak%2Fskillet", kill_on_drop: false }`
[INFO] [stderr] Cloning into bare repository '/workspace/cache/git-repos/https%3A%2F%2Fgithub.com%2Fzenbakiak%2Fskillet'...
[INFO] running `Command { std: "git" "rev-parse" "HEAD", kill_on_drop: false }`
[INFO] [stdout] e475f03647390b673d807abd294e6d89e9ed1342
[INFO] testing zenbakiak/skillet against 1.99.0-beta.8+cargoflags=--release for beta-release-1.100-2
[INFO] running `Command { std: "git" "clone" "/workspace/cache/git-repos/https%3A%2F%2Fgithub.com%2Fzenbakiak%2Fskillet" "/workspace/builds/worker-6-tc1/source", kill_on_drop: false }`
[INFO] [stderr] Cloning into '/workspace/builds/worker-6-tc1/source'...
[INFO] [stderr] done.
[INFO] removed /workspace/builds/worker-6-tc1/source/.cargo/config.toml
[INFO] started tweaking git repo https://github.com/zenbakiak/skillet
[INFO] finished tweaking git repo https://github.com/zenbakiak/skillet
[INFO] tweaked toml for git repo https://github.com/zenbakiak/skillet written to /workspace/builds/worker-6-tc1/source/Cargo.toml
[INFO] validating manifest of git repo https://github.com/zenbakiak/skillet on toolchain 1.99.0-beta.8
[INFO] running `Command { std: CARGO_HOME="/workspace/cargo-home" RUSTUP_HOME="/workspace/rustup-home" "/workspace/cargo-home/bin/cargo" "+1.99.0-beta.8" "metadata" "--manifest-path" "Cargo.toml" "--no-deps", kill_on_drop: false }`
[INFO] crate git repo https://github.com/zenbakiak/skillet already has a lockfile, it will not be regenerated
[INFO] running `Command { std: CARGO_HOME="/workspace/cargo-home" RUSTUP_HOME="/workspace/rustup-home" "/workspace/cargo-home/bin/cargo" "+1.99.0-beta.8" "fetch" "--manifest-path" "Cargo.toml", kill_on_drop: false }`
[INFO] [stderr]     Updating crates.io index
[INFO] [stderr]  Downloading crates ...
[INFO] [stderr]   Downloaded slug v0.1.6
[INFO] [stderr]   Downloaded tera v1.20.1
[INFO] [stderr]   Downloaded scalar-doc v0.1.2
[INFO] [stderr]   Downloaded globwalk v0.9.1
[INFO] [stderr]   Downloaded chrono-tz-build v0.3.0
[INFO] [stderr]   Downloaded lru v0.16.3
[INFO] [stderr]   Downloaded string-interner v0.19.0
[INFO] [stderr]   Downloaded rquickjs v0.11.0
[INFO] [stderr]   Downloaded relative-path v2.0.1
[INFO] [stderr]   Downloaded jsonpath-rust v1.0.4
[INFO] [stderr]   Downloaded ignore v0.4.25
[INFO] [stderr]   Downloaded rquickjs-core v0.11.0
[INFO] [stderr]   Downloaded deunicode v1.6.2
[INFO] [stderr]   Downloaded chrono-tz v0.9.0
[INFO] [stderr]   Downloaded rquickjs-sys v0.11.0
[INFO] running `Command { std: "docker" "create" "-v" "/var/lib/crater-agent-workspace/builds/worker-6-tc1/source:/opt/rustwide/workdir:ro,Z" "-v" "/var/lib/crater-agent-workspace/builds/worker-6-tc1/target:/opt/rustwide/target:rw,Z" "-v" "/var/lib/crater-agent-workspace/cargo-home:/opt/rustwide/cargo-home:ro,Z" "-v" "/var/lib/crater-agent-workspace/rustup-home:/opt/rustwide/rustup-home:ro,Z" "-m" "1610612736" "--network" "none" "ghcr.io/rust-lang/crates-build-env/linux@sha256:77db811e55d90add9212f6832c23229e3de5f1c1f9905e8cb07319ea15df73ac" "sleep" "infinity", kill_on_drop: false }`
[INFO] [stdout] efee6814741126a9d67a4b7a3aadad28fb232f3d93bd1f414dd9ee66c9025424
[INFO] running `Command { std: "docker" "start" "efee6814741126a9d67a4b7a3aadad28fb232f3d93bd1f414dd9ee66c9025424", kill_on_drop: false }`
[INFO] running `Command { std: "docker" "inspect" "efee6814741126a9d67a4b7a3aadad28fb232f3d93bd1f414dd9ee66c9025424", kill_on_drop: false }`
[INFO] running `Command { std: "docker" "exec" "-e" "SOURCE_DIR=/opt/rustwide/workdir" "-e" "CARGO_HOME=/opt/rustwide/cargo-home" "-e" "RUSTUP_HOME=/opt/rustwide/rustup-home" "-e" "CARGO_TARGET_DIR=/opt/rustwide/target" "-w" "/opt/rustwide/workdir" "--user" "0:0" "efee6814741126a9d67a4b7a3aadad28fb232f3d93bd1f414dd9ee66c9025424" "/opt/rustwide/cargo-home/bin/cargo" "+1.99.0-beta.8" "metadata" "--no-deps" "--format-version=1", kill_on_drop: false }`
[INFO] running `Command { std: "docker" "inspect" "efee6814741126a9d67a4b7a3aadad28fb232f3d93bd1f414dd9ee66c9025424", kill_on_drop: false }`
[INFO] running `Command { std: "docker" "exec" "-e" "SOURCE_DIR=/opt/rustwide/workdir" "-e" "CARGO_HOME=/opt/rustwide/cargo-home" "-e" "RUSTUP_HOME=/opt/rustwide/rustup-home" "-e" "CARGO_TARGET_DIR=/opt/rustwide/target" "-e" "CARGO_INCREMENTAL=0" "-e" "RUST_BACKTRACE=full" "-e" "RUSTFLAGS=--cap-lints=warn" "-e" "RUSTDOCFLAGS=--cap-lints=warn" "-w" "/opt/rustwide/workdir" "--user" "0:0" "efee6814741126a9d67a4b7a3aadad28fb232f3d93bd1f414dd9ee66c9025424" "/opt/rustwide/cargo-home/bin/cargo" "+1.99.0-beta.8" "build" "--frozen" "--message-format=json" "--release", kill_on_drop: false }`
[INFO] [stderr]    Compiling siphasher v1.0.2
[INFO] [stderr]    Compiling serde_core v1.0.228
[INFO] [stderr]    Compiling rand_core v0.6.4
[INFO] [stderr]    Compiling regex-syntax v0.8.9
[INFO] [stderr]    Compiling memchr v2.8.0
[INFO] [stderr]    Compiling zerocopy v0.8.39
[INFO] [stderr]    Compiling ucd-trie v0.1.7
[INFO] [stderr]    Compiling aho-corasick v1.1.4
[INFO] [stderr]    Compiling num-traits v0.2.19
[INFO] [stderr]    Compiling zmij v1.0.19
[INFO] [stderr]    Compiling bstr v1.12.1
[INFO] [stderr]    Compiling bitflags v2.10.0
[INFO] [stderr]    Compiling syn v2.0.114
[INFO] [stderr]    Compiling getrandom v0.2.17
[INFO] [stderr]    Compiling same-file v1.0.6
[INFO] [stderr]    Compiling phf_shared v0.11.3
[INFO] [stderr]    Compiling rand v0.8.6
[INFO] [stderr]    Compiling walkdir v2.5.0
[INFO] [stderr]    Compiling rquickjs-sys v0.11.0
[INFO] [stderr]    Compiling phf v0.11.3
[INFO] [stderr]    Compiling phf_generator v0.11.3
[INFO] [stderr]    Compiling hashbrown v0.16.1
[INFO] [stderr]    Compiling phf_codegen v0.11.3
[INFO] [stderr]    Compiling nix v0.30.1
[INFO] [stderr]    Compiling anyhow v1.0.101
[INFO] [stderr]    Compiling pest v2.8.6
[INFO] [stderr]    Compiling deunicode v1.6.2
[INFO] [stderr]    Compiling humansize v2.1.3
[INFO] [stderr]    Compiling smallvec v1.15.1
[INFO] [stderr]    Compiling slug v0.1.6
[INFO] [stderr]    Compiling unicode-segmentation v1.12.0
[INFO] [stderr]    Compiling hashbrown v0.15.5
[INFO] [stderr]    Compiling num_cpus v1.17.0
[INFO] [stderr]    Compiling parking_lot_core v0.9.12
[INFO] [stderr]    Compiling threadpool v1.8.1
[INFO] [stderr]    Compiling beef v0.5.2
[INFO] [stderr]    Compiling dashmap v6.1.0
[INFO] [stderr]    Compiling lru v0.16.3
[INFO] [stderr]    Compiling urlencoding v2.1.3
[INFO] [stderr]    Compiling regex-automata v0.4.14
[INFO] [stderr]    Compiling ctrlc v3.5.1
[INFO] [stderr]    Compiling pest_meta v2.8.6
[INFO] [stderr]    Compiling serde_derive v1.0.228
[INFO] [stderr]    Compiling thiserror-impl v2.0.18
[INFO] [stderr]    Compiling serde_json v1.0.149
[INFO] [stderr]    Compiling regex v1.12.3
[INFO] [stderr]    Compiling pest_generator v2.8.6
[INFO] [stderr]    Compiling thiserror v2.0.18
[INFO] [stderr]    Compiling parse-zoneinfo v0.3.1
[INFO] [stderr]    Compiling pest_derive v2.8.6
[INFO] [stderr]    Compiling chrono-tz-build v0.3.0
[INFO] [stderr]    Compiling chrono-tz v0.9.0
[INFO] [stderr]    Compiling serde v1.0.228
[INFO] [stderr]    Compiling ppv-lite86 v0.2.21
[INFO] [stderr]    Compiling rand_chacha v0.3.1
[INFO] [stderr]    Compiling chrono v0.4.43
[INFO] [stderr]    Compiling string-interner v0.19.0
[INFO] [stderr]    Compiling globset v0.4.18
[INFO] [stderr]    Compiling jsonpath-rust v1.0.4
[INFO] [stderr]    Compiling ignore v0.4.25
[INFO] [stderr]    Compiling globwalk v0.9.1
[INFO] [stderr]    Compiling tera v1.20.1
[INFO] [stderr]    Compiling scalar-doc v0.1.2
[INFO] [stderr]    Compiling rquickjs-core v0.11.0
[INFO] [stderr]    Compiling rquickjs v0.11.0
[INFO] [stderr]    Compiling skillet v0.6.3 (/opt/rustwide/workdir)
[INFO] [stdout] warning: field `duration` is never read
[INFO] [stdout]   --> src/bin/sk_http_bench.rs:16:5
[INFO] [stdout]    |
[INFO] [stdout] 11 | struct BenchConfig {
[INFO] [stdout]    |        ----------- field in this struct
[INFO] [stdout] ...
[INFO] [stdout] 16 |     duration: Option<Duration>,
[INFO] [stdout]    |     ^^^^^^^^
[INFO] [stdout]    |
[INFO] [stdout]    = note: `BenchConfig` has a derived impl for the trait `Clone`, but this is intentionally ignored during dead code analysis
[INFO] [stdout]    = note: `#[warn(dead_code)]` (part of `#[warn(unused)]`) on by default
[INFO] [stdout] 
[INFO] [stdout] 
[INFO] [stdout] warning: field `total_time` is never read
[INFO] [stdout]   --> src/bin/sk_http_bench.rs:24:5
[INFO] [stdout]    |
[INFO] [stdout] 21 | struct BenchResult {
[INFO] [stdout]    |        ----------- field in this struct
[INFO] [stdout] ...
[INFO] [stdout] 24 |     total_time: Duration,
[INFO] [stdout]    |     ^^^^^^^^^^
[INFO] [stdout]    |
[INFO] [stdout]    = note: `BenchResult` has a derived impl for the trait `Debug`, but this is intentionally ignored during dead code analysis
[INFO] [stdout] 
[INFO] [stdout] 
[INFO] [stdout] warning: unused doc comment
[INFO] [stdout]    --> src/bin/http_server/cache.rs:263:1
[INFO] [stdout]     |
[INFO] [stdout] 263 | /// Response pooling for EvalResponse objects
[INFO] [stdout]     | ^^^^^^^^^^^^^^^^^^^^^^^^^^^^^^^^^^^^^^^^^^^^^ rustdoc does not generate documentation for macro invocations
[INFO] [stdout]     |
[INFO] [stdout]     = help: to document an item produced by a macro, the macro must produce the documentation as part of its expansion
[INFO] [stdout]     = note: `#[warn(unused_doc_comments)]` (part of `#[warn(unused)]`) on by default
[INFO] [stdout] 
[INFO] [stdout] 
[INFO] [stdout] warning: fields `execution_time_ms` and `cache_hit` are never read
[INFO] [stdout]   --> src/bin/http_server/cache.rs:14:9
[INFO] [stdout]    |
[INFO] [stdout] 11 | pub struct CachedResult {
[INFO] [stdout]    |            ------------ fields in this struct
[INFO] [stdout] ...
[INFO] [stdout] 14 |     pub execution_time_ms: f64,
[INFO] [stdout]    |         ^^^^^^^^^^^^^^^^^
[INFO] [stdout] 15 |     pub cache_hit: bool,
[INFO] [stdout]    |         ^^^^^^^^^
[INFO] [stdout]    |
[INFO] [stdout]    = note: `CachedResult` has derived impls for the traits `Debug` and `Clone`, but these are intentionally ignored during dead code analysis
[INFO] [stdout]    = note: `#[warn(dead_code)]` (part of `#[warn(unused)]`) on by default
[INFO] [stdout] 
[INFO] [stdout] 
[INFO] [stdout] warning: struct `ResponsePool` is never constructed
[INFO] [stdout]    --> src/bin/http_server/cache.rs:238:12
[INFO] [stdout]     |
[INFO] [stdout] 238 | pub struct ResponsePool<T> {
[INFO] [stdout]     |            ^^^^^^^^^^^^
[INFO] [stdout] 
[INFO] [stdout] 
[INFO] [stdout] warning: associated items `new`, `get`, and `return_item` are never used
[INFO] [stdout]    --> src/bin/http_server/cache.rs:244:8
[INFO] [stdout]     |
[INFO] [stdout] 243 | impl<T> ResponsePool<T> {
[INFO] [stdout]     | ----------------------- associated items in this implementation
[INFO] [stdout] 244 |     fn new(capacity: usize) -> Self {
[INFO] [stdout]     |        ^^^
[INFO] [stdout] ...
[INFO] [stdout] 251 |     fn get(&mut self) -> Option<T> {
[INFO] [stdout]     |        ^^^
[INFO] [stdout] ...
[INFO] [stdout] 255 |     fn return_item(&mut self, item: T) {
[INFO] [stdout]     |        ^^^^^^^^^^^
[INFO] [stdout] 
[INFO] [stdout] 
[INFO] [stdout] warning: function `get_pooled_response` is never used
[INFO] [stdout]    --> src/bin/http_server/cache.rs:270:8
[INFO] [stdout]     |
[INFO] [stdout] 270 | pub fn get_pooled_response() -> Option<super::types::EvalResponse> {
[INFO] [stdout]     |        ^^^^^^^^^^^^^^^^^^^
[INFO] [stdout] 
[INFO] [stdout] 
[INFO] [stdout] warning: function `return_pooled_response` is never used
[INFO] [stdout]    --> src/bin/http_server/cache.rs:275:8
[INFO] [stdout]     |
[INFO] [stdout] 275 | pub fn return_pooled_response(response: super::types::EvalResponse) {
[INFO] [stdout]     |        ^^^^^^^^^^^^^^^^^^^^^^
[INFO] [stdout] 
[INFO] [stdout] 
[INFO] [stdout] warning: field `content_type` is never read
[INFO] [stdout]  --> src/bin/http_server/multipart.rs:7:9
[INFO] [stdout]   |
[INFO] [stdout] 4 | pub struct MultipartField {
[INFO] [stdout]   |            -------------- field in this struct
[INFO] [stdout] ...
[INFO] [stdout] 7 |     pub content_type: Option<String>,
[INFO] [stdout]   |         ^^^^^^^^^^^^
[INFO] [stdout]   |
[INFO] [stdout]   = note: `MultipartField` has derived impls for the traits `Clone` and `Debug`, but these are intentionally ignored during dead code analysis
[INFO] [stdout] 
[INFO] [stdout] 
[INFO] [stdout] warning: method `get_field` is never used
[INFO] [stdout]   --> src/bin/http_server/multipart.rs:17:12
[INFO] [stdout]    |
[INFO] [stdout] 16 | impl MultipartData {
[INFO] [stdout]    | ------------------ method in this implementation
[INFO] [stdout] 17 |     pub fn get_field(&self, name: &str) -> Option<&MultipartField> {
[INFO] [stdout]    |            ^^^^^^^^^
[INFO] [stdout] 
[INFO] [stdout] 
[INFO] [stderr]     Finished `release` profile [optimized] target(s) in 2m 02s
[INFO] running `Command { std: "docker" "inspect" "efee6814741126a9d67a4b7a3aadad28fb232f3d93bd1f414dd9ee66c9025424", kill_on_drop: false }`
[INFO] running `Command { std: "docker" "exec" "-e" "SOURCE_DIR=/opt/rustwide/workdir" "-e" "CARGO_HOME=/opt/rustwide/cargo-home" "-e" "RUSTUP_HOME=/opt/rustwide/rustup-home" "-e" "CARGO_TARGET_DIR=/opt/rustwide/target" "-e" "CARGO_INCREMENTAL=0" "-e" "RUST_BACKTRACE=full" "-e" "RUSTFLAGS=--cap-lints=warn" "-e" "RUSTDOCFLAGS=--cap-lints=warn" "-w" "/opt/rustwide/workdir" "--user" "0:0" "efee6814741126a9d67a4b7a3aadad28fb232f3d93bd1f414dd9ee66c9025424" "/opt/rustwide/cargo-home/bin/cargo" "+1.99.0-beta.8" "test" "--frozen" "--no-run" "--message-format=json" "--release", kill_on_drop: false }`
[INFO] [stderr]    Compiling bitflags v2.10.0
[INFO] [stderr]    Compiling rustix v1.1.3
[INFO] [stderr]    Compiling getrandom v0.3.4
[INFO] [stderr]    Compiling linux-raw-sys v0.11.0
[INFO] [stderr]    Compiling globwalk v0.9.1
[INFO] [stderr]    Compiling nix v0.30.1
[INFO] [stderr]    Compiling tera v1.20.1
[INFO] [stderr]    Compiling ctrlc v3.5.1
[INFO] [stderr]    Compiling tempfile v3.24.0
[INFO] [stderr]    Compiling scalar-doc v0.1.2
[INFO] [stderr]    Compiling skillet v0.6.3 (/opt/rustwide/workdir)
[INFO] [stdout] warning: unused import: `evaluate`
[INFO] [stdout]  --> tests/json_dig.rs:1:15
[INFO] [stdout]   |
[INFO] [stdout] 1 | use skillet::{evaluate, evaluate_with_assignments, Value};
[INFO] [stdout]   |               ^^^^^^^^
[INFO] [stdout]   |
[INFO] [stdout]   = note: `#[warn(unused_imports)]` (part of `#[warn(unused)]`) on by default
[INFO] [stdout] 
[INFO] [stdout] 
[INFO] [stdout] warning: unused doc comment
[INFO] [stdout]    --> src/bin/http_server/cache.rs:263:1
[INFO] [stdout]     |
[INFO] [stdout] 263 | /// Response pooling for EvalResponse objects
[INFO] [stdout]     | ^^^^^^^^^^^^^^^^^^^^^^^^^^^^^^^^^^^^^^^^^^^^^ rustdoc does not generate documentation for macro invocations
[INFO] [stdout]     |
[INFO] [stdout]     = help: to document an item produced by a macro, the macro must produce the documentation as part of its expansion
[INFO] [stdout]     = note: `#[warn(unused_doc_comments)]` (part of `#[warn(unused)]`) on by default
[INFO] [stdout] 
[INFO] [stdout] 
[INFO] [stdout] warning: unused doc comment
[INFO] [stdout]    --> src/bin/http_server/cache.rs:263:1
[INFO] [stdout]     |
[INFO] [stdout] 263 | /// Response pooling for EvalResponse objects
[INFO] [stdout]     | ^^^^^^^^^^^^^^^^^^^^^^^^^^^^^^^^^^^^^^^^^^^^^ rustdoc does not generate documentation for macro invocations
[INFO] [stdout]     |
[INFO] [stdout]     = help: to document an item produced by a macro, the macro must produce the documentation as part of its expansion
[INFO] [stdout]     = note: `#[warn(unused_doc_comments)]` (part of `#[warn(unused)]`) on by default
[INFO] [stdout] 
[INFO] [stdout] 
[INFO] [stdout] warning: field `duration` is never read
[INFO] [stdout]   --> src/bin/sk_http_bench.rs:16:5
[INFO] [stdout]    |
[INFO] [stdout] 11 | struct BenchConfig {
[INFO] [stdout]    |        ----------- field in this struct
[INFO] [stdout] ...
[INFO] [stdout] 16 |     duration: Option<Duration>,
[INFO] [stdout]    |     ^^^^^^^^
[INFO] [stdout]    |
[INFO] [stdout]    = note: `BenchConfig` has a derived impl for the trait `Clone`, but this is intentionally ignored during dead code analysis
[INFO] [stdout]    = note: `#[warn(dead_code)]` (part of `#[warn(unused)]`) on by default
[INFO] [stdout] 
[INFO] [stdout] 
[INFO] [stdout] warning: field `total_time` is never read
[INFO] [stdout]   --> src/bin/sk_http_bench.rs:24:5
[INFO] [stdout]    |
[INFO] [stdout] 21 | struct BenchResult {
[INFO] [stdout]    |        ----------- field in this struct
[INFO] [stdout] ...
[INFO] [stdout] 24 |     total_time: Duration,
[INFO] [stdout]    |     ^^^^^^^^^^
[INFO] [stdout]    |
[INFO] [stdout]    = note: `BenchResult` has a derived impl for the trait `Debug`, but this is intentionally ignored during dead code analysis
[INFO] [stdout] 
[INFO] [stdout] 
[INFO] [stdout] warning: field `duration` is never read
[INFO] [stdout]   --> src/bin/sk_http_bench.rs:16:5
[INFO] [stdout]    |
[INFO] [stdout] 11 | struct BenchConfig {
[INFO] [stdout]    |        ----------- field in this struct
[INFO] [stdout] ...
[INFO] [stdout] 16 |     duration: Option<Duration>,
[INFO] [stdout]    |     ^^^^^^^^
[INFO] [stdout]    |
[INFO] [stdout]    = note: `BenchConfig` has a derived impl for the trait `Clone`, but this is intentionally ignored during dead code analysis
[INFO] [stdout]    = note: `#[warn(dead_code)]` (part of `#[warn(unused)]`) on by default
[INFO] [stdout] 
[INFO] [stdout] 
[INFO] [stdout] warning: field `total_time` is never read
[INFO] [stdout]   --> src/bin/sk_http_bench.rs:24:5
[INFO] [stdout]    |
[INFO] [stdout] 21 | struct BenchResult {
[INFO] [stdout]    |        ----------- field in this struct
[INFO] [stdout] ...
[INFO] [stdout] 24 |     total_time: Duration,
[INFO] [stdout]    |     ^^^^^^^^^^
[INFO] [stdout]    |
[INFO] [stdout]    = note: `BenchResult` has a derived impl for the trait `Debug`, but this is intentionally ignored during dead code analysis
[INFO] [stdout] 
[INFO] [stdout] 
[INFO] [stdout] warning: field `execution_time_ms` is never read
[INFO] [stdout]   --> src/bin/http_server/cache.rs:14:9
[INFO] [stdout]    |
[INFO] [stdout] 11 | pub struct CachedResult {
[INFO] [stdout]    |            ------------ field in this struct
[INFO] [stdout] ...
[INFO] [stdout] 14 |     pub execution_time_ms: f64,
[INFO] [stdout]    |         ^^^^^^^^^^^^^^^^^
[INFO] [stdout]    |
[INFO] [stdout]    = note: `CachedResult` has derived impls for the traits `Debug` and `Clone`, but these are intentionally ignored during dead code analysis
[INFO] [stdout]    = note: `#[warn(dead_code)]` (part of `#[warn(unused)]`) on by default
[INFO] [stdout] 
[INFO] [stdout] 
[INFO] [stdout] warning: struct `ResponsePool` is never constructed
[INFO] [stdout]    --> src/bin/http_server/cache.rs:238:12
[INFO] [stdout]     |
[INFO] [stdout] 238 | pub struct ResponsePool<T> {
[INFO] [stdout]     |            ^^^^^^^^^^^^
[INFO] [stdout] 
[INFO] [stdout] 
[INFO] [stdout] warning: associated items `new`, `get`, and `return_item` are never used
[INFO] [stdout]    --> src/bin/http_server/cache.rs:244:8
[INFO] [stdout]     |
[INFO] [stdout] 243 | impl<T> ResponsePool<T> {
[INFO] [stdout]     | ----------------------- associated items in this implementation
[INFO] [stdout] 244 |     fn new(capacity: usize) -> Self {
[INFO] [stdout]     |        ^^^
[INFO] [stdout] ...
[INFO] [stdout] 251 |     fn get(&mut self) -> Option<T> {
[INFO] [stdout]     |        ^^^
[INFO] [stdout] ...
[INFO] [stdout] 255 |     fn return_item(&mut self, item: T) {
[INFO] [stdout]     |        ^^^^^^^^^^^
[INFO] [stdout] 
[INFO] [stdout] 
[INFO] [stdout] warning: function `get_pooled_response` is never used
[INFO] [stdout]    --> src/bin/http_server/cache.rs:270:8
[INFO] [stdout]     |
[INFO] [stdout] 270 | pub fn get_pooled_response() -> Option<super::types::EvalResponse> {
[INFO] [stdout]     |        ^^^^^^^^^^^^^^^^^^^
[INFO] [stdout] 
[INFO] [stdout] 
[INFO] [stdout] warning: function `return_pooled_response` is never used
[INFO] [stdout]    --> src/bin/http_server/cache.rs:275:8
[INFO] [stdout]     |
[INFO] [stdout] 275 | pub fn return_pooled_response(response: super::types::EvalResponse) {
[INFO] [stdout]     |        ^^^^^^^^^^^^^^^^^^^^^^
[INFO] [stdout] 
[INFO] [stdout] 
[INFO] [stdout] warning: field `content_type` is never read
[INFO] [stdout]  --> src/bin/http_server/multipart.rs:7:9
[INFO] [stdout]   |
[INFO] [stdout] 4 | pub struct MultipartField {
[INFO] [stdout]   |            -------------- field in this struct
[INFO] [stdout] ...
[INFO] [stdout] 7 |     pub content_type: Option<String>,
[INFO] [stdout]   |         ^^^^^^^^^^^^
[INFO] [stdout]   |
[INFO] [stdout]   = note: `MultipartField` has derived impls for the traits `Clone` and `Debug`, but these are intentionally ignored during dead code analysis
[INFO] [stdout] 
[INFO] [stdout] 
[INFO] [stdout] warning: method `get_field` is never used
[INFO] [stdout]   --> src/bin/http_server/multipart.rs:17:12
[INFO] [stdout]    |
[INFO] [stdout] 16 | impl MultipartData {
[INFO] [stdout]    | ------------------ method in this implementation
[INFO] [stdout] 17 |     pub fn get_field(&self, name: &str) -> Option<&MultipartField> {
[INFO] [stdout]    |            ^^^^^^^^^
[INFO] [stdout] 
[INFO] [stdout] 
[INFO] [stdout] warning: fields `execution_time_ms` and `cache_hit` are never read
[INFO] [stdout]   --> src/bin/http_server/cache.rs:14:9
[INFO] [stdout]    |
[INFO] [stdout] 11 | pub struct CachedResult {
[INFO] [stdout]    |            ------------ fields in this struct
[INFO] [stdout] ...
[INFO] [stdout] 14 |     pub execution_time_ms: f64,
[INFO] [stdout]    |         ^^^^^^^^^^^^^^^^^
[INFO] [stdout] 15 |     pub cache_hit: bool,
[INFO] [stdout]    |         ^^^^^^^^^
[INFO] [stdout]    |
[INFO] [stdout]    = note: `CachedResult` has derived impls for the traits `Debug` and `Clone`, but these are intentionally ignored during dead code analysis
[INFO] [stdout]    = note: `#[warn(dead_code)]` (part of `#[warn(unused)]`) on by default
[INFO] [stdout] 
[INFO] [stdout] 
[INFO] [stdout] warning: struct `ResponsePool` is never constructed
[INFO] [stdout]    --> src/bin/http_server/cache.rs:238:12
[INFO] [stdout]     |
[INFO] [stdout] 238 | pub struct ResponsePool<T> {
[INFO] [stdout]     |            ^^^^^^^^^^^^
[INFO] [stdout] 
[INFO] [stdout] 
[INFO] [stdout] warning: associated items `new`, `get`, and `return_item` are never used
[INFO] [stdout]    --> src/bin/http_server/cache.rs:244:8
[INFO] [stdout]     |
[INFO] [stdout] 243 | impl<T> ResponsePool<T> {
[INFO] [stdout]     | ----------------------- associated items in this implementation
[INFO] [stdout] 244 |     fn new(capacity: usize) -> Self {
[INFO] [stdout]     |        ^^^
[INFO] [stdout] ...
[INFO] [stdout] 251 |     fn get(&mut self) -> Option<T> {
[INFO] [stdout]     |        ^^^
[INFO] [stdout] ...
[INFO] [stdout] 255 |     fn return_item(&mut self, item: T) {
[INFO] [stdout]     |        ^^^^^^^^^^^
[INFO] [stdout] 
[INFO] [stdout] 
[INFO] [stdout] warning: function `get_pooled_response` is never used
[INFO] [stdout]    --> src/bin/http_server/cache.rs:270:8
[INFO] [stdout]     |
[INFO] [stdout] 270 | pub fn get_pooled_response() -> Option<super::types::EvalResponse> {
[INFO] [stdout]     |        ^^^^^^^^^^^^^^^^^^^
[INFO] [stdout] 
[INFO] [stdout] 
[INFO] [stdout] warning: function `return_pooled_response` is never used
[INFO] [stdout]    --> src/bin/http_server/cache.rs:275:8
[INFO] [stdout]     |
[INFO] [stdout] 275 | pub fn return_pooled_response(response: super::types::EvalResponse) {
[INFO] [stdout]     |        ^^^^^^^^^^^^^^^^^^^^^^
[INFO] [stdout] 
[INFO] [stdout] 
[INFO] [stdout] warning: field `content_type` is never read
[INFO] [stdout]  --> src/bin/http_server/multipart.rs:7:9
[INFO] [stdout]   |
[INFO] [stdout] 4 | pub struct MultipartField {
[INFO] [stdout]   |            -------------- field in this struct
[INFO] [stdout] ...
[INFO] [stdout] 7 |     pub content_type: Option<String>,
[INFO] [stdout]   |         ^^^^^^^^^^^^
[INFO] [stdout]   |
[INFO] [stdout]   = note: `MultipartField` has derived impls for the traits `Clone` and `Debug`, but these are intentionally ignored during dead code analysis
[INFO] [stdout] 
[INFO] [stdout] 
[INFO] [stdout] warning: method `get_field` is never used
[INFO] [stdout]   --> src/bin/http_server/multipart.rs:17:12
[INFO] [stdout]    |
[INFO] [stdout] 16 | impl MultipartData {
[INFO] [stdout]    | ------------------ method in this implementation
[INFO] [stdout] 17 |     pub fn get_field(&self, name: &str) -> Option<&MultipartField> {
[INFO] [stdout]    |            ^^^^^^^^^
[INFO] [stdout] 
[INFO] [stdout] 
[INFO] [stderr]     Finished `release` profile [optimized] target(s) in 49.05s
[INFO] running `Command { std: "docker" "inspect" "efee6814741126a9d67a4b7a3aadad28fb232f3d93bd1f414dd9ee66c9025424", kill_on_drop: false }`
[INFO] running `Command { std: "docker" "exec" "-e" "SOURCE_DIR=/opt/rustwide/workdir" "-e" "CARGO_HOME=/opt/rustwide/cargo-home" "-e" "RUSTUP_HOME=/opt/rustwide/rustup-home" "-e" "CARGO_TARGET_DIR=/opt/rustwide/target" "-e" "CARGO_INCREMENTAL=0" "-e" "RUST_BACKTRACE=full" "-e" "RUSTFLAGS=--cap-lints=warn" "-e" "RUSTDOCFLAGS=--cap-lints=warn" "-w" "/opt/rustwide/workdir" "--user" "0:0" "efee6814741126a9d67a4b7a3aadad28fb232f3d93bd1f414dd9ee66c9025424" "/opt/rustwide/cargo-home/bin/cargo" "+1.99.0-beta.8" "test" "--frozen" "--release", kill_on_drop: false }`
[INFO] [stderr] warning: unused doc comment
[INFO] [stderr]    --> src/bin/http_server/cache.rs:263:1
[INFO] [stderr]     |
[INFO] [stderr] 263 | /// Response pooling for EvalResponse objects
[INFO] [stderr]     | ^^^^^^^^^^^^^^^^^^^^^^^^^^^^^^^^^^^^^^^^^^^^^ rustdoc does not generate documentation for macro invocations
[INFO] [stderr]     |
[INFO] [stderr]     = help: to document an item produced by a macro, the macro must produce the documentation as part of its expansion
[INFO] [stderr]     = note: `#[warn(unused_doc_comments)]` (part of `#[warn(unused)]`) on by default
[INFO] [stderr] 
[INFO] [stderr] warning: fields `execution_time_ms` and `cache_hit` are never read
[INFO] [stderr]   --> src/bin/http_server/cache.rs:14:9
[INFO] [stderr]    |
[INFO] [stderr] 11 | pub struct CachedResult {
[INFO] [stderr]    |            ------------ fields in this struct
[INFO] [stderr] ...
[INFO] [stderr] 14 |     pub execution_time_ms: f64,
[INFO] [stderr]    |         ^^^^^^^^^^^^^^^^^
[INFO] [stderr] 15 |     pub cache_hit: bool,
[INFO] [stderr]    |         ^^^^^^^^^
[INFO] [stderr]    |
[INFO] [stderr]    = note: `CachedResult` has derived impls for the traits `Debug` and `Clone`, but these are intentionally ignored during dead code analysis
[INFO] [stderr]    = note: `#[warn(dead_code)]` (part of `#[warn(unused)]`) on by default
[INFO] [stderr] 
[INFO] [stderr] warning: struct `ResponsePool` is never constructed
[INFO] [stderr]    --> src/bin/http_server/cache.rs:238:12
[INFO] [stderr]     |
[INFO] [stderr] 238 | pub struct ResponsePool<T> {
[INFO] [stderr]     |            ^^^^^^^^^^^^
[INFO] [stderr] 
[INFO] [stderr] warning: associated items `new`, `get`, and `return_item` are never used
[INFO] [stderr]    --> src/bin/http_server/cache.rs:244:8
[INFO] [stderr]     |
[INFO] [stderr] 243 | impl<T> ResponsePool<T> {
[INFO] [stderr]     | ----------------------- associated items in this implementation
[INFO] [stderr] 244 |     fn new(capacity: usize) -> Self {
[INFO] [stderr]     |        ^^^
[INFO] [stderr] ...
[INFO] [stderr] 251 |     fn get(&mut self) -> Option<T> {
[INFO] [stderr]     |        ^^^
[INFO] [stderr] ...
[INFO] [stderr] 255 |     fn return_item(&mut self, item: T) {
[INFO] [stderr]     |        ^^^^^^^^^^^
[INFO] [stderr] 
[INFO] [stderr] warning: function `get_pooled_response` is never used
[INFO] [stderr]    --> src/bin/http_server/cache.rs:270:8
[INFO] [stderr]     |
[INFO] [stderr] 270 | pub fn get_pooled_response() -> Option<super::types::EvalResponse> {
[INFO] [stderr]     |        ^^^^^^^^^^^^^^^^^^^
[INFO] [stderr] 
[INFO] [stderr] warning: function `return_pooled_response` is never used
[INFO] [stderr]    --> src/bin/http_server/cache.rs:275:8
[INFO] [stderr]     |
[INFO] [stderr] 275 | pub fn return_pooled_response(response: super::types::EvalResponse) {
[INFO] [stderr]     |        ^^^^^^^^^^^^^^^^^^^^^^
[INFO] [stderr] 
[INFO] [stderr] warning: field `content_type` is never read
[INFO] [stderr]  --> src/bin/http_server/multipart.rs:7:9
[INFO] [stderr]   |
[INFO] [stderr] 4 | pub struct MultipartField {
[INFO] [stderr]   |            -------------- field in this struct
[INFO] [stderr] ...
[INFO] [stderr] 7 |     pub content_type: Option<String>,
[INFO] [stderr]   |         ^^^^^^^^^^^^
[INFO] [stderr]   |
[INFO] [stderr]   = note: `MultipartField` has derived impls for the traits `Clone` and `Debug`, but these are intentionally ignored during dead code analysis
[INFO] [stderr] 
[INFO] [stderr] warning: method `get_field` is never used
[INFO] [stderr]   --> src/bin/http_server/multipart.rs:17:12
[INFO] [stderr]    |
[INFO] [stderr] 16 | impl MultipartData {
[INFO] [stderr]    | ------------------ method in this implementation
[INFO] [stderr] 17 |     pub fn get_field(&self, name: &str) -> Option<&MultipartField> {
[INFO] [stderr]    |            ^^^^^^^^^
[INFO] [stderr] 
[INFO] [stderr] warning: field `duration` is never read
[INFO] [stderr]   --> src/bin/sk_http_bench.rs:16:5
[INFO] [stderr]    |
[INFO] [stderr] 11 | struct BenchConfig {
[INFO] [stderr]    |        ----------- field in this struct
[INFO] [stderr] ...
[INFO] [stderr] 16 |     duration: Option<Duration>,
[INFO] [stderr]    |     ^^^^^^^^
[INFO] [stderr]    |
[INFO] [stderr]    = note: `BenchConfig` has a derived impl for the trait `Clone`, but this is intentionally ignored during dead code analysis
[INFO] [stderr]    = note: `#[warn(dead_code)]` (part of `#[warn(unused)]`) on by default
[INFO] [stderr] 
[INFO] [stderr] warning: field `total_time` is never read
[INFO] [stderr]   --> src/bin/sk_http_bench.rs:24:5
[INFO] [stderr]    |
[INFO] [stderr] 21 | struct BenchResult {
[INFO] [stderr]    |        ----------- field in this struct
[INFO] [stderr] ...
[INFO] [stderr] 24 |     total_time: Duration,
[INFO] [stderr]    |     ^^^^^^^^^^
[INFO] [stderr]    |
[INFO] [stderr]    = note: `BenchResult` has a derived impl for the trait `Debug`, but this is intentionally ignored during dead code analysis
[INFO] [stderr] 
[INFO] [stderr] warning: `skillet` (bin "sk_http_server") generated 8 warnings
[INFO] [stderr] warning: `skillet` (bin "sk_http_bench") generated 2 warnings
[INFO] [stderr] warning: `skillet` (bin "sk_http_bench" test) generated 2 warnings (2 duplicates)
[INFO] [stderr] warning: unused import: `evaluate`
[INFO] [stderr]  --> tests/json_dig.rs:1:15
[INFO] [stderr]   |
[INFO] [stderr] 1 | use skillet::{evaluate, evaluate_with_assignments, Value};
[INFO] [stderr]   |               ^^^^^^^^
[INFO] [stderr]   |
[INFO] [stderr]   = note: `#[warn(unused_imports)]` (part of `#[warn(unused)]`) on by default
[INFO] [stderr] 
[INFO] [stderr] warning: `skillet` (test "json_dig") generated 1 warning (run `cargo fix --test "json_dig" -p skillet` to apply 1 suggestion)
[INFO] [stderr] warning: field `execution_time_ms` is never read
[INFO] [stderr]   --> src/bin/http_server/cache.rs:14:9
[INFO] [stderr]    |
[INFO] [stderr] 11 | pub struct CachedResult {
[INFO] [stderr]    |            ------------ field in this struct
[INFO] [stderr] ...
[INFO] [stderr] 14 |     pub execution_time_ms: f64,
[INFO] [stderr]    |         ^^^^^^^^^^^^^^^^^
[INFO] [stderr]    |
[INFO] [stderr]    = note: `CachedResult` has derived impls for the traits `Debug` and `Clone`, but these are intentionally ignored during dead code analysis
[INFO] [stderr]    = note: `#[warn(dead_code)]` (part of `#[warn(unused)]`) on by default
[INFO] [stderr] 
[INFO] [stderr] warning: `skillet` (bin "sk_http_server" test) generated 8 warnings (7 duplicates)
[INFO] [stderr]     Finished `release` profile [optimized] target(s) in 0.15s
[INFO] [stderr]      Running unittests src/lib.rs (/opt/rustwide/target/release/deps/skillet-6e08a80b82377f26)
[INFO] [stdout] 
[INFO] [stdout] running 16 tests
[INFO] [stdout] test runtime::jsonpath::tests::test_extract_numeric_values ... ok
[INFO] [stdout] test runtime::jsonpath::tests::test_jsonpath_basic ... ok
[INFO] [stdout] test tests::test_basic_arithmetic ... ok
[INFO] [stdout] test js_plugin::tests::test_js_function_parsing ... ok
[INFO] [stdout] test runtime::jsonpath::tests::test_is_jsonpath ... ok
[INFO] [stdout] test runtime::function_dispatch::tests::test_global_dispatch ... ok
[INFO] [stdout] test runtime::function_dispatch::tests::test_function_dispatch_basic ... ok
[INFO] [stdout] test js_plugin::tests::test_js_function_execution ... ok
[INFO] [stdout] test js_plugin::tests::test_js_string_function ... ok
[INFO] [stdout] test memory_pool::tests::test_cow_variable_context ... ok
[INFO] [stdout] test concurrent_registry::tests::test_thread_local_cache ... ok
[INFO] [stdout] test memory_pool::tests::test_variable_context_pool ... ok
[INFO] [stdout] test memory_pool::tests::test_thread_local_pool ... ok
[INFO] [stdout] test runtime::function_dispatch::tests::test_category_lookup ... ok
[INFO] [stdout] test custom::tests::test_function_registry ... ok
[INFO] [stdout] test concurrent_registry::tests::test_concurrent_registry ... ok
[INFO] [stdout] 
[INFO] [stdout] test result: ok. 16 passed; 0 failed; 0 ignored; 0 measured; 0 filtered out; finished in 0.01s
[INFO] [stdout] 
[INFO] [stderr]      Running unittests src/bin/sk.rs (/opt/rustwide/target/release/deps/sk-79f3cec3181ea917)
[INFO] [stdout] 
[INFO] [stderr]      Running unittests src/bin/sk_client.rs (/opt/rustwide/target/release/deps/sk_client-b7e1f269f819dfd8)
[INFO] [stdout] running 0 tests
[INFO] [stdout] 
[INFO] [stdout] test result: ok. 0 passed; 0 failed; 0 ignored; 0 measured; 0 filtered out; finished in 0.00s
[INFO] [stdout] 
[INFO] [stderr]      Running unittests src/bin/sk_http_bench.rs (/opt/rustwide/target/release/deps/sk_http_bench-92f321370f4bd623)
[INFO] [stdout] 
[INFO] [stdout] running 0 tests
[INFO] [stdout] 
[INFO] [stdout] test result: ok. 0 passed; 0 failed; 0 ignored; 0 measured; 0 filtered out; finished in 0.00s
[INFO] [stdout] 
[INFO] [stdout] 
[INFO] [stderr]      Running unittests src/bin/sk_http_server.rs (/opt/rustwide/target/release/deps/sk_http_server-65ce86ad781e92f6)
[INFO] [stdout] running 0 tests
[INFO] [stdout] 
[INFO] [stdout] test result: ok. 0 passed; 0 failed; 0 ignored; 0 measured; 0 filtered out; finished in 0.00s
[INFO] [stdout] 
[INFO] [stdout] 
[INFO] [stdout] running 6 tests
[INFO] [stdout] test http_server::cache::tests::test_buffer_pool ... ok
[INFO] [stdout] test http_server::cache::tests::test_cache_key_generation ... ok
[INFO] [stdout] test http_server::multipart::tests::test_boundary_extraction ... ok
[INFO] [stdout] test http_server::multipart::tests::test_multipart_parsing ... ok
[INFO] [stdout] test http_server::cache::tests::test_expression_cache ... ok
[INFO] [stdout] test http_server::multipart::tests::test_content_disposition_parsing ... ok
[INFO] [stdout] 
[INFO] [stdout] test result: ok. 6 passed; 0 failed; 0 ignored; 0 measured; 0 filtered out; finished in 0.00s
[INFO] [stdout] 
[INFO] [stderr]      Running unittests src/bin/sk_server.rs (/opt/rustwide/target/release/deps/sk_server-af03c7e5a5529994)
[INFO] [stdout] 
[INFO] [stdout] running 0 tests
[INFO] [stdout] 
[INFO] [stdout] test result: ok. 0 passed; 0 failed; 0 ignored; 0 measured; 0 filtered out; finished in 0.00s
[INFO] [stdout] 
[INFO] [stderr]      Running tests/arithmetic.rs (/opt/rustwide/target/release/deps/arithmetic-fcec811a94fed93f)
[INFO] [stdout] 
[INFO] [stdout] running 11 tests
[INFO] [stdout] test array_index_and_slice ... ok
[INFO] [stdout] test type_casting_minimal ... ok
[INFO] [stdout] test exponent_right_associative ... ok
[INFO] [stdout] test sumif_function ... ok
[INFO] [stdout] test variables_and_sum_function ... ok
[INFO] [stdout] test comparisons_logical_ternary ... ok
[INFO] [stdout] test chaining_methods_numeric_and_array ... ok
[INFO] [stdout] test arrays_and_sum_arrays ... ok
[INFO] [stdout] test precedence_and_parentheses ... ok
[INFO] [stdout] test math_builtins ... ok
[INFO] [stderr]      Running tests/arrays.rs (/opt/rustwide/target/release/deps/arrays-dc2dec2d9cfda3fe)
[INFO] [stdout] test unary_and_equals_prefix ... ok
[INFO] [stdout] 
[INFO] [stdout] test result: ok. 11 passed; 0 failed; 0 ignored; 0 measured; 0 filtered out; finished in 0.00s
[INFO] [stdout] 
[INFO] [stdout] 
[INFO] [stdout] running 4 tests
[INFO] [stdout] test array_builtins ... ok
[INFO] [stdout] test spread_and_filter_map_reduce ... ok
[INFO] [stderr]      Running tests/assignments.rs (/opt/rustwide/target/release/deps/assignments-094612e65ddadd9d)
[INFO] [stdout] test sumif_avgif_countif_flatten ... ok
[INFO] [stdout] test merge_function_and_method ... ok
[INFO] [stdout] 
[INFO] [stdout] test result: ok. 4 passed; 0 failed; 0 ignored; 0 measured; 0 filtered out; finished in 0.00s
[INFO] [stdout] 
[INFO] [stdout] 
[INFO] [stdout] running 12 tests
[INFO] [stdout] test test_new_financial_functions_in_assignment ... ok
[INFO] [stdout] test test_complex_assignments_with_functions ... ok
[INFO] [stdout] test test_prd_example ... ok
[INFO] [stdout] test test_simple_assignment ... ok
[INFO] [stdout] test test_variable_scoping ... ok
[INFO] [stdout] test test_multiple_assignments ... ok
[INFO] [stdout] test test_assignment_with_initial_vars ... ok
[INFO] [stdout] test test_assignment_expression_returns_value ... ok
[INFO] [stdout] test test_no_assignments ... ok
[INFO] [stdout] test test_trailing_semicolon ... ok
[INFO] [stdout] test test_assignment_with_calculation ... ok
[INFO] [stdout] test test_new_array_functions_in_assignment ... ok
[INFO] [stdout] 
[INFO] [stdout] test result: ok. 12 passed; 0 failed; 0 ignored; 0 measured; 0 filtered out; finished in 0.01s
[INFO] [stdout] 
[INFO] [stderr]      Running tests/cli_integration.rs (/opt/rustwide/target/release/deps/cli_integration-e8ca54b89f104561)
[INFO] [stdout] 
[INFO] [stdout] running 18 tests
[INFO] [stdout] test test_cli_help_message ... FAILED
[INFO] [stdout] test test_cli_basic_arithmetic ... ok
[INFO] [stdout] test test_cli_jsonpath_min ... ok
[INFO] [stdout] test test_cli_error_handling ... ok
[INFO] [stdout] test test_cli_jsonpath_sum ... ok
[INFO] [stdout] test test_cli_jsonpath_avg ... ok
[INFO] [stdout] test test_cli_jsonpath_output_json ... ok
[INFO] [stdout] test test_cli_jsonpath_max ... ok
[INFO] [stdout] test test_cli_with_boolean_variable ... ok
[INFO] [stdout] test test_cli_with_multiple_variables ... ok
[INFO] [stdout] test test_cli_jsonpath_with_filter ... ok
[INFO] [stdout] test test_cli_invalid_variable_format ... ok
[INFO] [stdout] test test_cli_jsonpath_complex_expression ... ok
[INFO] [stdout] test test_cli_with_null_variable ... ok
[INFO] [stdout] test test_cli_with_array_variable ... ok
[INFO] [stdout] test test_cli_jsonpath_nested ... ok
[INFO] [stdout] test test_cli_with_single_variable ... ok
[INFO] [stderr] error: test failed, to rerun pass `--test cli_integration`
[INFO] [stdout] test test_cli_with_string_variable ... ok
[INFO] [stdout] 
[INFO] [stdout] failures:
[INFO] [stdout] 
[INFO] [stdout] ---- test_cli_help_message stdout ----
[INFO] [stdout] 
[INFO] [stdout] thread 'test_cli_help_message' (3056) panicked at tests/cli_integration.rs:109:5:
[INFO] [stdout] assertion failed: stderr.contains("Usage: sk")
[INFO] [stdout] stack backtrace:
[INFO] [stdout]    0:     0x600f49933bc1 - <<std[70759c8f55707aa4]::sys::backtrace::BacktraceLock>::print::DisplayBacktrace as core[df12db4294e9bfd3]::fmt::Display>::fmt
[INFO] [stdout]    1:     0x600f49947e7a - core[df12db4294e9bfd3]::fmt::write
[INFO] [stdout]    2:     0x600f4993805c - <alloc[2182bb758b4b3781]::vec::Vec<u8> as core[df12db4294e9bfd3]::io::write::Write>::write_fmt
[INFO] [stdout]    3:     0x600f499100b6 - std[70759c8f55707aa4]::panicking::default_hook::{closure#0}
[INFO] [stdout]    4:     0x600f4992c329 - std[70759c8f55707aa4]::panicking::default_hook
[INFO] [stdout]    5:     0x600f498c86b0 - test[9d35eded1c95d3be]::test_main_inner::<test[9d35eded1c95d3be]::test_main_static::{closure#0}>::{closure#0}
[INFO] [stdout]    6:     0x600f4992c4e2 - std[70759c8f55707aa4]::panicking::panic_with_hook
[INFO] [stdout]    7:     0x600f49910194 - std[70759c8f55707aa4]::panicking::panic_handler::{closure#0}
[INFO] [stdout]    8:     0x600f49908ee9 - std[70759c8f55707aa4]::sys::backtrace::__rust_end_short_backtrace::<std[70759c8f55707aa4]::panicking::panic_handler::{closure#0}, !>
[INFO] [stdout]    9:     0x600f49910d5d - __rustc[8fa7c3cbc660c2b3]::rust_begin_unwind
[INFO] [stdout]   10:     0x600f499485ac - core[df12db4294e9bfd3]::panicking::panic_fmt
[INFO] [stdout]   11:     0x600f49948572 - core[df12db4294e9bfd3]::panicking::panic
[INFO] [stdout]   12:     0x600f498b9bc2 - <cli_integration[b56d9c2fabc2a88]::test_cli_help_message::{closure#0} as core[df12db4294e9bfd3]::ops::function::FnOnce<()>>::call_once
[INFO] [stdout]   13:     0x600f498bb99b - test[9d35eded1c95d3be]::__rust_begin_short_backtrace::<core[df12db4294e9bfd3]::result::Result<(), alloc[2182bb758b4b3781]::string::String>, fn() -> core[df12db4294e9bfd3]::result::Result<(), alloc[2182bb758b4b3781]::string::String>>
[INFO] [stdout]   14:     0x600f498c9005 - test[9d35eded1c95d3be]::run_test::{closure#0}
[INFO] [stdout]   15:     0x600f498c28c4 - std[70759c8f55707aa4]::sys::backtrace::__rust_begin_short_backtrace::<test[9d35eded1c95d3be]::run_test::{closure#1}, ()>
[INFO] [stdout]   16:     0x600f498cc162 - <std[70759c8f55707aa4]::thread::lifecycle::spawn_unchecked<test[9d35eded1c95d3be]::run_test::{closure#1}, ()>::{closure#1} as core[df12db4294e9bfd3]::ops::function::FnOnce<()>>::call_once::{shim:vtable#0}
[INFO] [stdout]   17:     0x600f49933499 - <std[70759c8f55707aa4]::sys::thread::unix::Thread>::new::thread_start
[INFO] [stdout]   18:     0x7a5c215dfdfa - <unknown>
[INFO] [stdout]   19:     0x7a5c216733d4 - clone
[INFO] [stdout]   20:                0x0 - <unknown>
[INFO] [stdout] 
[INFO] [stdout] 
[INFO] [stdout] failures:
[INFO] [stdout]     test_cli_help_message
[INFO] [stdout] 
[INFO] [stdout] test result: FAILED. 17 passed; 1 failed; 0 ignored; 0 measured; 0 filtered out; finished in 39.55s
[INFO] [stdout] 
[INFO] running `Command { std: "docker" "inspect" "efee6814741126a9d67a4b7a3aadad28fb232f3d93bd1f414dd9ee66c9025424", kill_on_drop: false }`
[INFO] running `Command { std: "docker" "rm" "-f" "efee6814741126a9d67a4b7a3aadad28fb232f3d93bd1f414dd9ee66c9025424", kill_on_drop: false }`
[INFO] [stdout] efee6814741126a9d67a4b7a3aadad28fb232f3d93bd1f414dd9ee66c9025424
