[INFO] cloning repository https://github.com/yunusovt983-art/ozd
[INFO] running `Command { std: "git" "-c" "credential.helper=" "-c" "credential.helper=/workspace/cargo-home/bin/git-credential-null" "clone" "--bare" "https://github.com/yunusovt983-art/ozd" "/workspace/cache/git-repos/https%3A%2F%2Fgithub.com%2Fyunusovt983-art%2Fozd", kill_on_drop: false }`
[INFO] [stderr] Cloning into bare repository '/workspace/cache/git-repos/https%3A%2F%2Fgithub.com%2Fyunusovt983-art%2Fozd'...
[INFO] running `Command { std: "git" "rev-parse" "HEAD", kill_on_drop: false }`
[INFO] [stdout] ca799802e094d847b115806b020a17c08575bf34
[INFO] testing yunusovt983-art/ozd/ca799802e094d847b115806b020a17c08575bf34 against 1.99.0-beta.8+cargoflags=--release for beta-release-1.100-2
[INFO] running `Command { std: "git" "clone" "/workspace/cache/git-repos/https%3A%2F%2Fgithub.com%2Fyunusovt983-art%2Fozd" "/workspace/builds/worker-1-tc1/source", kill_on_drop: false }`
[INFO] [stderr] Cloning into '/workspace/builds/worker-1-tc1/source'...
[INFO] [stderr] done.
[INFO] started tweaking git repo https://github.com/yunusovt983-art/ozd
[INFO] finished tweaking git repo https://github.com/yunusovt983-art/ozd
[INFO] tweaked toml for git repo https://github.com/yunusovt983-art/ozd written to /workspace/builds/worker-1-tc1/source/Cargo.toml
[INFO] validating manifest of git repo https://github.com/yunusovt983-art/ozd on toolchain 1.99.0-beta.8
[INFO] running `Command { std: CARGO_HOME="/workspace/cargo-home" RUSTUP_HOME="/workspace/rustup-home" "/workspace/cargo-home/bin/cargo" "+1.99.0-beta.8" "metadata" "--manifest-path" "Cargo.toml" "--no-deps", kill_on_drop: false }`
[INFO] crate git repo https://github.com/yunusovt983-art/ozd already has a lockfile, it will not be regenerated
[INFO] running `Command { std: CARGO_HOME="/workspace/cargo-home" RUSTUP_HOME="/workspace/rustup-home" "/workspace/cargo-home/bin/cargo" "+1.99.0-beta.8" "fetch" "--manifest-path" "Cargo.toml", kill_on_drop: false }`
[INFO] [stderr]     Updating crates.io index
[INFO] [stderr]  Downloading crates ...
[INFO] [stderr]   Downloaded lru v0.7.8
[INFO] [stderr]   Downloaded abao v0.2.0
[INFO] [stderr]   Downloaded reed-solomon-erasure v6.0.0
[INFO] running `Command { std: "docker" "create" "-v" "/var/lib/crater-agent-workspace/builds/worker-1-tc1/source:/opt/rustwide/workdir:ro,Z" "-v" "/var/lib/crater-agent-workspace/builds/worker-1-tc1/target:/opt/rustwide/target:rw,Z" "-v" "/var/lib/crater-agent-workspace/cargo-home:/opt/rustwide/cargo-home:ro,Z" "-v" "/var/lib/crater-agent-workspace/rustup-home:/opt/rustwide/rustup-home:ro,Z" "-m" "1610612736" "--network" "none" "ghcr.io/rust-lang/crates-build-env/linux@sha256:77db811e55d90add9212f6832c23229e3de5f1c1f9905e8cb07319ea15df73ac" "sleep" "infinity", kill_on_drop: false }`
[INFO] [stdout] 2676f2b5b18f0b7fb7be267b75cffaf2120eb350ee1dc74387f83cb11eea3015
[INFO] running `Command { std: "docker" "start" "2676f2b5b18f0b7fb7be267b75cffaf2120eb350ee1dc74387f83cb11eea3015", kill_on_drop: false }`
[INFO] running `Command { std: "docker" "inspect" "2676f2b5b18f0b7fb7be267b75cffaf2120eb350ee1dc74387f83cb11eea3015", kill_on_drop: false }`
[INFO] running `Command { std: "docker" "exec" "-e" "SOURCE_DIR=/opt/rustwide/workdir" "-e" "CARGO_HOME=/opt/rustwide/cargo-home" "-e" "RUSTUP_HOME=/opt/rustwide/rustup-home" "-e" "CARGO_TARGET_DIR=/opt/rustwide/target" "-w" "/opt/rustwide/workdir" "--user" "0:0" "2676f2b5b18f0b7fb7be267b75cffaf2120eb350ee1dc74387f83cb11eea3015" "/opt/rustwide/cargo-home/bin/cargo" "+1.99.0-beta.8" "metadata" "--no-deps" "--format-version=1", kill_on_drop: false }`
[INFO] running `Command { std: "docker" "inspect" "2676f2b5b18f0b7fb7be267b75cffaf2120eb350ee1dc74387f83cb11eea3015", kill_on_drop: false }`
[INFO] running `Command { std: "docker" "exec" "-e" "SOURCE_DIR=/opt/rustwide/workdir" "-e" "CARGO_HOME=/opt/rustwide/cargo-home" "-e" "RUSTUP_HOME=/opt/rustwide/rustup-home" "-e" "CARGO_TARGET_DIR=/opt/rustwide/target" "-e" "CARGO_INCREMENTAL=0" "-e" "RUST_BACKTRACE=full" "-e" "RUSTFLAGS=--cap-lints=warn" "-e" "RUSTDOCFLAGS=--cap-lints=warn" "-w" "/opt/rustwide/workdir" "--user" "0:0" "2676f2b5b18f0b7fb7be267b75cffaf2120eb350ee1dc74387f83cb11eea3015" "/opt/rustwide/cargo-home/bin/cargo" "+1.99.0-beta.8" "build" "--frozen" "--message-format=json" "--release", kill_on_drop: false }`
[INFO] [stderr]    Compiling libc v0.2.186
[INFO] [stderr]    Compiling proc-macro2 v1.0.106
[INFO] [stderr]    Compiling quote v1.0.45
[INFO] [stderr]    Compiling unicode-ident v1.0.24
[INFO] [stderr]    Compiling cfg-if v1.0.4
[INFO] [stderr]    Compiling once_cell v1.21.4
[INFO] [stderr]    Compiling version_check v0.9.5
[INFO] [stderr]    Compiling shlex v2.0.1
[INFO] [stderr]    Compiling find-msvc-tools v0.1.9
[INFO] [stderr]    Compiling pin-project-lite v0.2.17
[INFO] [stderr]    Compiling smallvec v1.15.1
[INFO] [stderr]    Compiling serde_core v1.0.228
[INFO] [stderr]    Compiling itoa v1.0.18
[INFO] [stderr]    Compiling tracing-core v0.1.36
[INFO] [stderr]    Compiling serde v1.0.228
[INFO] [stderr]    Compiling log v0.4.32
[INFO] [stderr]    Compiling generic-array v0.14.7
[INFO] [stderr]    Compiling scopeguard v1.2.0
[INFO] [stderr]    Compiling futures-core v0.3.32
[INFO] [stderr]    Compiling typenum v1.20.1
[INFO] [stderr]    Compiling lock_api v0.4.14
[INFO] [stderr]    Compiling ahash v0.7.8
[INFO] [stderr]    Compiling bytes v1.11.1
[INFO] [stderr]    Compiling thiserror v2.0.18
[INFO] [stderr]    Compiling parking_lot_core v0.9.12
[INFO] [stderr]    Compiling syn v2.0.117
[INFO] [stderr]    Compiling pkg-config v0.3.33
[INFO] [stderr]    Compiling parking_lot_core v0.8.6
[INFO] [stderr]    Compiling http v1.4.2
[INFO] [stderr]    Compiling instant v0.1.13
[INFO] [stderr]    Compiling jobserver v0.1.34
[INFO] [stderr]    Compiling subtle v2.6.1
[INFO] [stderr]    Compiling libm v0.2.16
[INFO] [stderr]    Compiling cc v1.2.63
[INFO] [stderr]    Compiling getrandom v0.2.17
[INFO] [stderr]    Compiling errno v0.3.14
[INFO] [stderr]    Compiling signal-hook-registry v1.4.8
[INFO] [stderr]    Compiling socket2 v0.6.4
[INFO] [stderr]    Compiling mio v1.2.1
[INFO] [stderr]    Compiling zmij v1.0.21
[INFO] [stderr]    Compiling httparse v1.10.1
[INFO] [stderr]    Compiling block-buffer v0.10.4
[INFO] [stderr]    Compiling crypto-common v0.1.7
[INFO] [stderr]    Compiling http-body v1.0.1
[INFO] [stderr]    Compiling digest v0.10.7
[INFO] [stderr]    Compiling hashbrown v0.12.3
[INFO] [stderr]    Compiling parking_lot v0.12.5
[INFO] [stderr]    Compiling tower-service v0.3.3
[INFO] [stderr]    Compiling constant_time_eq v0.4.2
[INFO] [stderr]    Compiling serde_json v1.0.150
[INFO] [stderr]    Compiling reed-solomon-erasure v6.0.0
[INFO] [stderr]    Compiling cpufeatures v0.3.0
[INFO] [stderr]    Compiling arrayref v0.3.9
[INFO] [stderr]    Compiling arrayvec v0.7.6
[INFO] [stderr]    Compiling parking_lot v0.11.2
[INFO] [stderr]    Compiling lru v0.7.8
[INFO] [stderr]    Compiling futures-channel v0.3.32
[INFO] [stderr]    Compiling blake3 v1.8.5
[INFO] [stderr]    Compiling zstd-sys v2.0.16+zstd.1.5.7
[INFO] [stderr]    Compiling sync_wrapper v1.0.2
[INFO] [stderr]    Compiling futures-task v0.3.32
[INFO] [stderr]    Compiling percent-encoding v2.3.2
[INFO] [stderr]    Compiling atomic-waker v1.1.2
[INFO] [stderr]    Compiling spin v0.9.8
[INFO] [stderr]    Compiling cpufeatures v0.2.17
[INFO] [stderr]    Compiling httpdate v1.0.3
[INFO] [stderr]    Compiling zstd-safe v7.2.4
[INFO] [stderr]    Compiling tower-layer v0.3.3
[INFO] [stderr]    Compiling slab v0.4.12
[INFO] [stderr]    Compiling memchr v2.8.1
[INFO] [stderr]    Compiling sha2 v0.10.9
[INFO] [stderr]    Compiling futures-util v0.3.32
[INFO] [stderr]    Compiling form_urlencoded v1.2.2
[INFO] [stderr]    Compiling http-body-util v0.1.3
[INFO] [stderr]    Compiling abao v0.2.0
[INFO] [stderr]    Compiling redb v2.6.3
[INFO] [stderr]    Compiling crc32fast v1.5.0
[INFO] [stderr]    Compiling mime v0.3.17
[INFO] [stderr]    Compiling xxhash-rust v0.8.15
[INFO] [stderr]    Compiling ryu v1.0.23
[INFO] [stderr]    Compiling serde_path_to_error v0.1.20
[INFO] [stderr]    Compiling regex-syntax v0.8.11
[INFO] [stderr]    Compiling rustix v1.1.4
[INFO] [stderr]    Compiling hashbrown v0.17.1
[INFO] [stderr]    Compiling matchit v0.8.4
[INFO] [stderr]    Compiling equivalent v1.0.2
[INFO] [stderr]    Compiling getrandom v0.4.2
[INFO] [stderr]    Compiling bitflags v2.13.0
[INFO] [stderr]    Compiling lazy_static v1.5.0
[INFO] [stderr]    Compiling indexmap v2.14.0
[INFO] [stderr]    Compiling anyhow v1.0.102
[INFO] [stderr]    Compiling linux-raw-sys v0.12.1
[INFO] [stderr]    Compiling winnow v0.7.15
[INFO] [stderr]    Compiling toml_write v0.1.2
[INFO] [stderr]    Compiling sharded-slab v0.1.7
[INFO] [stderr]    Compiling serde_derive v1.0.228
[INFO] [stderr]    Compiling tracing-attributes v0.1.31
[INFO] [stderr]    Compiling thiserror-impl v2.0.18
[INFO] [stderr]    Compiling tracing v0.1.44
[INFO] [stderr]    Compiling tokio-macros v2.7.0
[INFO] [stderr]    Compiling ozd-domain v0.1.0 (/opt/rustwide/workdir/crates/ozd-domain)
[INFO] [stderr]    Compiling axum-core v0.5.6
[INFO] [stderr]    Compiling ozd-app v0.1.0 (/opt/rustwide/workdir/crates/ozd-app)
[INFO] [stderr]    Compiling regex-automata v0.4.14
[INFO] [stderr]    Compiling ozd-zfs v0.1.0 (/opt/rustwide/workdir/crates/ozd-zfs)
[INFO] [stderr]    Compiling tokio v1.52.3
[INFO] [stderr]    Compiling hmac v0.12.1
[INFO] [stderr]    Compiling tracing-log v0.2.0
[INFO] [stderr]    Compiling thread_local v1.1.9
[INFO] [stderr]    Compiling serde_urlencoded v0.7.1
[INFO] [stderr]    Compiling toml_datetime v0.6.11
[INFO] [stderr]    Compiling serde_spanned v0.6.9
[INFO] [stderr]    Compiling tracing-serde v0.2.0
[INFO] [stderr]    Compiling fastrand v2.4.1
[INFO] [stderr]    Compiling toml_edit v0.22.27
[INFO] [stderr]    Compiling nu-ansi-term v0.50.3
[INFO] [stderr]    Compiling tempfile v3.27.0
[INFO] [stderr]    Compiling matchers v0.2.0
[INFO] [stderr]    Compiling tracing-subscriber v0.3.23
[INFO] [stderr]    Compiling hyper v1.10.1
[INFO] [stderr]    Compiling tower v0.5.3
[INFO] [stderr]    Compiling toml v0.8.23
[INFO] [stderr]    Compiling hyper-util v0.1.20
[INFO] [stderr]    Compiling axum v0.8.9
[INFO] [stderr]    Compiling ozd-admin v0.1.0 (/opt/rustwide/workdir/crates/ozd-admin)
[INFO] [stderr]    Compiling ozd-ipfs v0.1.0 (/opt/rustwide/workdir/crates/ozd-ipfs)
[INFO] [stderr]    Compiling zstd v0.13.3
[INFO] [stderr]    Compiling ozd-engine v0.1.0 (/opt/rustwide/workdir/crates/ozd-engine)
[INFO] [stderr]    Compiling ozd-bench v0.1.0 (/opt/rustwide/workdir/crates/ozd-bench)
[INFO] [stderr]    Compiling ozd-daemon v0.1.0 (/opt/rustwide/workdir/crates/ozd-daemon)
[INFO] [stderr]     Finished `release` profile [optimized] target(s) in 5m 09s
[INFO] running `Command { std: "docker" "inspect" "2676f2b5b18f0b7fb7be267b75cffaf2120eb350ee1dc74387f83cb11eea3015", kill_on_drop: false }`
[INFO] running `Command { std: "docker" "exec" "-e" "SOURCE_DIR=/opt/rustwide/workdir" "-e" "CARGO_HOME=/opt/rustwide/cargo-home" "-e" "RUSTUP_HOME=/opt/rustwide/rustup-home" "-e" "CARGO_TARGET_DIR=/opt/rustwide/target" "-e" "CARGO_INCREMENTAL=0" "-e" "RUST_BACKTRACE=full" "-e" "RUSTFLAGS=--cap-lints=warn" "-e" "RUSTDOCFLAGS=--cap-lints=warn" "-w" "/opt/rustwide/workdir" "--user" "0:0" "2676f2b5b18f0b7fb7be267b75cffaf2120eb350ee1dc74387f83cb11eea3015" "/opt/rustwide/cargo-home/bin/cargo" "+1.99.0-beta.8" "test" "--frozen" "--no-run" "--message-format=json" "--release", kill_on_drop: false }`
[INFO] [stderr]    Compiling serde v1.0.228
[INFO] [stderr]    Compiling zerocopy v0.8.52
[INFO] [stderr]    Compiling zerocopy-derive v0.8.52
[INFO] [stderr]    Compiling crossbeam-utils v0.8.21
[INFO] [stderr]    Compiling regex-syntax v0.8.11
[INFO] [stderr]    Compiling getrandom v0.3.4
[INFO] [stderr]    Compiling autocfg v1.5.1
[INFO] [stderr]    Compiling either v1.16.0
[INFO] [stderr]    Compiling rayon-core v1.13.0
[INFO] [stderr]    Compiling clap_lex v1.1.0
[INFO] [stderr]    Compiling ciborium-io v0.2.2
[INFO] [stderr]    Compiling anstyle v1.0.14
[INFO] [stderr]    Compiling num-traits v0.2.19
[INFO] [stderr]    Compiling rand_core v0.9.5
[INFO] [stderr]    Compiling plotters-backend v0.3.7
[INFO] [stderr]    Compiling clap_builder v4.6.0
[INFO] [stderr]    Compiling itertools v0.10.5
[INFO] [stderr]    Compiling crossbeam-epoch v0.9.18
[INFO] [stderr]    Compiling plotters-svg v0.3.7
[INFO] [stderr]    Compiling serde_urlencoded v0.7.1
[INFO] [stderr]    Compiling axum v0.8.9
[INFO] [stderr]    Compiling crossbeam-deque v0.8.6
[INFO] [stderr]    Compiling wait-timeout v0.2.1
[INFO] [stderr]    Compiling same-file v1.0.6
[INFO] [stderr]    Compiling fnv v1.0.7
[INFO] [stderr]    Compiling bit-vec v0.8.0
[INFO] [stderr]    Compiling cast v0.3.0
[INFO] [stderr]    Compiling quick-error v1.2.3
[INFO] [stderr]    Compiling rusty-fork v0.3.1
[INFO] [stderr]    Compiling bit-set v0.8.0
[INFO] [stderr]    Compiling plotters v0.3.7
[INFO] [stderr]    Compiling rayon v1.12.0
[INFO] [stderr]    Compiling criterion-plot v0.5.0
[INFO] [stderr]    Compiling walkdir v2.5.0
[INFO] [stderr]    Compiling regex-automata v0.4.14
[INFO] [stderr]    Compiling clap v4.6.1
[INFO] [stderr]    Compiling tinytemplate v1.2.1
[INFO] [stderr]    Compiling rand v0.9.4
[INFO] [stderr]    Compiling rand_xorshift v0.4.0
[INFO] [stderr]    Compiling is-terminal v0.4.17
[INFO] [stderr]    Compiling oorandom v11.1.5
[INFO] [stderr]    Compiling unarray v0.1.4
[INFO] [stderr]    Compiling anes v0.1.6
[INFO] [stderr]    Compiling serde_spanned v0.6.9
[INFO] [stderr]    Compiling toml_datetime v0.6.11
[INFO] [stderr]    Compiling tracing-serde v0.2.0
[INFO] [stderr]    Compiling ozd-bench v0.1.0 (/opt/rustwide/workdir/crates/ozd-bench)
[INFO] [stderr]    Compiling toml_edit v0.22.27
[INFO] [stderr]    Compiling ozd-app v0.1.0 (/opt/rustwide/workdir/crates/ozd-app)
[INFO] [stderr]    Compiling ozd-zfs v0.1.0 (/opt/rustwide/workdir/crates/ozd-zfs)
[INFO] [stderr]    Compiling ozd-domain v0.1.0 (/opt/rustwide/workdir/crates/ozd-domain)
[INFO] [stderr]    Compiling half v2.7.1
[INFO] [stderr]    Compiling ciborium-ll v0.2.2
[INFO] [stderr]    Compiling ppv-lite86 v0.2.21
[INFO] [stderr]    Compiling ozd-ipfs v0.1.0 (/opt/rustwide/workdir/crates/ozd-ipfs)
[INFO] [stderr]    Compiling rand_chacha v0.9.0
[INFO] [stderr]    Compiling ciborium v0.2.2
[INFO] [stderr]    Compiling regex v1.12.4
[INFO] [stderr]    Compiling criterion v0.5.1
[INFO] [stderr]    Compiling proptest v1.11.0
[INFO] [stderr]    Compiling ozd-admin v0.1.0 (/opt/rustwide/workdir/crates/ozd-admin)
[INFO] [stderr]    Compiling matchers v0.2.0
[INFO] [stderr]    Compiling tracing-subscriber v0.3.23
[INFO] [stderr]    Compiling toml v0.8.23
[INFO] [stderr]    Compiling ozd-daemon v0.1.0 (/opt/rustwide/workdir/crates/ozd-daemon)
[INFO] [stderr]    Compiling ozd-engine v0.1.0 (/opt/rustwide/workdir/crates/ozd-engine)
[INFO] [stderr]     Finished `release` profile [optimized] target(s) in 5m 59s
[INFO] running `Command { std: "docker" "inspect" "2676f2b5b18f0b7fb7be267b75cffaf2120eb350ee1dc74387f83cb11eea3015", kill_on_drop: false }`
[INFO] running `Command { std: "docker" "exec" "-e" "SOURCE_DIR=/opt/rustwide/workdir" "-e" "CARGO_HOME=/opt/rustwide/cargo-home" "-e" "RUSTUP_HOME=/opt/rustwide/rustup-home" "-e" "CARGO_TARGET_DIR=/opt/rustwide/target" "-e" "CARGO_INCREMENTAL=0" "-e" "RUST_BACKTRACE=full" "-e" "RUSTFLAGS=--cap-lints=warn" "-e" "RUSTDOCFLAGS=--cap-lints=warn" "-w" "/opt/rustwide/workdir" "--user" "0:0" "2676f2b5b18f0b7fb7be267b75cffaf2120eb350ee1dc74387f83cb11eea3015" "/opt/rustwide/cargo-home/bin/cargo" "+1.99.0-beta.8" "test" "--frozen" "--release", kill_on_drop: false }`
[INFO] [stderr]     Finished `release` profile [optimized] target(s) in 0.32s
[INFO] [stderr]      Running unittests src/lib.rs (/opt/rustwide/target/release/deps/ozd_admin-2f387cbde479bcde)
[INFO] [stderr]      Running unittests src/lib.rs (/opt/rustwide/target/release/deps/ozd_app-6d192f6e03b5557d)
[INFO] [stdout] 
[INFO] [stdout] running 0 tests
[INFO] [stdout] 
[INFO] [stdout] test result: ok. 0 passed; 0 failed; 0 ignored; 0 measured; 0 filtered out; finished in 0.00s
[INFO] [stdout] 
[INFO] [stdout] 
[INFO] [stdout] running 59 tests
[INFO] [stdout] test car::tests::base32_matches_go_rawstd ... ok
[INFO] [stdout] test car::tests::carv2_pragma_rejected ... ok
[INFO] [stdout] test car::tests::cid_parse_v0_and_v1 ... ok
[INFO] [stdout] test diskslow::tests::outlier_vs_fleet_median_is_slow_idle_fleet_is_not ... ok
[INFO] [stdout] test diskslow::tests::warmup_and_uniform_slow_fleet_use_abs_floor ... ok
[INFO] [stdout] test erasure::tests::header_rejects_raw_bodies_and_size_mismatch ... ok
[INFO] [stdout] test diskslow::tests::ewma_smooths_single_spike ... ok
[INFO] [stdout] test erasure::tests::reconstructs_from_any_k_of_km ... ok
[INFO] [stdout] test erasure::tests::repair_rebuilds_missing_pieces_bit_exact ... ok
[INFO] [stdout] test erasure::tests::roundtrip_all_pieces_fast_path ... ok
[INFO] [stdout] test health::tests::escalates_to_faulted_and_probes_back ... ok
[INFO] [stdout] test car::tests::import_export_roundtrip_idempotent_and_verify ... ok
[INFO] [stdout] test health::tests::relapse_on_probe_goes_back_to_faulted ... ok
[INFO] [stdout] test health::tests::single_glitch_does_not_demote ... ok
[INFO] [stdout] test health::tests::suspect_recovers_after_consecutive_healthy ... ok
[INFO] [stdout] test latency::tests::p99_lands_in_tail_bucket_and_needs_warmup ... ok
[INFO] [stdout] test placement::tests::deterministic_and_distinct ... ok
[INFO] [stdout] test placement::tests::skips_faulted_and_full ... ok
[INFO] [stdout] test latency::tests::window_rotation_forgets_old_spikes ... ok
[INFO] [stdout] test placement::tests::add_disk_moves_about_one_over_n ... ok
[INFO] [stdout] test cache::tests::write_through_then_reads_hit_nvme_leg ... ok
[INFO] [stdout] test cache::tests::delete_invalidates_both_legs ... ok
[INFO] [stdout] test cache::tests::miss_populates_and_corruption_self_heals ... ok
[INFO] [stdout] test pool::tests::capacity_override_drives_placement ... ok
[INFO] [stdout] test cache::tests::fifo_eviction_keeps_budget_and_serves_from_pool ... ok
[INFO] [stdout] test cache::tests::coalescing_collapses_concurrent_reads_to_one ... ok
[INFO] [stdout] test pool::tests::ec_degraded_read_survives_m_disk_losses ... ok
[INFO] [stdout] test pool::tests::adaptive_hedge_tracks_p99_and_clamps_to_floor ... ok
[INFO] [stdout] test pool::tests::ec_head_and_list_logical_without_body_reads ... ok
[INFO] [stdout] test pool::tests::heal_queue_priority_dedup_and_upgrade ... ok
[INFO] [stdout] test pool::tests::faulted_status_excludes_shard_from_placement ... ok
[INFO] [stdout] test pool::tests::handoff_then_mrf_heals_when_disk_returns ... ok
[INFO] [stdout] test pool::tests::ec_resilver_reconstructs_piece_on_replaced_disk ... ok
[INFO] [stdout] test pool::tests::ec_scrub_heals_corrupt_piece_by_reconstruction ... ok
[INFO] [stdout] test pool::tests::bg_throttle_paces_resilver_but_not_foreground ... ok
[INFO] [stdout] test pool::tests::ec_roundtrip_pieces_on_disks_and_small_stays_mirror ... ok
[INFO] [stdout] test pool::tests::migrate_backfills_era_bit_for_legacy_pieces ... ok
[INFO] [stdout] test pool::tests::parallel_put_latency_is_max_not_sum ... ok
[INFO] [stdout] test pool::tests::migrate_canary_failure_leaves_mirror_untouched ... ok
[INFO] [stdout] test pool::tests::resilver_full_resumes_from_persisted_cursor_and_clears_it ... ok
[INFO] [stdout] test pool::tests::migrate_converts_mirror_era_to_ec_with_canary ... ok
[INFO] [stdout] test pool::tests::outboard_lifecycle_with_ec_and_verified_range ... ok
[INFO] [stdout] test pool::tests::scrub_detects_bitrot_and_heals_from_replica ... ok
[INFO] [stdout] test pool::tests::speculative_retry_hedges_slow_read_leg ... ok
[INFO] [stdout] test pool::tests::scrub_unrepairable_enqueues_urgent_retry ... ok
[INFO] [stdout] test pool::tests::pool_replicates_r2 ... ok
[INFO] [stdout] test throttle::tests::aimd_halves_on_busy_floor_and_recovers ... ok
[INFO] [stdout] test throttle::tests::zero_max_disables ... ok
[INFO] [stdout] test throttle::tests::pays_forward_and_paces_by_rate ... ok
[INFO] [stdout] test verified::tests::bao_slice_roundtrip_and_tamper_detection ... ok
[INFO] [stdout] test verified::tests::corruption_in_range_is_caught_crc_would_not_be ... ok
[INFO] [stdout] test pool::tests::migrate_full_resumes_from_persisted_cursor ... ok
[INFO] [stdout] test verified::tests::ob_key_namespacing ... ok
[INFO] [stdout] test verified::tests::outboard_is_small_and_slices_verify ... ok
[INFO] [stdout] test pool::tests::write_mostly_fallback_on_read_leg_failure ... ok
[INFO] [stdout] test pool::tests::survives_one_disk_loss_r2 ... ok
[INFO] [stdout] test pool::tests::resilver_populates_added_disk ... ok
[INFO] [stdout] test pool::tests::resilver_rebuilds_replaced_disk ... ok
[INFO] [stdout] test pool::tests::disk_slow_flag_demotes_shard_from_read_leg_and_placement ... ok
[INFO] [stdout] 
[INFO] [stdout] test result: ok. 59 passed; 0 failed; 0 ignored; 0 measured; 0 filtered out; finished in 6.48s
[INFO] [stdout] 
[INFO] [stderr]      Running unittests src/main.rs (/opt/rustwide/target/release/deps/ozd_bench-77f1a4e9f6f8932d)
[INFO] [stdout] 
[INFO] [stdout] running 0 tests
[INFO] [stdout] 
[INFO] [stdout] test result: ok. 0 passed; 0 failed; 0 ignored; 0 measured; 0 filtered out; finished in 0.00s
[INFO] [stdout] 
[INFO] [stderr]      Running unittests src/main.rs (/opt/rustwide/target/release/deps/ozd-1a7304643544d124)
[INFO] [stdout] 
[INFO] [stdout] running 0 tests
[INFO] [stdout] 
[INFO] [stdout] test result: ok. 0 passed; 0 failed; 0 ignored; 0 measured; 0 filtered out; finished in 0.00s
[INFO] [stdout] 
[INFO] [stderr]      Running unittests src/lib.rs (/opt/rustwide/target/release/deps/ozd_domain-d869783e1adaf5b5)
[INFO] [stdout] 
[INFO] [stdout] running 0 tests
[INFO] [stdout] 
[INFO] [stdout] test result: ok. 0 passed; 0 failed; 0 ignored; 0 measured; 0 filtered out; finished in 0.00s
[INFO] [stdout] 
[INFO] [stderr]      Running unittests src/lib.rs (/opt/rustwide/target/release/deps/ozd_engine-d46b08da34717c80)
[INFO] [stdout] 
[INFO] [stdout] running 19 tests
[INFO] [stdout] test tests::compressed_roundtrip_stat_and_smaller_file ... ok
[INFO] [stdout] test tests::era_bit_rederived_by_tail_recovery ... ok
[INFO] [stdout] test tests::crash_recovery_torn_tail ... ok
[INFO] [stdout] test tests::cursor_persists_across_reopen ... ok
[INFO] [stdout] test tests::ballast_lifecycle_create_release_recreate ... ok
[INFO] [stdout] test tests::era_bit_obj_logical_roundtrip_list_and_gc ... ok
[INFO] [stdout] test tests::legacy_addr_v1_decodes ... ok
[INFO] [stdout] test tests::evict_oldest_segment_fifo_and_data_bytes ... ok
[INFO] [stdout] test tests::fadvise_hygiene_changes_no_behavior ... ok
[INFO] [stdout] test tests::gc_reclaims_dead_segments_and_keeps_live ... ok
[INFO] [stdout] test tests::gc_respects_discard_ratio ... ok
[INFO] [stdout] test tests::gc_preserves_compressed_records_verbatim ... ok
[INFO] [stdout] test tests::roundtrip_inline_and_segment ... ok
[INFO] [stdout] test tests::gc_sweeps_orphan_segments ... ok
[INFO] [stdout] test tests::gc_overwrite_counts_as_discard ... ok
[INFO] [stdout] test tests::list_prefix_pagination ... ok
[INFO] [stdout] test tests::segment_rotation ... ok
[INFO] [stdout] test tests::wal_failover_rotates_to_spare_and_fails_back ... FAILED
[INFO] [stdout] test tests::verify_structure_detects_missing_and_orphan ... ok
[INFO] [stdout] 
[INFO] [stdout] failures:
[INFO] [stdout] 
[INFO] [stdout] ---- tests::wal_failover_rotates_to_spare_and_fails_back stdout ----
[INFO] [stdout] 
[INFO] [stdout] thread 'tests::wal_failover_rotates_to_spare_and_fails_back' (6108) panicked at crates/ozd-engine/src/lib.rs:1491:13:
[INFO] [stdout] сегмент 1 должен уехать в failover
[INFO] [stdout] stack backtrace:
[INFO] [stdout]    0:     0x62cf871f6c36 - <<std[70759c8f55707aa4]::sys::backtrace::BacktraceLock>::print::DisplayBacktrace as core[df12db4294e9bfd3]::fmt::Display>::fmt
[INFO] [stdout]    1:     0x62cf870cf00a - core[df12db4294e9bfd3]::fmt::write
[INFO] [stdout]    2:     0x62cf871fc7fc - <alloc[2182bb758b4b3781]::vec::Vec<u8> as core[df12db4294e9bfd3]::io::write::Write>::write_fmt
[INFO] [stdout]    3:     0x62cf871cd032 - std[70759c8f55707aa4]::panicking::default_hook::{closure#0}
[INFO] [stdout]    4:     0x62cf871ed781 - std[70759c8f55707aa4]::panicking::default_hook
[INFO] [stdout]    5:     0x62cf871ed962 - std[70759c8f55707aa4]::panicking::panic_with_hook
[INFO] [stdout]    6:     0x62cf871cd114 - std[70759c8f55707aa4]::panicking::panic_handler::{closure#0}
[INFO] [stdout]    7:     0x62cf871c5c69 - std[70759c8f55707aa4]::sys::backtrace::__rust_end_short_backtrace::<std[70759c8f55707aa4]::panicking::panic_handler::{closure#0}, !>
[INFO] [stdout]    8:     0x62cf871d221d - __rustc[8fa7c3cbc660c2b3]::rust_begin_unwind
[INFO] [stdout]    9:     0x62cf870cf72c - core[df12db4294e9bfd3]::panicking::panic_fmt
[INFO] [stdout]   10:     0x62cf8711c30d - ozd_engine[a2f857b36947507a]::tests::wal_failover_rotates_to_spare_and_fails_back
[INFO] [stdout]   11:     0x62cf870f2459 - <ozd_engine[a2f857b36947507a]::tests::wal_failover_rotates_to_spare_and_fails_back::{closure#0} as core[df12db4294e9bfd3]::ops::function::FnOnce<()>>::call_once
[INFO] [stdout]   12:     0x62cf871ff7eb - test[9d35eded1c95d3be]::__rust_begin_short_backtrace::<core[df12db4294e9bfd3]::result::Result<(), alloc[2182bb758b4b3781]::string::String>, fn() -> core[df12db4294e9bfd3]::result::Result<(), alloc[2182bb758b4b3781]::string::String>>
[INFO] [stdout]   13:     0x62cf8720d941 - test[9d35eded1c95d3be]::run_test::{closure#0}
[INFO] [stdout]   14:     0x62cf87207054 - std[70759c8f55707aa4]::sys::backtrace::__rust_begin_short_backtrace::<test[9d35eded1c95d3be]::run_test::{closure#1}, ()>
[INFO] [stdout]   15:     0x62cf87211762 - <std[70759c8f55707aa4]::thread::lifecycle::spawn_unchecked<test[9d35eded1c95d3be]::run_test::{closure#1}, ()>::{closure#1} as core[df12db4294e9bfd3]::ops::function::FnOnce<()>>::call_once::{shim:vtable#0}
[INFO] [stdout]   16:     0x62cf871f5bbe - <std[70759c8f55707aa4]::sys::thread::unix::Thread>::new::thread_start
[INFO] [stdout]   17:     0x7c7c1d2a0dfa - <unknown>
[INFO] [stdout]   18:     0x7c7c1d3343d4 - clone
[INFO] [stdout]   19:                0x0 - <unknown>
[INFO] [stdout] 
[INFO] [stdout] 
[INFO] [stdout] failures:
[INFO] [stdout]     tests::wal_failover_rotates_to_spare_and_fails_back
[INFO] [stdout] 
[INFO] [stdout] test result: FAILED. 18 passed; 1 failed; 0 ignored; 0 measured; 0 filtered out; finished in 0.38s
[INFO] [stdout] 
[INFO] [stderr] error: test failed, to rerun pass `-p ozd-engine --lib`
[INFO] running `Command { std: "docker" "inspect" "2676f2b5b18f0b7fb7be267b75cffaf2120eb350ee1dc74387f83cb11eea3015", kill_on_drop: false }`
[INFO] running `Command { std: "docker" "rm" "-f" "2676f2b5b18f0b7fb7be267b75cffaf2120eb350ee1dc74387f83cb11eea3015", kill_on_drop: false }`
[INFO] [stdout] 2676f2b5b18f0b7fb7be267b75cffaf2120eb350ee1dc74387f83cb11eea3015
