[INFO] cloning repository https://github.com/yodablocks/rsentinel-public
[INFO] running `Command { std: "git" "-c" "credential.helper=" "-c" "credential.helper=/workspace/cargo-home/bin/git-credential-null" "clone" "--bare" "https://github.com/yodablocks/rsentinel-public" "/workspace/cache/git-repos/https%3A%2F%2Fgithub.com%2Fyodablocks%2Frsentinel-public", kill_on_drop: false }`
[INFO] [stderr] Cloning into bare repository '/workspace/cache/git-repos/https%3A%2F%2Fgithub.com%2Fyodablocks%2Frsentinel-public'...
[INFO] running `Command { std: "git" "rev-parse" "HEAD", kill_on_drop: false }`
[INFO] [stdout] 43ed07f9600747a94f3d28ee73065aa910880180
[INFO] testing yodablocks/rsentinel-public against 1.99.0-beta.8+cargoflags=--release for beta-release-1.100-2
[INFO] running `Command { std: "git" "clone" "/workspace/cache/git-repos/https%3A%2F%2Fgithub.com%2Fyodablocks%2Frsentinel-public" "/workspace/builds/worker-4-tc1/source", kill_on_drop: false }`
[INFO] [stderr] Cloning into '/workspace/builds/worker-4-tc1/source'...
[INFO] [stderr] done.
[INFO] started tweaking git repo https://github.com/yodablocks/rsentinel-public
[INFO] finished tweaking git repo https://github.com/yodablocks/rsentinel-public
[INFO] tweaked toml for git repo https://github.com/yodablocks/rsentinel-public written to /workspace/builds/worker-4-tc1/source/Cargo.toml
[INFO] validating manifest of git repo https://github.com/yodablocks/rsentinel-public on toolchain 1.99.0-beta.8
[INFO] running `Command { std: CARGO_HOME="/workspace/cargo-home" RUSTUP_HOME="/workspace/rustup-home" "/workspace/cargo-home/bin/cargo" "+1.99.0-beta.8" "metadata" "--manifest-path" "Cargo.toml" "--no-deps", kill_on_drop: false }`
[INFO] crate git repo https://github.com/yodablocks/rsentinel-public already has a lockfile, it will not be regenerated
[INFO] running `Command { std: CARGO_HOME="/workspace/cargo-home" RUSTUP_HOME="/workspace/rustup-home" "/workspace/cargo-home/bin/cargo" "+1.99.0-beta.8" "fetch" "--manifest-path" "Cargo.toml", kill_on_drop: false }`
[INFO] [stderr]     Updating crates.io index
[INFO] [stderr]  Downloading crates ...
[INFO] [stderr]   Downloaded deadpool v0.12.3
[INFO] [stderr]   Downloaded wiremock v0.6.5
[INFO] [stderr]   Downloaded deadpool-runtime v0.1.4
[INFO] [stderr]   Downloaded tokio-test v0.4.5
[INFO] [stderr]   Downloaded openssl-sys v0.9.117
[INFO] [stderr]   Downloaded openssl v0.10.81
[INFO] [stderr]   Downloaded governor v0.8.1
[INFO] running `Command { std: "docker" "create" "-v" "/var/lib/crater-agent-workspace/builds/worker-4-tc1/source:/opt/rustwide/workdir:ro,Z" "-v" "/var/lib/crater-agent-workspace/builds/worker-4-tc1/target:/opt/rustwide/target:rw,Z" "-v" "/var/lib/crater-agent-workspace/cargo-home:/opt/rustwide/cargo-home:ro,Z" "-v" "/var/lib/crater-agent-workspace/rustup-home:/opt/rustwide/rustup-home:ro,Z" "-m" "1610612736" "--network" "none" "ghcr.io/rust-lang/crates-build-env/linux@sha256:77db811e55d90add9212f6832c23229e3de5f1c1f9905e8cb07319ea15df73ac" "sleep" "infinity", kill_on_drop: false }`
[INFO] [stdout] 4848522ee941c05cba7557d40f854a2047f39e2d1f4f1565e33b928b46a227c6
[INFO] running `Command { std: "docker" "start" "4848522ee941c05cba7557d40f854a2047f39e2d1f4f1565e33b928b46a227c6", kill_on_drop: false }`
[INFO] running `Command { std: "docker" "inspect" "4848522ee941c05cba7557d40f854a2047f39e2d1f4f1565e33b928b46a227c6", kill_on_drop: false }`
[INFO] running `Command { std: "docker" "exec" "-e" "SOURCE_DIR=/opt/rustwide/workdir" "-e" "CARGO_HOME=/opt/rustwide/cargo-home" "-e" "RUSTUP_HOME=/opt/rustwide/rustup-home" "-e" "CARGO_TARGET_DIR=/opt/rustwide/target" "-w" "/opt/rustwide/workdir" "--user" "0:0" "4848522ee941c05cba7557d40f854a2047f39e2d1f4f1565e33b928b46a227c6" "/opt/rustwide/cargo-home/bin/cargo" "+1.99.0-beta.8" "metadata" "--no-deps" "--format-version=1", kill_on_drop: false }`
[INFO] running `Command { std: "docker" "inspect" "4848522ee941c05cba7557d40f854a2047f39e2d1f4f1565e33b928b46a227c6", kill_on_drop: false }`
[INFO] running `Command { std: "docker" "exec" "-e" "SOURCE_DIR=/opt/rustwide/workdir" "-e" "CARGO_HOME=/opt/rustwide/cargo-home" "-e" "RUSTUP_HOME=/opt/rustwide/rustup-home" "-e" "CARGO_TARGET_DIR=/opt/rustwide/target" "-e" "CARGO_INCREMENTAL=0" "-e" "RUST_BACKTRACE=full" "-e" "RUSTFLAGS=--cap-lints=warn" "-e" "RUSTDOCFLAGS=--cap-lints=warn" "-w" "/opt/rustwide/workdir" "--user" "0:0" "4848522ee941c05cba7557d40f854a2047f39e2d1f4f1565e33b928b46a227c6" "/opt/rustwide/cargo-home/bin/cargo" "+1.99.0-beta.8" "build" "--frozen" "--message-format=json" "--release", kill_on_drop: false }`
[INFO] [stderr]    Compiling syn v3.0.6
[INFO] [stderr]    Compiling smallvec v1.16.1
[INFO] [stderr]    Compiling find-msvc-tools v0.1.13
[INFO] [stderr]    Compiling syn v2.0.119
[INFO] [stderr]    Compiling http v1.5.0
[INFO] [stderr]    Compiling bitflags v2.13.2
[INFO] [stderr]    Compiling futures-task v0.3.34
[INFO] [stderr]    Compiling mio v1.2.3
[INFO] [stderr]    Compiling indexmap v2.14.2
[INFO] [stderr]    Compiling getrandom v0.2.17
[INFO] [stderr]    Compiling getrandom v0.3.4
[INFO] [stderr]    Compiling openssl v0.10.81
[INFO] [stderr]    Compiling zerocopy v0.8.57
[INFO] [stderr]    Compiling log v0.4.34
[INFO] [stderr]    Compiling futures-channel v0.3.34
[INFO] [stderr]    Compiling rustls v0.23.45
[INFO] [stderr]    Compiling cc v1.4.7
[INFO] [stderr]    Compiling ipnet v2.12.2
[INFO] [stderr]    Compiling futures-util v0.3.34
[INFO] [stderr]    Compiling encoding_rs v0.8.41
[INFO] [stderr]    Compiling sync_wrapper v1.0.2
[INFO] [stderr]    Compiling portable-atomic v1.15.0
[INFO] [stderr]    Compiling regex-syntax v0.8.11
[INFO] [stderr]    Compiling raw-cpuid v11.6.0
[INFO] [stderr]    Compiling webpki-roots v1.0.9
[INFO] [stderr]    Compiling memchr v2.8.3
[INFO] [stderr]    Compiling parking_lot_core v0.9.12
[INFO] [stderr]    Compiling clap_lex v1.1.1
[INFO] [stderr]    Compiling rand_core v0.9.5
[INFO] [stderr]    Compiling thiserror v2.0.20
[INFO] [stderr]    Compiling parking_lot v0.12.5
[INFO] [stderr]    Compiling dashmap v6.2.1
[INFO] [stderr]    Compiling clap_builder v4.6.7
[INFO] [stderr]    Compiling serde_json v1.0.151
[INFO] [stderr]    Compiling tracing-log v0.2.0
[INFO] [stderr]    Compiling http-body v1.1.0
[INFO] [stderr]    Compiling http-body-util v0.1.5
[INFO] [stderr]    Compiling spinning_top v0.3.0
[INFO] [stderr]    Compiling thread_local v1.1.10
[INFO] [stderr]    Compiling openssl-sys v0.9.117
[INFO] [stderr]    Compiling ring v0.17.14
[INFO] [stderr]    Compiling quanta v0.12.6
[INFO] [stderr]    Compiling web-time v1.1.0
[INFO] [stderr]    Compiling nonzero_ext v0.3.0
[INFO] [stderr]    Compiling futures-timer v3.0.4
[INFO] [stderr]    Compiling no-std-compat v0.4.1
[INFO] [stderr]    Compiling native-tls v0.2.18
[INFO] [stderr]    Compiling regex-automata v0.4.18
[INFO] [stderr]    Compiling synstructure v0.14.0
[INFO] [stderr]    Compiling matchers v0.2.0
[INFO] [stderr]    Compiling tracing-attributes v0.1.31
[INFO] [stderr]    Compiling zerofrom-derive v0.1.8
[INFO] [stderr]    Compiling yoke-derive v0.8.3
[INFO] [stderr]    Compiling zerovec-derive v0.11.6
[INFO] [stderr]    Compiling displaydoc v0.2.7
[INFO] [stderr]    Compiling tokio-macros v2.7.2
[INFO] [stderr]    Compiling openssl-macros v0.1.1
[INFO] [stderr]    Compiling serde_derive v1.0.229
[INFO] [stderr]    Compiling ppv-lite86 v0.2.21
[INFO] [stderr]    Compiling multiversion-macros v0.9.0
[INFO] [stderr]    Compiling zerofrom v0.1.8
[INFO] [stderr]    Compiling clap_derive v4.6.7
[INFO] [stderr]    Compiling tokio v1.53.1
[INFO] [stderr]    Compiling thiserror-impl v2.0.20
[INFO] [stderr]    Compiling yoke v0.8.3
[INFO] [stderr]    Compiling tracing v0.1.44
[INFO] [stderr]    Compiling rand_chacha v0.9.0
[INFO] [stderr]    Compiling zerotrie v0.2.5
[INFO] [stderr]    Compiling tracing-subscriber v0.3.23
[INFO] [stderr]    Compiling multiversion v0.9.0
[INFO] [stderr]    Compiling rand v0.9.5
[INFO] [stderr]    Compiling zerovec v0.11.8
[INFO] [stderr]    Compiling governor v0.8.1
[INFO] [stderr]    Compiling tinystr v0.8.4
[INFO] [stderr]    Compiling potential_utf v0.1.6
[INFO] [stderr]    Compiling icu_collections v2.3.0
[INFO] [stderr]    Compiling icu_locale_core v2.3.0
[INFO] [stderr]    Compiling clap v4.6.7
[INFO] [stderr]    Compiling icu_provider v2.3.1
[INFO] [stderr]    Compiling serde v1.0.229
[INFO] [stderr]    Compiling icu_properties v2.3.0
[INFO] [stderr]    Compiling icu_normalizer v2.3.0
[INFO] [stderr]    Compiling serde_urlencoded v0.7.1
[INFO] [stderr]    Compiling chrono v0.4.45
[INFO] [stderr]    Compiling idna_adapter v1.2.2
[INFO] [stderr]    Compiling idna v1.1.0
[INFO] [stderr]    Compiling url v2.5.8
[INFO] [stderr]    Compiling rustls-webpki v0.103.15
[INFO] [stderr]    Compiling tokio-util v0.7.19
[INFO] [stderr]    Compiling tower v0.5.3
[INFO] [stderr]    Compiling tokio-native-tls v0.3.1
[INFO] [stderr]    Compiling h2 v0.4.19
[INFO] [stderr]    Compiling tower-http v0.6.11
[INFO] [stderr]    Compiling tokio-rustls v0.26.5
[INFO] [stderr]    Compiling hyper v1.11.1
[INFO] [stderr]    Compiling hyper-util v0.1.20
[INFO] [stderr]    Compiling hyper-tls v0.6.0
[INFO] [stderr]    Compiling hyper-rustls v0.27.9
[INFO] [stderr]    Compiling reqwest v0.12.28
[INFO] [stderr]    Compiling rsentinel v0.1.0 (/opt/rustwide/workdir)
[INFO] [stderr]     Finished `release` profile [optimized] target(s) in 2m 08s
[INFO] running `Command { std: "docker" "inspect" "4848522ee941c05cba7557d40f854a2047f39e2d1f4f1565e33b928b46a227c6", kill_on_drop: false }`
[INFO] running `Command { std: "docker" "exec" "-e" "SOURCE_DIR=/opt/rustwide/workdir" "-e" "CARGO_HOME=/opt/rustwide/cargo-home" "-e" "RUSTUP_HOME=/opt/rustwide/rustup-home" "-e" "CARGO_TARGET_DIR=/opt/rustwide/target" "-e" "CARGO_INCREMENTAL=0" "-e" "RUST_BACKTRACE=full" "-e" "RUSTFLAGS=--cap-lints=warn" "-e" "RUSTDOCFLAGS=--cap-lints=warn" "-w" "/opt/rustwide/workdir" "--user" "0:0" "4848522ee941c05cba7557d40f854a2047f39e2d1f4f1565e33b928b46a227c6" "/opt/rustwide/cargo-home/bin/cargo" "+1.99.0-beta.8" "test" "--frozen" "--no-run" "--message-format=json" "--release", kill_on_drop: false }`
[INFO] [stderr]    Compiling futures-channel v0.3.34
[INFO] [stderr]    Compiling futures-io v0.3.34
[INFO] [stderr]    Compiling futures-macro v0.3.34
[INFO] [stderr]    Compiling tokio v1.53.1
[INFO] [stderr]    Compiling regex-syntax v0.8.11
[INFO] [stderr]    Compiling serde_json v1.0.151
[INFO] [stderr]    Compiling num_cpus v1.17.0
[INFO] [stderr]    Compiling deadpool-runtime v0.1.4
[INFO] [stderr]    Compiling diff v0.1.13
[INFO] [stderr]    Compiling yansi v1.0.1
[INFO] [stderr]    Compiling pretty_assertions v1.4.1
[INFO] [stderr]    Compiling futures-util v0.3.34
[INFO] [stderr]    Compiling assert-json-diff v2.0.2
[INFO] [stderr]    Compiling regex-automata v0.4.18
[INFO] [stderr]    Compiling futures-executor v0.3.34
[INFO] [stderr]    Compiling governor v0.8.1
[INFO] [stderr]    Compiling tokio-util v0.7.19
[INFO] [stderr]    Compiling tokio-rustls v0.26.5
[INFO] [stderr]    Compiling tokio-native-tls v0.3.1
[INFO] [stderr]    Compiling tower v0.5.3
[INFO] [stderr]    Compiling deadpool v0.12.3
[INFO] [stderr]    Compiling tokio-stream v0.1.19
[INFO] [stderr]    Compiling futures v0.3.34
[INFO] [stderr]    Compiling tokio-test v0.4.5
[INFO] [stderr]    Compiling h2 v0.4.19
[INFO] [stderr]    Compiling tower-http v0.6.11
[INFO] [stderr]    Compiling matchers v0.2.0
[INFO] [stderr]    Compiling regex v1.13.1
[INFO] [stderr]    Compiling tracing-subscriber v0.3.23
[INFO] [stderr]    Compiling hyper v1.11.1
[INFO] [stderr]    Compiling hyper-util v0.1.20
[INFO] [stderr]    Compiling hyper-rustls v0.27.9
[INFO] [stderr]    Compiling hyper-tls v0.6.0
[INFO] [stderr]    Compiling wiremock v0.6.5
[INFO] [stderr]    Compiling reqwest v0.12.28
[INFO] [stderr]    Compiling rsentinel v0.1.0 (/opt/rustwide/workdir)
[INFO] [stderr]     Finished `release` profile [optimized] target(s) in 1m 21s
[INFO] running `Command { std: "docker" "inspect" "4848522ee941c05cba7557d40f854a2047f39e2d1f4f1565e33b928b46a227c6", kill_on_drop: false }`
[INFO] running `Command { std: "docker" "exec" "-e" "SOURCE_DIR=/opt/rustwide/workdir" "-e" "CARGO_HOME=/opt/rustwide/cargo-home" "-e" "RUSTUP_HOME=/opt/rustwide/rustup-home" "-e" "CARGO_TARGET_DIR=/opt/rustwide/target" "-e" "CARGO_INCREMENTAL=0" "-e" "RUST_BACKTRACE=full" "-e" "RUSTFLAGS=--cap-lints=warn" "-e" "RUSTDOCFLAGS=--cap-lints=warn" "-w" "/opt/rustwide/workdir" "--user" "0:0" "4848522ee941c05cba7557d40f854a2047f39e2d1f4f1565e33b928b46a227c6" "/opt/rustwide/cargo-home/bin/cargo" "+1.99.0-beta.8" "test" "--frozen" "--release", kill_on_drop: false }`
[INFO] [stderr]     Finished `release` profile [optimized] target(s) in 0.32s
[INFO] [stderr]      Running unittests src/lib.rs (/opt/rustwide/target/release/deps/rsentinel-04fb09423301de24)
[INFO] [stdout] 
[INFO] [stdout] running 66 tests
[INFO] [stdout] test checker::exposure::tests::test_report_summary ... ok
[INFO] [stdout] test scanner::cors::tests::test_parse_cors_wildcard_no_credentials ... ok
[INFO] [stdout] test scanner::cors::tests::test_parse_cors_origin_reflected_no_credentials ... ok
[INFO] [stdout] test scanner::dns::tests::test_generate_findings_all_good ... ok
[INFO] [stdout] test scanner::dns::tests::test_generate_findings_all_bad ... ok
[INFO] [stdout] test scanner::cors::tests::test_parse_cors_wildcard_with_credentials ... ok
[INFO] [stdout] test scanner::cors::tests::test_parse_cors_origin_reflected_with_credentials ... ok
[INFO] [stdout] test api::shodan::tests::test_deserialize_host_info ... ok
[INFO] [stdout] test checker::exposure::tests::test_severity_from_cvss ... ok
[INFO] [stdout] test scanner::dns::tests::test_generate_findings_dmarc_none ... ok
[INFO] [stdout] test scanner::dns::tests::test_parse_dkim_found ... ok
[INFO] [stdout] test api::cvedb::tests::test_filter_high_severity ... ok
[INFO] [stdout] test scanner::dns::tests::test_parse_dkim_not_found ... ok
[INFO] [stdout] test scanner::dns::tests::test_parse_dmarc_found ... ok
[INFO] [stdout] test scanner::dns::tests::test_parse_dmarc_policy_none ... ok
[INFO] [stdout] test scanner::dns::tests::test_parse_nameservers ... ok
[INFO] [stdout] test scanner::dns::tests::test_parse_spf_found ... ok
[INFO] [stdout] test scanner::dns::tests::test_parse_spf_permissive ... ok
[INFO] [stdout] test scanner::dns::tests::test_parse_zone_transfer_fail ... ok
[INFO] [stdout] test scanner::dns::tests::test_parse_spf_not_found ... ok
[INFO] [stdout] test scanner::dns::tests::test_parse_zone_transfer_success ... ok
[INFO] [stdout] test api::rate_limit::tests::test_rate_limiter_default ... ok
[INFO] [stdout] test scanner::cors::tests::test_parse_cors_specific_origin ... ok
[INFO] [stdout] test scanner::headers::tests::test_generate_findings_all_present ... ok
[INFO] [stdout] test scanner::headers::tests::test_generate_findings_cookie_flags ... ok
[INFO] [stdout] test scanner::cors::tests::test_parse_cors_absent ... ok
[INFO] [stdout] test scanner::headers::tests::test_generate_findings_severities ... ok
[INFO] [stdout] test scanner::headers::tests::test_generate_findings_all_missing ... ok
[INFO] [stdout] test scanner::headers::tests::test_parse_headers_all_present ... ok
[INFO] [stdout] test scanner::dns::tests::test_generate_findings_spf_permissive ... ok
[INFO] [stdout] test api::rate_limit::tests::test_rate_limiter_creation ... ok
[INFO] [stdout] test scanner::headers::tests::test_parse_headers_no_cookies ... ok
[INFO] [stdout] test scanner::headers::tests::test_parse_headers_cookies_flags ... ok
[INFO] [stdout] test scanner::headers::tests::test_parse_headers_none_present ... ok
[INFO] [stdout] test scanner::nmap::tests::test_parse_port_line ... ok
[INFO] [stdout] test scanner::nmap::tests::test_parse_port_line_no_version ... ok
[INFO] [stdout] test scanner::paths::tests::test_404_produces_no_findings ... ok
[INFO] [stdout] test scanner::paths::tests::test_admin_panel_accessible ... ok
[INFO] [stdout] test scanner::paths::tests::test_critical_aws_credentials_accessible ... ok
[INFO] [stdout] test scanner::paths::tests::test_critical_backup_sql_accessible ... ok
[INFO] [stdout] test scanner::paths::tests::test_critical_env_accessible ... ok
[INFO] [stdout] test scanner::paths::tests::test_critical_git_config_accessible ... ok
[INFO] [stdout] test scanner::paths::tests::test_mixed_results ... ok
[INFO] [stdout] test scanner::paths::tests::test_non_sensitive_403_no_finding ... ok
[INFO] [stdout] test scanner::paths::tests::test_security_txt_found ... ok
[INFO] [stdout] test scanner::paths::tests::test_sensitive_path_blocked_403 ... ok
[INFO] [stdout] test scanner::ssl::tests::test_extract_pem ... ok
[INFO] [stdout] test scanner::ssl::tests::test_extract_pem_missing ... ok
[INFO] [stdout] test scanner::ssl::tests::test_generate_findings_chain_invalid ... ok
[INFO] [stdout] test scanner::ssl::tests::test_generate_findings_expired_cert ... ok
[INFO] [stdout] test scanner::ssl::tests::test_generate_findings_expiry_90_days ... ok
[INFO] [stdout] test scanner::ssl::tests::test_generate_findings_expiry_30_days ... ok
[INFO] [stdout] test scanner::techdetect::tests::test_parse_server_without_version ... ok
[INFO] [stdout] test scanner::techdetect::tests::test_parse_x_powered_by ... ok
[INFO] [stdout] test api::cvedb::tests::test_filter_critical ... ok
[INFO] [stdout] test scanner::ssl::tests::test_parse_field ... ok
[INFO] [stdout] test scanner::techdetect::tests::test_parse_multiple_tech_headers ... ok
[INFO] [stdout] test scanner::techdetect::tests::test_parse_server_with_version ... ok
[INFO] [stdout] test scanner::ssl::tests::test_generate_findings_self_signed ... ok
[INFO] [stdout] test scanner::ssl::tests::test_generate_findings_weak_protocol ... ok
[INFO] [stdout] test scanner::techdetect::tests::test_parse_no_tech_headers ... ok
[INFO] [stdout] test scanner::techdetect::tests::test_parse_only_generator ... ok
[INFO] [stdout] test scanner::dns::tests::test_parse_dnssec_disabled ... ok
[INFO] [stdout] test scanner::dns::tests::test_parse_dnssec_enabled ... ok
[INFO] [stderr]      Running unittests src/main.rs (/opt/rustwide/target/release/deps/rsentinel-3f16f9d6abb73e63)
[INFO] [stdout] test api::cvedb::tests::test_client_creation ... ok
[INFO] [stdout] test api::shodan::tests::test_client_creation ... ok
[INFO] [stdout] 
[INFO] [stdout] test result: ok. 66 passed; 0 failed; 0 ignored; 0 measured; 0 filtered out; finished in 0.10s
[INFO] [stdout] 
[INFO] [stdout] 
[INFO] [stdout] running 71 tests
[INFO] [stdout] test api::cvedb::tests::test_filter_high_severity ... ok
[INFO] [stdout] test api::rate_limit::tests::test_rate_limiter_default ... ok
[INFO] [stdout] test api::cvedb::tests::test_filter_critical ... ok
[INFO] [stdout] test api::rate_limit::tests::test_rate_limiter_creation ... ok
[INFO] [stdout] test checker::exposure::tests::test_report_summary ... ok
[INFO] [stdout] test checker::exposure::tests::test_severity_from_cvss ... ok
[INFO] [stdout] test scanner::cors::tests::test_parse_cors_absent ... ok
[INFO] [stdout] test scanner::cors::tests::test_parse_cors_origin_reflected_no_credentials ... ok
[INFO] [stdout] test scanner::cors::tests::test_parse_cors_wildcard_no_credentials ... ok
[INFO] [stdout] test scanner::cors::tests::test_parse_cors_specific_origin ... ok
[INFO] [stdout] test api::shodan::tests::test_deserialize_host_info ... ok
[INFO] [stdout] test scanner::dns::tests::test_parse_dkim_not_found ... ok
[INFO] [stdout] test scanner::dns::tests::test_generate_findings_spf_permissive ... ok
[INFO] [stdout] test scanner::dns::tests::test_parse_dkim_found ... ok
[INFO] [stdout] test scanner::dns::tests::test_generate_findings_all_bad ... ok
[INFO] [stdout] test scanner::dns::tests::test_generate_findings_dmarc_none ... ok
[INFO] [stdout] test scanner::dns::tests::test_parse_dmarc_policy_none ... ok
[INFO] [stdout] test scanner::headers::tests::test_generate_findings_all_missing ... ok
[INFO] [stdout] test scanner::headers::tests::test_generate_findings_all_present ... ok
[INFO] [stdout] test scanner::dns::tests::test_generate_findings_all_good ... ok
[INFO] [stdout] test scanner::dns::tests::test_parse_dnssec_enabled ... ok
[INFO] [stdout] test scanner::dns::tests::test_parse_nameservers ... ok
[INFO] [stdout] test scanner::dns::tests::test_parse_spf_found ... ok
[INFO] [stdout] test scanner::headers::tests::test_parse_headers_no_cookies ... ok
[INFO] [stdout] test scanner::headers::tests::test_parse_headers_cookies_flags ... ok
[INFO] [stdout] test scanner::headers::tests::test_parse_headers_none_present ... ok
[INFO] [stdout] test scanner::dns::tests::test_parse_spf_not_found ... ok
[INFO] [stdout] test scanner::cors::tests::test_parse_cors_wildcard_with_credentials ... ok
[INFO] [stdout] test scanner::dns::tests::test_parse_spf_permissive ... ok
[INFO] [stdout] test scanner::dns::tests::test_parse_dmarc_found ... ok
[INFO] [stdout] test scanner::dns::tests::test_parse_dnssec_disabled ... ok
[INFO] [stdout] test scanner::headers::tests::test_generate_findings_cookie_flags ... ok
[INFO] [stdout] test scanner::dns::tests::test_parse_zone_transfer_fail ... ok
[INFO] [stdout] test scanner::headers::tests::test_generate_findings_severities ... ok
[INFO] [stdout] test scanner::cors::tests::test_parse_cors_origin_reflected_with_credentials ... ok
[INFO] [stdout] test scanner::dns::tests::test_parse_zone_transfer_success ... ok
[INFO] [stdout] test scanner::nmap::tests::test_parse_port_line ... ok
[INFO] [stdout] test scanner::nmap::tests::test_parse_port_line_no_version ... ok
[INFO] [stdout] test scanner::paths::tests::test_404_produces_no_findings ... ok
[INFO] [stdout] test scanner::paths::tests::test_admin_panel_accessible ... ok
[INFO] [stdout] test scanner::paths::tests::test_critical_aws_credentials_accessible ... ok
[INFO] [stdout] test scanner::paths::tests::test_critical_backup_sql_accessible ... ok
[INFO] [stdout] test scanner::headers::tests::test_parse_headers_all_present ... ok
[INFO] [stdout] test scanner::paths::tests::test_critical_env_accessible ... ok
[INFO] [stdout] test scanner::paths::tests::test_mixed_results ... ok
[INFO] [stdout] test scanner::ssl::tests::test_generate_findings_expiry_30_days ... ok
[INFO] [stdout] test scanner::ssl::tests::test_generate_findings_expiry_90_days ... ok
[INFO] [stdout] test scanner::paths::tests::test_critical_git_config_accessible ... ok
[INFO] [stdout] test scanner::paths::tests::test_security_txt_found ... ok
[INFO] [stdout] test scanner::ssl::tests::test_extract_pem ... ok
[INFO] [stdout] test scanner::paths::tests::test_non_sensitive_403_no_finding ... ok
[INFO] [stdout] test scanner::ssl::tests::test_generate_findings_self_signed ... ok
[INFO] [stdout] test scanner::ssl::tests::test_extract_pem_missing ... ok
[INFO] [stdout] test scanner::ssl::tests::test_generate_findings_chain_invalid ... ok
[INFO] [stdout] test scanner::paths::tests::test_sensitive_path_blocked_403 ... ok
[INFO] [stdout] test tests::test_summary_box_alignment ... ok
[INFO] [stdout] test scanner::ssl::tests::test_generate_findings_expired_cert ... ok
[INFO] [stdout] test scanner::techdetect::tests::test_parse_only_generator ... ok
[INFO] [stdout] test tests::test_summary_box_with_zero_findings ... ok
[INFO] [stdout] test tests::test_summary_box_with_many_findings ... ok
[INFO] [stdout] test scanner::techdetect::tests::test_parse_multiple_tech_headers ... ok
[INFO] [stdout] test scanner::techdetect::tests::test_parse_server_without_version ... ok
[INFO] [stdout] test scanner::techdetect::tests::test_parse_x_powered_by ... ok
[INFO] [stdout] test scanner::techdetect::tests::test_parse_no_tech_headers ... ok
[INFO] [stdout] test tests::test_header_and_summary_boxes_same_width ... ok
[INFO] [stdout] test scanner::techdetect::tests::test_parse_server_with_version ... ok
[INFO] [stdout] test tests::test_header_box_alignment ... ok
[INFO] [stdout] test scanner::ssl::tests::test_parse_field ... ok
[INFO] [stdout] test scanner::ssl::tests::test_generate_findings_weak_protocol ... ok
[INFO] [stdout] test api::shodan::tests::test_client_creation ... ok
[INFO] [stdout] test api::cvedb::tests::test_client_creation ... ok
[INFO] [stdout] 
[INFO] [stdout] test result: ok. 71 passed; 0 failed; 0 ignored; 0 measured; 0 filtered out; finished in 0.15s
[INFO] [stdout] 
[INFO] [stderr]      Running tests/api_tests.rs (/opt/rustwide/target/release/deps/api_tests-3e99b7ae7b04935d)
[INFO] [stdout] 
[INFO] [stdout] running 8 tests
[INFO] [stdout] test test_cve_filter_critical ... ok
[INFO] [stdout] test test_cve_filter_empty ... ok
[INFO] [stdout] test test_cve_missing_cvss ... ok
[INFO] [stdout] test test_cve_filter_high_severity ... ok
[INFO] [stdout] test test_rate_limiter_custom_rate ... ok
[INFO] [stdout] test test_rate_limiter_initial_allow ... ok
[INFO] [stdout] test test_cve_filter_high_epss ... ok
[INFO] [stdout] test test_rate_limiter_default ... ok
[INFO] [stdout] 
[INFO] [stdout] test result: ok. 8 passed; 0 failed; 0 ignored; 0 measured; 0 filtered out; finished in 0.02s
[INFO] [stdout] 
[INFO] [stderr]      Running tests/exposure_tests.rs (/opt/rustwide/target/release/deps/exposure_tests-4b7b9a2f7709c610)
[INFO] [stdout] 
[INFO] [stdout] running 8 tests
[INFO] [stdout] test test_empty_report ... ok
[INFO] [stdout] test test_has_high_or_critical_detection ... ok
[INFO] [stdout] test test_cvss_severity_mapping ... ok
[INFO] [stdout] test test_finding_serialization ... ok
[INFO] [stdout] test test_report_json_output ... ok
[INFO] [stdout] test test_report_summary_counts ... ok
[INFO] [stdout] test test_severity_ordering ... ok
[INFO] [stdout] test test_has_critical_detection ... ok
[INFO] [stdout] 
[INFO] [stdout] test result: ok. 8 passed; 0 failed; 0 ignored; 0 measured; 0 filtered out; finished in 0.00s
[INFO] [stdout] 
[INFO] [stderr]      Running tests/json_output.rs (/opt/rustwide/target/release/deps/json_output-56ef73e7355cb169)
[INFO] [stdout] 
[INFO] [stdout] running 8 tests
[INFO] [stdout] test test_demo_json_is_valid_json ... FAILED
[INFO] [stdout] test test_demo_fail_on_medium_exits_nonzero has been running for over 60 seconds
[INFO] [stdout] test test_demo_html_export has been running for over 60 seconds
[INFO] [stdout] test test_demo_json_has_4_findings has been running for over 60 seconds
[INFO] [stdout] test test_demo_json_has_required_fields has been running for over 60 seconds
[INFO] [stdout] test test_demo_json_no_progress_lines has been running for over 60 seconds
[INFO] [stdout] test test_demo_quiet_suppresses_progress has been running for over 60 seconds
[INFO] [stdout] test test_demo_sarif_is_valid_json has been running for over 60 seconds
[INFO] [stdout] test test_demo_json_has_4_findings ... ok
[INFO] [stdout] test test_demo_json_has_required_fields ... ok
[INFO] [stdout] test test_demo_sarif_is_valid_json ... ok
[INFO] [stdout] test test_demo_json_no_progress_lines ... ok
[INFO] [stdout] test test_demo_html_export ... ok
[INFO] [stdout] test test_demo_quiet_suppresses_progress ... ok
[INFO] [stdout] test test_demo_fail_on_medium_exits_nonzero ... ok
[INFO] [stderr] error: test failed, to rerun pass `--test json_output`
[INFO] [stdout] 
[INFO] [stdout] failures:
[INFO] [stdout] 
[INFO] [stdout] ---- test_demo_json_is_valid_json stdout ----
[INFO] [stdout] 
[INFO] [stdout] thread 'test_demo_json_is_valid_json' (3336) panicked at tests/json_output.rs:17:39:
[INFO] [stdout] demo --json output is not valid JSON: Error("EOF while parsing a value", line: 1, column: 0)
[INFO] [stdout] stack backtrace:
[INFO] [stdout]    0:     0x5668f8235ff1 - <<std[70759c8f55707aa4]::sys::backtrace::BacktraceLock>::print::DisplayBacktrace as core[df12db4294e9bfd3]::fmt::Display>::fmt
[INFO] [stdout]    1:     0x5668f824ac9a - core[df12db4294e9bfd3]::fmt::write
[INFO] [stdout]    2:     0x5668f823a48c - <alloc[2182bb758b4b3781]::vec::Vec<u8> as core[df12db4294e9bfd3]::io::write::Write>::write_fmt
[INFO] [stdout]    3:     0x5668f8212096 - std[70759c8f55707aa4]::panicking::default_hook::{closure#0}
[INFO] [stdout]    4:     0x5668f822e309 - std[70759c8f55707aa4]::panicking::default_hook
[INFO] [stdout]    5:     0x5668f81ca090 - test[9d35eded1c95d3be]::test_main_inner::<test[9d35eded1c95d3be]::test_main_static::{closure#0}>::{closure#0}
[INFO] [stdout]    6:     0x5668f822e4c2 - std[70759c8f55707aa4]::panicking::panic_with_hook
[INFO] [stdout]    7:     0x5668f8212142 - std[70759c8f55707aa4]::panicking::panic_handler::{closure#0}
[INFO] [stdout]    8:     0x5668f820ac89 - std[70759c8f55707aa4]::sys::backtrace::__rust_end_short_backtrace::<std[70759c8f55707aa4]::panicking::panic_handler::{closure#0}, !>
[INFO] [stdout]    9:     0x5668f8212d3d - __rustc[8fa7c3cbc660c2b3]::rust_begin_unwind
[INFO] [stdout]   10:     0x5668f824b3cc - core[df12db4294e9bfd3]::panicking::panic_fmt
[INFO] [stdout]   11:     0x5668f824b1a2 - core[df12db4294e9bfd3]::result::unwrap_failed
[INFO] [stdout]   12:     0x5668f81b70b3 - <json_output[d0c4a247059e6a0a]::test_demo_json_is_valid_json::{closure#0} as core[df12db4294e9bfd3]::ops::function::FnOnce<()>>::call_once
[INFO] [stdout]   13:     0x5668f81bd37b - test[9d35eded1c95d3be]::__rust_begin_short_backtrace::<core[df12db4294e9bfd3]::result::Result<(), alloc[2182bb758b4b3781]::string::String>, fn() -> core[df12db4294e9bfd3]::result::Result<(), alloc[2182bb758b4b3781]::string::String>>
[INFO] [stdout]   14:     0x5668f81ca9e5 - test[9d35eded1c95d3be]::run_test::{closure#0}
[INFO] [stdout]   15:     0x5668f81c42a4 - std[70759c8f55707aa4]::sys::backtrace::__rust_begin_short_backtrace::<test[9d35eded1c95d3be]::run_test::{closure#1}, ()>
[INFO] [stdout]   16:     0x5668f81cdb42 - <std[70759c8f55707aa4]::thread::lifecycle::spawn_unchecked<test[9d35eded1c95d3be]::run_test::{closure#1}, ()>::{closure#1} as core[df12db4294e9bfd3]::ops::function::FnOnce<()>>::call_once::{shim:vtable#0}
[INFO] [stdout]   17:     0x5668f8235559 - <std[70759c8f55707aa4]::sys::thread::unix::Thread>::new::thread_start
[INFO] [stdout]   18:     0x7aa9d6077dfa - <unknown>
[INFO] [stdout]   19:     0x7aa9d610b3d4 - clone
[INFO] [stdout]   20:                0x0 - <unknown>
[INFO] [stdout] 
[INFO] [stdout] 
[INFO] [stdout] failures:
[INFO] [stdout]     test_demo_json_is_valid_json
[INFO] [stdout] 
[INFO] [stdout] test result: FAILED. 7 passed; 1 failed; 0 ignored; 0 measured; 0 filtered out; finished in 87.16s
[INFO] [stdout] 
[INFO] running `Command { std: "docker" "inspect" "4848522ee941c05cba7557d40f854a2047f39e2d1f4f1565e33b928b46a227c6", kill_on_drop: false }`
[INFO] running `Command { std: "docker" "rm" "-f" "4848522ee941c05cba7557d40f854a2047f39e2d1f4f1565e33b928b46a227c6", kill_on_drop: false }`
[INFO] [stdout] 4848522ee941c05cba7557d40f854a2047f39e2d1f4f1565e33b928b46a227c6
