[INFO] cloning repository https://github.com/yassinebenarbia/comodo
[INFO] running `Command { std: "git" "-c" "credential.helper=" "-c" "credential.helper=/workspace/cargo-home/bin/git-credential-null" "clone" "--bare" "https://github.com/yassinebenarbia/comodo" "/workspace/cache/git-repos/https%3A%2F%2Fgithub.com%2Fyassinebenarbia%2Fcomodo", kill_on_drop: false }`
[INFO] [stderr] Cloning into bare repository '/workspace/cache/git-repos/https%3A%2F%2Fgithub.com%2Fyassinebenarbia%2Fcomodo'...
[INFO] running `Command { std: "git" "rev-parse" "HEAD", kill_on_drop: false }`
[INFO] [stdout] a5eee27197760bbf7fb89678cae5c1ad1a85a84b
[INFO] testing yassinebenarbia/comodo against 1.99.0-beta.8+cargoflags=--release for beta-release-1.100-2
[INFO] running `Command { std: "git" "clone" "/workspace/cache/git-repos/https%3A%2F%2Fgithub.com%2Fyassinebenarbia%2Fcomodo" "/workspace/builds/worker-3-tc1/source", kill_on_drop: false }`
[INFO] [stderr] Cloning into '/workspace/builds/worker-3-tc1/source'...
[INFO] [stderr] done.
[INFO] started tweaking git repo https://github.com/yassinebenarbia/comodo
[INFO] finished tweaking git repo https://github.com/yassinebenarbia/comodo
[INFO] tweaked toml for git repo https://github.com/yassinebenarbia/comodo written to /workspace/builds/worker-3-tc1/source/Cargo.toml
[INFO] validating manifest of git repo https://github.com/yassinebenarbia/comodo on toolchain 1.99.0-beta.8
[INFO] running `Command { std: CARGO_HOME="/workspace/cargo-home" RUSTUP_HOME="/workspace/rustup-home" "/workspace/cargo-home/bin/cargo" "+1.99.0-beta.8" "metadata" "--manifest-path" "Cargo.toml" "--no-deps", kill_on_drop: false }`
[INFO] crate git repo https://github.com/yassinebenarbia/comodo already has a lockfile, it will not be regenerated
[INFO] running `Command { std: CARGO_HOME="/workspace/cargo-home" RUSTUP_HOME="/workspace/rustup-home" "/workspace/cargo-home/bin/cargo" "+1.99.0-beta.8" "fetch" "--manifest-path" "Cargo.toml", kill_on_drop: false }`
[INFO] [stderr]     Blocking waiting for file lock on package cache
[INFO] [stderr]     Updating crates.io index
[INFO] [stderr]     Blocking waiting for file lock on package cache
[INFO] [stderr]  Downloading crates ...
[INFO] [stderr]   Downloaded toml v0.8.11
[INFO] [stderr]   Downloaded toml_edit v0.22.7
[INFO] [stderr]   Downloaded symphonia v0.5.4
[INFO] [stderr]   Downloaded sysinfo v0.30.7
[INFO] [stderr]   Downloaded symphonia-metadata v0.5.4
[INFO] [stderr]   Downloaded symphonia-bundle-mp3 v0.5.4
[INFO] [stderr]   Downloaded syn v2.0.49
[INFO] [stderr]   Downloaded rayon v1.9.0
[INFO] [stderr]   Downloaded rodio v0.17.3
[INFO] [stderr]   Downloaded symphonia-core v0.5.4
[INFO] [stderr]   Downloaded cpal v0.15.2
[INFO] [stderr]   Downloaded oboe v0.5.0
[INFO] [stderr]   Downloaded oboe-sys v0.5.0
[INFO] [stderr]   Downloaded cc v1.0.88
[INFO] [stderr]   Downloaded jni v0.20.0
[INFO] [stderr]   Downloaded mach2 v0.4.2
[INFO] [stderr]   Downloaded coreaudio-sys v0.2.15
[INFO] [stderr]   Downloaded bindgen v0.69.4
[INFO] [stderr]   Downloaded libloading v0.8.2
[INFO] [stderr]   Downloaded windows v0.46.0
[INFO] [stderr]   Downloaded alsa v0.7.1
[INFO] [stderr]   Downloaded rev_buf_reader v0.3.0
[INFO] [stderr]   Downloaded notify-rust v4.10.0
[INFO] [stderr]   Downloaded claxon v0.4.3
[INFO] [stderr]   Downloaded daemonize v0.5.0
[INFO] [stderr]   Downloaded mac-notification-sys v0.6.1
[INFO] [stderr]   Downloaded event-listener v5.2.0
[INFO] [stderr]   Downloaded clap_derive v4.5.0
[INFO] [stderr]   Downloaded tauri-winrt-notification v0.1.3
[INFO] [stderr]   Downloaded clap v4.5.1
[INFO] [stderr]   Downloaded clap_builder v4.5.1
[INFO] [stderr]   Downloaded winnow v0.6.5
[INFO] running `Command { std: "docker" "create" "-v" "/var/lib/crater-agent-workspace/builds/worker-3-tc1/source:/opt/rustwide/workdir:ro,Z" "-v" "/var/lib/crater-agent-workspace/builds/worker-3-tc1/target:/opt/rustwide/target:rw,Z" "-v" "/var/lib/crater-agent-workspace/cargo-home:/opt/rustwide/cargo-home:ro,Z" "-v" "/var/lib/crater-agent-workspace/rustup-home:/opt/rustwide/rustup-home:ro,Z" "-m" "1610612736" "--network" "none" "ghcr.io/rust-lang/crates-build-env/linux@sha256:77db811e55d90add9212f6832c23229e3de5f1c1f9905e8cb07319ea15df73ac" "sleep" "infinity", kill_on_drop: false }`
[INFO] [stdout] 0f54216b1b5cc8683a37ffea21d85d127452fecebab69e9fecc6254896db7608
[INFO] running `Command { std: "docker" "start" "0f54216b1b5cc8683a37ffea21d85d127452fecebab69e9fecc6254896db7608", kill_on_drop: false }`
[INFO] running `Command { std: "docker" "inspect" "0f54216b1b5cc8683a37ffea21d85d127452fecebab69e9fecc6254896db7608", kill_on_drop: false }`
[INFO] running `Command { std: "docker" "exec" "-e" "SOURCE_DIR=/opt/rustwide/workdir" "-e" "CARGO_HOME=/opt/rustwide/cargo-home" "-e" "RUSTUP_HOME=/opt/rustwide/rustup-home" "-e" "CARGO_TARGET_DIR=/opt/rustwide/target" "-w" "/opt/rustwide/workdir" "--user" "0:0" "0f54216b1b5cc8683a37ffea21d85d127452fecebab69e9fecc6254896db7608" "/opt/rustwide/cargo-home/bin/cargo" "+1.99.0-beta.8" "metadata" "--no-deps" "--format-version=1", kill_on_drop: false }`
[INFO] running `Command { std: "docker" "inspect" "0f54216b1b5cc8683a37ffea21d85d127452fecebab69e9fecc6254896db7608", kill_on_drop: false }`
[INFO] running `Command { std: "docker" "exec" "-e" "SOURCE_DIR=/opt/rustwide/workdir" "-e" "CARGO_HOME=/opt/rustwide/cargo-home" "-e" "RUSTUP_HOME=/opt/rustwide/rustup-home" "-e" "CARGO_TARGET_DIR=/opt/rustwide/target" "-e" "CARGO_INCREMENTAL=0" "-e" "RUST_BACKTRACE=full" "-e" "RUSTFLAGS=--cap-lints=warn" "-e" "RUSTDOCFLAGS=--cap-lints=warn" "-w" "/opt/rustwide/workdir" "--user" "0:0" "0f54216b1b5cc8683a37ffea21d85d127452fecebab69e9fecc6254896db7608" "/opt/rustwide/cargo-home/bin/cargo" "+1.99.0-beta.8" "build" "--frozen" "--message-format=json" "--release", kill_on_drop: false }`
[INFO] [stderr]    Compiling proc-macro2 v1.0.78
[INFO] [stderr]    Compiling libc v0.2.153
[INFO] [stderr]    Compiling crossbeam-utils v0.8.19
[INFO] [stderr]    Compiling parking v2.2.0
[INFO] [stderr]    Compiling serde v1.0.197
[INFO] [stderr]    Compiling log v0.4.21
[INFO] [stderr]    Compiling hashbrown v0.14.3
[INFO] [stderr]    Compiling futures-io v0.3.30
[INFO] [stderr]    Compiling toml_datetime v0.6.5
[INFO] [stderr]    Compiling memchr v2.7.1
[INFO] [stderr]    Compiling io-lifetimes v1.0.11
[INFO] [stderr]    Compiling fastrand v2.0.1
[INFO] [stderr]    Compiling tracing-core v0.1.32
[INFO] [stderr]    Compiling alsa-sys v0.3.1
[INFO] [stderr]    Compiling memoffset v0.7.1
[INFO] [stderr]    Compiling futures-lite v2.2.0
[INFO] [stderr]    Compiling polling v2.8.0
[INFO] [stderr]    Compiling waker-fn v1.1.1
[INFO] [stderr]    Compiling async-task v4.7.0
[INFO] [stderr]    Compiling fastrand v1.9.0
[INFO] [stderr]    Compiling rustix v0.37.27
[INFO] [stderr]    Compiling regex-syntax v0.8.2
[INFO] [stderr]    Compiling bytemuck v1.14.3
[INFO] [stderr]    Compiling parking_lot_core v0.9.9
[INFO] [stderr]    Compiling piper v0.2.1
[INFO] [stderr]    Compiling crypto-common v0.1.6
[INFO] [stderr]    Compiling async-lock v2.8.0
[INFO] [stderr]    Compiling async-fs v1.6.0
[INFO] [stderr]    Compiling async-io v1.13.0
[INFO] [stderr]    Compiling symphonia-core v0.5.4
[INFO] [stderr]    Compiling encoding_rs v0.8.33
[INFO] [stderr]    Compiling async-trait v0.1.77
[INFO] [stderr]    Compiling static_assertions v1.1.0
[INFO] [stderr]    Compiling smallvec v1.13.1
[INFO] [stderr]    Compiling linux-raw-sys v0.3.8
[INFO] [stderr]    Compiling anstyle-parse v0.2.3
[INFO] [stderr]    Compiling digest v0.10.7
[INFO] [stderr]    Compiling quote v1.0.35
[INFO] [stderr]    Compiling aho-corasick v1.1.2
[INFO] [stderr]    Compiling indexmap v2.2.5
[INFO] [stderr]    Compiling colorchoice v1.0.0
[INFO] [stderr]    Compiling anstyle v1.0.6
[INFO] [stderr]    Compiling anstyle-query v1.0.2
[INFO] [stderr]    Compiling futures-lite v1.13.0
[INFO] [stderr]    Compiling cpal v0.15.2
[INFO] [stderr]    Compiling concurrent-queue v2.4.0
[INFO] [stderr]    Compiling crossbeam-epoch v0.9.18
[INFO] [stderr]    Compiling syn v2.0.49
[INFO] [stderr]    Compiling syn v1.0.109
[INFO] [stderr]    Compiling event-listener v4.0.3
[INFO] [stderr]    Compiling event-listener v5.2.0
[INFO] [stderr]    Compiling futures-util v0.3.30
[INFO] [stderr]    Compiling crossbeam-deque v0.8.5
[INFO] [stderr]    Compiling anstream v0.6.13
[INFO] [stderr]    Compiling toml_edit v0.19.15
[INFO] [stderr]    Compiling event-listener-strategy v0.5.0
[INFO] [stderr]    Compiling event-listener-strategy v0.4.0
[INFO] [stderr]    Compiling async-channel v2.2.0
[INFO] [stderr]    Compiling rayon-core v1.12.1
[INFO] [stderr]    Compiling async-lock v3.3.0
[INFO] [stderr]    Compiling sha1 v0.10.6
[INFO] [stderr]    Compiling nix v0.28.0
[INFO] [stderr]    Compiling async-broadcast v0.5.1
[INFO] [stderr]    Compiling getrandom v0.2.12
[INFO] [stderr]    Compiling rand_core v0.6.4
[INFO] [stderr]    Compiling symphonia-metadata v0.5.4
[INFO] [stderr]    Compiling rand_chacha v0.3.1
[INFO] [stderr]    Compiling nix v0.24.3
[INFO] [stderr]    Compiling regex-automata v0.4.5
[INFO] [stderr]    Compiling socket2 v0.4.10
[INFO] [stderr]    Compiling rand v0.8.5
[INFO] [stderr]    Compiling symphonia-bundle-mp3 v0.5.4
[INFO] [stderr]    Compiling proc-macro-crate v1.3.1
[INFO] [stderr]    Compiling alsa v0.7.1
[INFO] [stderr]    Compiling parking_lot v0.12.1
[INFO] [stderr]    Compiling async-executor v1.8.0
[INFO] [stderr]    Compiling nix v0.26.4
[INFO] [stderr]    Compiling xdg-home v1.1.0
[INFO] [stderr]    Compiling ogg v0.8.0
[INFO] [stderr]    Compiling ordered-stream v0.2.0
[INFO] [stderr]    Compiling either v1.10.0
[INFO] [stderr]    Compiling strsim v0.11.0
[INFO] [stderr]    Compiling clap_lex v0.7.0
[INFO] [stderr]    Compiling winnow v0.6.5
[INFO] [stderr]    Compiling dasp_sample v0.11.0
[INFO] [stderr]    Compiling rayon v1.9.0
[INFO] [stderr]    Compiling clap_builder v4.5.1
[INFO] [stderr]    Compiling lewton v0.10.2
[INFO] [stderr]    Compiling symphonia v0.5.4
[INFO] [stderr]    Compiling hound v3.5.1
[INFO] [stderr]    Compiling regex v1.10.3
[INFO] [stderr]    Compiling claxon v0.4.3
[INFO] [stderr]    Compiling bitflags v2.4.2
[INFO] [stderr]    Compiling rodio v0.17.3
[INFO] [stderr]    Compiling daemonize v0.5.0
[INFO] [stderr]    Compiling rev_buf_reader v0.3.0
[INFO] [stderr]    Compiling serde_derive v1.0.197
[INFO] [stderr]    Compiling tracing-attributes v0.1.27
[INFO] [stderr]    Compiling enumflags2_derive v0.7.9
[INFO] [stderr]    Compiling serde_repr v0.1.18
[INFO] [stderr]    Compiling async-recursion v1.0.5
[INFO] [stderr]    Compiling zvariant_utils v1.0.1
[INFO] [stderr]    Compiling clap_derive v4.5.0
[INFO] [stderr]    Compiling tracing v0.1.40
[INFO] [stderr]    Compiling zvariant_derive v3.15.2
[INFO] [stderr]    Compiling derivative v2.2.0
[INFO] [stderr]    Compiling zbus_macros v3.15.2
[INFO] [stderr]    Compiling blocking v1.5.1
[INFO] [stderr]    Compiling sysinfo v0.30.7
[INFO] [stderr]    Compiling clap v4.5.1
[INFO] [stderr]    Compiling enumflags2 v0.7.9
[INFO] [stderr]    Compiling serde_spanned v0.6.5
[INFO] [stderr]    Compiling zvariant v3.15.2
[INFO] [stderr]    Compiling toml_edit v0.22.7
[INFO] [stderr]    Compiling zbus_names v2.6.1
[INFO] [stderr]    Compiling zbus v3.15.2
[INFO] [stderr]    Compiling toml v0.8.11
[INFO] [stderr]    Compiling notify-rust v4.10.0
[INFO] [stderr]    Compiling comodo v0.1.0 (/opt/rustwide/workdir)
[INFO] [stdout] warning: unused import: `de::Error`
[INFO] [stdout]  --> src/config.rs:3:88
[INFO] [stdout]   |
[INFO] [stdout] 3 | use serde::{ser::{SerializeStruct, Serializer}, Deserialize, Serialize, Deserializer,  de::Error};
[INFO] [stdout]   |                                                                                        ^^^^^^^^^
[INFO] [stdout]   |
[INFO] [stdout]   = note: `#[warn(unused_imports)]` (part of `#[warn(unused)]`) on by default
[INFO] [stdout] 
[INFO] [stdout] 
[INFO] [stdout] warning: unused import: `std::fs`
[INFO] [stdout]    --> src/config.rs:155:9
[INFO] [stdout]     |
[INFO] [stdout] 155 |     use std::fs;
[INFO] [stdout]     |         ^^^^^^^
[INFO] [stdout] 
[INFO] [stdout] 
[INFO] [stdout] warning: unused import: `toml`
[INFO] [stdout]    --> src/config.rs:159:9
[INFO] [stdout]     |
[INFO] [stdout] 159 |     use toml;
[INFO] [stdout]     |         ^^^^
[INFO] [stdout] 
[INFO] [stdout] 
[INFO] [stdout] warning: unused import: `super::Comodo`
[INFO] [stdout]    --> src/config.rs:161:9
[INFO] [stdout]     |
[INFO] [stdout] 161 |     use super::Comodo;
[INFO] [stdout]     |         ^^^^^^^^^^^^^
[INFO] [stdout] 
[INFO] [stdout] 
[INFO] [stdout] warning: unused import: `Serializer`
[INFO] [stdout]  --> src/config.rs:3:36
[INFO] [stdout]   |
[INFO] [stdout] 3 | use serde::{ser::{SerializeStruct, Serializer}, Deserialize, Serialize, Deserializer,  de::Error};
[INFO] [stdout]   |                                    ^^^^^^^^^^
[INFO] [stdout] 
[INFO] [stdout] 
[INFO] [stdout] warning: unused variable: `d`
[INFO] [stdout]   --> src/config.rs:53:31
[INFO] [stdout]    |
[INFO] [stdout] 53 | fn deserialize_banner<'de, D>(d: D) -> Result<String, D::Error>
[INFO] [stdout]    |                               ^ help: if this is intentional, prefix it with an underscore: `_d`
[INFO] [stdout]    |
[INFO] [stdout]    = note: `#[warn(unused_variables)]` (part of `#[warn(unused)]`) on by default
[INFO] [stdout] 
[INFO] [stdout] 
[INFO] [stdout] warning: unused variable: `input`
[INFO] [stdout]    --> src/config.rs:150:31
[INFO] [stdout]     |
[INFO] [stdout] 150 |     pub fn from_stream_string(input: String) -> Self {todo!()}
[INFO] [stdout]     |                               ^^^^^ help: if this is intentional, prefix it with an underscore: `_input`
[INFO] [stdout] 
[INFO] [stdout] 
[INFO] [stdout] warning: value assigned to `seeker` is never read
[INFO] [stdout]    --> src/main.rs:332:29
[INFO] [stdout]     |
[INFO] [stdout] 332 | ...                   seeker += rest_path_size;
[INFO] [stdout]     |                       ^^^^^^^^^^^^^^^^^^^^^^^^
[INFO] [stdout]     |
[INFO] [stdout]     = help: maybe it is overwritten before being read?
[INFO] [stdout]     = note: `#[warn(unused_assignments)]` (part of `#[warn(unused)]`) on by default
[INFO] [stdout] 
[INFO] [stdout] 
[INFO] [stdout] warning: struct `RGB` is never constructed
[INFO] [stdout]  --> src/config.rs:6:12
[INFO] [stdout]   |
[INFO] [stdout] 6 | pub struct RGB(pub u8, pub u8, pub u8);
[INFO] [stdout]   |            ^^^
[INFO] [stdout]   |
[INFO] [stdout]   = note: `#[warn(dead_code)]` (part of `#[warn(unused)]`) on by default
[INFO] [stdout] 
[INFO] [stdout] 
[INFO] [stdout] warning: associated functions `focus`, `rest`, `big_rest`, and `iterations` are never used
[INFO] [stdout]   --> src/config.rs:15:12
[INFO] [stdout]    |
[INFO] [stdout] 14 | impl ComodoDefaults{
[INFO] [stdout]    | ------------------- associated functions in this implementation
[INFO] [stdout] 15 |     pub fn focus()->Duration{ Duration::from_secs(1500) }
[INFO] [stdout]    |            ^^^^^
[INFO] [stdout] 16 |     pub fn rest()->Duration{ Duration::from_secs(300) }
[INFO] [stdout]    |            ^^^^
[INFO] [stdout] 17 |     pub fn big_rest()->Duration{ Duration::from_secs(900) }
[INFO] [stdout]    |            ^^^^^^^^
[INFO] [stdout] 18 |     pub fn iterations()->u8{4}
[INFO] [stdout]    |            ^^^^^^^^^^
[INFO] [stdout] 
[INFO] [stdout] 
[INFO] [stdout] warning: function `deserialize_banner` is never used
[INFO] [stdout]   --> src/config.rs:53:4
[INFO] [stdout]    |
[INFO] [stdout] 53 | fn deserialize_banner<'de, D>(d: D) -> Result<String, D::Error>
[INFO] [stdout]    |    ^^^^^^^^^^^^^^^^^^
[INFO] [stdout] 
[INFO] [stdout] 
[INFO] [stdout] warning: associated functions `read` and `from_stream_string` are never used
[INFO] [stdout]    --> src/config.rs:137:12
[INFO] [stdout]     |
[INFO] [stdout] 133 | impl Config {
[INFO] [stdout]     | ----------- associated functions in this implementation
[INFO] [stdout] ...
[INFO] [stdout] 137 |     pub fn read(path: String) -> Config{
[INFO] [stdout]     |            ^^^^
[INFO] [stdout] ...
[INFO] [stdout] 150 |     pub fn from_stream_string(input: String) -> Self {todo!()}
[INFO] [stdout]     |            ^^^^^^^^^^^^^^^^^^
[INFO] [stdout] 
[INFO] [stdout] 
[INFO] [stdout] warning: method `play_until` is never used
[INFO] [stdout]   --> src/player.rs:30:12
[INFO] [stdout]    |
[INFO] [stdout] 10 | impl<'a> Player<'a> {
[INFO] [stdout]    | ------------------- method in this implementation
[INFO] [stdout] ...
[INFO] [stdout] 30 |     pub fn play_until(&self, duration: Duration) {
[INFO] [stdout]    |            ^^^^^^^^^^
[INFO] [stdout] 
[INFO] [stdout] 
[INFO] [stderr]     Finished `release` profile [optimized] target(s) in 1m 56s
[INFO] running `Command { std: "docker" "inspect" "0f54216b1b5cc8683a37ffea21d85d127452fecebab69e9fecc6254896db7608", kill_on_drop: false }`
[INFO] running `Command { std: "docker" "exec" "-e" "SOURCE_DIR=/opt/rustwide/workdir" "-e" "CARGO_HOME=/opt/rustwide/cargo-home" "-e" "RUSTUP_HOME=/opt/rustwide/rustup-home" "-e" "CARGO_TARGET_DIR=/opt/rustwide/target" "-e" "CARGO_INCREMENTAL=0" "-e" "RUST_BACKTRACE=full" "-e" "RUSTFLAGS=--cap-lints=warn" "-e" "RUSTDOCFLAGS=--cap-lints=warn" "-w" "/opt/rustwide/workdir" "--user" "0:0" "0f54216b1b5cc8683a37ffea21d85d127452fecebab69e9fecc6254896db7608" "/opt/rustwide/cargo-home/bin/cargo" "+1.99.0-beta.8" "test" "--frozen" "--no-run" "--message-format=json" "--release", kill_on_drop: false }`
[INFO] [stderr]    Compiling comodo v0.1.0 (/opt/rustwide/workdir)
[INFO] [stdout] warning: unused import: `de::Error`
[INFO] [stdout]  --> src/config.rs:3:88
[INFO] [stdout]   |
[INFO] [stdout] 3 | use serde::{ser::{SerializeStruct, Serializer}, Deserialize, Serialize, Deserializer,  de::Error};
[INFO] [stdout]   |                                                                                        ^^^^^^^^^
[INFO] [stdout]   |
[INFO] [stdout]   = note: `#[warn(unused_imports)]` (part of `#[warn(unused)]`) on by default
[INFO] [stdout] 
[INFO] [stdout] 
[INFO] [stdout] warning: unused import: `super::Comodo`
[INFO] [stdout]    --> src/config.rs:161:9
[INFO] [stdout]     |
[INFO] [stdout] 161 |     use super::Comodo;
[INFO] [stdout]     |         ^^^^^^^^^^^^^
[INFO] [stdout] 
[INFO] [stdout] 
[INFO] [stdout] warning: unused import: `Serializer`
[INFO] [stdout]  --> src/config.rs:3:36
[INFO] [stdout]   |
[INFO] [stdout] 3 | use serde::{ser::{SerializeStruct, Serializer}, Deserialize, Serialize, Deserializer,  de::Error};
[INFO] [stdout]   |                                    ^^^^^^^^^^
[INFO] [stdout] 
[INFO] [stdout] 
[INFO] [stdout] warning: unused variable: `d`
[INFO] [stdout]   --> src/config.rs:53:31
[INFO] [stdout]    |
[INFO] [stdout] 53 | fn deserialize_banner<'de, D>(d: D) -> Result<String, D::Error>
[INFO] [stdout]    |                               ^ help: if this is intentional, prefix it with an underscore: `_d`
[INFO] [stdout]    |
[INFO] [stdout]    = note: `#[warn(unused_variables)]` (part of `#[warn(unused)]`) on by default
[INFO] [stdout] 
[INFO] [stdout] 
[INFO] [stdout] warning: unused variable: `input`
[INFO] [stdout]    --> src/config.rs:150:31
[INFO] [stdout]     |
[INFO] [stdout] 150 |     pub fn from_stream_string(input: String) -> Self {todo!()}
[INFO] [stdout]     |                               ^^^^^ help: if this is intentional, prefix it with an underscore: `_input`
[INFO] [stdout] 
[INFO] [stdout] 
[INFO] [stdout] warning: value assigned to `seeker` is never read
[INFO] [stdout]    --> src/main.rs:332:29
[INFO] [stdout]     |
[INFO] [stdout] 332 | ...                   seeker += rest_path_size;
[INFO] [stdout]     |                       ^^^^^^^^^^^^^^^^^^^^^^^^
[INFO] [stdout]     |
[INFO] [stdout]     = help: maybe it is overwritten before being read?
[INFO] [stdout]     = note: `#[warn(unused_assignments)]` (part of `#[warn(unused)]`) on by default
[INFO] [stdout] 
[INFO] [stdout] 
[INFO] [stdout] warning: struct `RGB` is never constructed
[INFO] [stdout]  --> src/config.rs:6:12
[INFO] [stdout]   |
[INFO] [stdout] 6 | pub struct RGB(pub u8, pub u8, pub u8);
[INFO] [stdout]   |            ^^^
[INFO] [stdout]   |
[INFO] [stdout]   = note: `#[warn(dead_code)]` (part of `#[warn(unused)]`) on by default
[INFO] [stdout] 
[INFO] [stdout] 
[INFO] [stdout] warning: associated functions `focus`, `rest`, `big_rest`, and `iterations` are never used
[INFO] [stdout]   --> src/config.rs:15:12
[INFO] [stdout]    |
[INFO] [stdout] 14 | impl ComodoDefaults{
[INFO] [stdout]    | ------------------- associated functions in this implementation
[INFO] [stdout] 15 |     pub fn focus()->Duration{ Duration::from_secs(1500) }
[INFO] [stdout]    |            ^^^^^
[INFO] [stdout] 16 |     pub fn rest()->Duration{ Duration::from_secs(300) }
[INFO] [stdout]    |            ^^^^
[INFO] [stdout] 17 |     pub fn big_rest()->Duration{ Duration::from_secs(900) }
[INFO] [stdout]    |            ^^^^^^^^
[INFO] [stdout] 18 |     pub fn iterations()->u8{4}
[INFO] [stdout]    |            ^^^^^^^^^^
[INFO] [stdout] 
[INFO] [stdout] 
[INFO] [stdout] warning: function `deserialize_banner` is never used
[INFO] [stdout]   --> src/config.rs:53:4
[INFO] [stdout]    |
[INFO] [stdout] 53 | fn deserialize_banner<'de, D>(d: D) -> Result<String, D::Error>
[INFO] [stdout]    |    ^^^^^^^^^^^^^^^^^^
[INFO] [stdout] 
[INFO] [stdout] 
[INFO] [stdout] warning: associated functions `read` and `from_stream_string` are never used
[INFO] [stdout]    --> src/config.rs:137:12
[INFO] [stdout]     |
[INFO] [stdout] 133 | impl Config {
[INFO] [stdout]     | ----------- associated functions in this implementation
[INFO] [stdout] ...
[INFO] [stdout] 137 |     pub fn read(path: String) -> Config{
[INFO] [stdout]     |            ^^^^
[INFO] [stdout] ...
[INFO] [stdout] 150 |     pub fn from_stream_string(input: String) -> Self {todo!()}
[INFO] [stdout]     |            ^^^^^^^^^^^^^^^^^^
[INFO] [stdout] 
[INFO] [stdout] 
[INFO] [stderr]     Finished `release` profile [optimized] target(s) in 4.41s
[INFO] running `Command { std: "docker" "inspect" "0f54216b1b5cc8683a37ffea21d85d127452fecebab69e9fecc6254896db7608", kill_on_drop: false }`
[INFO] running `Command { std: "docker" "exec" "-e" "SOURCE_DIR=/opt/rustwide/workdir" "-e" "CARGO_HOME=/opt/rustwide/cargo-home" "-e" "RUSTUP_HOME=/opt/rustwide/rustup-home" "-e" "CARGO_TARGET_DIR=/opt/rustwide/target" "-e" "CARGO_INCREMENTAL=0" "-e" "RUST_BACKTRACE=full" "-e" "RUSTFLAGS=--cap-lints=warn" "-e" "RUSTDOCFLAGS=--cap-lints=warn" "-w" "/opt/rustwide/workdir" "--user" "0:0" "0f54216b1b5cc8683a37ffea21d85d127452fecebab69e9fecc6254896db7608" "/opt/rustwide/cargo-home/bin/cargo" "+1.99.0-beta.8" "test" "--frozen" "--release", kill_on_drop: false }`
[INFO] [stderr] warning: unused import: `de::Error`
[INFO] [stderr]  --> src/config.rs:3:88
[INFO] [stderr]   |
[INFO] [stderr] 3 | use serde::{ser::{SerializeStruct, Serializer}, Deserialize, Serialize, Deserializer,  de::Error};
[INFO] [stderr]   |                                                                                        ^^^^^^^^^
[INFO] [stderr]   |
[INFO] [stderr]   = note: `#[warn(unused_imports)]` (part of `#[warn(unused)]`) on by default
[INFO] [stderr] 
[INFO] [stderr] warning: unused import: `super::Comodo`
[INFO] [stderr]    --> src/config.rs:161:9
[INFO] [stderr]     |
[INFO] [stderr] 161 |     use super::Comodo;
[INFO] [stderr]     |         ^^^^^^^^^^^^^
[INFO] [stderr] 
[INFO] [stderr] warning: unused import: `Serializer`
[INFO] [stderr]  --> src/config.rs:3:36
[INFO] [stderr]   |
[INFO] [stderr] 3 | use serde::{ser::{SerializeStruct, Serializer}, Deserialize, Serialize, Deserializer,  de::Error};
[INFO] [stderr]   |                                    ^^^^^^^^^^
[INFO] [stderr] 
[INFO] [stderr] warning: unused variable: `d`
[INFO] [stderr]   --> src/config.rs:53:31
[INFO] [stderr]    |
[INFO] [stderr] 53 | fn deserialize_banner<'de, D>(d: D) -> Result<String, D::Error>
[INFO] [stderr]    |                               ^ help: if this is intentional, prefix it with an underscore: `_d`
[INFO] [stderr]    |
[INFO] [stderr]    = note: `#[warn(unused_variables)]` (part of `#[warn(unused)]`) on by default
[INFO] [stderr] 
[INFO] [stderr] warning: unused variable: `input`
[INFO] [stderr]    --> src/config.rs:150:31
[INFO] [stderr]     |
[INFO] [stderr] 150 |     pub fn from_stream_string(input: String) -> Self {todo!()}
[INFO] [stderr]     |                               ^^^^^ help: if this is intentional, prefix it with an underscore: `_input`
[INFO] [stderr] 
[INFO] [stderr] warning: value assigned to `seeker` is never read
[INFO] [stderr]    --> src/main.rs:332:29
[INFO] [stderr]     |
[INFO] [stderr] 332 | ...                   seeker += rest_path_size;
[INFO] [stderr]     |                       ^^^^^^^^^^^^^^^^^^^^^^^^
[INFO] [stderr]     |
[INFO] [stderr]     = help: maybe it is overwritten before being read?
[INFO] [stderr]     = note: `#[warn(unused_assignments)]` (part of `#[warn(unused)]`) on by default
[INFO] [stderr] 
[INFO] [stderr] warning: struct `RGB` is never constructed
[INFO] [stderr]  --> src/config.rs:6:12
[INFO] [stderr]   |
[INFO] [stderr] 6 | pub struct RGB(pub u8, pub u8, pub u8);
[INFO] [stderr]   |            ^^^
[INFO] [stderr]   |
[INFO] [stderr]   = note: `#[warn(dead_code)]` (part of `#[warn(unused)]`) on by default
[INFO] [stderr] 
[INFO] [stderr] warning: associated functions `focus`, `rest`, `big_rest`, and `iterations` are never used
[INFO] [stderr]   --> src/config.rs:15:12
[INFO] [stderr]    |
[INFO] [stderr] 14 | impl ComodoDefaults{
[INFO] [stderr]    | ------------------- associated functions in this implementation
[INFO] [stderr] 15 |     pub fn focus()->Duration{ Duration::from_secs(1500) }
[INFO] [stderr]    |            ^^^^^
[INFO] [stderr] 16 |     pub fn rest()->Duration{ Duration::from_secs(300) }
[INFO] [stderr]    |            ^^^^
[INFO] [stderr] 17 |     pub fn big_rest()->Duration{ Duration::from_secs(900) }
[INFO] [stderr]    |            ^^^^^^^^
[INFO] [stderr] 18 |     pub fn iterations()->u8{4}
[INFO] [stderr]    |            ^^^^^^^^^^
[INFO] [stderr] 
[INFO] [stderr] warning: function `deserialize_banner` is never used
[INFO] [stderr]   --> src/config.rs:53:4
[INFO] [stderr]    |
[INFO] [stderr] 53 | fn deserialize_banner<'de, D>(d: D) -> Result<String, D::Error>
[INFO] [stderr]    |    ^^^^^^^^^^^^^^^^^^
[INFO] [stderr] 
[INFO] [stderr] warning: associated functions `read` and `from_stream_string` are never used
[INFO] [stderr]    --> src/config.rs:137:12
[INFO] [stderr]     |
[INFO] [stderr] 133 | impl Config {
[INFO] [stderr]     | ----------- associated functions in this implementation
[INFO] [stderr] ...
[INFO] [stderr] 137 |     pub fn read(path: String) -> Config{
[INFO] [stderr]     |            ^^^^
[INFO] [stderr] ...
[INFO] [stderr] 150 |     pub fn from_stream_string(input: String) -> Self {todo!()}
[INFO] [stderr]     |            ^^^^^^^^^^^^^^^^^^
[INFO] [stderr] 
[INFO] [stderr] warning: `comodo` (bin "comodo" test) generated 10 warnings (run `cargo fix --bin "comodo" -p comodo --tests` to apply 4 suggestions)
[INFO] [stderr]     Finished `release` profile [optimized] target(s) in 0.19s
[INFO] [stderr]      Running unittests src/main.rs (/opt/rustwide/target/release/deps/comodo-ce60fc92474fbb6a)
[INFO] [stdout] 
[INFO] [stdout] running 4 tests
[INFO] [stdout] test player::test::play_test ... ok
[INFO] [stdout] test config::test::file_test ... ok
[INFO] [stdout] test config::test::contains_test ... FAILED
[INFO] [stderr] ALSA lib confmisc.c:855:(parse_card) [error.core] cannot find card '0'
[INFO] [stderr] ALSA lib conf.c:5211:(_snd_config_evaluate) [error.core] function snd_func_card_inum returned error: No such file or directory
[INFO] [stderr] ALSA lib confmisc.c:422:(snd_func_concat) [error.core] error evaluating strings
[INFO] [stderr] ALSA lib conf.c:5211:(_snd_config_evaluate) [error.core] function snd_func_concat returned error: No such file or directory
[INFO] [stderr] ALSA lib confmisc.c:1342:(snd_func_refer) [error.core] error evaluating name
[INFO] [stderr] ALSA lib conf.c:5211:(_snd_config_evaluate) [error.core] function snd_func_refer returned error: No such file or directory
[INFO] [stderr] ALSA lib conf.c:5734:(snd_config_expand) [error.core] Evaluate error: No such file or directory
[INFO] [stderr] ALSA lib pcm.c:2722:(snd_pcm_open_noupdate) [error.pcm] Unknown PCM default
[INFO] [stdout] test player::test::play_until_test ... FAILED
[INFO] [stdout] 
[INFO] [stdout] failures:
[INFO] [stdout] 
[INFO] [stdout] ---- config::test::contains_test stdout ----
[INFO] [stdout] 
[INFO] [stdout] thread 'config::test::contains_test' (2458) panicked at src/config.rs:171:13:
[INFO] [stdout] called `Result::unwrap()` on an `Err` value: Error { inner: Error { inner: TomlError { message: "missing field `big_rest`", raw: Some("\n            [comodo]\n            iterations = 5\n            focus = \"25:00\"\n            rest = \"05:00\"\n            big-rest = \"15:00\"\n        "), keys: ["comodo"], span: Some(13..134) } } }
[INFO] [stdout] stack backtrace:
[INFO] [stdout]    0:     0x5f1ede77ed11 - <<std[70759c8f55707aa4]::sys::backtrace::BacktraceLock>::print::DisplayBacktrace as core[df12db4294e9bfd3]::fmt::Display>::fmt
[INFO] [stdout]    1:     0x5f1ede793caa - core[df12db4294e9bfd3]::fmt::write
[INFO] [stdout]    2:     0x5f1ede7832dc - <alloc[2182bb758b4b3781]::vec::Vec<u8> as core[df12db4294e9bfd3]::io::write::Write>::write_fmt
[INFO] [stdout]    3:     0x5f1ede75ae26 - std[70759c8f55707aa4]::panicking::default_hook::{closure#0}
[INFO] [stdout]    4:     0x5f1ede777059 - std[70759c8f55707aa4]::panicking::default_hook
[INFO] [stdout]    5:     0x5f1ede6890b0 - test[9d35eded1c95d3be]::test_main_inner::<test[9d35eded1c95d3be]::test_main_static::{closure#0}>::{closure#0}
[INFO] [stdout]    6:     0x5f1ede777212 - std[70759c8f55707aa4]::panicking::panic_with_hook
[INFO] [stdout]    7:     0x5f1ede75aed2 - std[70759c8f55707aa4]::panicking::panic_handler::{closure#0}
[INFO] [stdout]    8:     0x5f1ede753a99 - std[70759c8f55707aa4]::sys::backtrace::__rust_end_short_backtrace::<std[70759c8f55707aa4]::panicking::panic_handler::{closure#0}, !>
[INFO] [stdout]    9:     0x5f1ede75bacd - __rustc[8fa7c3cbc660c2b3]::rust_begin_unwind
[INFO] [stdout]   10:     0x5f1ede7943dc - core[df12db4294e9bfd3]::panicking::panic_fmt
[INFO] [stdout]   11:     0x5f1ede7941b2 - core[df12db4294e9bfd3]::result::unwrap_failed
[INFO] [stdout]   12:     0x5f1ede65bee8 - comodo[b51a3d0c2f6e4298]::config::test::contains_test
[INFO] [stdout]   13:     0x5f1ede676ac9 - <comodo[b51a3d0c2f6e4298]::config::test::contains_test::{closure#0} as core[df12db4294e9bfd3]::ops::function::FnOnce<()>>::call_once
[INFO] [stdout]   14:     0x5f1ede67c39b - test[9d35eded1c95d3be]::__rust_begin_short_backtrace::<core[df12db4294e9bfd3]::result::Result<(), alloc[2182bb758b4b3781]::string::String>, fn() -> core[df12db4294e9bfd3]::result::Result<(), alloc[2182bb758b4b3781]::string::String>>
[INFO] [stdout]   15:     0x5f1ede689a05 - test[9d35eded1c95d3be]::run_test::{closure#0}
[INFO] [stdout]   16:     0x5f1ede6832c4 - std[70759c8f55707aa4]::sys::backtrace::__rust_begin_short_backtrace::<test[9d35eded1c95d3be]::run_test::{closure#1}, ()>
[INFO] [stdout]   17:     0x5f1ede68cb62 - <std[70759c8f55707aa4]::thread::lifecycle::spawn_unchecked<test[9d35eded1c95d3be]::run_test::{closure#1}, ()>::{closure#1} as core[df12db4294e9bfd3]::ops::function::FnOnce<()>>::call_once::{shim:vtable#0}
[INFO] [stdout]   18:     0x5f1ede77e279 - <std[70759c8f55707aa4]::sys::thread::unix::Thread>::new::thread_start
[INFO] [stdout]   19:     0x77836bb7ddfa - <unknown>
[INFO] [stdout]   20:     0x77836bc113d4 - clone
[INFO] [stdout]   21:                0x0 - <unknown>
[INFO] [stdout] 
[INFO] [stdout] ---- player::test::play_until_test stdout ----
[INFO] [stdout] 
[INFO] [stdout] thread 'player::test::play_until_test' (2461) panicked at src/player.rs:31:68:
[INFO] [stdout] called `Result::unwrap()` on an `Err` value: DefaultStreamConfigError(DeviceNotAvailable)
[INFO] [stdout] stack backtrace:
[INFO] [stdout]    0:     0x5f1ede77ed11 - <<std[70759c8f55707aa4]::sys::backtrace::BacktraceLock>::print::DisplayBacktrace as core[df12db4294e9bfd3]::fmt::Display>::fmt
[INFO] [stdout]    1:     0x5f1ede793caa - core[df12db4294e9bfd3]::fmt::write
[INFO] [stdout]    2:     0x5f1ede7832dc - <alloc[2182bb758b4b3781]::vec::Vec<u8> as core[df12db4294e9bfd3]::io::write::Write>::write_fmt
[INFO] [stdout]    3:     0x5f1ede75ae26 - std[70759c8f55707aa4]::panicking::default_hook::{closure#0}
[INFO] [stdout]    4:     0x5f1ede777059 - std[70759c8f55707aa4]::panicking::default_hook
[INFO] [stdout]    5:     0x5f1ede6890b0 - test[9d35eded1c95d3be]::test_main_inner::<test[9d35eded1c95d3be]::test_main_static::{closure#0}>::{closure#0}
[INFO] [stdout]    6:     0x5f1ede777212 - std[70759c8f55707aa4]::panicking::panic_with_hook
[INFO] [stdout]    7:     0x5f1ede75aed2 - std[70759c8f55707aa4]::panicking::panic_handler::{closure#0}
[INFO] [stdout]    8:     0x5f1ede753a99 - std[70759c8f55707aa4]::sys::backtrace::__rust_end_short_backtrace::<std[70759c8f55707aa4]::panicking::panic_handler::{closure#0}, !>
[INFO] [stdout]    9:     0x5f1ede75bacd - __rustc[8fa7c3cbc660c2b3]::rust_begin_unwind
[INFO] [stdout]   10:     0x5f1ede7943dc - core[df12db4294e9bfd3]::panicking::panic_fmt
[INFO] [stdout]   11:     0x5f1ede7941b2 - core[df12db4294e9bfd3]::result::unwrap_failed
[INFO] [stdout]   12:     0x5f1ede66260a - <comodo[b51a3d0c2f6e4298]::player::Player>::play_until
[INFO] [stdout]   13:     0x5f1ede676b6a - <comodo[b51a3d0c2f6e4298]::player::test::play_until_test::{closure#0} as core[df12db4294e9bfd3]::ops::function::FnOnce<()>>::call_once
[INFO] [stdout]   14:     0x5f1ede67c39b - test[9d35eded1c95d3be]::__rust_begin_short_backtrace::<core[df12db4294e9bfd3]::result::Result<(), alloc[2182bb758b4b3781]::string::String>, fn() -> core[df12db4294e9bfd3]::result::Result<(), alloc[2182bb758b4b3781]::string::String>>
[INFO] [stdout]   15:     0x5f1ede689a05 - test[9d35eded1c95d3be]::run_test::{closure#0}
[INFO] [stdout]   16:     0x5f1ede6832c4 - std[70759c8f55707aa4]::sys::backtrace::__rust_begin_short_backtrace::<test[9d35eded1c95d3be]::run_test::{closure#1}, ()>
[INFO] [stdout]   17:     0x5f1ede68cb62 - <std[70759c8f55707aa4]::thread::lifecycle::spawn_unchecked<test[9d35eded1c95d3be]::run_test::{closure#1}, ()>::{closure#1} as core[df12db4294e9bfd3]::ops::function::FnOnce<()>>::call_once::{shim:vtable#0}
[INFO] [stdout]   18:     0x5f1ede77e279 - <std[70759c8f55707aa4]::sys::thread::unix::Thread>::new::thread_start
[INFO] [stdout]   19:     0x77836bb7ddfa - <unknown>
[INFO] [stdout]   20:     0x77836bc113d4 - clone
[INFO] [stdout]   21:                0x0 - <unknown>
[INFO] [stdout] 
[INFO] [stdout] 
[INFO] [stdout] failures:
[INFO] [stdout]     config::test::contains_test
[INFO] [stdout]     player::test::play_until_test
[INFO] [stdout] 
[INFO] [stdout] test result: FAILED. 2 passed; 2 failed; 0 ignored; 0 measured; 0 filtered out; finished in 0.03s
[INFO] [stdout] 
[INFO] [stderr] error: test failed, to rerun pass `--bin comodo`
[INFO] running `Command { std: "docker" "inspect" "0f54216b1b5cc8683a37ffea21d85d127452fecebab69e9fecc6254896db7608", kill_on_drop: false }`
[INFO] running `Command { std: "docker" "rm" "-f" "0f54216b1b5cc8683a37ffea21d85d127452fecebab69e9fecc6254896db7608", kill_on_drop: false }`
[INFO] [stdout] 0f54216b1b5cc8683a37ffea21d85d127452fecebab69e9fecc6254896db7608
