[INFO] cloning repository https://github.com/xiaodongw/usage-watcher
[INFO] running `Command { std: "git" "-c" "credential.helper=" "-c" "credential.helper=/workspace/cargo-home/bin/git-credential-null" "clone" "--bare" "https://github.com/xiaodongw/usage-watcher" "/workspace/cache/git-repos/https%3A%2F%2Fgithub.com%2Fxiaodongw%2Fusage-watcher", kill_on_drop: false }`
[INFO] [stderr] Cloning into bare repository '/workspace/cache/git-repos/https%3A%2F%2Fgithub.com%2Fxiaodongw%2Fusage-watcher'...
[INFO] running `Command { std: "git" "rev-parse" "HEAD", kill_on_drop: false }`
[INFO] [stdout] 5ad2093173024f24740b8c693e9e3cb1d6e07a37
[INFO] testing xiaodongw/usage-watcher against 1.99.0-beta.8+cargoflags=--release for beta-release-1.100-2
[INFO] running `Command { std: "git" "clone" "/workspace/cache/git-repos/https%3A%2F%2Fgithub.com%2Fxiaodongw%2Fusage-watcher" "/workspace/builds/worker-4-tc1/source", kill_on_drop: false }`
[INFO] [stderr] Cloning into '/workspace/builds/worker-4-tc1/source'...
[INFO] [stderr] done.
[INFO] started tweaking git repo https://github.com/xiaodongw/usage-watcher
[INFO] finished tweaking git repo https://github.com/xiaodongw/usage-watcher
[INFO] tweaked toml for git repo https://github.com/xiaodongw/usage-watcher written to /workspace/builds/worker-4-tc1/source/Cargo.toml
[INFO] validating manifest of git repo https://github.com/xiaodongw/usage-watcher on toolchain 1.99.0-beta.8
[INFO] running `Command { std: CARGO_HOME="/workspace/cargo-home" RUSTUP_HOME="/workspace/rustup-home" "/workspace/cargo-home/bin/cargo" "+1.99.0-beta.8" "metadata" "--manifest-path" "Cargo.toml" "--no-deps", kill_on_drop: false }`
[INFO] crate git repo https://github.com/xiaodongw/usage-watcher already has a lockfile, it will not be regenerated
[INFO] running `Command { std: CARGO_HOME="/workspace/cargo-home" RUSTUP_HOME="/workspace/rustup-home" "/workspace/cargo-home/bin/cargo" "+1.99.0-beta.8" "fetch" "--manifest-path" "Cargo.toml", kill_on_drop: false }`
[INFO] [stderr]  Downloading crates ...
[INFO] [stderr]   Downloaded open v5.4.1
[INFO] running `Command { std: "docker" "create" "-v" "/var/lib/crater-agent-workspace/builds/worker-4-tc1/source:/opt/rustwide/workdir:ro,Z" "-v" "/var/lib/crater-agent-workspace/builds/worker-4-tc1/target:/opt/rustwide/target:rw,Z" "-v" "/var/lib/crater-agent-workspace/cargo-home:/opt/rustwide/cargo-home:ro,Z" "-v" "/var/lib/crater-agent-workspace/rustup-home:/opt/rustwide/rustup-home:ro,Z" "-m" "1610612736" "--network" "none" "ghcr.io/rust-lang/crates-build-env/linux@sha256:77db811e55d90add9212f6832c23229e3de5f1c1f9905e8cb07319ea15df73ac" "sleep" "infinity", kill_on_drop: false }`
[INFO] [stdout] 3644a63fb767b6bd77102f0c0359dbdb60324d8fbf9406be7fcfb29b50edec36
[INFO] running `Command { std: "docker" "start" "3644a63fb767b6bd77102f0c0359dbdb60324d8fbf9406be7fcfb29b50edec36", kill_on_drop: false }`
[INFO] running `Command { std: "docker" "inspect" "3644a63fb767b6bd77102f0c0359dbdb60324d8fbf9406be7fcfb29b50edec36", kill_on_drop: false }`
[INFO] running `Command { std: "docker" "exec" "-e" "SOURCE_DIR=/opt/rustwide/workdir" "-e" "CARGO_HOME=/opt/rustwide/cargo-home" "-e" "RUSTUP_HOME=/opt/rustwide/rustup-home" "-e" "CARGO_TARGET_DIR=/opt/rustwide/target" "-w" "/opt/rustwide/workdir" "--user" "0:0" "3644a63fb767b6bd77102f0c0359dbdb60324d8fbf9406be7fcfb29b50edec36" "/opt/rustwide/cargo-home/bin/cargo" "+1.99.0-beta.8" "metadata" "--no-deps" "--format-version=1", kill_on_drop: false }`
[INFO] running `Command { std: "docker" "inspect" "3644a63fb767b6bd77102f0c0359dbdb60324d8fbf9406be7fcfb29b50edec36", kill_on_drop: false }`
[INFO] running `Command { std: "docker" "exec" "-e" "SOURCE_DIR=/opt/rustwide/workdir" "-e" "CARGO_HOME=/opt/rustwide/cargo-home" "-e" "RUSTUP_HOME=/opt/rustwide/rustup-home" "-e" "CARGO_TARGET_DIR=/opt/rustwide/target" "-e" "CARGO_INCREMENTAL=0" "-e" "RUST_BACKTRACE=full" "-e" "RUSTFLAGS=--cap-lints=warn" "-e" "RUSTDOCFLAGS=--cap-lints=warn" "-w" "/opt/rustwide/workdir" "--user" "0:0" "3644a63fb767b6bd77102f0c0359dbdb60324d8fbf9406be7fcfb29b50edec36" "/opt/rustwide/cargo-home/bin/cargo" "+1.99.0-beta.8" "build" "--frozen" "--message-format=json" "--release", kill_on_drop: false }`
[INFO] [stderr]    Compiling proc-macro2 v1.0.107
[INFO] [stderr]    Compiling quote v1.0.47
[INFO] [stderr]    Compiling unicode-ident v1.0.24
[INFO] [stderr]    Compiling libc v0.2.189
[INFO] [stderr]    Compiling once_cell v1.21.4
[INFO] [stderr]    Compiling pin-project-lite v0.2.17
[INFO] [stderr]    Compiling stable_deref_trait v1.2.1
[INFO] [stderr]    Compiling bytes v1.12.1
[INFO] [stderr]    Compiling serde_core v1.0.229
[INFO] [stderr]    Compiling futures-core v0.3.34
[INFO] [stderr]    Compiling cfg-if v1.0.4
[INFO] [stderr]    Compiling itoa v1.0.18
[INFO] [stderr]    Compiling smallvec v1.15.2
[INFO] [stderr]    Compiling serde v1.0.229
[INFO] [stderr]    Compiling shlex v2.0.1
[INFO] [stderr]    Compiling find-msvc-tools v0.1.11
[INFO] [stderr]    Compiling log v0.4.33
[INFO] [stderr]    Compiling writeable v0.6.4
[INFO] [stderr]    Compiling litemap v0.8.3
[INFO] [stderr]    Compiling icu_normalizer_data v2.3.0
[INFO] [stderr]    Compiling utf8_iter v1.0.4
[INFO] [stderr]    Compiling percent-encoding v2.3.2
[INFO] [stderr]    Compiling icu_properties_data v2.3.0
[INFO] [stderr]    Compiling slab v0.4.12
[INFO] [stderr]    Compiling httparse v1.10.1
[INFO] [stderr]    Compiling zeroize v1.9.0
[INFO] [stderr]    Compiling futures-task v0.3.34
[INFO] [stderr]    Compiling cc v1.4.3
[INFO] [stderr]    Compiling tower-service v0.3.3
[INFO] [stderr]    Compiling generic-array v0.14.7
[INFO] [stderr]    Compiling untrusted v0.9.0
[INFO] [stderr]    Compiling try-lock v0.2.5
[INFO] [stderr]    Compiling form_urlencoded v1.2.2
[INFO] [stderr]    Compiling futures-channel v0.3.34
[INFO] [stderr]    Compiling tracing-core v0.1.36
[INFO] [stderr]    Compiling rustls-pki-types v1.15.1
[INFO] [stderr]    Compiling want v0.3.1
[INFO] [stderr]    Compiling futures-util v0.3.34
[INFO] [stderr]    Compiling sync_wrapper v1.0.2
[INFO] [stderr]    Compiling zmij v1.0.23
[INFO] [stderr]    Compiling atomic-waker v1.1.2
[INFO] [stderr]    Compiling autocfg v1.5.1
[INFO] [stderr]    Compiling rustls v0.23.43
[INFO] [stderr]    Compiling tower-layer v0.3.3
[INFO] [stderr]    Compiling httpdate v1.0.3
[INFO] [stderr]    Compiling zerocopy v0.8.56
[INFO] [stderr]    Compiling typenum v1.20.1
[INFO] [stderr]    Compiling http v1.5.0
[INFO] [stderr]    Compiling ipnet v2.12.1
[INFO] [stderr]    Compiling subtle v2.6.1
[INFO] [stderr]    Compiling serde_json v1.0.151
[INFO] [stderr]    Compiling base64 v0.22.1
[INFO] [stderr]    Compiling num-traits v0.2.19
[INFO] [stderr]    Compiling lazy_static v1.5.0
[INFO] [stderr]    Compiling ryu v1.0.23
[INFO] [stderr]    Compiling hashbrown v0.17.1
[INFO] [stderr]    Compiling equivalent v1.0.2
[INFO] [stderr]    Compiling memchr v2.8.3
[INFO] [stderr]    Compiling utf8parse v0.2.2
[INFO] [stderr]    Compiling thiserror v2.0.20
[INFO] [stderr]    Compiling anstyle-parse v1.0.0
[INFO] [stderr]    Compiling syn v3.0.3
[INFO] [stderr]    Compiling syn v2.0.119
[INFO] [stderr]    Compiling webpki-roots v1.0.9
[INFO] [stderr]    Compiling colorchoice v1.0.5
[INFO] [stderr]    Compiling anstyle v1.0.14
[INFO] [stderr]    Compiling anyhow v1.0.104
[INFO] [stderr]    Compiling termcolor v1.4.1
[INFO] [stderr]    Compiling iana-time-zone v0.1.65
[INFO] [stderr]    Compiling http-body v1.1.0
[INFO] [stderr]    Compiling indexmap v2.14.0
[INFO] [stderr]    Compiling bitflags v2.13.1
[INFO] [stderr]    Compiling winnow v0.7.15
[INFO] [stderr]    Compiling http-body-util v0.1.5
[INFO] [stderr]    Compiling errno v0.3.14
[INFO] [stderr]    Compiling socket2 v0.6.5
[INFO] [stderr]    Compiling signal-hook-registry v1.4.8
[INFO] [stderr]    Compiling mio v1.2.2
[INFO] [stderr]    Compiling getrandom v0.2.17
[INFO] [stderr]    Compiling anstyle-query v1.1.5
[INFO] [stderr]    Compiling option-ext v0.2.0
[INFO] [stderr]    Compiling toml_write v0.1.2
[INFO] [stderr]    Compiling is_terminal_polyfill v1.70.2
[INFO] [stderr]    Compiling dirs-sys v0.4.1
[INFO] [stderr]    Compiling rand_core v0.6.4
[INFO] [stderr]    Compiling anstream v1.0.0
[INFO] [stderr]    Compiling heck v0.5.0
[INFO] [stderr]    Compiling ring v0.17.14
[INFO] [stderr]    Compiling clap_lex v1.1.0
[INFO] [stderr]    Compiling cpufeatures v0.2.17
[INFO] [stderr]    Compiling strsim v0.11.1
[INFO] [stderr]    Compiling regex-syntax v0.8.11
[INFO] [stderr]    Compiling dirs v5.0.1
[INFO] [stderr]    Compiling block-buffer v0.10.4
[INFO] [stderr]    Compiling crypto-common v0.1.7
[INFO] [stderr]    Compiling futures-sink v0.3.34
[INFO] [stderr]    Compiling digest v0.10.7
[INFO] [stderr]    Compiling mime v0.3.17
[INFO] [stderr]    Compiling sharded-slab v0.1.7
[INFO] [stderr]    Compiling tracing-log v0.2.0
[INFO] [stderr]    Compiling is-docker v0.2.0
[INFO] [stderr]    Compiling thread_local v1.1.10
[INFO] [stderr]    Compiling sha2 v0.10.9
[INFO] [stderr]    Compiling clap_builder v4.6.6
[INFO] [stderr]    Compiling nu-ansi-term v0.50.3
[INFO] [stderr]    Compiling matchit v0.8.4
[INFO] [stderr]    Compiling is-wsl v0.4.0
[INFO] [stderr]    Compiling open v5.4.1
[INFO] [stderr]    Compiling serde_path_to_error v0.1.20
[INFO] [stderr]    Compiling regex-automata v0.4.18
[INFO] [stderr]    Compiling synstructure v0.13.2
[INFO] [stderr]    Compiling zerovec-derive v0.11.4
[INFO] [stderr]    Compiling displaydoc v0.2.7
[INFO] [stderr]    Compiling tokio-macros v2.7.2
[INFO] [stderr]    Compiling serde_derive v1.0.229
[INFO] [stderr]    Compiling thiserror-impl v2.0.20
[INFO] [stderr]    Compiling clap_derive v4.6.4
[INFO] [stderr]    Compiling ppv-lite86 v0.2.21
[INFO] [stderr]    Compiling zerofrom-derive v0.1.7
[INFO] [stderr]    Compiling yoke-derive v0.8.2
[INFO] [stderr]    Compiling tracing-attributes v0.1.31
[INFO] [stderr]    Compiling ts-rs-macros v10.1.0
[INFO] [stderr]    Compiling matchers v0.2.0
[INFO] [stderr]    Compiling tokio v1.53.1
[INFO] [stderr]    Compiling rand_chacha v0.3.1
[INFO] [stderr]    Compiling rand v0.8.7
[INFO] [stderr]    Compiling zerofrom v0.1.8
[INFO] [stderr]    Compiling yoke v0.8.3
[INFO] [stderr]    Compiling tracing v0.1.44
[INFO] [stderr]    Compiling zerovec v0.11.7
[INFO] [stderr]    Compiling zerotrie v0.2.5
[INFO] [stderr]    Compiling axum-core v0.5.6
[INFO] [stderr]    Compiling tracing-subscriber v0.3.23
[INFO] [stderr]    Compiling clap v4.6.6
[INFO] [stderr]    Compiling rustls-webpki v0.103.14
[INFO] [stderr]    Compiling tinystr v0.8.4
[INFO] [stderr]    Compiling potential_utf v0.1.6
[INFO] [stderr]    Compiling icu_collections v2.3.0
[INFO] [stderr]    Compiling icu_locale_core v2.3.0
[INFO] [stderr]    Compiling serde_urlencoded v0.7.1
[INFO] [stderr]    Compiling toml_datetime v0.6.11
[INFO] [stderr]    Compiling serde_spanned v0.6.9
[INFO] [stderr]    Compiling chrono v0.4.45
[INFO] [stderr]    Compiling toml_edit v0.22.27
[INFO] [stderr]    Compiling hyper v1.11.0
[INFO] [stderr]    Compiling tower v0.5.3
[INFO] [stderr]    Compiling tokio-util v0.7.19
[INFO] [stderr]    Compiling tokio-stream v0.1.19
[INFO] [stderr]    Compiling icu_provider v2.3.0
[INFO] [stderr]    Compiling icu_normalizer v2.3.0
[INFO] [stderr]    Compiling icu_properties v2.3.0
[INFO] [stderr]    Compiling ts-rs v10.1.0
[INFO] [stderr]    Compiling hyper-util v0.1.20
[INFO] [stderr]    Compiling idna_adapter v1.2.2
[INFO] [stderr]    Compiling idna v1.1.0
[INFO] [stderr]    Compiling url v2.5.8
[INFO] [stderr]    Compiling toml v0.8.23
[INFO] [stderr]    Compiling tower-http v0.6.11
[INFO] [stderr]    Compiling axum v0.8.9
[INFO] [stderr]    Compiling tokio-rustls v0.26.4
[INFO] [stderr]    Compiling hyper-rustls v0.27.9
[INFO] [stderr]    Compiling reqwest v0.12.28
[INFO] [stderr]    Compiling uw-core v0.1.0 (/opt/rustwide/workdir/crates/uw-core)
[INFO] [stderr]    Compiling uwd v0.1.0 (/opt/rustwide/workdir/crates/uwd)
[INFO] [stderr]    Compiling uw-cli v0.1.0 (/opt/rustwide/workdir/crates/uw-cli)
[INFO] [stderr]     Finished `release` profile [optimized] target(s) in 2m 00s
[INFO] running `Command { std: "docker" "inspect" "3644a63fb767b6bd77102f0c0359dbdb60324d8fbf9406be7fcfb29b50edec36", kill_on_drop: false }`
[INFO] running `Command { std: "docker" "exec" "-e" "SOURCE_DIR=/opt/rustwide/workdir" "-e" "CARGO_HOME=/opt/rustwide/cargo-home" "-e" "RUSTUP_HOME=/opt/rustwide/rustup-home" "-e" "CARGO_TARGET_DIR=/opt/rustwide/target" "-e" "CARGO_INCREMENTAL=0" "-e" "RUST_BACKTRACE=full" "-e" "RUSTFLAGS=--cap-lints=warn" "-e" "RUSTDOCFLAGS=--cap-lints=warn" "-w" "/opt/rustwide/workdir" "--user" "0:0" "3644a63fb767b6bd77102f0c0359dbdb60324d8fbf9406be7fcfb29b50edec36" "/opt/rustwide/cargo-home/bin/cargo" "+1.99.0-beta.8" "test" "--frozen" "--no-run" "--message-format=json" "--release", kill_on_drop: false }`
[INFO] [stderr]    Compiling once_cell v1.21.4
[INFO] [stderr]    Compiling pin-project-lite v0.2.17
[INFO] [stderr]    Compiling stable_deref_trait v1.2.1
[INFO] [stderr]    Compiling bytes v1.12.1
[INFO] [stderr]    Compiling futures-core v0.3.34
[INFO] [stderr]    Compiling cfg-if v1.0.4
[INFO] [stderr]    Compiling itoa v1.0.18
[INFO] [stderr]    Compiling libc v0.2.189
[INFO] [stderr]    Compiling serde_core v1.0.229
[INFO] [stderr]    Compiling smallvec v1.15.2
[INFO] [stderr]    Compiling zerofrom v0.1.8
[INFO] [stderr]    Compiling log v0.4.33
[INFO] [stderr]    Compiling writeable v0.6.4
[INFO] [stderr]    Compiling litemap v0.8.3
[INFO] [stderr]    Compiling percent-encoding v2.3.2
[INFO] [stderr]    Compiling utf8_iter v1.0.4
[INFO] [stderr]    Compiling zeroize v1.9.0
[INFO] [stderr]    Compiling futures-task v0.3.34
[INFO] [stderr]    Compiling slab v0.4.12
[INFO] [stderr]    Compiling tower-service v0.3.3
[INFO] [stderr]    Compiling icu_normalizer_data v2.3.0
[INFO] [stderr]    Compiling yoke v0.8.3
[INFO] [stderr]    Compiling icu_properties_data v2.3.0
[INFO] [stderr]    Compiling untrusted v0.9.0
[INFO] [stderr]    Compiling try-lock v0.2.5
[INFO] [stderr]    Compiling form_urlencoded v1.2.2
[INFO] [stderr]    Compiling sync_wrapper v1.0.2
[INFO] [stderr]    Compiling futures-util v0.3.34
[INFO] [stderr]    Compiling want v0.3.1
[INFO] [stderr]    Compiling futures-channel v0.3.34
[INFO] [stderr]    Compiling httparse v1.10.1
[INFO] [stderr]    Compiling httpdate v1.0.3
[INFO] [stderr]    Compiling atomic-waker v1.1.2
[INFO] [stderr]    Compiling typenum v1.20.1
[INFO] [stderr]    Compiling tower-layer v0.3.3
[INFO] [stderr]    Compiling zerovec v0.11.7
[INFO] [stderr]    Compiling zerotrie v0.2.5
[INFO] [stderr]    Compiling rustls-pki-types v1.15.1
[INFO] [stderr]    Compiling tracing-core v0.1.36
[INFO] [stderr]    Compiling ipnet v2.12.1
[INFO] [stderr]    Compiling subtle v2.6.1
[INFO] [stderr]    Compiling http v1.5.0
[INFO] [stderr]    Compiling base64 v0.22.1
[INFO] [stderr]    Compiling zerocopy v0.8.56
[INFO] [stderr]    Compiling zmij v1.0.23
[INFO] [stderr]    Compiling equivalent v1.0.2
[INFO] [stderr]    Compiling ryu v1.0.23
[INFO] [stderr]    Compiling hashbrown v0.17.1
[INFO] [stderr]    Compiling generic-array v0.14.7
[INFO] [stderr]    Compiling memchr v2.8.3
[INFO] [stderr]    Compiling lazy_static v1.5.0
[INFO] [stderr]    Compiling webpki-roots v1.0.9
[INFO] [stderr]    Compiling num-traits v0.2.19
[INFO] [stderr]    Compiling winnow v0.7.15
[INFO] [stderr]    Compiling tracing v0.1.44
[INFO] [stderr]    Compiling tinystr v0.8.4
[INFO] [stderr]    Compiling icu_locale_core v2.3.0
[INFO] [stderr]    Compiling potential_utf v0.1.6
[INFO] [stderr]    Compiling toml_write v0.1.2
[INFO] [stderr]    Compiling icu_collections v2.3.0
[INFO] [stderr]    Compiling iana-time-zone v0.1.65
[INFO] [stderr]    Compiling bitflags v2.13.1
[INFO] [stderr]    Compiling option-ext v0.2.0
[INFO] [stderr]    Compiling thiserror v2.0.20
[INFO] [stderr]    Compiling cpufeatures v0.2.17
[INFO] [stderr]    Compiling utf8parse v0.2.2
[INFO] [stderr]    Compiling anyhow v1.0.104
[INFO] [stderr]    Compiling anstyle-query v1.1.5
[INFO] [stderr]    Compiling anstyle v1.0.14
[INFO] [stderr]    Compiling colorchoice v1.0.5
[INFO] [stderr]    Compiling anstyle-parse v1.0.0
[INFO] [stderr]    Compiling is_terminal_polyfill v1.70.2
[INFO] [stderr]    Compiling regex-syntax v0.8.11
[INFO] [stderr]    Compiling strsim v0.11.1
[INFO] [stderr]    Compiling errno v0.3.14
[INFO] [stderr]    Compiling socket2 v0.6.5
[INFO] [stderr]    Compiling mio v1.2.2
[INFO] [stderr]    Compiling signal-hook-registry v1.4.8
[INFO] [stderr]    Compiling getrandom v0.2.17
[INFO] [stderr]    Compiling block-buffer v0.10.4
[INFO] [stderr]    Compiling crypto-common v0.1.7
[INFO] [stderr]    Compiling dirs-sys v0.4.1
[INFO] [stderr]    Compiling http-body v1.1.0
[INFO] [stderr]    Compiling ring v0.17.14
[INFO] [stderr]    Compiling rand_core v0.6.4
[INFO] [stderr]    Compiling digest v0.10.7
[INFO] [stderr]    Compiling dirs v5.0.1
[INFO] [stderr]    Compiling http-body-util v0.1.5
[INFO] [stderr]    Compiling tokio v1.53.1
[INFO] [stderr]    Compiling indexmap v2.14.0
[INFO] [stderr]    Compiling anstream v1.0.0
[INFO] [stderr]    Compiling clap_lex v1.1.0
[INFO] [stderr]    Compiling futures-sink v0.3.34
[INFO] [stderr]    Compiling sha2 v0.10.9
[INFO] [stderr]    Compiling mime v0.3.17
[INFO] [stderr]    Compiling tracing-log v0.2.0
[INFO] [stderr]    Compiling clap_builder v4.6.6
[INFO] [stderr]    Compiling sharded-slab v0.1.7
[INFO] [stderr]    Compiling thread_local v1.1.10
[INFO] [stderr]    Compiling nu-ansi-term v0.50.3
[INFO] [stderr]    Compiling matchit v0.8.4
[INFO] [stderr]    Compiling is-docker v0.2.0
[INFO] [stderr]    Compiling icu_provider v2.3.0
[INFO] [stderr]    Compiling is-wsl v0.4.0
[INFO] [stderr]    Compiling serde v1.0.229
[INFO] [stderr]    Compiling serde_json v1.0.151
[INFO] [stderr]    Compiling serde_path_to_error v0.1.20
[INFO] [stderr]    Compiling axum-core v0.5.6
[INFO] [stderr]    Compiling open v5.4.1
[INFO] [stderr]    Compiling regex-automata v0.4.18
[INFO] [stderr]    Compiling icu_properties v2.3.0
[INFO] [stderr]    Compiling icu_normalizer v2.3.0
[INFO] [stderr]    Compiling toml_datetime v0.6.11
[INFO] [stderr]    Compiling serde_spanned v0.6.9
[INFO] [stderr]    Compiling serde_urlencoded v0.7.1
[INFO] [stderr]    Compiling chrono v0.4.45
[INFO] [stderr]    Compiling toml_edit v0.22.27
[INFO] [stderr]    Compiling ts-rs v10.1.0
[INFO] [stderr]    Compiling idna_adapter v1.2.2
[INFO] [stderr]    Compiling idna v1.1.0
[INFO] [stderr]    Compiling rustls-webpki v0.103.14
[INFO] [stderr]    Compiling url v2.5.8
[INFO] [stderr]    Compiling clap v4.6.6
[INFO] [stderr]    Compiling rustls v0.23.43
[INFO] [stderr]    Compiling ppv-lite86 v0.2.21
[INFO] [stderr]    Compiling matchers v0.2.0
[INFO] [stderr]    Compiling tracing-subscriber v0.3.23
[INFO] [stderr]    Compiling toml v0.8.23
[INFO] [stderr]    Compiling rand_chacha v0.3.1
[INFO] [stderr]    Compiling rand v0.8.7
[INFO] [stderr]    Compiling hyper v1.11.0
[INFO] [stderr]    Compiling tower v0.5.3
[INFO] [stderr]    Compiling tokio-util v0.7.19
[INFO] [stderr]    Compiling tokio-stream v0.1.19
[INFO] [stderr]    Compiling tower-http v0.6.11
[INFO] [stderr]    Compiling hyper-util v0.1.20
[INFO] [stderr]    Compiling tokio-rustls v0.26.4
[INFO] [stderr]    Compiling axum v0.8.9
[INFO] [stderr]    Compiling hyper-rustls v0.27.9
[INFO] [stderr]    Compiling reqwest v0.12.28
[INFO] [stderr]    Compiling uw-core v0.1.0 (/opt/rustwide/workdir/crates/uw-core)
[INFO] [stderr]    Compiling uwd v0.1.0 (/opt/rustwide/workdir/crates/uwd)
[INFO] [stderr]    Compiling uw-cli v0.1.0 (/opt/rustwide/workdir/crates/uw-cli)
[INFO] [stderr]     Finished `release` profile [optimized] target(s) in 1m 38s
[INFO] running `Command { std: "docker" "inspect" "3644a63fb767b6bd77102f0c0359dbdb60324d8fbf9406be7fcfb29b50edec36", kill_on_drop: false }`
[INFO] running `Command { std: "docker" "exec" "-e" "SOURCE_DIR=/opt/rustwide/workdir" "-e" "CARGO_HOME=/opt/rustwide/cargo-home" "-e" "RUSTUP_HOME=/opt/rustwide/rustup-home" "-e" "CARGO_TARGET_DIR=/opt/rustwide/target" "-e" "CARGO_INCREMENTAL=0" "-e" "RUST_BACKTRACE=full" "-e" "RUSTFLAGS=--cap-lints=warn" "-e" "RUSTDOCFLAGS=--cap-lints=warn" "-w" "/opt/rustwide/workdir" "--user" "0:0" "3644a63fb767b6bd77102f0c0359dbdb60324d8fbf9406be7fcfb29b50edec36" "/opt/rustwide/cargo-home/bin/cargo" "+1.99.0-beta.8" "test" "--frozen" "--release", kill_on_drop: false }`
[INFO] [stderr]     Finished `release` profile [optimized] target(s) in 0.36s
[INFO] [stderr]      Running unittests src/main.rs (/opt/rustwide/target/release/deps/uw-abe05e112f4c2703)
[INFO] [stderr]      Running unittests src/lib.rs (/opt/rustwide/target/release/deps/uw_core-9ddf84e879b1453e)
[INFO] [stdout] 
[INFO] [stdout] running 0 tests
[INFO] [stdout] 
[INFO] [stdout] test result: ok. 0 passed; 0 failed; 0 ignored; 0 measured; 0 filtered out; finished in 0.00s
[INFO] [stdout] 
[INFO] [stdout] 
[INFO] [stdout] running 108 tests
[INFO] [stdout] test auth::oauth::tests::authorize_url_carries_pkce_and_state ... ok
[INFO] [stdout] test auth::pkce::tests::values_are_unique_per_call ... ok
[INFO] [stdout] test auth::store::tests::a_single_oversized_character_still_terminates ... ok
[INFO] [stdout] test auth::store::tests::a_small_credential_uses_one_entry_and_no_parts ... ok
[INFO] [stdout] test auth::store::tests::a_codex_sized_credential_round_trips_through_a_capped_store ... ok
[INFO] [stdout] test auth::store::tests::a_missing_part_is_an_error_not_a_silently_truncated_token ... ok
[INFO] [stdout] test auth::oauth::tests::expiry_uses_skew ... ok
[INFO] [stdout] test auth::store::tests::a_value_that_fits_is_stored_whole ... ok
[INFO] [stdout] test auth::store::tests::an_entry_written_before_chunking_still_loads ... ok
[INFO] [stdout] test auth::loopback::tests::percent_decodes_params ... ok
[INFO] [stdout] test auth::loopback::tests::parses_target_and_params ... ok
[INFO] [stdout] test auth::pkce::tests::challenge_is_s256_of_verifier ... ok
[INFO] [stdout] test auth::store::tests::shrinking_a_credential_leaves_no_stale_parts_behind ... ok
[INFO] [stdout] test auth::store::tests::splitting_covers_the_value_exactly_and_respects_the_limit ... ok
[INFO] [stdout] test auth::oauth::tests::openrouter_authorize_url_carries_only_what_that_flow_defines ... ok
[INFO] [stdout] test auth::store::tests::utf16_is_what_gets_measured ... ok
[INFO] [stdout] test auth::loopback::tests::redirect_uri_uses_localhost_and_the_bound_port ... ok
[INFO] [stdout] test auth::store::tests::splitting_never_cuts_a_character_in_half ... ok
[INFO] [stdout] test auth::oauth::tests::malformed_id_token_is_none_not_panic ... ok
[INFO] [stdout] test auth::oauth::tests::hosted_paste_authorize_url_uses_the_hosted_redirect ... ok
[INFO] [stdout] test auth::pkce::tests::state_and_verifier_are_43_chars_like_the_cli ... ok
[INFO] [stdout] test auth::oauth::tests::extracts_account_id_from_namespaced_claim ... ok
[INFO] [stdout] test config::tests::adding_then_removing_leaves_no_trace ... ok
[INFO] [stdout] test config::tests::a_provider_that_was_never_added_is_not_polled ... ok
[INFO] [stdout] test config::tests::an_old_config_keeps_every_provider_it_used_to_poll ... ok
[INFO] [stdout] test auth::store::tests::deleting_removes_every_part ... ok
[INFO] [stdout] test auth::oauth::tests::splits_hosted_callback_code_and_state ... ok
[INFO] [stdout] test auth::store::tests::part_entries_are_namespaced_under_the_provider ... ok
[INFO] [stdout] test config::tests::removing_forgets_the_position_too ... ok
[INFO] [stdout] test config::tests::loopback_needs_no_token ... ok
[INFO] [stdout] test config::tests::a_network_bind_without_a_token_is_refused ... ok
[INFO] [stdout] test config::tests::a_new_provider_joins_the_end_rather_than_the_middle ... ok
[INFO] [stdout] test config::tests::intervals_never_drop_below_the_floor ... ok
[INFO] [stdout] test config::tests::an_order_naming_junk_is_ignored_rather_than_obeyed ... ok
[INFO] [stdout] test config::tests::a_partial_order_still_shows_every_provider ... ok
[INFO] [stdout] test config::tests::intervals_fall_back_to_the_adapter_defaults ... ok
[INFO] [stdout] test config::tests::a_saved_config_is_stamped_with_the_current_version ... ok
[INFO] [stdout] test limits::tests::an_absurd_wait_is_clamped_rather_than_obeyed ... ok
[INFO] [stdout] test config::tests::round_trips_through_toml ... ok
[INFO] [stdout] test config::tests::setting_auth_adds_the_provider_rather_than_disabling_it ... ok
[INFO] [stdout] test config::tests::without_an_order_the_list_is_alphabetical ... ok
[INFO] [stdout] test limits::tests::an_ordinary_outage_is_left_to_the_backoff ... ok
[INFO] [stdout] test config::tests::migration_runs_once_and_then_leaves_removals_alone ... ok
[INFO] [stdout] test config::tests::parses_hand_written_toml ... ok
[INFO] [stdout] test model::export_bindings_meter ... FAILED
[INFO] [stdout] test limits::tests::a_429_with_a_retry_after_carries_the_wait ... ok
[INFO] [stdout] test limits::tests::a_429_without_one_is_still_a_rate_limit ... ok
[INFO] [stdout] test model::export_bindings_meterkind ... FAILED
[INFO] [stdout] test config::tests::the_order_round_trips_through_toml ... ok
[INFO] [stdout] test limits::tests::a_header_we_cannot_read_is_absent_not_zero ... ok
[INFO] [stdout] test model::export_bindings_authkind ... FAILED
[INFO] [stdout] test model::export_bindings_period ... FAILED
[INFO] [stdout] test providers::claude::tests::parses_real_payload ... ok
[INFO] [stdout] test providers::claude::cli_parity::authorize_url_matches_claude_codes_own_builder ... ok
[INFO] [stdout] test model::export_bindings_provider ... FAILED
[INFO] [stdout] test providers::claude::cli_parity::refresh_drops_the_api_key_scope ... ok
[INFO] [stdout] test providers::claude::profile_tests::maps_the_organization_types_the_cli_knows ... ok
[INFO] [stdout] test providers::claude::profile_tests::profile_without_an_organization_parses ... ok
[INFO] [stdout] test model::export_bindings_severity ... FAILED
[INFO] [stdout] test providers::claude::profile_tests::unknown_organization_type_yields_no_plan ... ok
[INFO] [stdout] test model::export_bindings_snapshot ... FAILED
[INFO] [stdout] test model::export_bindings_status ... FAILED
[INFO] [stdout] test providers::claude::tests::unknown_limit_kinds_still_render ... ok
[INFO] [stdout] test providers::codex::tests::credits_not_part_of_the_plan_are_hidden ... ok
[INFO] [stdout] test providers::codex::tests::hour_windows_label_correctly ... ok
[INFO] [stdout] test providers::codex::tests::unlimited_credits_are_never_critical ... ok
[INFO] [stdout] test providers::manifest::export_bindings_loginkind ... FAILED
[INFO] [stdout] test providers::export_bindings_authpreference ... FAILED
[INFO] [stdout] test providers::manifest::export_bindings_authmethod ... FAILED
[INFO] [stdout] test providers::manifest::export_bindings_providerinfo ... FAILED
[INFO] [stdout] test providers::codex::tests::missing_rate_limit_yields_no_windows_not_an_error ... ok
[INFO] [stdout] test providers::codex::tests::parses_real_payload ... ok
[INFO] [stdout] test auth::oauth::tests::a_key_exchange_flow_refuses_to_refresh ... ok
[INFO] [stdout] test providers::codex::tests::real_credit_balance_is_shown_and_scored ... ok
[INFO] [stdout] test config::tests::an_untouched_config_writes_no_order_at_all ... ok
[INFO] [stdout] test config::tests::disabling_is_not_removing ... ok
[INFO] [stdout] test config::tests::reordering_puts_them_where_it_says ... ok
[INFO] [stdout] test providers::claude::tests::delegated_read_never_exposes_a_refresh_token ... ok
[INFO] [stdout] test providers::manifest::export_bindings_tokenprompt ... FAILED
[INFO] [stdout] test providers::opencode::tests::rate_limited_is_critical_whatever_the_percentage_says ... ok
[INFO] [stdout] test providers::manifest::tests::a_file_without_a_login_says_why ... ok
[INFO] [stdout] test providers::opencode::tests::the_pre_reshape_percent_field_still_reads ... ok
[INFO] [stdout] test providers::opencode::tests::the_manifest_offers_a_paste_but_never_a_browser_login ... ok
[INFO] [stdout] test providers::openrouter::tests::a_capped_key_reports_its_own_remaining ... ok
[INFO] [stdout] test providers::openrouter::tests::a_free_key_with_nothing_to_measure_says_so_rather_than_looking_broken ... ok
[INFO] [stdout] test providers::manifest::tests::a_readable_vendor_credential_is_offered ... ok
[INFO] [stdout] test providers::openrouter::tests::a_nearly_empty_wallet_is_critical ... ok
[INFO] [stdout] test providers::opencode::tests::a_window_the_endpoint_omits_gets_no_row ... ok
[INFO] [stdout] test providers::openrouter::tests::an_uncapped_key_reports_no_key_limit_row ... ok
[INFO] [stdout] test providers::openrouter::tests::credits_become_a_bounded_balance ... ok
[INFO] [stdout] test providers::openrouter::tests::zero_spend_gets_no_row ... ok
[INFO] [stdout] test providers::tests::delegated_is_the_default_preference ... ok
[INFO] [stdout] test providers::tests::every_provider_polls_on_the_same_rhythm ... ok
[INFO] [stdout] test providers::tests::reads_jwt_expiry ... ok
[INFO] [stdout] test providers::tests::the_active_rate_stays_clear_of_the_floor ... ok
[INFO] [stdout] test providers::opencode::tests::prefers_the_go_key_over_the_zen_key ... ok
[INFO] [stdout] test providers::tests::bad_jwt_is_none ... ok
[INFO] [stdout] test providers::openrouter::tests::monthly_spend_is_context_and_never_raises_an_alarm ... ok
[INFO] [stdout] test providers::openrouter::tests::own_grant_is_the_default_because_there_is_no_cli_to_borrow_from ... ok
[INFO] [stdout] test providers::openrouter::tests::losing_the_credits_endpoint_still_produces_a_usable_tile ... ok
[INFO] [stdout] test providers::claude::tests::severity_tracks_percentage ... ok
[INFO] [stdout] test providers::manifest::tests::a_missing_file_is_simply_not_signed_in ... ok
[INFO] [stdout] test providers::opencode::tests::a_200_we_cannot_read_is_an_error_not_an_empty_green_tile ... ok
[INFO] [stdout] test providers::opencode::tests::an_elapsed_reset_instant_is_dropped_rather_than_counted_down_from ... ok
[INFO] [stdout] test providers::opencode::tests::parses_all_three_windows ... ok
[INFO] [stdout] test providers::opencode::tests::there_is_no_login_and_the_error_names_the_alternative ... ok
[INFO] [stdout] test providers::opencode::tests::falls_back_to_the_zen_key_and_ignores_unrelated_providers ... ok
[INFO] [stdout] test config::tests::a_network_bind_with_a_token_is_allowed ... ok
[INFO] [stdout] 
[INFO] [stdout] failures:
[INFO] [stdout] 
[INFO] [stdout] ---- model::export_bindings_meter stdout ----
[INFO] [stdout] 
[INFO] [stdout] thread 'model::export_bindings_meter' (3448) panicked at crates/uw-core/src/model.rs:61:10:
[INFO] [stdout] could not export type: Io(Os { code: 30, kind: ReadOnlyFilesystem, message: "Read-only file system" })
[INFO] [stdout] stack backtrace:
[INFO] [stdout]    0:     0x59472a904b35 - <unknown>
[INFO] [stdout]    1:     0x59472a834704 - <unknown>
[INFO] [stdout]    2:     0x59472a9041db - <unknown>
[INFO] [stdout]    3:     0x59472a903dd9 - <unknown>
[INFO] [stdout]    4:     0x59472a903a5a - <unknown>
[INFO] [stdout]    5:     0x59472a903593 - <unknown>
[INFO] [stdout]    6:     0x59472a929531 - <unknown>
[INFO] [stdout]    7:     0x59472a9294e9 - <unknown>
[INFO] [stdout]    8:     0x59472a9299ec - <unknown>
[INFO] [stdout]    9:     0x59472a83459b - <unknown>
[INFO] [stdout]   10:     0x59472a838eb1 - <unknown>
[INFO] [stdout]   11:     0x59472a8109bf - <unknown>
[INFO] [stdout]   12:     0x59472a81ec6b - <unknown>
[INFO] [stdout]   13:     0x59472a9457cb - <unknown>
[INFO] [stdout]   14:     0x59472a9416d2 - <unknown>
[INFO] [stdout]   15:     0x59472a94117c - <unknown>
[INFO] [stdout]   16:     0x59472a95a4cc - <unknown>
[INFO] [stdout]   17:     0x59472a92b22a - <unknown>
[INFO] [stdout]   18:     0x7ce656f0bdfa - <unknown>
[INFO] [stdout]   19:     0x7ce656f9f3d4 - clone
[INFO] [stdout]   20:                0x0 - <unknown>
[INFO] [stdout] 
[INFO] [stdout] ---- model::export_bindings_meterkind stdout ----
[INFO] [stdout] 
[INFO] [stdout] thread 'model::export_bindings_meterkind' (3449) panicked at crates/uw-core/src/model.rs:70:10:
[INFO] [stdout] could not export type: Io(Os { code: 30, kind: ReadOnlyFilesystem, message: "Read-only file system" })
[INFO] [stdout] stack backtrace:
[INFO] [stdout]    0:     0x59472a904b35 - <unknown>
[INFO] [stdout]    1:     0x59472a834704 - <unknown>
[INFO] [stdout]    2:     0x59472a9041db - <unknown>
[INFO] [stdout]    3:     0x59472a903dd9 - <unknown>
[INFO] [stdout]    4:     0x59472a903a5a - <unknown>
[INFO] [stdout]    5:     0x59472a903593 - <unknown>
[INFO] [stdout]    6:     0x59472a929531 - <unknown>
[INFO] [stdout]    7:     0x59472a9294e9 - <unknown>
[INFO] [stdout]    8:     0x59472a9299ec - <unknown>
[INFO] [stdout]    9:     0x59472a83459b - <unknown>
[INFO] [stdout]   10:     0x59472a838eb1 - <unknown>
[INFO] [stdout]   11:     0x59472a8109bf - <unknown>
[INFO] [stdout]   12:     0x59472a81fd10 - <unknown>
[INFO] [stdout]   13:     0x59472a9457cb - <unknown>
[INFO] [stdout]   14:     0x59472a9416d2 - <unknown>
[INFO] [stdout]   15:     0x59472a94117c - <unknown>
[INFO] [stdout]   16:     0x59472a95a4cc - <unknown>
[INFO] [stdout]   17:     0x59472a92b22a - <unknown>
[INFO] [stdout]   18:     0x7ce656f0bdfa - <unknown>
[INFO] [stdout]   19:     0x7ce656f9f3d4 - clone
[INFO] [stdout]   20:                0x0 - <unknown>
[INFO] [stdout] 
[INFO] [stdout] ---- model::export_bindings_authkind stdout ----
[INFO] [stdout] 
[INFO] [stdout] thread 'model::export_bindings_authkind' (3447) panicked at crates/uw-core/src/model.rs:49:10:
[INFO] [stdout] could not export type: Io(Os { code: 30, kind: ReadOnlyFilesystem, message: "Read-only file system" })
[INFO] [stdout] stack backtrace:
[INFO] [stdout]    0:     0x59472a904b35 - <unknown>
[INFO] [stdout]    1:     0x59472a834704 - <unknown>
[INFO] [stdout]    2:     0x59472a9041db - <unknown>
[INFO] [stdout]    3:     0x59472a903dd9 - <unknown>
[INFO] [stdout]    4:     0x59472a903a5a - <unknown>
[INFO] [stdout]    5:     0x59472a903593 - <unknown>
[INFO] [stdout]    6:     0x59472a929531 - <unknown>
[INFO] [stdout]    7:     0x59472a9294e9 - <unknown>
[INFO] [stdout]    8:     0x59472a9299ec - <unknown>
[INFO] [stdout]    9:     0x59472a83459b - <unknown>
[INFO] [stdout]   10:     0x59472a838eb1 - <unknown>
[INFO] [stdout]   11:     0x59472a8109bf - <unknown>
[INFO] [stdout]   12:     0x59472a81ee5d - <unknown>
[INFO] [stdout]   13:     0x59472a9457cb - <unknown>
[INFO] [stdout]   14:     0x59472a9416d2 - <unknown>
[INFO] [stdout]   15:     0x59472a94117c - <unknown>
[INFO] [stdout]   16:     0x59472a95a4cc - <unknown>
[INFO] [stdout]   17:     0x59472a92b22a - <unknown>
[INFO] [stdout]   18:     0x7ce656f0bdfa - <unknown>
[INFO] [stdout]   19:     0x7ce656f9f3d4 - clone
[INFO] [stdout]   20:                0x0 - <unknown>
[INFO] [stdout] 
[INFO] [stdout] ---- model::export_bindings_period stdout ----
[INFO] [stdout] 
[INFO] [stdout] thread 'model::export_bindings_period' (3450) panicked at crates/uw-core/src/model.rs:95:10:
[INFO] [stdout] could not export type: Io(Os { code: 30, kind: ReadOnlyFilesystem, message: "Read-only file system" })
[INFO] [stdout] stack backtrace:
[INFO] [stdout]    0:     0x59472a904b35 - <unknown>
[INFO] [stdout]    1:     0x59472a834704 - <unknown>
[INFO] [stdout]    2:     0x59472a9041db - <unknown>
[INFO] [stdout]    3:     0x59472a903dd9 - <unknown>
[INFO] [stdout]    4:     0x59472a903a5a - <unknown>
[INFO] [stdout]    5:     0x59472a903593 - <unknown>
[INFO] [stdout]    6:     0x59472a929531 - <unknown>
[INFO] [stdout]    7:     0x59472a9294e9 - <unknown>
[INFO] [stdout]    8:     0x59472a9299ec - <unknown>
[INFO] [stdout]    9:     0x59472a83459b - <unknown>
[INFO] [stdout]   10:     0x59472a838eb1 - <unknown>
[INFO] [stdout]   11:     0x59472a8109bf - <unknown>
[INFO] [stdout]   12:     0x59472a81ed11 - <unknown>
[INFO] [stdout]   13:     0x59472a9457cb - <unknown>
[INFO] [stdout]   14:     0x59472a9416d2 - <unknown>
[INFO] [stdout]   15:     0x59472a94117c - <unknown>
[INFO] [stdout]   16:     0x59472a95a4cc - <unknown>
[INFO] [stdout]   17:     0x59472a92b22a - <unknown>
[INFO] [stdout]   18:     0x7ce656f0bdfa - <unknown>
[INFO] [stdout]   19:     0x7ce656f9f3d4 - clone
[INFO] [stdout]   20:                0x0 - <unknown>
[INFO] [stdout] 
[INFO] [stdout] ---- model::export_bindings_provider stdout ----
[INFO] [stdout] 
[INFO] [stdout] thread 'model::export_bindings_provider' (3451) panicked at crates/uw-core/src/model.rs:22:10:
[INFO] [stdout] could not export type: Io(Os { code: 30, kind: ReadOnlyFilesystem, message: "Read-only file system" })
[INFO] [stdout] stack backtrace:
[INFO] [stdout]    0:     0x59472a904b35 - <unknown>
[INFO] [stdout]    1:     0x59472a834704 - <unknown>
[INFO] [stdout]    2:     0x59472a9041db - <unknown>
[INFO] [stdout]    3:     0x59472a903dd9 - <unknown>
[INFO] [stdout]    4:     0x59472a903a5a - <unknown>
[INFO] [stdout]    5:     0x59472a903593 - <unknown>
[INFO] [stdout]    6:     0x59472a929531 - <unknown>
[INFO] [stdout]    7:     0x59472a9294e9 - <unknown>
[INFO] [stdout]    8:     0x59472a9299ec - <unknown>
[INFO] [stdout]    9:     0x59472a83459b - <unknown>
[INFO] [stdout]   10:     0x59472a838eb1 - <unknown>
[INFO] [stdout]   11:     0x59472a8109bf - <unknown>
[INFO] [stdout]   12:     0x59472a81ef03 - <unknown>
[INFO] [stdout]   13:     0x59472a9457cb - <unknown>
[INFO] [stdout]   14:     0x59472a9416d2 - <unknown>
[INFO] [stdout]   15:     0x59472a94117c - <unknown>
[INFO] [stdout]   16:     0x59472a95a4cc - <unknown>
[INFO] [stdout]   17:     0x59472a92b22a - <unknown>
[INFO] [stdout]   18:     0x7ce656f0bdfa - <unknown>
[INFO] [stdout]   19:     0x7ce656f9f3d4 - clone
[INFO] [stdout]   20:                0x0 - <unknown>
[INFO] [stdout] 
[INFO] [stdout] ---- model::export_bindings_severity stdout ----
[INFO] [stdout] 
[INFO] [stdout] thread 'model::export_bindings_severity' (3452) panicked at crates/uw-core/src/model.rs:107:10:
[INFO] [stdout] could not export type: Io(Os { code: 30, kind: ReadOnlyFilesystem, message: "Read-only file system" })
[INFO] [stdout] stack backtrace:
[INFO] [stdout]    0:     0x59472a904b35 - <unknown>
[INFO] [stdout]    1:     0x59472a834704 - <unknown>
[INFO] [stdout]    2:     0x59472a9041db - <unknown>
[INFO] [stdout]    3:     0x59472a903dd9 - <unknown>
[INFO] [stdout]    4:     0x59472a903a5a - <unknown>
[INFO] [stdout]    5:     0x59472a903593 - <unknown>
[INFO] [stdout]    6:     0x59472a929531 - <unknown>
[INFO] [stdout]    7:     0x59472a9294e9 - <unknown>
[INFO] [stdout]    8:     0x59472a9299ec - <unknown>
[INFO] [stdout]    9:     0x59472a83459b - <unknown>
[INFO] [stdout]   10:     0x59472a838eb1 - <unknown>
[INFO] [stdout]   11:     0x59472a8109bf - <unknown>
[INFO] [stdout]   12:     0x59472a81efa9 - <unknown>
[INFO] [stdout]   13:     0x59472a9457cb - <unknown>
[INFO] [stdout]   14:     0x59472a9416d2 - <unknown>
[INFO] [stdout]   15:     0x59472a94117c - <unknown>
[INFO] [stdout]   16:     0x59472a95a4cc - <unknown>
[INFO] [stdout]   17:     0x59472a92b22a - <unknown>
[INFO] [stdout]   18:     0x7ce656f0bdfa - <unknown>
[INFO] [stdout]   19:     0x7ce656f9f3d4 - clone
[INFO] [stdout]   20:                0x0 - <unknown>
[INFO] [stdout] 
[INFO] [stdout] ---- model::export_bindings_snapshot stdout ----
[INFO] [stdout] 
[INFO] [stdout] thread 'model::export_bindings_snapshot' (3453) panicked at crates/uw-core/src/model.rs:15:10:
[INFO] [stdout] could not export type: Io(Os { code: 30, kind: ReadOnlyFilesystem, message: "Read-only file system" })
[INFO] [stdout] stack backtrace:
[INFO] [stdout]    0:     0x59472a904b35 - <unknown>
[INFO] [stdout]    1:     0x59472a834704 - <unknown>
[INFO] [stdout]    2:     0x59472a9041db - <unknown>
[INFO] [stdout]    3:     0x59472a903dd9 - <unknown>
[INFO] [stdout]    4:     0x59472a903a5a - <unknown>
[INFO] [stdout]    5:     0x59472a903593 - <unknown>
[INFO] [stdout]    6:     0x59472a929531 - <unknown>
[INFO] [stdout]    7:     0x59472a9294e9 - <unknown>
[INFO] [stdout]    8:     0x59472a9299ec - <unknown>
[INFO] [stdout]    9:     0x59472a83459b - <unknown>
[INFO] [stdout]   10:     0x59472a838eb1 - <unknown>
[INFO] [stdout]   11:     0x59472a8109bf - <unknown>
[INFO] [stdout]   12:     0x59472a81f9f4 - <unknown>
[INFO] [stdout]   13:     0x59472a9457cb - <unknown>
[INFO] [stdout]   14:     0x59472a9416d2 - <unknown>
[INFO] [stdout]   15:     0x59472a94117c - <unknown>
[INFO] [stdout]   16:     0x59472a95a4cc - <unknown>
[INFO] [stdout]   17:     0x59472a92b22a - <unknown>
[INFO] [stdout]   18:     0x7ce656f0bdfa - <unknown>
[INFO] [stdout]   19:     0x7ce656f9f3d4 - clone
[INFO] [stdout]   20:                0x0 - <unknown>
[INFO] [stdout] 
[INFO] [stdout] ---- model::export_bindings_status stdout ----
[INFO] [stdout] 
[INFO] [stdout] thread 'model::export_bindings_status' (3454) panicked at crates/uw-core/src/model.rs:36:10:
[INFO] [stdout] could not export type: Io(Os { code: 30, kind: ReadOnlyFilesystem, message: "Read-only file system" })
[INFO] [stdout] stack backtrace:
[INFO] [stdout]    0:     0x59472a904b35 - <unknown>
[INFO] [stdout]    1:     0x59472a834704 - <unknown>
[INFO] [stdout]    2:     0x59472a9041db - <unknown>
[INFO] [stdout]    3:     0x59472a903dd9 - <unknown>
[INFO] [stdout]    4:     0x59472a903a5a - <unknown>
[INFO] [stdout]    5:     0x59472a903593 - <unknown>
[INFO] [stdout]    6:     0x59472a929531 - <unknown>
[INFO] [stdout]    7:     0x59472a9294e9 - <unknown>
[INFO] [stdout]    8:     0x59472a9299ec - <unknown>
[INFO] [stdout]    9:     0x59472a83459b - <unknown>
[INFO] [stdout]   10:     0x59472a838eb1 - <unknown>
[INFO] [stdout]   11:     0x59472a8109bf - <unknown>
[INFO] [stdout]   12:     0x59472a81edb7 - <unknown>
[INFO] [stdout]   13:     0x59472a9457cb - <unknown>
[INFO] [stdout]   14:     0x59472a9416d2 - <unknown>
[INFO] [stdout]   15:     0x59472a94117c - <unknown>
[INFO] [stdout]   16:     0x59472a95a4cc - <unknown>
[INFO] [stdout]   17:     0x59472a92b22a - <unknown>
[INFO] [stdout]   18:     0x7ce656f0bdfa - <unknown>
[INFO] [stdout]   19:     0x7ce656f9f3d4 - clone
[INFO] [stdout]   20:                0x0 - <unknown>
[INFO] [stdout] 
[INFO] [stdout] ---- providers::manifest::export_bindings_loginkind stdout ----
[INFO] [stdout] 
[INFO] [stdout] thread 'providers::manifest::export_bindings_loginkind' (3472) panicked at crates/uw-core/src/providers/manifest.rs:71:10:
[INFO] [stdout] could not export type: Io(Os { code: 30, kind: ReadOnlyFilesystem, message: "Read-only file system" })
[INFO] [stdout] stack backtrace:
[INFO] [stdout]    0:     0x59472a904b35 - <unknown>
[INFO] [stdout]    1:     0x59472a834704 - <unknown>
[INFO] [stdout]    2:     0x59472a9041db - <unknown>
[INFO] [stdout]    3:     0x59472a903dd9 - <unknown>
[INFO] [stdout]    4:     0x59472a903a5a - <unknown>
[INFO] [stdout]    5:     0x59472a903593 - <unknown>
[INFO] [stdout]    6:     0x59472a929531 - <unknown>
[INFO] [stdout]    7:     0x59472a9294e9 - <unknown>
[INFO] [stdout]    8:     0x59472a9299ec - <unknown>
[INFO] [stdout]    9:     0x59472a83459b - <unknown>
[INFO] [stdout]   10:     0x59472a838eb1 - <unknown>
[INFO] [stdout]   11:     0x59472a8109bf - <unknown>
[INFO] [stdout]   12:     0x59472a823401 - <unknown>
[INFO] [stdout]   13:     0x59472a9457cb - <unknown>
[INFO] [stdout]   14:     0x59472a9416d2 - <unknown>
[INFO] [stdout]   15:     0x59472a94117c - <unknown>
[INFO] [stdout]   16:     0x59472a95a4cc - <unknown>
[INFO] [stdout]   17:     0x59472a92b22a - <unknown>
[INFO] [stdout]   18:     0x7ce656f0bdfa - <unknown>
[INFO] [stdout]   19:     0x7ce656f9f3d4 - clone
[INFO] [stdout]   20:                0x0 - <unknown>
[INFO] [stdout] 
[INFO] [stdout] ---- providers::export_bindings_authpreference stdout ----
[INFO] [stdout] 
[INFO] [stdout] thread 'providers::export_bindings_authpreference' (3470) panicked at crates/uw-core/src/providers/mod.rs:24:5:
[INFO] [stdout] could not export type: Io(Os { code: 30, kind: ReadOnlyFilesystem, message: "Read-only file system" })
[INFO] [stdout] stack backtrace:
[INFO] [stdout]    0:     0x59472a904b35 - <unknown>
[INFO] [stdout]    1:     0x59472a834704 - <unknown>
[INFO] [stdout]    2:     0x59472a9041db - <unknown>
[INFO] [stdout]    3:     0x59472a903dd9 - <unknown>
[INFO] [stdout]    4:     0x59472a903a5a - <unknown>
[INFO] [stdout]    5:     0x59472a903593 - <unknown>
[INFO] [stdout]    6:     0x59472a929531 - <unknown>
[INFO] [stdout]    7:     0x59472a9294e9 - <unknown>
[INFO] [stdout]    8:     0x59472a9299ec - <unknown>
[INFO] [stdout]    9:     0x59472a83459b - <unknown>
[INFO] [stdout]   10:     0x59472a838eb1 - <unknown>
[INFO] [stdout]   11:     0x59472a8109bf - <unknown>
[INFO] [stdout]   12:     0x59472a81fdb6 - <unknown>
[INFO] [stdout]   13:     0x59472a9457cb - <unknown>
[INFO] [stdout]   14:     0x59472a9416d2 - <unknown>
[INFO] [stdout]   15:     0x59472a94117c - <unknown>
[INFO] [stdout]   16:     0x59472a95a4cc - <unknown>
[INFO] [stdout]   17:     0x59472a92b22a - <unknown>
[INFO] [stdout]   18:     0x7ce656f0bdfa - <unknown>
[INFO] [stdout]   19:     0x7ce656f9f3d4 - clone
[INFO] [stdout]   20:                0x0 - <unknown>
[INFO] [stdout] 
[INFO] [stdout] ---- providers::manifest::export_bindings_authmethod stdout ----
[INFO] [stdout] 
[INFO] [stdout] thread 'providers::manifest::export_bindings_authmethod' (3471) panicked at crates/uw-core/src/providers/manifest.rs:47:10:
[INFO] [stdout] could not export type: Io(Os { code: 30, kind: ReadOnlyFilesystem, message: "Read-only file system" })
[INFO] [stdout] stack backtrace:
[INFO] [stdout]    0:     0x59472a904b35 - <unknown>
[INFO] [stdout]    1:     0x59472a834704 - <unknown>
[INFO] [stdout]    2:     0x59472a9041db - <unknown>
[INFO] [stdout]    3:     0x59472a903dd9 - <unknown>
[INFO] [stdout]    4:     0x59472a903a5a - <unknown>
[INFO] [stdout]    5:     0x59472a903593 - <unknown>
[INFO] [stdout]    6:     0x59472a929531 - <unknown>
[INFO] [stdout]    7:     0x59472a9294e9 - <unknown>
[INFO] [stdout]    8:     0x59472a9299ec - <unknown>
[INFO] [stdout]    9:     0x59472a83459b - <unknown>
[INFO] [stdout]   10:     0x59472a838eb1 - <unknown>
[INFO] [stdout]   11:     0x59472a8109bf - <unknown>
[INFO] [stdout]   12:     0x59472a8234a7 - <unknown>
[INFO] [stdout]   13:     0x59472a9457cb - <unknown>
[INFO] [stdout]   14:     0x59472a9416d2 - <unknown>
[INFO] [stdout]   15:     0x59472a94117c - <unknown>
[INFO] [stdout]   16:     0x59472a95a4cc - <unknown>
[INFO] [stdout]   17:     0x59472a92b22a - <unknown>
[INFO] [stdout]   18:     0x7ce656f0bdfa - <unknown>
[INFO] [stdout]   19:     0x7ce656f9f3d4 - clone
[INFO] [stdout]   20:                0x0 - <unknown>
[INFO] [stdout] 
[INFO] [stdout] ---- providers::manifest::export_bindings_providerinfo stdout ----
[INFO] [stdout] 
[INFO] [stdout] thread 'providers::manifest::export_bindings_providerinfo' (3473) panicked at crates/uw-core/src/providers/manifest.rs:23:10:
[INFO] [stdout] could not export type: Io(Os { code: 30, kind: ReadOnlyFilesystem, message: "Read-only file system" })
[INFO] [stdout] stack backtrace:
[INFO] [stdout]    0:     0x59472a904b35 - <unknown>
[INFO] [stdout]    1:     0x59472a834704 - <unknown>
[INFO] [stdout]    2:     0x59472a9041db - <unknown>
[INFO] [stdout]    3:     0x59472a903dd9 - <unknown>
[INFO] [stdout]    4:     0x59472a903a5a - <unknown>
[INFO] [stdout]    5:     0x59472a903593 - <unknown>
[INFO] [stdout]    6:     0x59472a929531 - <unknown>
[INFO] [stdout]    7:     0x59472a9294e9 - <unknown>
[INFO] [stdout]    8:     0x59472a9299ec - <unknown>
[INFO] [stdout]    9:     0x59472a83459b - <unknown>
[INFO] [stdout]   10:     0x59472a838eb1 - <unknown>
[INFO] [stdout]   11:     0x59472a8109bf - <unknown>
[INFO] [stdout]   12:     0x59472a8241f8 - <unknown>
[INFO] [stdout]   13:     0x59472a9457cb - <unknown>
[INFO] [stdout]   14:     0x59472a9416d2 - <unknown>
[INFO] [stdout]   15:     0x59472a94117c - <unknown>
[INFO] [stdout]   16:     0x59472a95a4cc - <unknown>
[INFO] [stdout]   17:     0x59472a92b22a - <unknown>
[INFO] [stdout]   18:     0x7ce656f0bdfa - <unknown>
[INFO] [stdout]   19:     0x7ce656f9f3d4 - clone
[INFO] [stdout]   20:                0x0 - <unknown>
[INFO] [stdout] 
[INFO] [stdout] ---- providers::manifest::export_bindings_tokenprompt stdout ----
[INFO] [stdout] 
[INFO] [stdout] thread 'providers::manifest::export_bindings_tokenprompt' (3474) panicked at crates/uw-core/src/providers/manifest.rs:88:10:
[INFO] [stdout] could not export type: Io(Os { code: 30, kind: ReadOnlyFilesystem, message: "Read-only file system" })
[INFO] [stdout] stack backtrace:
[INFO] [stdout]    0:     0x59472a904b35 - <unknown>
[INFO] [stdout]    1:     0x59472a834704 - <unknown>
[INFO] [stdout]    2:     0x59472a9041db - <unknown>
[INFO] [stdout]    3:     0x59472a903dd9 - <unknown>
[INFO] [stdout]    4:     0x59472a903a5a - <unknown>
[INFO] [stdout]    5:     0x59472a903593 - <unknown>
[INFO] [stdout]    6:     0x59472a929531 - <unknown>
[INFO] [stdout]    7:     0x59472a9294e9 - <unknown>
[INFO] [stdout]    8:     0x59472a9299ec - <unknown>
[INFO] [stdout]    9:     0x59472a83459b - <unknown>
[INFO] [stdout]   10:     0x59472a838eb1 - <unknown>
[INFO] [stdout]   11:     0x59472a8109bf - <unknown>
[INFO] [stdout]   12:     0x59472a82354d - <unknown>
[INFO] [stdout]   13:     0x59472a9457cb - <unknown>
[INFO] [stdout]   14:     0x59472a9416d2 - <unknown>
[INFO] [stdout]   15:     0x59472a94117c - <unknown>
[INFO] [stdout]   16:     0x59472a95a4cc - <unknown>
[INFO] [stdout]   17:     0x59472a92b22a - <unknown>
[INFO] [stdout]   18:     0x7ce656f0bdfa - <unknown>
[INFO] [stdout]   19:     0x7ce656f9f3d4 - clone
[INFO] [stdout]   20:                0x0 - <unknown>
[INFO] [stdout] 
[INFO] [stdout] 
[INFO] [stdout] failures:
[INFO] [stdout]     model::export_bindings_authkind
[INFO] [stdout]     model::export_bindings_meter
[INFO] [stdout]     model::export_bindings_meterkind
[INFO] [stdout]     model::export_bindings_period
[INFO] [stdout]     model::export_bindings_provider
[INFO] [stdout]     model::export_bindings_severity
[INFO] [stdout]     model::export_bindings_snapshot
[INFO] [stdout]     model::export_bindings_status
[INFO] [stdout]     providers::export_bindings_authpreference
[INFO] [stdout]     providers::manifest::export_bindings_authmethod
[INFO] [stdout]     providers::manifest::export_bindings_loginkind
[INFO] [stdout]     providers::manifest::export_bindings_providerinfo
[INFO] [stdout]     providers::manifest::export_bindings_tokenprompt
[INFO] [stdout] 
[INFO] [stdout] test result: FAILED. 95 passed; 13 failed; 0 ignored; 0 measured; 0 filtered out; finished in 0.15s
[INFO] [stdout] 
[INFO] [stderr] error: test failed, to rerun pass `-p uw-core --lib`
[INFO] running `Command { std: "docker" "inspect" "3644a63fb767b6bd77102f0c0359dbdb60324d8fbf9406be7fcfb29b50edec36", kill_on_drop: false }`
[INFO] running `Command { std: "docker" "rm" "-f" "3644a63fb767b6bd77102f0c0359dbdb60324d8fbf9406be7fcfb29b50edec36", kill_on_drop: false }`
[INFO] [stdout] 3644a63fb767b6bd77102f0c0359dbdb60324d8fbf9406be7fcfb29b50edec36
