[INFO] cloning repository https://github.com/x13a/am-rate-bot
[INFO] running `Command { std: "git" "-c" "credential.helper=" "-c" "credential.helper=/workspace/cargo-home/bin/git-credential-null" "clone" "--bare" "https://github.com/x13a/am-rate-bot" "/workspace/cache/git-repos/https%3A%2F%2Fgithub.com%2Fx13a%2Fam-rate-bot", kill_on_drop: false }`
[INFO] [stderr] Cloning into bare repository '/workspace/cache/git-repos/https%3A%2F%2Fgithub.com%2Fx13a%2Fam-rate-bot'...
[INFO] running `Command { std: "git" "rev-parse" "HEAD", kill_on_drop: false }`
[INFO] [stdout] 05d8c4093d5799580f98d9ddec005137f3fd056b
[INFO] testing x13a/am-rate-bot against 1.100.0-beta.1+cargoflags=--release for beta-release-1.100-2
[INFO] running `Command { std: "git" "clone" "/workspace/cache/git-repos/https%3A%2F%2Fgithub.com%2Fx13a%2Fam-rate-bot" "/workspace/builds/worker-7-tc2/source", kill_on_drop: false }`
[INFO] [stderr] Cloning into '/workspace/builds/worker-7-tc2/source'...
[INFO] [stderr] done.
[INFO] started tweaking git repo https://github.com/x13a/am-rate-bot
[INFO] finished tweaking git repo https://github.com/x13a/am-rate-bot
[INFO] tweaked toml for git repo https://github.com/x13a/am-rate-bot written to /workspace/builds/worker-7-tc2/source/Cargo.toml
[INFO] validating manifest of git repo https://github.com/x13a/am-rate-bot on toolchain 1.100.0-beta.1
[INFO] running `Command { std: CARGO_HOME="/workspace/cargo-home" RUSTUP_HOME="/workspace/rustup-home" "/workspace/cargo-home/bin/cargo" "+1.100.0-beta.1" "metadata" "--manifest-path" "Cargo.toml" "--no-deps", kill_on_drop: false }`
[INFO] crate git repo https://github.com/x13a/am-rate-bot already has a lockfile, it will not be regenerated
[INFO] running `Command { std: CARGO_HOME="/workspace/cargo-home" RUSTUP_HOME="/workspace/rustup-home" "/workspace/cargo-home/bin/cargo" "+1.100.0-beta.1" "fetch" "--manifest-path" "Cargo.toml", kill_on_drop: false }`
[INFO] running `Command { std: "docker" "create" "-v" "/var/lib/crater-agent-workspace/builds/worker-7-tc2/source:/opt/rustwide/workdir:ro,Z" "-v" "/var/lib/crater-agent-workspace/builds/worker-7-tc2/target:/opt/rustwide/target:rw,Z" "-v" "/var/lib/crater-agent-workspace/cargo-home:/opt/rustwide/cargo-home:ro,Z" "-v" "/var/lib/crater-agent-workspace/rustup-home:/opt/rustwide/rustup-home:ro,Z" "-m" "1610612736" "--network" "none" "ghcr.io/rust-lang/crates-build-env/linux@sha256:77db811e55d90add9212f6832c23229e3de5f1c1f9905e8cb07319ea15df73ac" "sleep" "infinity", kill_on_drop: false }`
[INFO] [stdout] 276b11414cbcee13c00dbea964cf82562387688491e2a5b266f7edc01258e42c
[INFO] running `Command { std: "docker" "start" "276b11414cbcee13c00dbea964cf82562387688491e2a5b266f7edc01258e42c", kill_on_drop: false }`
[INFO] running `Command { std: "docker" "inspect" "276b11414cbcee13c00dbea964cf82562387688491e2a5b266f7edc01258e42c", kill_on_drop: false }`
[INFO] running `Command { std: "docker" "exec" "-e" "SOURCE_DIR=/opt/rustwide/workdir" "-e" "CARGO_HOME=/opt/rustwide/cargo-home" "-e" "RUSTUP_HOME=/opt/rustwide/rustup-home" "-e" "CARGO_TARGET_DIR=/opt/rustwide/target" "-w" "/opt/rustwide/workdir" "--user" "0:0" "276b11414cbcee13c00dbea964cf82562387688491e2a5b266f7edc01258e42c" "/opt/rustwide/cargo-home/bin/cargo" "+1.100.0-beta.1" "metadata" "--no-deps" "--format-version=1", kill_on_drop: false }`
[INFO] running `Command { std: "docker" "inspect" "276b11414cbcee13c00dbea964cf82562387688491e2a5b266f7edc01258e42c", kill_on_drop: false }`
[INFO] running `Command { std: "docker" "exec" "-e" "SOURCE_DIR=/opt/rustwide/workdir" "-e" "CARGO_HOME=/opt/rustwide/cargo-home" "-e" "RUSTUP_HOME=/opt/rustwide/rustup-home" "-e" "CARGO_TARGET_DIR=/opt/rustwide/target" "-e" "CARGO_INCREMENTAL=0" "-e" "RUST_BACKTRACE=full" "-e" "RUSTFLAGS=--cap-lints=warn" "-e" "RUSTDOCFLAGS=--cap-lints=warn" "-w" "/opt/rustwide/workdir" "--user" "0:0" "276b11414cbcee13c00dbea964cf82562387688491e2a5b266f7edc01258e42c" "/opt/rustwide/cargo-home/bin/cargo" "+1.100.0-beta.1" "build" "--frozen" "--message-format=json" "--release", kill_on_drop: false }`
[INFO] [stderr]    Compiling find-msvc-tools v0.1.4
[INFO] [stderr]    Compiling libc v0.2.177
[INFO] [stderr]    Compiling cfg-if v1.0.4
[INFO] [stderr]    Compiling quote v1.0.41
[INFO] [stderr]    Compiling mio v1.1.0
[INFO] [stderr]    Compiling tracing v0.1.41
[INFO] [stderr]    Compiling siphasher v1.0.1
[INFO] [stderr]    Compiling phf_shared v0.10.0
[INFO] [stderr]    Compiling memchr v2.7.6
[INFO] [stderr]    Compiling openssl v0.10.74
[INFO] [stderr]    Compiling new_debug_unreachable v1.0.6
[INFO] [stderr]    Compiling bitflags v2.10.0
[INFO] [stderr]    Compiling syn v1.0.109
[INFO] [stderr]    Compiling mac v0.1.1
[INFO] [stderr]    Compiling serde_json v1.0.145
[INFO] [stderr]    Compiling phf_shared v0.11.3
[INFO] [stderr]    Compiling precomputed-hash v0.1.1
[INFO] [stderr]    Compiling futf v0.1.5
[INFO] [stderr]    Compiling unicode-xid v0.2.6
[INFO] [stderr]    Compiling num-traits v0.2.19
[INFO] [stderr]    Compiling syn v2.0.108
[INFO] [stderr]    Compiling tendril v0.4.3
[INFO] [stderr]    Compiling erasable v1.3.0
[INFO] [stderr]    Compiling cc v1.2.44
[INFO] [stderr]    Compiling phf v0.10.1
[INFO] [stderr]    Compiling getrandom v0.2.16
[INFO] [stderr]    Compiling rustls-pki-types v1.13.0
[INFO] [stderr]    Compiling proc-macro-error-attr2 v2.0.0
[INFO] [stderr]    Compiling include_dir_macros v0.7.4
[INFO] [stderr]    Compiling rand_core v0.6.4
[INFO] [stderr]    Compiling getrandom v0.3.4
[INFO] [stderr]    Compiling bytemuck v1.24.0
[INFO] [stderr]    Compiling either v1.15.0
[INFO] [stderr]    Compiling uuid v1.18.1
[INFO] [stderr]    Compiling rc-box v1.3.0
[INFO] [stderr]    Compiling proc-macro-error2 v2.0.1
[INFO] [stderr]    Compiling rand_chacha v0.3.1
[INFO] [stderr]    Compiling include_dir v0.7.4
[INFO] [stderr]    Compiling itertools v0.10.5
[INFO] [stderr]    Compiling object v0.32.2
[INFO] [stderr]    Compiling axum-core v0.5.5
[INFO] [stderr]    Compiling serde_path_to_error v0.1.20
[INFO] [stderr]    Compiling rgb v0.8.52
[INFO] [stderr]    Compiling winnow v0.7.13
[INFO] [stderr]    Compiling take_mut v0.2.2
[INFO] [stderr]    Compiling takecell v0.1.1
[INFO] [stderr]    Compiling vecrem v0.1.0
[INFO] [stderr]    Compiling rust_decimal v1.39.0
[INFO] [stderr]    Compiling anstream v0.6.21
[INFO] [stderr]    Compiling rand v0.8.5
[INFO] [stderr]    Compiling env_filter v0.1.4
[INFO] [stderr]    Compiling serde_spanned v1.0.3
[INFO] [stderr]    Compiling toml_datetime v0.7.3
[INFO] [stderr]    Compiling toml_writer v1.0.4
[INFO] [stderr]    Compiling chrono v0.4.42
[INFO] [stderr]    Compiling arrayvec v0.7.6
[INFO] [stderr]    Compiling env_logger v0.11.8
[INFO] [stderr]    Compiling openssl-sys v0.9.110
[INFO] [stderr]    Compiling stacker v0.1.22
[INFO] [stderr]    Compiling native-tls v0.2.14
[INFO] [stderr]    Compiling phf_generator v0.10.0
[INFO] [stderr]    Compiling phf_generator v0.11.3
[INFO] [stderr]    Compiling phf_codegen v0.10.0
[INFO] [stderr]    Compiling string_cache_codegen v0.5.4
[INFO] [stderr]    Compiling markup5ever v0.11.0
[INFO] [stderr]    Compiling toml_parser v1.0.4
[INFO] [stderr]    Compiling toml v0.9.8
[INFO] [stderr]    Compiling html5ever v0.26.0
[INFO] [stderr]    Compiling ar_archive_writer v0.2.0
[INFO] [stderr]    Compiling synstructure v0.13.2
[INFO] [stderr]    Compiling darling_core v0.21.3
[INFO] [stderr]    Compiling psm v0.1.28
[INFO] [stderr]    Compiling zerofrom-derive v0.1.6
[INFO] [stderr]    Compiling yoke-derive v0.8.1
[INFO] [stderr]    Compiling serde_derive v1.0.228
[INFO] [stderr]    Compiling tokio-macros v2.6.0
[INFO] [stderr]    Compiling zerovec-derive v0.11.2
[INFO] [stderr]    Compiling displaydoc v0.2.5
[INFO] [stderr]    Compiling futures-macro v0.3.31
[INFO] [stderr]    Compiling openssl-macros v0.1.1
[INFO] [stderr]    Compiling thiserror-impl v2.0.17
[INFO] [stderr]    Compiling derive_more-impl v1.0.0
[INFO] [stderr]    Compiling pin-project-internal v1.1.10
[INFO] [stderr]    Compiling strum_macros v0.27.2
[INFO] [stderr]    Compiling aquamarine v0.6.0
[INFO] [stderr]    Compiling derive_more-impl v2.0.1
[INFO] [stderr]    Compiling teloxide-macros v0.9.0
[INFO] [stderr]    Compiling serde_repr v0.1.20
[INFO] [stderr]    Compiling futures-util v0.3.31
[INFO] [stderr]    Compiling tokio v1.48.0
[INFO] [stderr]    Compiling rust_decimal_macros v1.39.0
[INFO] [stderr]    Compiling thiserror v2.0.17
[INFO] [stderr]    Compiling pin-project v1.1.10
[INFO] [stderr]    Compiling zerofrom v0.1.6
[INFO] [stderr]    Compiling yoke v0.8.1
[INFO] [stderr]    Compiling zerovec v0.11.5
[INFO] [stderr]    Compiling zerotrie v0.2.3
[INFO] [stderr]    Compiling derive_more v2.0.1
[INFO] [stderr]    Compiling strum v0.27.2
[INFO] [stderr]    Compiling derive_more v1.0.0
[INFO] [stderr]    Compiling darling_macro v0.21.3
[INFO] [stderr]    Compiling tinystr v0.8.2
[INFO] [stderr]    Compiling potential_utf v0.1.4
[INFO] [stderr]    Compiling darling v0.21.3
[INFO] [stderr]    Compiling icu_collections v2.1.1
[INFO] [stderr]    Compiling serde_with_macros v3.15.1
[INFO] [stderr]    Compiling icu_locale_core v2.1.1
[INFO] [stderr]    Compiling serde_with v3.15.1
[INFO] [stderr]    Compiling serde v1.0.228
[INFO] [stderr]    Compiling string_cache v0.8.9
[INFO] [stderr]    Compiling serde_urlencoded v0.7.1
[INFO] [stderr]    Compiling quick-xml v0.37.5
[INFO] [stderr]    Compiling icu_provider v2.1.1
[INFO] [stderr]    Compiling icu_properties v2.1.1
[INFO] [stderr]    Compiling icu_normalizer v2.1.1
[INFO] [stderr]    Compiling futures-executor v0.3.31
[INFO] [stderr]    Compiling futures v0.3.31
[INFO] [stderr]    Compiling dptree v0.3.0
[INFO] [stderr]    Compiling xml5ever v0.17.0
[INFO] [stderr]    Compiling idna_adapter v1.2.1
[INFO] [stderr]    Compiling idna v1.1.0
[INFO] [stderr]    Compiling url v2.5.7
[INFO] [stderr]    Compiling markup5ever_rcdom v0.2.0
[INFO] [stderr]    Compiling select v0.6.1
[INFO] [stderr]    Compiling tokio-util v0.7.17
[INFO] [stderr]    Compiling tower v0.5.2
[INFO] [stderr]    Compiling tokio-native-tls v0.3.1
[INFO] [stderr]    Compiling tokio-stream v0.1.17
[INFO] [stderr]    Compiling tower-http v0.6.6
[INFO] [stderr]    Compiling h2 v0.4.12
[INFO] [stderr]    Compiling hyper v1.7.0
[INFO] [stderr]    Compiling hyper-util v0.1.17
[INFO] [stderr]    Compiling hyper-tls v0.6.0
[INFO] [stderr]    Compiling axum v0.8.6
[INFO] [stderr]    Compiling reqwest v0.12.24
[INFO] [stderr]    Compiling teloxide-core v0.11.2
[INFO] [stderr]    Compiling teloxide v0.15.0
[INFO] [stderr]    Compiling am-rate-bot v0.38.0 (/opt/rustwide/workdir)
[INFO] [stdout] warning: unreachable call
[INFO] [stdout]   --> src/bot.rs:29:10
[INFO] [stdout]    |
[INFO] [stdout] 29 | #[derive(BotCommands, Clone)]
[INFO] [stdout]    |          ^^^^^^^^^^^
[INFO] [stdout]    |          |
[INFO] [stdout]    |          unreachable call
[INFO] [stdout]    |          any code following this expression is unreachable
[INFO] [stdout]    |
[INFO] [stdout]    = note: `#[warn(unreachable_code)]` (part of `#[warn(unused)]`) on by default
[INFO] [stdout]    = note: this warning originates in the derive macro `BotCommands` (in Nightly builds, run with -Z macro-backtrace for more info)
[INFO] [stdout] 
[INFO] [stdout] 
[INFO] [stderr] warning: unused dependency `rust_decimal_macros`
[INFO] [stderr]  --> Cargo.toml:6:1
[INFO] [stderr]   |
[INFO] [stderr] 6 | rust_decimal_macros = "1.39"
[INFO] [stderr]   | ^^^^^^^^^^^^^^^^^^^^^^^^^^^^
[INFO] [stderr]   |
[INFO] [stderr]   = note: `cargo::unused_dependencies` is set to `warn` by default
[INFO] [stderr] help: consider removing the dependency on `rust_decimal_macros`
[INFO] [stderr] warning: `am-rate-bot` (manifest) generated 1 warning
[INFO] [stderr]     Finished `release` profile [optimized] target(s) in 3m 35s
[INFO] [stderr] warning: the following packages contain code that will be rejected by a future version of Rust: proc-macro-error2 v2.0.1
[INFO] [stderr] note: to see what the problems were, use the option `--future-incompat-report`, or run `cargo report future-incompatibilities --id 1`
[INFO] running `Command { std: "docker" "inspect" "276b11414cbcee13c00dbea964cf82562387688491e2a5b266f7edc01258e42c", kill_on_drop: false }`
[INFO] running `Command { std: "docker" "exec" "-e" "SOURCE_DIR=/opt/rustwide/workdir" "-e" "CARGO_HOME=/opt/rustwide/cargo-home" "-e" "RUSTUP_HOME=/opt/rustwide/rustup-home" "-e" "CARGO_TARGET_DIR=/opt/rustwide/target" "-e" "CARGO_INCREMENTAL=0" "-e" "RUST_BACKTRACE=full" "-e" "RUSTFLAGS=--cap-lints=warn" "-e" "RUSTDOCFLAGS=--cap-lints=warn" "-w" "/opt/rustwide/workdir" "--user" "0:0" "276b11414cbcee13c00dbea964cf82562387688491e2a5b266f7edc01258e42c" "/opt/rustwide/cargo-home/bin/cargo" "+1.100.0-beta.1" "test" "--frozen" "--no-run" "--message-format=json" "--release", kill_on_drop: false }`
[INFO] [stderr]    Compiling am-rate-bot v0.38.0 (/opt/rustwide/workdir)
[INFO] [stdout] warning: unreachable call
[INFO] [stdout]   --> src/bot.rs:29:10
[INFO] [stdout]    |
[INFO] [stdout] 29 | #[derive(BotCommands, Clone)]
[INFO] [stdout]    |          ^^^^^^^^^^^
[INFO] [stdout]    |          |
[INFO] [stdout]    |          unreachable call
[INFO] [stdout]    |          any code following this expression is unreachable
[INFO] [stdout]    |
[INFO] [stdout]    = note: `#[warn(unreachable_code)]` (part of `#[warn(unused)]`) on by default
[INFO] [stdout]    = note: this warning originates in the derive macro `BotCommands` (in Nightly builds, run with -Z macro-backtrace for more info)
[INFO] [stdout] 
[INFO] [stdout] 
[INFO] [stdout] warning: unreachable call
[INFO] [stdout]   --> src/bot.rs:29:10
[INFO] [stdout]    |
[INFO] [stdout] 29 | #[derive(BotCommands, Clone)]
[INFO] [stdout]    |          ^^^^^^^^^^^
[INFO] [stdout]    |          |
[INFO] [stdout]    |          unreachable call
[INFO] [stdout]    |          any code following this expression is unreachable
[INFO] [stdout]    |
[INFO] [stdout]    = note: `#[warn(unreachable_code)]` (part of `#[warn(unused)]`) on by default
[INFO] [stdout]    = note: this warning originates in the derive macro `BotCommands` (in Nightly builds, run with -Z macro-backtrace for more info)
[INFO] [stdout] 
[INFO] [stdout] 
[INFO] [stderr] warning: unused dependency `rust_decimal_macros`
[INFO] [stderr]  --> Cargo.toml:6:1
[INFO] [stderr]   |
[INFO] [stderr] 6 | rust_decimal_macros = "1.39"
[INFO] [stderr]   | ^^^^^^^^^^^^^^^^^^^^^^^^^^^^
[INFO] [stderr]   |
[INFO] [stderr]   = note: `cargo::unused_dependencies` is set to `warn` by default
[INFO] [stderr] help: consider removing the dependency on `rust_decimal_macros`
[INFO] [stderr] help: to still use for development builds, move to `dev-dependencies`
[INFO] [stderr] warning: `am-rate-bot` (manifest) generated 1 warning
[INFO] [stderr]     Finished `release` profile [optimized] target(s) in 41.60s
[INFO] [stderr] warning: the following packages contain code that will be rejected by a future version of Rust: proc-macro-error2 v2.0.1
[INFO] [stderr] note: to see what the problems were, use the option `--future-incompat-report`, or run `cargo report future-incompatibilities --id 1`
[INFO] running `Command { std: "docker" "inspect" "276b11414cbcee13c00dbea964cf82562387688491e2a5b266f7edc01258e42c", kill_on_drop: false }`
[INFO] running `Command { std: "docker" "exec" "-e" "SOURCE_DIR=/opt/rustwide/workdir" "-e" "CARGO_HOME=/opt/rustwide/cargo-home" "-e" "RUSTUP_HOME=/opt/rustwide/rustup-home" "-e" "CARGO_TARGET_DIR=/opt/rustwide/target" "-e" "CARGO_INCREMENTAL=0" "-e" "RUST_BACKTRACE=full" "-e" "RUSTFLAGS=--cap-lints=warn" "-e" "RUSTDOCFLAGS=--cap-lints=warn" "-w" "/opt/rustwide/workdir" "--user" "0:0" "276b11414cbcee13c00dbea964cf82562387688491e2a5b266f7edc01258e42c" "/opt/rustwide/cargo-home/bin/cargo" "+1.100.0-beta.1" "test" "--frozen" "--release", kill_on_drop: false }`
[INFO] [stderr] warning: unreachable call
[INFO] [stderr]   --> src/bot.rs:29:10
[INFO] [stderr]    |
[INFO] [stderr] 29 | #[derive(BotCommands, Clone)]
[INFO] [stderr]    |          ^^^^^^^^^^^
[INFO] [stderr]    |          |
[INFO] [stderr]    |          unreachable call
[INFO] [stderr]    |          any code following this expression is unreachable
[INFO] [stderr]    |
[INFO] [stderr]    = note: `#[warn(unreachable_code)]` (part of `#[warn(unused)]`) on by default
[INFO] [stderr]    = note: this warning originates in the derive macro `BotCommands` (in Nightly builds, run with -Z macro-backtrace for more info)
[INFO] [stderr] 
[INFO] [stderr] warning: `am-rate-bot` (lib) generated 1 warning
[INFO] [stderr] warning: `am-rate-bot` (lib test) generated 1 warning (1 duplicate)
[INFO] [stderr] warning: unused dependency `rust_decimal_macros`
[INFO] [stderr]  --> Cargo.toml:6:1
[INFO] [stderr]   |
[INFO] [stderr] 6 | rust_decimal_macros = "1.39"
[INFO] [stderr]   | ^^^^^^^^^^^^^^^^^^^^^^^^^^^^
[INFO] [stderr]   |
[INFO] [stderr]   = note: `cargo::unused_dependencies` is set to `warn` by default
[INFO] [stderr] help: consider removing the dependency on `rust_decimal_macros`
[INFO] [stderr] help: to still use for development builds, move to `dev-dependencies`
[INFO] [stderr] warning: `am-rate-bot` (manifest) generated 1 warning
[INFO] [stderr]     Finished `release` profile [optimized] target(s) in 0.29s
[INFO] [stderr] warning: the following packages contain code that will be rejected by a future version of Rust: proc-macro-error2 v2.0.1
[INFO] [stderr] note: to see what the problems were, use the option `--future-incompat-report`, or run `cargo report future-incompatibilities --id 1`
[INFO] [stderr]      Running unittests src/lib.rs (/opt/rustwide/target/release/build/am-rate-bot/4044d9a69d197ad6/out/am_rate_bot-4044d9a69d197ad6)
[INFO] [stdout] 
[INFO] [stdout] running 32 tests
[INFO] [stdout] test graph::tests::test_arbitrage_false ... ok
[INFO] [stdout] test graph::tests::test_arbitrage_true_sell ... ok
[INFO] [stdout] test graph::tests::test_graph ... ok
[INFO] [stdout] test graph::tests::test_arbitrage_true_buy ... ok
[INFO] [stdout] test source::tests::test_avosend ... FAILED
[INFO] [stdout] test source::tests::test_ameria ... FAILED
[INFO] [stdout] test source::tests::test_acba ... FAILED
[INFO] [stdout] test source::tests::test_cb ... FAILED
[INFO] [stdout] test source::tests::test_ararat ... FAILED
[INFO] [stdout] test source::tests::test_artsakh ... FAILED
[INFO] [stdout] test generate::tests::test_conv_table ... ok
[INFO] [stdout] test source::tests::test_byblos ... FAILED
[INFO] [stdout] test source::tests::test_evoca ... FAILED
[INFO] [stdout] test source::tests::test_armswiss ... FAILED
[INFO] [stdout] test source::tests::test_amio ... FAILED
[INFO] [stdout] test generate::tests::test_src_table ... ok
[INFO] [stdout] test source::tests::test_mellat ... FAILED
[INFO] [stdout] test source::tests::test_aeb ... FAILED
[INFO] [stdout] test source::tests::test_ineco ... FAILED
[INFO] [stdout] test source::tests::test_idpay ... FAILED
[INFO] [stdout] test source::tests::test_kwikpay ... FAILED
[INFO] [stdout] test source::tests::test_unibank ... FAILED
[INFO] [stdout] test source::tests::test_converse ... FAILED
[INFO] [stdout] test source::tests::test_vtb ... FAILED
[INFO] [stdout] test source::tests::test_sas ... FAILED
[INFO] [stdout] test source::tests::test_unistream ... FAILED
[INFO] [stdout] test source::tests::test_moex ... FAILED
[INFO] [stdout] test source::tests::test_unionpay ... FAILED
[INFO] [stdout] test source::tests::test_fast ... FAILED
[INFO] [stdout] test source::tests::test_idbank ... FAILED
[INFO] [stdout] test source::tests::test_mir ... FAILED
[INFO] [stdout] test source::tests::test_ardshin ... FAILED
[INFO] [stdout] 
[INFO] [stdout] failures:
[INFO] [stdout] 
[INFO] [stdout] ---- source::tests::test_avosend stdout ----
[INFO] [stdout] Error: error sending request for url (https://avosend.com/api/comission.php)
[INFO] [stdout] 
[INFO] [stdout] Caused by:
[INFO] [stdout]     0: client error (Connect)
[INFO] [stdout]     1: dns error
[INFO] [stdout]     2: failed to lookup address information: Temporary failure in name resolution
[INFO] [stdout] 
[INFO] [stdout] Stack backtrace:
[INFO] [stdout]    0: <anyhow::Error as core::convert::From<reqwest::error::Error>>::from
[INFO] [stdout]    1: am_rate_bot::source::collect::{closure#0}
[INFO] [stdout]    2: am_rate_bot::source::tests::test_avosend::{closure#0}
[INFO] [stdout]    3: <tokio::runtime::scheduler::current_thread::Context>::enter::<core::task::poll::Poll<core::result::Result<(), anyhow::Error>>, <tokio::runtime::scheduler::current_thread::CoreGuard>::block_on<core::pin::Pin<&mut core::pin::Pin<&mut dyn core::future::future::Future<Output = core::result::Result<(), anyhow::Error>>>>>::{closure#0}::{closure#0}>
[INFO] [stdout]    4: <std::thread::local::LocalKey<tokio::runtime::context::Context>>::with::<tokio::runtime::context::set_scheduler<(alloc::boxed::Box<tokio::runtime::scheduler::current_thread::Core>, core::option::Option<core::result::Result<(), anyhow::Error>>), <tokio::runtime::scheduler::current_thread::CoreGuard>::enter<<tokio::runtime::scheduler::current_thread::CoreGuard>::block_on<core::pin::Pin<&mut core::pin::Pin<&mut dyn core::future::future::Future<Output = core::result::Result<(), anyhow::Error>>>>>::{closure#0}, core::option::Option<core::result::Result<(), anyhow::Error>>>::{closure#0}>::{closure#0}, (alloc::boxed::Box<tokio::runtime::scheduler::current_thread::Core>, core::option::Option<core::result::Result<(), anyhow::Error>>)>
[INFO] [stdout]    5: <tokio::runtime::scheduler::current_thread::CoreGuard>::block_on::<core::pin::Pin<&mut core::pin::Pin<&mut dyn core::future::future::Future<Output = core::result::Result<(), anyhow::Error>>>>>
[INFO] [stdout]    6: tokio::runtime::context::runtime::enter_runtime::<<tokio::runtime::scheduler::current_thread::CurrentThread>::block_on<core::pin::Pin<&mut dyn core::future::future::Future<Output = core::result::Result<(), anyhow::Error>>>>::{closure#0}, core::result::Result<(), anyhow::Error>>
[INFO] [stdout]    7: <tokio::runtime::runtime::Runtime>::block_on::<core::pin::Pin<&mut dyn core::future::future::Future<Output = core::result::Result<(), anyhow::Error>>>>
[INFO] [stdout]    8: <am_rate_bot::source::tests::test_avosend::{closure#0} as core::ops::function::FnOnce<()>>::call_once
[INFO] [stdout]    9: test::__rust_begin_short_backtrace::<core::result::Result<(), alloc::string::String>, fn() -> core::result::Result<(), alloc::string::String>>
[INFO] [stdout]   10: test::run_test::{closure#0}
[INFO] [stdout]   11: std::sys::backtrace::__rust_begin_short_backtrace::<test::run_test::{closure#1}, ()>
[INFO] [stdout]   12: <std::thread::lifecycle::spawn_unchecked<test::run_test::{closure#1}, ()>::{closure#1} as core::ops::function::FnOnce<()>>::call_once::{shim:vtable#0}
[INFO] [stdout]   13: <std::sys::thread::unix::Thread>::new::thread_start
[INFO] [stdout]   14: <unknown>
[INFO] [stdout]   15: clone
[INFO] [stdout] 
[INFO] [stdout] ---- source::tests::test_ameria stdout ----
[INFO] [stdout] Error: error sending request for url (https://online.ameriabank.am/InternetBank/Api/exchangeRates/0)
[INFO] [stdout] 
[INFO] [stdout] Caused by:
[INFO] [stdout]     0: client error (Connect)
[INFO] [stdout]     1: dns error
[INFO] [stdout]     2: failed to lookup address information: Temporary failure in name resolution
[INFO] [stdout] 
[INFO] [stdout] Stack backtrace:
[INFO] [stdout]    0: <anyhow::Error as core::convert::From<reqwest::error::Error>>::from
[INFO] [stdout]    1: am_rate_bot::source::armsoft::collect::{closure#0}
[INFO] [stdout]    2: am_rate_bot::source::collect::{closure#0}
[INFO] [stdout]    3: am_rate_bot::source::tests::test_ameria::{closure#0}
[INFO] [stdout]    4: <tokio::runtime::scheduler::current_thread::Context>::enter::<core::task::poll::Poll<core::result::Result<(), anyhow::Error>>, <tokio::runtime::scheduler::current_thread::CoreGuard>::block_on<core::pin::Pin<&mut core::pin::Pin<&mut dyn core::future::future::Future<Output = core::result::Result<(), anyhow::Error>>>>>::{closure#0}::{closure#0}>
[INFO] [stdout]    5: <std::thread::local::LocalKey<tokio::runtime::context::Context>>::with::<tokio::runtime::context::set_scheduler<(alloc::boxed::Box<tokio::runtime::scheduler::current_thread::Core>, core::option::Option<core::result::Result<(), anyhow::Error>>), <tokio::runtime::scheduler::current_thread::CoreGuard>::enter<<tokio::runtime::scheduler::current_thread::CoreGuard>::block_on<core::pin::Pin<&mut core::pin::Pin<&mut dyn core::future::future::Future<Output = core::result::Result<(), anyhow::Error>>>>>::{closure#0}, core::option::Option<core::result::Result<(), anyhow::Error>>>::{closure#0}>::{closure#0}, (alloc::boxed::Box<tokio::runtime::scheduler::current_thread::Core>, core::option::Option<core::result::Result<(), anyhow::Error>>)>
[INFO] [stdout]    6: <tokio::runtime::scheduler::current_thread::CoreGuard>::block_on::<core::pin::Pin<&mut core::pin::Pin<&mut dyn core::future::future::Future<Output = core::result::Result<(), anyhow::Error>>>>>
[INFO] [stdout]    7: tokio::runtime::context::runtime::enter_runtime::<<tokio::runtime::scheduler::current_thread::CurrentThread>::block_on<core::pin::Pin<&mut dyn core::future::future::Future<Output = core::result::Result<(), anyhow::Error>>>>::{closure#0}, core::result::Result<(), anyhow::Error>>
[INFO] [stdout]    8: <tokio::runtime::runtime::Runtime>::block_on::<core::pin::Pin<&mut dyn core::future::future::Future<Output = core::result::Result<(), anyhow::Error>>>>
[INFO] [stdout]    9: <am_rate_bot::source::tests::test_ameria::{closure#0} as core::ops::function::FnOnce<()>>::call_once
[INFO] [stdout]   10: test::__rust_begin_short_backtrace::<core::result::Result<(), alloc::string::String>, fn() -> core::result::Result<(), alloc::string::String>>
[INFO] [stdout]   11: test::run_test::{closure#0}
[INFO] [stdout]   12: std::sys::backtrace::__rust_begin_short_backtrace::<test::run_test::{closure#1}, ()>
[INFO] [stdout]   13: <std::thread::lifecycle::spawn_unchecked<test::run_test::{closure#1}, ()>::{closure#1} as core::ops::function::FnOnce<()>>::call_once::{shim:vtable#0}
[INFO] [stdout]   14: <std::sys::thread::unix::Thread>::new::thread_start
[INFO] [stdout]   15: <unknown>
[INFO] [stdout]   16: clone
[INFO] [stdout] 
[INFO] [stdout] ---- source::tests::test_acba stdout ----
[INFO] [stdout] Error: error sending request for url (https://www.acbadigital.am/api/en/v2/rates)
[INFO] [stdout] 
[INFO] [stdout] Caused by:
[INFO] [stdout]     0: client error (Connect)
[INFO] [stdout]     1: dns error
[INFO] [stdout]     2: failed to lookup address information: Temporary failure in name resolution
[INFO] [stdout] 
[INFO] [stdout] Stack backtrace:
[INFO] [stdout]    0: <anyhow::Error as core::convert::From<reqwest::error::Error>>::from
[INFO] [stdout]    1: am_rate_bot::source::collect::{closure#0}
[INFO] [stdout]    2: am_rate_bot::source::tests::test_acba::{closure#0}
[INFO] [stdout]    3: <tokio::runtime::scheduler::current_thread::Context>::enter::<core::task::poll::Poll<core::result::Result<(), anyhow::Error>>, <tokio::runtime::scheduler::current_thread::CoreGuard>::block_on<core::pin::Pin<&mut core::pin::Pin<&mut dyn core::future::future::Future<Output = core::result::Result<(), anyhow::Error>>>>>::{closure#0}::{closure#0}>
[INFO] [stdout]    4: <std::thread::local::LocalKey<tokio::runtime::context::Context>>::with::<tokio::runtime::context::set_scheduler<(alloc::boxed::Box<tokio::runtime::scheduler::current_thread::Core>, core::option::Option<core::result::Result<(), anyhow::Error>>), <tokio::runtime::scheduler::current_thread::CoreGuard>::enter<<tokio::runtime::scheduler::current_thread::CoreGuard>::block_on<core::pin::Pin<&mut core::pin::Pin<&mut dyn core::future::future::Future<Output = core::result::Result<(), anyhow::Error>>>>>::{closure#0}, core::option::Option<core::result::Result<(), anyhow::Error>>>::{closure#0}>::{closure#0}, (alloc::boxed::Box<tokio::runtime::scheduler::current_thread::Core>, core::option::Option<core::result::Result<(), anyhow::Error>>)>
[INFO] [stdout]    5: <tokio::runtime::scheduler::current_thread::CoreGuard>::block_on::<core::pin::Pin<&mut core::pin::Pin<&mut dyn core::future::future::Future<Output = core::result::Result<(), anyhow::Error>>>>>
[INFO] [stdout]    6: tokio::runtime::context::runtime::enter_runtime::<<tokio::runtime::scheduler::current_thread::CurrentThread>::block_on<core::pin::Pin<&mut dyn core::future::future::Future<Output = core::result::Result<(), anyhow::Error>>>>::{closure#0}, core::result::Result<(), anyhow::Error>>
[INFO] [stdout]    7: <tokio::runtime::runtime::Runtime>::block_on::<core::pin::Pin<&mut dyn core::future::future::Future<Output = core::result::Result<(), anyhow::Error>>>>
[INFO] [stdout]    8: <am_rate_bot::source::tests::test_acba::{closure#0} as core::ops::function::FnOnce<()>>::call_once
[INFO] [stdout]    9: test::__rust_begin_short_backtrace::<core::result::Result<(), alloc::string::String>, fn() -> core::result::Result<(), alloc::string::String>>
[INFO] [stdout]   10: test::run_test::{closure#0}
[INFO] [stdout]   11: std::sys::backtrace::__rust_begin_short_backtrace::<test::run_test::{closure#1}, ()>
[INFO] [stdout]   12: <std::thread::lifecycle::spawn_unchecked<test::run_test::{closure#1}, ()>::{closure#1} as core::ops::function::FnOnce<()>>::call_once::{shim:vtable#0}
[INFO] [stdout]   13: <std::sys::thread::unix::Thread>::new::thread_start
[INFO] [stdout]   14: <unknown>
[INFO] [stdout]   15: clone
[INFO] [stdout] 
[INFO] [stdout] ---- source::tests::test_cb stdout ----
[INFO] [stdout] Error: error sending request for url (https://api.cba.am/exchangerates.asmx)
[INFO] [stdout] 
[INFO] [stdout] Caused by:
[INFO] [stdout]     0: client error (Connect)
[INFO] [stdout]     1: dns error
[INFO] [stdout]     2: failed to lookup address information: Temporary failure in name resolution
[INFO] [stdout] 
[INFO] [stdout] Stack backtrace:
[INFO] [stdout]    0: <anyhow::Error as core::convert::From<reqwest::error::Error>>::from
[INFO] [stdout]    1: am_rate_bot::source::collect::{closure#0}
[INFO] [stdout]    2: am_rate_bot::source::tests::test_cb::{closure#0}
[INFO] [stdout]    3: <tokio::runtime::scheduler::current_thread::Context>::enter::<core::task::poll::Poll<core::result::Result<(), anyhow::Error>>, <tokio::runtime::scheduler::current_thread::CoreGuard>::block_on<core::pin::Pin<&mut core::pin::Pin<&mut dyn core::future::future::Future<Output = core::result::Result<(), anyhow::Error>>>>>::{closure#0}::{closure#0}>
[INFO] [stdout]    4: <std::thread::local::LocalKey<tokio::runtime::context::Context>>::with::<tokio::runtime::context::set_scheduler<(alloc::boxed::Box<tokio::runtime::scheduler::current_thread::Core>, core::option::Option<core::result::Result<(), anyhow::Error>>), <tokio::runtime::scheduler::current_thread::CoreGuard>::enter<<tokio::runtime::scheduler::current_thread::CoreGuard>::block_on<core::pin::Pin<&mut core::pin::Pin<&mut dyn core::future::future::Future<Output = core::result::Result<(), anyhow::Error>>>>>::{closure#0}, core::option::Option<core::result::Result<(), anyhow::Error>>>::{closure#0}>::{closure#0}, (alloc::boxed::Box<tokio::runtime::scheduler::current_thread::Core>, core::option::Option<core::result::Result<(), anyhow::Error>>)>
[INFO] [stdout]    5: <tokio::runtime::scheduler::current_thread::CoreGuard>::block_on::<core::pin::Pin<&mut core::pin::Pin<&mut dyn core::future::future::Future<Output = core::result::Result<(), anyhow::Error>>>>>
[INFO] [stdout]    6: tokio::runtime::context::runtime::enter_runtime::<<tokio::runtime::scheduler::current_thread::CurrentThread>::block_on<core::pin::Pin<&mut dyn core::future::future::Future<Output = core::result::Result<(), anyhow::Error>>>>::{closure#0}, core::result::Result<(), anyhow::Error>>
[INFO] [stdout]    7: <tokio::runtime::runtime::Runtime>::block_on::<core::pin::Pin<&mut dyn core::future::future::Future<Output = core::result::Result<(), anyhow::Error>>>>
[INFO] [stdout]    8: <am_rate_bot::source::tests::test_cb::{closure#0} as core::ops::function::FnOnce<()>>::call_once
[INFO] [stdout]    9: test::__rust_begin_short_backtrace::<core::result::Result<(), alloc::string::String>, fn() -> core::result::Result<(), alloc::string::String>>
[INFO] [stdout]   10: test::run_test::{closure#0}
[INFO] [stdout]   11: std::sys::backtrace::__rust_begin_short_backtrace::<test::run_test::{closure#1}, ()>
[INFO] [stdout]   12: <std::thread::lifecycle::spawn_unchecked<test::run_test::{closure#1}, ()>::{closure#1} as core::ops::function::FnOnce<()>>::call_once::{shim:vtable#0}
[INFO] [stdout]   13: <std::sys::thread::unix::Thread>::new::thread_start
[INFO] [stdout]   14: <unknown>
[INFO] [stdout]   15: clone
[INFO] [stdout] 
[INFO] [stdout] ---- source::tests::test_ararat stdout ----
[INFO] [stdout] Error: error sending request for url (https://direct.araratbank.am/InternetBank/Api/exchangeRates/0)
[INFO] [stdout] 
[INFO] [stdout] Caused by:
[INFO] [stdout]     0: client error (Connect)
[INFO] [stdout]     1: dns error
[INFO] [stdout]     2: failed to lookup address information: Temporary failure in name resolution
[INFO] [stdout] 
[INFO] [stdout] Stack backtrace:
[INFO] [stdout]    0: <anyhow::Error as core::convert::From<reqwest::error::Error>>::from
[INFO] [stdout]    1: am_rate_bot::source::armsoft::collect::{closure#0}
[INFO] [stdout]    2: am_rate_bot::source::collect::{closure#0}
[INFO] [stdout]    3: am_rate_bot::source::tests::test_ararat::{closure#0}
[INFO] [stdout]    4: <tokio::runtime::scheduler::current_thread::Context>::enter::<core::task::poll::Poll<core::result::Result<(), anyhow::Error>>, <tokio::runtime::scheduler::current_thread::CoreGuard>::block_on<core::pin::Pin<&mut core::pin::Pin<&mut dyn core::future::future::Future<Output = core::result::Result<(), anyhow::Error>>>>>::{closure#0}::{closure#0}>
[INFO] [stdout]    5: <std::thread::local::LocalKey<tokio::runtime::context::Context>>::with::<tokio::runtime::context::set_scheduler<(alloc::boxed::Box<tokio::runtime::scheduler::current_thread::Core>, core::option::Option<core::result::Result<(), anyhow::Error>>), <tokio::runtime::scheduler::current_thread::CoreGuard>::enter<<tokio::runtime::scheduler::current_thread::CoreGuard>::block_on<core::pin::Pin<&mut core::pin::Pin<&mut dyn core::future::future::Future<Output = core::result::Result<(), anyhow::Error>>>>>::{closure#0}, core::option::Option<core::result::Result<(), anyhow::Error>>>::{closure#0}>::{closure#0}, (alloc::boxed::Box<tokio::runtime::scheduler::current_thread::Core>, core::option::Option<core::result::Result<(), anyhow::Error>>)>
[INFO] [stdout]    6: <tokio::runtime::scheduler::current_thread::CoreGuard>::block_on::<core::pin::Pin<&mut core::pin::Pin<&mut dyn core::future::future::Future<Output = core::result::Result<(), anyhow::Error>>>>>
[INFO] [stdout]    7: tokio::runtime::context::runtime::enter_runtime::<<tokio::runtime::scheduler::current_thread::CurrentThread>::block_on<core::pin::Pin<&mut dyn core::future::future::Future<Output = core::result::Result<(), anyhow::Error>>>>::{closure#0}, core::result::Result<(), anyhow::Error>>
[INFO] [stdout]    8: <tokio::runtime::runtime::Runtime>::block_on::<core::pin::Pin<&mut dyn core::future::future::Future<Output = core::result::Result<(), anyhow::Error>>>>
[INFO] [stdout]    9: <am_rate_bot::source::tests::test_ararat::{closure#0} as core::ops::function::FnOnce<()>>::call_once
[INFO] [stdout]   10: test::__rust_begin_short_backtrace::<core::result::Result<(), alloc::string::String>, fn() -> core::result::Result<(), alloc::string::String>>
[INFO] [stdout]   11: test::run_test::{closure#0}
[INFO] [stdout]   12: std::sys::backtrace::__rust_begin_short_backtrace::<test::run_test::{closure#1}, ()>
[INFO] [stdout]   13: <std::thread::lifecycle::spawn_unchecked<test::run_test::{closure#1}, ()>::{closure#1} as core::ops::function::FnOnce<()>>::call_once::{shim:vtable#0}
[INFO] [stdout]   14: <std::sys::thread::unix::Thread>::new::thread_start
[INFO] [stdout]   15: <unknown>
[INFO] [stdout]   16: clone
[INFO] [stdout] 
[INFO] [stdout] ---- source::tests::test_artsakh stdout ----
[INFO] [stdout] Error: error sending request for url (https://m.artsakhbank.am:9443/get_ART.php)
[INFO] [stdout] 
[INFO] [stdout] Caused by:
[INFO] [stdout]     0: client error (Connect)
[INFO] [stdout]     1: dns error
[INFO] [stdout]     2: failed to lookup address information: Temporary failure in name resolution
[INFO] [stdout] 
[INFO] [stdout] Stack backtrace:
[INFO] [stdout]    0: <anyhow::Error as core::convert::From<reqwest::error::Error>>::from
[INFO] [stdout]    1: am_rate_bot::source::lsoft::collect::<am_rate_bot::source::BaseConfig>::{closure#0}
[INFO] [stdout]    2: am_rate_bot::source::collect::{closure#0}
[INFO] [stdout]    3: am_rate_bot::source::tests::test_artsakh::{closure#0}
[INFO] [stdout]    4: <tokio::runtime::scheduler::current_thread::Context>::enter::<core::task::poll::Poll<core::result::Result<(), anyhow::Error>>, <tokio::runtime::scheduler::current_thread::CoreGuard>::block_on<core::pin::Pin<&mut core::pin::Pin<&mut dyn core::future::future::Future<Output = core::result::Result<(), anyhow::Error>>>>>::{closure#0}::{closure#0}>
[INFO] [stdout]    5: <std::thread::local::LocalKey<tokio::runtime::context::Context>>::with::<tokio::runtime::context::set_scheduler<(alloc::boxed::Box<tokio::runtime::scheduler::current_thread::Core>, core::option::Option<core::result::Result<(), anyhow::Error>>), <tokio::runtime::scheduler::current_thread::CoreGuard>::enter<<tokio::runtime::scheduler::current_thread::CoreGuard>::block_on<core::pin::Pin<&mut core::pin::Pin<&mut dyn core::future::future::Future<Output = core::result::Result<(), anyhow::Error>>>>>::{closure#0}, core::option::Option<core::result::Result<(), anyhow::Error>>>::{closure#0}>::{closure#0}, (alloc::boxed::Box<tokio::runtime::scheduler::current_thread::Core>, core::option::Option<core::result::Result<(), anyhow::Error>>)>
[INFO] [stdout]    6: <tokio::runtime::scheduler::current_thread::CoreGuard>::block_on::<core::pin::Pin<&mut core::pin::Pin<&mut dyn core::future::future::Future<Output = core::result::Result<(), anyhow::Error>>>>>
[INFO] [stdout]    7: tokio::runtime::context::runtime::enter_runtime::<<tokio::runtime::scheduler::current_thread::CurrentThread>::block_on<core::pin::Pin<&mut dyn core::future::future::Future<Output = core::result::Result<(), anyhow::Error>>>>::{closure#0}, core::result::Result<(), anyhow::Error>>
[INFO] [stdout]    8: <tokio::runtime::runtime::Runtime>::block_on::<core::pin::Pin<&mut dyn core::future::future::Future<Output = core::result::Result<(), anyhow::Error>>>>
[INFO] [stdout]    9: <am_rate_bot::source::tests::test_artsakh::{closure#0} as core::ops::function::FnOnce<()>>::call_once
[INFO] [stdout]   10: test::__rust_begin_short_backtrace::<core::result::Result<(), alloc::string::String>, fn() -> core::result::Result<(), alloc::string::String>>
[INFO] [stdout]   11: test::run_test::{closure#0}
[INFO] [stdout]   12: std::sys::backtrace::__rust_begin_short_backtrace::<test::run_test::{closure#1}, ()>
[INFO] [stdout]   13: <std::thread::lifecycle::spawn_unchecked<test::run_test::{closure#1}, ()>::{closure#1} as core::ops::function::FnOnce<()>>::call_once::{shim:vtable#0}
[INFO] [stdout]   14: <std::sys::thread::unix::Thread>::new::thread_start
[INFO] [stdout]   15: <unknown>
[INFO] [stdout]   16: clone
[INFO] [stdout] 
[INFO] [stdout] ---- source::tests::test_byblos stdout ----
[INFO] [stdout] Error: error sending request for url (https://online.byblosbankarmenia.am/InternetBank/api/exchangeRates/0)
[INFO] [stdout] 
[INFO] [stdout] Caused by:
[INFO] [stdout]     0: client error (Connect)
[INFO] [stdout]     1: dns error
[INFO] [stdout]     2: failed to lookup address information: Temporary failure in name resolution
[INFO] [stdout] 
[INFO] [stdout] Stack backtrace:
[INFO] [stdout]    0: <anyhow::Error as core::convert::From<reqwest::error::Error>>::from
[INFO] [stdout]    1: am_rate_bot::source::armsoft::collect::{closure#0}
[INFO] [stdout]    2: am_rate_bot::source::collect::{closure#0}
[INFO] [stdout]    3: am_rate_bot::source::tests::test_byblos::{closure#0}
[INFO] [stdout]    4: <tokio::runtime::scheduler::current_thread::Context>::enter::<core::task::poll::Poll<core::result::Result<(), anyhow::Error>>, <tokio::runtime::scheduler::current_thread::CoreGuard>::block_on<core::pin::Pin<&mut core::pin::Pin<&mut dyn core::future::future::Future<Output = core::result::Result<(), anyhow::Error>>>>>::{closure#0}::{closure#0}>
[INFO] [stdout]    5: <std::thread::local::LocalKey<tokio::runtime::context::Context>>::with::<tokio::runtime::context::set_scheduler<(alloc::boxed::Box<tokio::runtime::scheduler::current_thread::Core>, core::option::Option<core::result::Result<(), anyhow::Error>>), <tokio::runtime::scheduler::current_thread::CoreGuard>::enter<<tokio::runtime::scheduler::current_thread::CoreGuard>::block_on<core::pin::Pin<&mut core::pin::Pin<&mut dyn core::future::future::Future<Output = core::result::Result<(), anyhow::Error>>>>>::{closure#0}, core::option::Option<core::result::Result<(), anyhow::Error>>>::{closure#0}>::{closure#0}, (alloc::boxed::Box<tokio::runtime::scheduler::current_thread::Core>, core::option::Option<core::result::Result<(), anyhow::Error>>)>
[INFO] [stdout]    6: <tokio::runtime::scheduler::current_thread::CoreGuard>::block_on::<core::pin::Pin<&mut core::pin::Pin<&mut dyn core::future::future::Future<Output = core::result::Result<(), anyhow::Error>>>>>
[INFO] [stdout]    7: tokio::runtime::context::runtime::enter_runtime::<<tokio::runtime::scheduler::current_thread::CurrentThread>::block_on<core::pin::Pin<&mut dyn core::future::future::Future<Output = core::result::Result<(), anyhow::Error>>>>::{closure#0}, core::result::Result<(), anyhow::Error>>
[INFO] [stdout]    8: <tokio::runtime::runtime::Runtime>::block_on::<core::pin::Pin<&mut dyn core::future::future::Future<Output = core::result::Result<(), anyhow::Error>>>>
[INFO] [stdout]    9: <am_rate_bot::source::tests::test_byblos::{closure#0} as core::ops::function::FnOnce<()>>::call_once
[INFO] [stdout]   10: test::__rust_begin_short_backtrace::<core::result::Result<(), alloc::string::String>, fn() -> core::result::Result<(), alloc::string::String>>
[INFO] [stdout]   11: test::run_test::{closure#0}
[INFO] [stdout]   12: std::sys::backtrace::__rust_begin_short_backtrace::<test::run_test::{closure#1}, ()>
[INFO] [stdout]   13: <std::thread::lifecycle::spawn_unchecked<test::run_test::{closure#1}, ()>::{closure#1} as core::ops::function::FnOnce<()>>::call_once::{shim:vtable#0}
[INFO] [stdout]   14: <std::sys::thread::unix::Thread>::new::thread_start
[INFO] [stdout]   15: <unknown>
[INFO] [stdout]   16: clone
[INFO] [stdout] 
[INFO] [stdout] ---- source::tests::test_evoca stdout ----
[INFO] [stdout] Error: error sending request for url (https://online.evocabank.am/InternetBank/Api/exchangeRates/0)
[INFO] [stdout] 
[INFO] [stdout] Caused by:
[INFO] [stdout]     0: client error (Connect)
[INFO] [stdout]     1: dns error
[INFO] [stdout]     2: failed to lookup address information: Temporary failure in name resolution
[INFO] [stdout] 
[INFO] [stdout] Stack backtrace:
[INFO] [stdout]    0: <anyhow::Error as core::convert::From<reqwest::error::Error>>::from
[INFO] [stdout]    1: am_rate_bot::source::armsoft::collect::{closure#0}
[INFO] [stdout]    2: am_rate_bot::source::collect::{closure#0}
[INFO] [stdout]    3: am_rate_bot::source::tests::test_evoca::{closure#0}
[INFO] [stdout]    4: <tokio::runtime::scheduler::current_thread::Context>::enter::<core::task::poll::Poll<core::result::Result<(), anyhow::Error>>, <tokio::runtime::scheduler::current_thread::CoreGuard>::block_on<core::pin::Pin<&mut core::pin::Pin<&mut dyn core::future::future::Future<Output = core::result::Result<(), anyhow::Error>>>>>::{closure#0}::{closure#0}>
[INFO] [stdout]    5: <std::thread::local::LocalKey<tokio::runtime::context::Context>>::with::<tokio::runtime::context::set_scheduler<(alloc::boxed::Box<tokio::runtime::scheduler::current_thread::Core>, core::option::Option<core::result::Result<(), anyhow::Error>>), <tokio::runtime::scheduler::current_thread::CoreGuard>::enter<<tokio::runtime::scheduler::current_thread::CoreGuard>::block_on<core::pin::Pin<&mut core::pin::Pin<&mut dyn core::future::future::Future<Output = core::result::Result<(), anyhow::Error>>>>>::{closure#0}, core::option::Option<core::result::Result<(), anyhow::Error>>>::{closure#0}>::{closure#0}, (alloc::boxed::Box<tokio::runtime::scheduler::current_thread::Core>, core::option::Option<core::result::Result<(), anyhow::Error>>)>
[INFO] [stdout]    6: <tokio::runtime::scheduler::current_thread::CoreGuard>::block_on::<core::pin::Pin<&mut core::pin::Pin<&mut dyn core::future::future::Future<Output = core::result::Result<(), anyhow::Error>>>>>
[INFO] [stdout]    7: tokio::runtime::context::runtime::enter_runtime::<<tokio::runtime::scheduler::current_thread::CurrentThread>::block_on<core::pin::Pin<&mut dyn core::future::future::Future<Output = core::result::Result<(), anyhow::Error>>>>::{closure#0}, core::result::Result<(), anyhow::Error>>
[INFO] [stdout]    8: <tokio::runtime::runtime::Runtime>::block_on::<core::pin::Pin<&mut dyn core::future::future::Future<Output = core::result::Result<(), anyhow::Error>>>>
[INFO] [stdout]    9: <am_rate_bot::source::tests::test_evoca::{closure#0} as core::ops::function::FnOnce<()>>::call_once
[INFO] [stdout]   10: test::__rust_begin_short_backtrace::<core::result::Result<(), alloc::string::String>, fn() -> core::result::Result<(), alloc::string::String>>
[INFO] [stdout]   11: test::run_test::{closure#0}
[INFO] [stdout]   12: std::sys::backtrace::__rust_begin_short_backtrace::<test::run_test::{closure#1}, ()>
[INFO] [stdout]   13: <std::thread::lifecycle::spawn_unchecked<test::run_test::{closure#1}, ()>::{closure#1} as core::ops::function::FnOnce<()>>::call_once::{shim:vtable#0}
[INFO] [stdout]   14: <std::sys::thread::unix::Thread>::new::thread_start
[INFO] [stdout]   15: <unknown>
[INFO] [stdout]   16: clone
[INFO] [stdout] 
[INFO] [stdout] ---- source::tests::test_armswiss stdout ----
[INFO] [stdout] Error: error sending request for url (https://www.armswissbank.am/include/ajax.php)
[INFO] [stdout] 
[INFO] [stdout] Caused by:
[INFO] [stdout]     0: client error (Connect)
[INFO] [stdout]     1: dns error
[INFO] [stdout]     2: failed to lookup address information: Temporary failure in name resolution
[INFO] [stdout] 
[INFO] [stdout] Stack backtrace:
[INFO] [stdout]    0: <anyhow::Error as core::convert::From<reqwest::error::Error>>::from
[INFO] [stdout]    1: am_rate_bot::source::collect::{closure#0}
[INFO] [stdout]    2: am_rate_bot::source::tests::test_armswiss::{closure#0}
[INFO] [stdout]    3: <tokio::runtime::scheduler::current_thread::Context>::enter::<core::task::poll::Poll<core::result::Result<(), anyhow::Error>>, <tokio::runtime::scheduler::current_thread::CoreGuard>::block_on<core::pin::Pin<&mut core::pin::Pin<&mut dyn core::future::future::Future<Output = core::result::Result<(), anyhow::Error>>>>>::{closure#0}::{closure#0}>
[INFO] [stdout]    4: <std::thread::local::LocalKey<tokio::runtime::context::Context>>::with::<tokio::runtime::context::set_scheduler<(alloc::boxed::Box<tokio::runtime::scheduler::current_thread::Core>, core::option::Option<core::result::Result<(), anyhow::Error>>), <tokio::runtime::scheduler::current_thread::CoreGuard>::enter<<tokio::runtime::scheduler::current_thread::CoreGuard>::block_on<core::pin::Pin<&mut core::pin::Pin<&mut dyn core::future::future::Future<Output = core::result::Result<(), anyhow::Error>>>>>::{closure#0}, core::option::Option<core::result::Result<(), anyhow::Error>>>::{closure#0}>::{closure#0}, (alloc::boxed::Box<tokio::runtime::scheduler::current_thread::Core>, core::option::Option<core::result::Result<(), anyhow::Error>>)>
[INFO] [stdout]    5: <tokio::runtime::scheduler::current_thread::CoreGuard>::block_on::<core::pin::Pin<&mut core::pin::Pin<&mut dyn core::future::future::Future<Output = core::result::Result<(), anyhow::Error>>>>>
[INFO] [stdout]    6: tokio::runtime::context::runtime::enter_runtime::<<tokio::runtime::scheduler::current_thread::CurrentThread>::block_on<core::pin::Pin<&mut dyn core::future::future::Future<Output = core::result::Result<(), anyhow::Error>>>>::{closure#0}, core::result::Result<(), anyhow::Error>>
[INFO] [stdout]    7: <tokio::runtime::runtime::Runtime>::block_on::<core::pin::Pin<&mut dyn core::future::future::Future<Output = core::result::Result<(), anyhow::Error>>>>
[INFO] [stdout]    8: <am_rate_bot::source::tests::test_armswiss::{closure#0} as core::ops::function::FnOnce<()>>::call_once
[INFO] [stdout]    9: test::__rust_begin_short_backtrace::<core::result::Result<(), alloc::string::String>, fn() -> core::result::Result<(), alloc::string::String>>
[INFO] [stdout]   10: test::run_test::{closure#0}
[INFO] [stdout]   11: std::sys::backtrace::__rust_begin_short_backtrace::<test::run_test::{closure#1}, ()>
[INFO] [stdout]   12: <std::thread::lifecycle::spawn_unchecked<test::run_test::{closure#1}, ()>::{closure#1} as core::ops::function::FnOnce<()>>::call_once::{shim:vtable#0}
[INFO] [stdout]   13: <std::sys::thread::unix::Thread>::new::thread_start
[INFO] [stdout]   14: <unknown>
[INFO] [stdout]   15: clone
[INFO] [stdout] 
[INFO] [stdout] ---- source::tests::test_amio stdout ----
[INFO] [stdout] Error: error sending request for url (https://internetbank.amiobank.am/InternetBank/api/exchangeRates/0)
[INFO] [stdout] 
[INFO] [stdout] Caused by:
[INFO] [stdout]     0: client error (Connect)
[INFO] [stdout]     1: dns error
[INFO] [stdout]     2: failed to lookup address information: Temporary failure in name resolution
[INFO] [stdout] 
[INFO] [stdout] Stack backtrace:
[INFO] [stdout]    0: <anyhow::Error as core::convert::From<reqwest::error::Error>>::from
[INFO] [stdout]    1: am_rate_bot::source::armsoft::collect::{closure#0}
[INFO] [stdout]    2: am_rate_bot::source::collect::{closure#0}
[INFO] [stdout]    3: am_rate_bot::source::tests::test_amio::{closure#0}
[INFO] [stdout]    4: <tokio::runtime::scheduler::current_thread::Context>::enter::<core::task::poll::Poll<core::result::Result<(), anyhow::Error>>, <tokio::runtime::scheduler::current_thread::CoreGuard>::block_on<core::pin::Pin<&mut core::pin::Pin<&mut dyn core::future::future::Future<Output = core::result::Result<(), anyhow::Error>>>>>::{closure#0}::{closure#0}>
[INFO] [stdout]    5: <std::thread::local::LocalKey<tokio::runtime::context::Context>>::with::<tokio::runtime::context::set_scheduler<(alloc::boxed::Box<tokio::runtime::scheduler::current_thread::Core>, core::option::Option<core::result::Result<(), anyhow::Error>>), <tokio::runtime::scheduler::current_thread::CoreGuard>::enter<<tokio::runtime::scheduler::current_thread::CoreGuard>::block_on<core::pin::Pin<&mut core::pin::Pin<&mut dyn core::future::future::Future<Output = core::result::Result<(), anyhow::Error>>>>>::{closure#0}, core::option::Option<core::result::Result<(), anyhow::Error>>>::{closure#0}>::{closure#0}, (alloc::boxed::Box<tokio::runtime::scheduler::current_thread::Core>, core::option::Option<core::result::Result<(), anyhow::Error>>)>
[INFO] [stdout]    6: <tokio::runtime::scheduler::current_thread::CoreGuard>::block_on::<core::pin::Pin<&mut core::pin::Pin<&mut dyn core::future::future::Future<Output = core::result::Result<(), anyhow::Error>>>>>
[INFO] [stdout]    7: tokio::runtime::context::runtime::enter_runtime::<<tokio::runtime::scheduler::current_thread::CurrentThread>::block_on<core::pin::Pin<&mut dyn core::future::future::Future<Output = core::result::Result<(), anyhow::Error>>>>::{closure#0}, core::result::Result<(), anyhow::Error>>
[INFO] [stdout]    8: <tokio::runtime::runtime::Runtime>::block_on::<core::pin::Pin<&mut dyn core::future::future::Future<Output = core::result::Result<(), anyhow::Error>>>>
[INFO] [stdout]    9: <am_rate_bot::source::tests::test_amio::{closure#0} as core::ops::function::FnOnce<()>>::call_once
[INFO] [stdout]   10: test::__rust_begin_short_backtrace::<core::result::Result<(), alloc::string::String>, fn() -> core::result::Result<(), alloc::string::String>>
[INFO] [stdout]   11: test::run_test::{closure#0}
[INFO] [stdout]   12: std::sys::backtrace::__rust_begin_short_backtrace::<test::run_test::{closure#1}, ()>
[INFO] [stdout]   13: <std::thread::lifecycle::spawn_unchecked<test::run_test::{closure#1}, ()>::{closure#1} as core::ops::function::FnOnce<()>>::call_once::{shim:vtable#0}
[INFO] [stdout]   14: <std::sys::thread::unix::Thread>::new::thread_start
[INFO] [stdout]   15: <unknown>
[INFO] [stdout]   16: clone
[INFO] [stdout] 
[INFO] [stdout] ---- source::tests::test_mellat stdout ----
[INFO] [stdout] Error: error sending request for url (https://api.mellatbank.am/api/v1/rate/list)
[INFO] [stdout] 
[INFO] [stdout] Caused by:
[INFO] [stdout]     0: client error (Connect)
[INFO] [stdout]     1: dns error
[INFO] [stdout]     2: failed to lookup address information: Temporary failure in name resolution
[INFO] [stdout] 
[INFO] [stdout] Stack backtrace:
[INFO] [stdout]    0: <anyhow::Error as core::convert::From<reqwest::error::Error>>::from
[INFO] [stdout]    1: am_rate_bot::source::collect::{closure#0}
[INFO] [stdout]    2: am_rate_bot::source::tests::test_mellat::{closure#0}
[INFO] [stdout]    3: <tokio::runtime::scheduler::current_thread::Context>::enter::<core::task::poll::Poll<core::result::Result<(), anyhow::Error>>, <tokio::runtime::scheduler::current_thread::CoreGuard>::block_on<core::pin::Pin<&mut core::pin::Pin<&mut dyn core::future::future::Future<Output = core::result::Result<(), anyhow::Error>>>>>::{closure#0}::{closure#0}>
[INFO] [stdout]    4: <std::thread::local::LocalKey<tokio::runtime::context::Context>>::with::<tokio::runtime::context::set_scheduler<(alloc::boxed::Box<tokio::runtime::scheduler::current_thread::Core>, core::option::Option<core::result::Result<(), anyhow::Error>>), <tokio::runtime::scheduler::current_thread::CoreGuard>::enter<<tokio::runtime::scheduler::current_thread::CoreGuard>::block_on<core::pin::Pin<&mut core::pin::Pin<&mut dyn core::future::future::Future<Output = core::result::Result<(), anyhow::Error>>>>>::{closure#0}, core::option::Option<core::result::Result<(), anyhow::Error>>>::{closure#0}>::{closure#0}, (alloc::boxed::Box<tokio::runtime::scheduler::current_thread::Core>, core::option::Option<core::result::Result<(), anyhow::Error>>)>
[INFO] [stdout]    5: <tokio::runtime::scheduler::current_thread::CoreGuard>::block_on::<core::pin::Pin<&mut core::pin::Pin<&mut dyn core::future::future::Future<Output = core::result::Result<(), anyhow::Error>>>>>
[INFO] [stdout]    6: tokio::runtime::context::runtime::enter_runtime::<<tokio::runtime::scheduler::current_thread::CurrentThread>::block_on<core::pin::Pin<&mut dyn core::future::future::Future<Output = core::result::Result<(), anyhow::Error>>>>::{closure#0}, core::result::Result<(), anyhow::Error>>
[INFO] [stdout]    7: <tokio::runtime::runtime::Runtime>::block_on::<core::pin::Pin<&mut dyn core::future::future::Future<Output = core::result::Result<(), anyhow::Error>>>>
[INFO] [stdout]    8: <am_rate_bot::source::tests::test_mellat::{closure#0} as core::ops::function::FnOnce<()>>::call_once
[INFO] [stdout]    9: test::__rust_begin_short_backtrace::<core::result::Result<(), alloc::string::String>, fn() -> core::result::Result<(), alloc::string::String>>
[INFO] [stdout]   10: test::run_test::{closure#0}
[INFO] [stdout]   11: std::sys::backtrace::__rust_begin_short_backtrace::<test::run_test::{closure#1}, ()>
[INFO] [stdout]   12: <std::thread::lifecycle::spawn_unchecked<test::run_test::{closure#1}, ()>::{closure#1} as core::ops::function::FnOnce<()>>::call_once::{shim:vtable#0}
[INFO] [stdout]   13: <std::sys::thread::unix::Thread>::new::thread_start
[INFO] [stdout]   14: <unknown>
[INFO] [stdout]   15: clone
[INFO] [stdout] 
[INFO] [stdout] ---- source::tests::test_aeb stdout ----
[INFO] [stdout] Error: error sending request for url (https://mobile.aeb.am/mobile-proxy-exchange-rates/rate-settings)
[INFO] [stdout] 
[INFO] [stdout] Caused by:
[INFO] [stdout]     0: client error (Connect)
[INFO] [stdout]     1: dns error
[INFO] [stdout]     2: failed to lookup address information: Temporary failure in name resolution
[INFO] [stdout] 
[INFO] [stdout] Stack backtrace:
[INFO] [stdout]    0: <anyhow::Error as core::convert::From<reqwest::error::Error>>::from
[INFO] [stdout]    1: am_rate_bot::source::collect::{closure#0}
[INFO] [stdout]    2: am_rate_bot::source::tests::test_aeb::{closure#0}
[INFO] [stdout]    3: <tokio::runtime::scheduler::current_thread::Context>::enter::<core::task::poll::Poll<core::result::Result<(), anyhow::Error>>, <tokio::runtime::scheduler::current_thread::CoreGuard>::block_on<core::pin::Pin<&mut core::pin::Pin<&mut dyn core::future::future::Future<Output = core::result::Result<(), anyhow::Error>>>>>::{closure#0}::{closure#0}>
[INFO] [stdout]    4: <std::thread::local::LocalKey<tokio::runtime::context::Context>>::with::<tokio::runtime::context::set_scheduler<(alloc::boxed::Box<tokio::runtime::scheduler::current_thread::Core>, core::option::Option<core::result::Result<(), anyhow::Error>>), <tokio::runtime::scheduler::current_thread::CoreGuard>::enter<<tokio::runtime::scheduler::current_thread::CoreGuard>::block_on<core::pin::Pin<&mut core::pin::Pin<&mut dyn core::future::future::Future<Output = core::result::Result<(), anyhow::Error>>>>>::{closure#0}, core::option::Option<core::result::Result<(), anyhow::Error>>>::{closure#0}>::{closure#0}, (alloc::boxed::Box<tokio::runtime::scheduler::current_thread::Core>, core::option::Option<core::result::Result<(), anyhow::Error>>)>
[INFO] [stdout]    5: <tokio::runtime::scheduler::current_thread::CoreGuard>::block_on::<core::pin::Pin<&mut core::pin::Pin<&mut dyn core::future::future::Future<Output = core::result::Result<(), anyhow::Error>>>>>
[INFO] [stdout]    6: tokio::runtime::context::runtime::enter_runtime::<<tokio::runtime::scheduler::current_thread::CurrentThread>::block_on<core::pin::Pin<&mut dyn core::future::future::Future<Output = core::result::Result<(), anyhow::Error>>>>::{closure#0}, core::result::Result<(), anyhow::Error>>
[INFO] [stdout]    7: <tokio::runtime::runtime::Runtime>::block_on::<core::pin::Pin<&mut dyn core::future::future::Future<Output = core::result::Result<(), anyhow::Error>>>>
[INFO] [stdout]    8: <am_rate_bot::source::tests::test_aeb::{closure#0} as core::ops::function::FnOnce<()>>::call_once
[INFO] [stdout]    9: test::__rust_begin_short_backtrace::<core::result::Result<(), alloc::string::String>, fn() -> core::result::Result<(), alloc::string::String>>
[INFO] [stdout]   10: test::run_test::{closure#0}
[INFO] [stdout]   11: std::sys::backtrace::__rust_begin_short_backtrace::<test::run_test::{closure#1}, ()>
[INFO] [stdout]   12: <std::thread::lifecycle::spawn_unchecked<test::run_test::{closure#1}, ()>::{closure#1} as core::ops::function::FnOnce<()>>::call_once::{shim:vtable#0}
[INFO] [stdout]   13: <std::sys::thread::unix::Thread>::new::thread_start
[INFO] [stdout]   14: <unknown>
[INFO] [stdout]   15: clone
[INFO] [stdout] 
[INFO] [stdout] ---- source::tests::test_ineco stdout ----
[INFO] [stdout] Error: error sending request for url (https://www.inecobank.am/api/rates)
[INFO] [stdout] 
[INFO] [stdout] Caused by:
[INFO] [stdout]     0: client error (Connect)
[INFO] [stdout]     1: dns error
[INFO] [stdout]     2: failed to lookup address information: Temporary failure in name resolution
[INFO] [stdout] 
[INFO] [stdout] Stack backtrace:
[INFO] [stdout]    0: <anyhow::Error as core::convert::From<reqwest::error::Error>>::from
[INFO] [stdout]    1: am_rate_bot::source::collect::{closure#0}
[INFO] [stdout]    2: am_rate_bot::source::tests::test_ineco::{closure#0}
[INFO] [stdout]    3: <tokio::runtime::scheduler::current_thread::Context>::enter::<core::task::poll::Poll<core::result::Result<(), anyhow::Error>>, <tokio::runtime::scheduler::current_thread::CoreGuard>::block_on<core::pin::Pin<&mut core::pin::Pin<&mut dyn core::future::future::Future<Output = core::result::Result<(), anyhow::Error>>>>>::{closure#0}::{closure#0}>
[INFO] [stdout]    4: <std::thread::local::LocalKey<tokio::runtime::context::Context>>::with::<tokio::runtime::context::set_scheduler<(alloc::boxed::Box<tokio::runtime::scheduler::current_thread::Core>, core::option::Option<core::result::Result<(), anyhow::Error>>), <tokio::runtime::scheduler::current_thread::CoreGuard>::enter<<tokio::runtime::scheduler::current_thread::CoreGuard>::block_on<core::pin::Pin<&mut core::pin::Pin<&mut dyn core::future::future::Future<Output = core::result::Result<(), anyhow::Error>>>>>::{closure#0}, core::option::Option<core::result::Result<(), anyhow::Error>>>::{closure#0}>::{closure#0}, (alloc::boxed::Box<tokio::runtime::scheduler::current_thread::Core>, core::option::Option<core::result::Result<(), anyhow::Error>>)>
[INFO] [stdout]    5: <tokio::runtime::scheduler::current_thread::CoreGuard>::block_on::<core::pin::Pin<&mut core::pin::Pin<&mut dyn core::future::future::Future<Output = core::result::Result<(), anyhow::Error>>>>>
[INFO] [stdout]    6: tokio::runtime::context::runtime::enter_runtime::<<tokio::runtime::scheduler::current_thread::CurrentThread>::block_on<core::pin::Pin<&mut dyn core::future::future::Future<Output = core::result::Result<(), anyhow::Error>>>>::{closure#0}, core::result::Result<(), anyhow::Error>>
[INFO] [stdout]    7: <tokio::runtime::runtime::Runtime>::block_on::<core::pin::Pin<&mut dyn core::future::future::Future<Output = core::result::Result<(), anyhow::Error>>>>
[INFO] [stdout]    8: <am_rate_bot::source::tests::test_ineco::{closure#0} as core::ops::function::FnOnce<()>>::call_once
[INFO] [stdout]    9: test::__rust_begin_short_backtrace::<core::result::Result<(), alloc::string::String>, fn() -> core::result::Result<(), alloc::string::String>>
[INFO] [stdout]   10: test::run_test::{closure#0}
[INFO] [stdout]   11: std::sys::backtrace::__rust_begin_short_backtrace::<test::run_test::{closure#1}, ()>
[INFO] [stdout]   12: <std::thread::lifecycle::spawn_unchecked<test::run_test::{closure#1}, ()>::{closure#1} as core::ops::function::FnOnce<()>>::call_once::{shim:vtable#0}
[INFO] [stdout]   13: <std::sys::thread::unix::Thread>::new::thread_start
[INFO] [stdout]   14: <unknown>
[INFO] [stdout]   15: clone
[INFO] [stdout] 
[INFO] [stdout] ---- source::tests::test_idpay stdout ----
[INFO] [stdout] Error: error sending request for url (https://www.idbanking.am/api/MyInfo/getCurrencyRateMobile)
[INFO] [stdout] 
[INFO] [stdout] Caused by:
[INFO] [stdout]     0: client error (Connect)
[INFO] [stdout]     1: dns error
[INFO] [stdout]     2: failed to lookup address information: Temporary failure in name resolution
[INFO] [stdout] 
[INFO] [stdout] Stack backtrace:
[INFO] [stdout]    0: <anyhow::Error as core::convert::From<reqwest::error::Error>>::from
[INFO] [stdout]    1: am_rate_bot::source::collect::{closure#0}
[INFO] [stdout]    2: am_rate_bot::source::tests::test_idpay::{closure#0}
[INFO] [stdout]    3: <tokio::runtime::scheduler::current_thread::Context>::enter::<core::task::poll::Poll<core::result::Result<(), anyhow::Error>>, <tokio::runtime::scheduler::current_thread::CoreGuard>::block_on<core::pin::Pin<&mut core::pin::Pin<&mut dyn core::future::future::Future<Output = core::result::Result<(), anyhow::Error>>>>>::{closure#0}::{closure#0}>
[INFO] [stdout]    4: <std::thread::local::LocalKey<tokio::runtime::context::Context>>::with::<tokio::runtime::context::set_scheduler<(alloc::boxed::Box<tokio::runtime::scheduler::current_thread::Core>, core::option::Option<core::result::Result<(), anyhow::Error>>), <tokio::runtime::scheduler::current_thread::CoreGuard>::enter<<tokio::runtime::scheduler::current_thread::CoreGuard>::block_on<core::pin::Pin<&mut core::pin::Pin<&mut dyn core::future::future::Future<Output = core::result::Result<(), anyhow::Error>>>>>::{closure#0}, core::option::Option<core::result::Result<(), anyhow::Error>>>::{closure#0}>::{closure#0}, (alloc::boxed::Box<tokio::runtime::scheduler::current_thread::Core>, core::option::Option<core::result::Result<(), anyhow::Error>>)>
[INFO] [stdout]    5: <tokio::runtime::scheduler::current_thread::CoreGuard>::block_on::<core::pin::Pin<&mut core::pin::Pin<&mut dyn core::future::future::Future<Output = core::result::Result<(), anyhow::Error>>>>>
[INFO] [stdout]    6: tokio::runtime::context::runtime::enter_runtime::<<tokio::runtime::scheduler::current_thread::CurrentThread>::block_on<core::pin::Pin<&mut dyn core::future::future::Future<Output = core::result::Result<(), anyhow::Error>>>>::{closure#0}, core::result::Result<(), anyhow::Error>>
[INFO] [stdout]    7: <tokio::runtime::runtime::Runtime>::block_on::<core::pin::Pin<&mut dyn core::future::future::Future<Output = core::result::Result<(), anyhow::Error>>>>
[INFO] [stdout]    8: <am_rate_bot::source::tests::test_idpay::{closure#0} as core::ops::function::FnOnce<()>>::call_once
[INFO] [stdout]    9: test::__rust_begin_short_backtrace::<core::result::Result<(), alloc::string::String>, fn() -> core::result::Result<(), alloc::string::String>>
[INFO] [stdout]   10: test::run_test::{closure#0}
[INFO] [stdout]   11: std::sys::backtrace::__rust_begin_short_backtrace::<test::run_test::{closure#1}, ()>
[INFO] [stdout]   12: <std::thread::lifecycle::spawn_unchecked<test::run_test::{closure#1}, ()>::{closure#1} as core::ops::function::FnOnce<()>>::call_once::{shim:vtable#0}
[INFO] [stdout]   13: <std::sys::thread::unix::Thread>::new::thread_start
[INFO] [stdout]   14: <unknown>
[INFO] [stdout]   15: clone
[INFO] [stdout] 
[INFO] [stdout] ---- source::tests::test_kwikpay stdout ----
[INFO] [stdout] Error: error sending request for url (https://force.unibank.am:9443/xmlParser_mob.php)
[INFO] [stdout] 
[INFO] [stdout] Caused by:
[INFO] [stdout]     0: client error (Connect)
[INFO] [stdout]     1: dns error
[INFO] [stdout]     2: failed to lookup address information: Temporary failure in name resolution
[INFO] [stdout] 
[INFO] [stdout] Stack backtrace:
[INFO] [stdout]    0: <anyhow::Error as core::convert::From<reqwest::error::Error>>::from
[INFO] [stdout]    1: am_rate_bot::source::collect::{closure#0}
[INFO] [stdout]    2: am_rate_bot::source::tests::test_kwikpay::{closure#0}
[INFO] [stdout]    3: <tokio::runtime::scheduler::current_thread::Context>::enter::<core::task::poll::Poll<core::result::Result<(), anyhow::Error>>, <tokio::runtime::scheduler::current_thread::CoreGuard>::block_on<core::pin::Pin<&mut core::pin::Pin<&mut dyn core::future::future::Future<Output = core::result::Result<(), anyhow::Error>>>>>::{closure#0}::{closure#0}>
[INFO] [stdout]    4: <std::thread::local::LocalKey<tokio::runtime::context::Context>>::with::<tokio::runtime::context::set_scheduler<(alloc::boxed::Box<tokio::runtime::scheduler::current_thread::Core>, core::option::Option<core::result::Result<(), anyhow::Error>>), <tokio::runtime::scheduler::current_thread::CoreGuard>::enter<<tokio::runtime::scheduler::current_thread::CoreGuard>::block_on<core::pin::Pin<&mut core::pin::Pin<&mut dyn core::future::future::Future<Output = core::result::Result<(), anyhow::Error>>>>>::{closure#0}, core::option::Option<core::result::Result<(), anyhow::Error>>>::{closure#0}>::{closure#0}, (alloc::boxed::Box<tokio::runtime::scheduler::current_thread::Core>, core::option::Option<core::result::Result<(), anyhow::Error>>)>
[INFO] [stdout]    5: <tokio::runtime::scheduler::current_thread::CoreGuard>::block_on::<core::pin::Pin<&mut core::pin::Pin<&mut dyn core::future::future::Future<Output = core::result::Result<(), anyhow::Error>>>>>
[INFO] [stdout]    6: tokio::runtime::context::runtime::enter_runtime::<<tokio::runtime::scheduler::current_thread::CurrentThread>::block_on<core::pin::Pin<&mut dyn core::future::future::Future<Output = core::result::Result<(), anyhow::Error>>>>::{closure#0}, core::result::Result<(), anyhow::Error>>
[INFO] [stdout]    7: <tokio::runtime::runtime::Runtime>::block_on::<core::pin::Pin<&mut dyn core::future::future::Future<Output = core::result::Result<(), anyhow::Error>>>>
[INFO] [stdout]    8: <am_rate_bot::source::tests::test_kwikpay::{closure#0} as core::ops::function::FnOnce<()>>::call_once
[INFO] [stdout]    9: test::__rust_begin_short_backtrace::<core::result::Result<(), alloc::string::String>, fn() -> core::result::Result<(), alloc::string::String>>
[INFO] [stdout]   10: test::run_test::{closure#0}
[INFO] [stdout]   11: std::sys::backtrace::__rust_begin_short_backtrace::<test::run_test::{closure#1}, ()>
[INFO] [stdout]   12: <std::thread::lifecycle::spawn_unchecked<test::run_test::{closure#1}, ()>::{closure#1} as core::ops::function::FnOnce<()>>::call_once::{shim:vtable#0}
[INFO] [stdout]   13: <std::sys::thread::unix::Thread>::new::thread_start
[INFO] [stdout]   14: <unknown>
[INFO] [stdout]   15: clone
[INFO] [stdout] 
[INFO] [stdout] ---- source::tests::test_unibank stdout ----
[INFO] [stdout] Error: error sending request for url (https://force.unibank.am:9443/xmlParser_mob.php)
[INFO] [stdout] 
[INFO] [stdout] Caused by:
[INFO] [stdout]     0: client error (Connect)
[INFO] [stdout]     1: dns error
[INFO] [stdout]     2: failed to lookup address information: Temporary failure in name resolution
[INFO] [stdout] 
[INFO] [stdout] Stack backtrace:
[INFO] [stdout]    0: <anyhow::Error as core::convert::From<reqwest::error::Error>>::from
[INFO] [stdout]    1: am_rate_bot::source::lsoft::collect::<am_rate_bot::source::BaseConfig>::{closure#0}
[INFO] [stdout]    2: am_rate_bot::source::collect::{closure#0}
[INFO] [stdout]    3: am_rate_bot::source::tests::test_unibank::{closure#0}
[INFO] [stdout]    4: <tokio::runtime::scheduler::current_thread::Context>::enter::<core::task::poll::Poll<core::result::Result<(), anyhow::Error>>, <tokio::runtime::scheduler::current_thread::CoreGuard>::block_on<core::pin::Pin<&mut core::pin::Pin<&mut dyn core::future::future::Future<Output = core::result::Result<(), anyhow::Error>>>>>::{closure#0}::{closure#0}>
[INFO] [stdout]    5: <std::thread::local::LocalKey<tokio::runtime::context::Context>>::with::<tokio::runtime::context::set_scheduler<(alloc::boxed::Box<tokio::runtime::scheduler::current_thread::Core>, core::option::Option<core::result::Result<(), anyhow::Error>>), <tokio::runtime::scheduler::current_thread::CoreGuard>::enter<<tokio::runtime::scheduler::current_thread::CoreGuard>::block_on<core::pin::Pin<&mut core::pin::Pin<&mut dyn core::future::future::Future<Output = core::result::Result<(), anyhow::Error>>>>>::{closure#0}, core::option::Option<core::result::Result<(), anyhow::Error>>>::{closure#0}>::{closure#0}, (alloc::boxed::Box<tokio::runtime::scheduler::current_thread::Core>, core::option::Option<core::result::Result<(), anyhow::Error>>)>
[INFO] [stdout]    6: <tokio::runtime::scheduler::current_thread::CoreGuard>::block_on::<core::pin::Pin<&mut core::pin::Pin<&mut dyn core::future::future::Future<Output = core::result::Result<(), anyhow::Error>>>>>
[INFO] [stdout]    7: tokio::runtime::context::runtime::enter_runtime::<<tokio::runtime::scheduler::current_thread::CurrentThread>::block_on<core::pin::Pin<&mut dyn core::future::future::Future<Output = core::result::Result<(), anyhow::Error>>>>::{closure#0}, core::result::Result<(), anyhow::Error>>
[INFO] [stdout]    8: <tokio::runtime::runtime::Runtime>::block_on::<core::pin::Pin<&mut dyn core::future::future::Future<Output = core::result::Result<(), anyhow::Error>>>>
[INFO] [stdout]    9: <am_rate_bot::source::tests::test_unibank::{closure#0} as core::ops::function::FnOnce<()>>::call_once
[INFO] [stdout]   10: test::__rust_begin_short_backtrace::<core::result::Result<(), alloc::string::String>, fn() -> core::result::Result<(), alloc::string::String>>
[INFO] [stdout]   11: test::run_test::{closure#0}
[INFO] [stdout]   12: std::sys::backtrace::__rust_begin_short_backtrace::<test::run_test::{closure#1}, ()>
[INFO] [stdout]   13: <std::thread::lifecycle::spawn_unchecked<test::run_test::{closure#1}, ()>::{closure#1} as core::ops::function::FnOnce<()>>::call_once::{shim:vtable#0}
[INFO] [stdout]   14: <std::sys::thread::unix::Thread>::new::thread_start
[INFO] [stdout]   15: <unknown>
[INFO] [stdout]   16: clone
[INFO] [stdout] 
[INFO] [stdout] ---- source::tests::test_converse stdout ----
[INFO] [stdout] Error: error sending request for url (https://sapi.conversebank.am/api/v2/currencyrates)
[INFO] [stdout] 
[INFO] [stdout] Caused by:
[INFO] [stdout]     0: client error (Connect)
[INFO] [stdout]     1: dns error
[INFO] [stdout]     2: failed to lookup address information: Temporary failure in name resolution
[INFO] [stdout] 
[INFO] [stdout] Stack backtrace:
[INFO] [stdout]    0: <anyhow::Error as core::convert::From<reqwest::error::Error>>::from
[INFO] [stdout]    1: am_rate_bot::source::collect::{closure#0}
[INFO] [stdout]    2: am_rate_bot::source::tests::test_converse::{closure#0}
[INFO] [stdout]    3: <tokio::runtime::scheduler::current_thread::Context>::enter::<core::task::poll::Poll<core::result::Result<(), anyhow::Error>>, <tokio::runtime::scheduler::current_thread::CoreGuard>::block_on<core::pin::Pin<&mut core::pin::Pin<&mut dyn core::future::future::Future<Output = core::result::Result<(), anyhow::Error>>>>>::{closure#0}::{closure#0}>
[INFO] [stdout]    4: <std::thread::local::LocalKey<tokio::runtime::context::Context>>::with::<tokio::runtime::context::set_scheduler<(alloc::boxed::Box<tokio::runtime::scheduler::current_thread::Core>, core::option::Option<core::result::Result<(), anyhow::Error>>), <tokio::runtime::scheduler::current_thread::CoreGuard>::enter<<tokio::runtime::scheduler::current_thread::CoreGuard>::block_on<core::pin::Pin<&mut core::pin::Pin<&mut dyn core::future::future::Future<Output = core::result::Result<(), anyhow::Error>>>>>::{closure#0}, core::option::Option<core::result::Result<(), anyhow::Error>>>::{closure#0}>::{closure#0}, (alloc::boxed::Box<tokio::runtime::scheduler::current_thread::Core>, core::option::Option<core::result::Result<(), anyhow::Error>>)>
[INFO] [stdout]    5: <tokio::runtime::scheduler::current_thread::CoreGuard>::block_on::<core::pin::Pin<&mut core::pin::Pin<&mut dyn core::future::future::Future<Output = core::result::Result<(), anyhow::Error>>>>>
[INFO] [stdout]    6: tokio::runtime::context::runtime::enter_runtime::<<tokio::runtime::scheduler::current_thread::CurrentThread>::block_on<core::pin::Pin<&mut dyn core::future::future::Future<Output = core::result::Result<(), anyhow::Error>>>>::{closure#0}, core::result::Result<(), anyhow::Error>>
[INFO] [stdout]    7: <tokio::runtime::runtime::Runtime>::block_on::<core::pin::Pin<&mut dyn core::future::future::Future<Output = core::result::Result<(), anyhow::Error>>>>
[INFO] [stdout]    8: <am_rate_bot::source::tests::test_converse::{closure#0} as core::ops::function::FnOnce<()>>::call_once
[INFO] [stdout]    9: test::__rust_begin_short_backtrace::<core::result::Result<(), alloc::string::String>, fn() -> core::result::Result<(), alloc::string::String>>
[INFO] [stdout]   10: test::run_test::{closure#0}
[INFO] [stdout]   11: std::sys::backtrace::__rust_begin_short_backtrace::<test::run_test::{closure#1}, ()>
[INFO] [stdout]   12: <std::thread::lifecycle::spawn_unchecked<test::run_test::{closure#1}, ()>::{closure#1} as core::ops::function::FnOnce<()>>::call_once::{shim:vtable#0}
[INFO] [stdout]   13: <std::sys::thread::unix::Thread>::new::thread_start
[INFO] [stdout]   14: <unknown>
[INFO] [stdout]   15: clone
[INFO] [stdout] 
[INFO] [stdout] ---- source::tests::test_vtb stdout ----
[INFO] [stdout] Error: error sending request for url (https://vtb.am/ru/currency)
[INFO] [stdout] 
[INFO] [stdout] Caused by:
[INFO] [stdout]     0: client error (Connect)
[INFO] [stdout]     1: dns error
[INFO] [stdout]     2: failed to lookup address information: Temporary failure in name resolution
[INFO] [stdout] 
[INFO] [stdout] Stack backtrace:
[INFO] [stdout]    0: <anyhow::Error as core::convert::From<reqwest::error::Error>>::from
[INFO] [stdout]    1: am_rate_bot::source::collect::{closure#0}
[INFO] [stdout]    2: am_rate_bot::source::tests::test_vtb::{closure#0}
[INFO] [stdout]    3: <tokio::runtime::scheduler::current_thread::Context>::enter::<core::task::poll::Poll<core::result::Result<(), anyhow::Error>>, <tokio::runtime::scheduler::current_thread::CoreGuard>::block_on<core::pin::Pin<&mut core::pin::Pin<&mut dyn core::future::future::Future<Output = core::result::Result<(), anyhow::Error>>>>>::{closure#0}::{closure#0}>
[INFO] [stdout]    4: <std::thread::local::LocalKey<tokio::runtime::context::Context>>::with::<tokio::runtime::context::set_scheduler<(alloc::boxed::Box<tokio::runtime::scheduler::current_thread::Core>, core::option::Option<core::result::Result<(), anyhow::Error>>), <tokio::runtime::scheduler::current_thread::CoreGuard>::enter<<tokio::runtime::scheduler::current_thread::CoreGuard>::block_on<core::pin::Pin<&mut core::pin::Pin<&mut dyn core::future::future::Future<Output = core::result::Result<(), anyhow::Error>>>>>::{closure#0}, core::option::Option<core::result::Result<(), anyhow::Error>>>::{closure#0}>::{closure#0}, (alloc::boxed::Box<tokio::runtime::scheduler::current_thread::Core>, core::option::Option<core::result::Result<(), anyhow::Error>>)>
[INFO] [stdout]    5: <tokio::runtime::scheduler::current_thread::CoreGuard>::block_on::<core::pin::Pin<&mut core::pin::Pin<&mut dyn core::future::future::Future<Output = core::result::Result<(), anyhow::Error>>>>>
[INFO] [stdout]    6: tokio::runtime::context::runtime::enter_runtime::<<tokio::runtime::scheduler::current_thread::CurrentThread>::block_on<core::pin::Pin<&mut dyn core::future::future::Future<Output = core::result::Result<(), anyhow::Error>>>>::{closure#0}, core::result::Result<(), anyhow::Error>>
[INFO] [stdout]    7: <tokio::runtime::runtime::Runtime>::block_on::<core::pin::Pin<&mut dyn core::future::future::Future<Output = core::result::Result<(), anyhow::Error>>>>
[INFO] [stdout]    8: <am_rate_bot::source::tests::test_vtb::{closure#0} as core::ops::function::FnOnce<()>>::call_once
[INFO] [stdout]    9: test::__rust_begin_short_backtrace::<core::result::Result<(), alloc::string::String>, fn() -> core::result::Result<(), alloc::string::String>>
[INFO] [stdout]   10: test::run_test::{closure#0}
[INFO] [stdout]   11: std::sys::backtrace::__rust_begin_short_backtrace::<test::run_test::{closure#1}, ()>
[INFO] [stdout]   12: <std::thread::lifecycle::spawn_unchecked<test::run_test::{closure#1}, ()>::{closure#1} as core::ops::function::FnOnce<()>>::call_once::{shim:vtable#0}
[INFO] [stdout]   13: <std::sys::thread::unix::Thread>::new::thread_start
[INFO] [stdout]   14: <unknown>
[INFO] [stdout]   15: clone
[INFO] [stdout] 
[INFO] [stdout] ---- source::tests::test_sas stdout ----
[INFO] [stdout] Error: error sending request for url (https://www.sas.am/app/)
[INFO] [stdout] 
[INFO] [stdout] Caused by:
[INFO] [stdout]     0: client error (Connect)
[INFO] [stdout]     1: dns error
[INFO] [stdout]     2: failed to lookup address information: Temporary failure in name resolution
[INFO] [stdout] 
[INFO] [stdout] Stack backtrace:
[INFO] [stdout]    0: <anyhow::Error as core::convert::From<reqwest::error::Error>>::from
[INFO] [stdout]    1: am_rate_bot::source::collect::{closure#0}
[INFO] [stdout]    2: am_rate_bot::source::tests::test_sas::{closure#0}
[INFO] [stdout]    3: <tokio::runtime::scheduler::current_thread::Context>::enter::<core::task::poll::Poll<core::result::Result<(), anyhow::Error>>, <tokio::runtime::scheduler::current_thread::CoreGuard>::block_on<core::pin::Pin<&mut core::pin::Pin<&mut dyn core::future::future::Future<Output = core::result::Result<(), anyhow::Error>>>>>::{closure#0}::{closure#0}>
[INFO] [stdout]    4: <std::thread::local::LocalKey<tokio::runtime::context::Context>>::with::<tokio::runtime::context::set_scheduler<(alloc::boxed::Box<tokio::runtime::scheduler::current_thread::Core>, core::option::Option<core::result::Result<(), anyhow::Error>>), <tokio::runtime::scheduler::current_thread::CoreGuard>::enter<<tokio::runtime::scheduler::current_thread::CoreGuard>::block_on<core::pin::Pin<&mut core::pin::Pin<&mut dyn core::future::future::Future<Output = core::result::Result<(), anyhow::Error>>>>>::{closure#0}, core::option::Option<core::result::Result<(), anyhow::Error>>>::{closure#0}>::{closure#0}, (alloc::boxed::Box<tokio::runtime::scheduler::current_thread::Core>, core::option::Option<core::result::Result<(), anyhow::Error>>)>
[INFO] [stdout]    5: <tokio::runtime::scheduler::current_thread::CoreGuard>::block_on::<core::pin::Pin<&mut core::pin::Pin<&mut dyn core::future::future::Future<Output = core::result::Result<(), anyhow::Error>>>>>
[INFO] [stdout]    6: tokio::runtime::context::runtime::enter_runtime::<<tokio::runtime::scheduler::current_thread::CurrentThread>::block_on<core::pin::Pin<&mut dyn core::future::future::Future<Output = core::result::Result<(), anyhow::Error>>>>::{closure#0}, core::result::Result<(), anyhow::Error>>
[INFO] [stdout]    7: <tokio::runtime::runtime::Runtime>::block_on::<core::pin::Pin<&mut dyn core::future::future::Future<Output = core::result::Result<(), anyhow::Error>>>>
[INFO] [stdout]    8: <am_rate_bot::source::tests::test_sas::{closure#0} as core::ops::function::FnOnce<()>>::call_once
[INFO] [stdout]    9: test::__rust_begin_short_backtrace::<core::result::Result<(), alloc::string::String>, fn() -> core::result::Result<(), alloc::string::String>>
[INFO] [stdout]   10: test::run_test::{closure#0}
[INFO] [stdout]   11: std::sys::backtrace::__rust_begin_short_backtrace::<test::run_test::{closure#1}, ()>
[INFO] [stdout]   12: <std::thread::lifecycle::spawn_unchecked<test::run_test::{closure#1}, ()>::{closure#1} as core::ops::function::FnOnce<()>>::call_once::{shim:vtable#0}
[INFO] [stdout]   13: <std::sys::thread::unix::Thread>::new::thread_start
[INFO] [stdout]   14: <unknown>
[INFO] [stdout]   15: clone
[INFO] [stdout] 
[INFO] [stdout] ---- source::tests::test_unistream stdout ----
[INFO] [stdout] Error: error sending request for url (https://force.unibank.am:9443/xmlParser_mob.php)
[INFO] [stdout] 
[INFO] [stdout] Caused by:
[INFO] [stdout]     0: client error (Connect)
[INFO] [stdout]     1: dns error
[INFO] [stdout]     2: failed to lookup address information: Temporary failure in name resolution
[INFO] [stdout] 
[INFO] [stdout] Stack backtrace:
[INFO] [stdout]    0: <anyhow::Error as core::convert::From<reqwest::error::Error>>::from
[INFO] [stdout]    1: am_rate_bot::source::collect::{closure#0}
[INFO] [stdout]    2: am_rate_bot::source::tests::test_unistream::{closure#0}
[INFO] [stdout]    3: <tokio::runtime::scheduler::current_thread::Context>::enter::<core::task::poll::Poll<core::result::Result<(), anyhow::Error>>, <tokio::runtime::scheduler::current_thread::CoreGuard>::block_on<core::pin::Pin<&mut core::pin::Pin<&mut dyn core::future::future::Future<Output = core::result::Result<(), anyhow::Error>>>>>::{closure#0}::{closure#0}>
[INFO] [stdout]    4: <std::thread::local::LocalKey<tokio::runtime::context::Context>>::with::<tokio::runtime::context::set_scheduler<(alloc::boxed::Box<tokio::runtime::scheduler::current_thread::Core>, core::option::Option<core::result::Result<(), anyhow::Error>>), <tokio::runtime::scheduler::current_thread::CoreGuard>::enter<<tokio::runtime::scheduler::current_thread::CoreGuard>::block_on<core::pin::Pin<&mut core::pin::Pin<&mut dyn core::future::future::Future<Output = core::result::Result<(), anyhow::Error>>>>>::{closure#0}, core::option::Option<core::result::Result<(), anyhow::Error>>>::{closure#0}>::{closure#0}, (alloc::boxed::Box<tokio::runtime::scheduler::current_thread::Core>, core::option::Option<core::result::Result<(), anyhow::Error>>)>
[INFO] [stdout]    5: <tokio::runtime::scheduler::current_thread::CoreGuard>::block_on::<core::pin::Pin<&mut core::pin::Pin<&mut dyn core::future::future::Future<Output = core::result::Result<(), anyhow::Error>>>>>
[INFO] [stdout]    6: tokio::runtime::context::runtime::enter_runtime::<<tokio::runtime::scheduler::current_thread::CurrentThread>::block_on<core::pin::Pin<&mut dyn core::future::future::Future<Output = core::result::Result<(), anyhow::Error>>>>::{closure#0}, core::result::Result<(), anyhow::Error>>
[INFO] [stdout]    7: <tokio::runtime::runtime::Runtime>::block_on::<core::pin::Pin<&mut dyn core::future::future::Future<Output = core::result::Result<(), anyhow::Error>>>>
[INFO] [stdout]    8: <am_rate_bot::source::tests::test_unistream::{closure#0} as core::ops::function::FnOnce<()>>::call_once
[INFO] [stdout]    9: test::__rust_begin_short_backtrace::<core::result::Result<(), alloc::string::String>, fn() -> core::result::Result<(), alloc::string::String>>
[INFO] [stdout]   10: test::run_test::{closure#0}
[INFO] [stdout]   11: std::sys::backtrace::__rust_begin_short_backtrace::<test::run_test::{closure#1}, ()>
[INFO] [stdout]   12: <std::thread::lifecycle::spawn_unchecked<test::run_test::{closure#1}, ()>::{closure#1} as core::ops::function::FnOnce<()>>::call_once::{shim:vtable#0}
[INFO] [stdout]   13: <std::sys::thread::unix::Thread>::new::thread_start
[INFO] [stdout]   14: <unknown>
[INFO] [stdout]   15: clone
[INFO] [stdout] 
[INFO] [stdout] ---- source::tests::test_moex stdout ----
[INFO] [stdout] Error: environment variable not found
[INFO] [stdout] 
[INFO] [stdout] Stack backtrace:
[INFO] [stdout]    0: <anyhow::Error as core::convert::From<std::env::VarError>>::from
[INFO] [stdout]    1: am_rate_bot::source::collect::{closure#0}
[INFO] [stdout]    2: am_rate_bot::source::tests::test_moex::{closure#0}
[INFO] [stdout]    3: <tokio::runtime::scheduler::current_thread::Context>::enter::<core::task::poll::Poll<core::result::Result<(), anyhow::Error>>, <tokio::runtime::scheduler::current_thread::CoreGuard>::block_on<core::pin::Pin<&mut core::pin::Pin<&mut dyn core::future::future::Future<Output = core::result::Result<(), anyhow::Error>>>>>::{closure#0}::{closure#0}>
[INFO] [stdout]    4: <std::thread::local::LocalKey<tokio::runtime::context::Context>>::with::<tokio::runtime::context::set_scheduler<(alloc::boxed::Box<tokio::runtime::scheduler::current_thread::Core>, core::option::Option<core::result::Result<(), anyhow::Error>>), <tokio::runtime::scheduler::current_thread::CoreGuard>::enter<<tokio::runtime::scheduler::current_thread::CoreGuard>::block_on<core::pin::Pin<&mut core::pin::Pin<&mut dyn core::future::future::Future<Output = core::result::Result<(), anyhow::Error>>>>>::{closure#0}, core::option::Option<core::result::Result<(), anyhow::Error>>>::{closure#0}>::{closure#0}, (alloc::boxed::Box<tokio::runtime::scheduler::current_thread::Core>, core::option::Option<core::result::Result<(), anyhow::Error>>)>
[INFO] [stdout]    5: <tokio::runtime::scheduler::current_thread::CoreGuard>::block_on::<core::pin::Pin<&mut core::pin::Pin<&mut dyn core::future::future::Future<Output = core::result::Result<(), anyhow::Error>>>>>
[INFO] [stdout]    6: tokio::runtime::context::runtime::enter_runtime::<<tokio::runtime::scheduler::current_thread::CurrentThread>::block_on<core::pin::Pin<&mut dyn core::future::future::Future<Output = core::result::Result<(), anyhow::Error>>>>::{closure#0}, core::result::Result<(), anyhow::Error>>
[INFO] [stdout]    7: <tokio::runtime::runtime::Runtime>::block_on::<core::pin::Pin<&mut dyn core::future::future::Future<Output = core::result::Result<(), anyhow::Error>>>>
[INFO] [stdout]    8: <am_rate_bot::source::tests::test_moex::{closure#0} as core::ops::function::FnOnce<()>>::call_once
[INFO] [stdout]    9: test::__rust_begin_short_backtrace::<core::result::Result<(), alloc::string::String>, fn() -> core::result::Result<(), alloc::string::String>>
[INFO] [stdout]   10: test::run_test::{closure#0}
[INFO] [stdout]   11: std::sys::backtrace::__rust_begin_short_backtrace::<test::run_test::{closure#1}, ()>
[INFO] [stdout]   12: <std::thread::lifecycle::spawn_unchecked<test::run_test::{closure#1}, ()>::{closure#1} as core::ops::function::FnOnce<()>>::call_once::{shim:vtable#0}
[INFO] [stdout]   13: <std::sys::thread::unix::Thread>::new::thread_start
[INFO] [stdout]   14: <unknown>
[INFO] [stdout]   15: clone
[INFO] [stdout] 
[INFO] [stdout] ---- source::tests::test_unionpay stdout ----
[INFO] [stdout] Error: error sending request for url (https://www.unionpayintl.com/upload/jfimg/20261016.json)
[INFO] [stdout] 
[INFO] [stdout] Caused by:
[INFO] [stdout]     0: client error (Connect)
[INFO] [stdout]     1: dns error
[INFO] [stdout]     2: failed to lookup address information: Temporary failure in name resolution
[INFO] [stdout] 
[INFO] [stdout] Stack backtrace:
[INFO] [stdout]    0: <anyhow::Error as core::convert::From<reqwest::error::Error>>::from
[INFO] [stdout]    1: am_rate_bot::source::collect::{closure#0}
[INFO] [stdout]    2: am_rate_bot::source::tests::test_unionpay::{closure#0}
[INFO] [stdout]    3: <tokio::runtime::scheduler::current_thread::Context>::enter::<core::task::poll::Poll<core::result::Result<(), anyhow::Error>>, <tokio::runtime::scheduler::current_thread::CoreGuard>::block_on<core::pin::Pin<&mut core::pin::Pin<&mut dyn core::future::future::Future<Output = core::result::Result<(), anyhow::Error>>>>>::{closure#0}::{closure#0}>
[INFO] [stdout]    4: <std::thread::local::LocalKey<tokio::runtime::context::Context>>::with::<tokio::runtime::context::set_scheduler<(alloc::boxed::Box<tokio::runtime::scheduler::current_thread::Core>, core::option::Option<core::result::Result<(), anyhow::Error>>), <tokio::runtime::scheduler::current_thread::CoreGuard>::enter<<tokio::runtime::scheduler::current_thread::CoreGuard>::block_on<core::pin::Pin<&mut core::pin::Pin<&mut dyn core::future::future::Future<Output = core::result::Result<(), anyhow::Error>>>>>::{closure#0}, core::option::Option<core::result::Result<(), anyhow::Error>>>::{closure#0}>::{closure#0}, (alloc::boxed::Box<tokio::runtime::scheduler::current_thread::Core>, core::option::Option<core::result::Result<(), anyhow::Error>>)>
[INFO] [stdout]    5: <tokio::runtime::scheduler::current_thread::CoreGuard>::block_on::<core::pin::Pin<&mut core::pin::Pin<&mut dyn core::future::future::Future<Output = core::result::Result<(), anyhow::Error>>>>>
[INFO] [stdout]    6: tokio::runtime::context::runtime::enter_runtime::<<tokio::runtime::scheduler::current_thread::CurrentThread>::block_on<core::pin::Pin<&mut dyn core::future::future::Future<Output = core::result::Result<(), anyhow::Error>>>>::{closure#0}, core::result::Result<(), anyhow::Error>>
[INFO] [stdout]    7: <tokio::runtime::runtime::Runtime>::block_on::<core::pin::Pin<&mut dyn core::future::future::Future<Output = core::result::Result<(), anyhow::Error>>>>
[INFO] [stdout]    8: <am_rate_bot::source::tests::test_unionpay::{closure#0} as core::ops::function::FnOnce<()>>::call_once
[INFO] [stdout]    9: test::__rust_begin_short_backtrace::<core::result::Result<(), alloc::string::String>, fn() -> core::result::Result<(), alloc::string::String>>
[INFO] [stdout]   10: test::run_test::{closure#0}
[INFO] [stdout]   11: std::sys::backtrace::__rust_begin_short_backtrace::<test::run_test::{closure#1}, ()>
[INFO] [stdout]   12: <std::thread::lifecycle::spawn_unchecked<test::run_test::{closure#1}, ()>::{closure#1} as core::ops::function::FnOnce<()>>::call_once::{shim:vtable#0}
[INFO] [stdout]   13: <std::sys::thread::unix::Thread>::new::thread_start
[INFO] [stdout]   14: <unknown>
[INFO] [stdout]   15: clone
[INFO] [stdout] 
[INFO] [stdout] ---- source::tests::test_fast stdout ----
[INFO] [stdout] Error: error sending request for url (https://mobileapi.fcc.am/FCBank.Mobile.Api_V2/api/publicInfo/getRates?langID=2&payType=0)
[INFO] [stdout] 
[INFO] [stdout] Caused by:
[INFO] [stdout]     0: client error (Connect)
[INFO] [stdout]     1: dns error
[INFO] [stdout]     2: failed to lookup address information: Temporary failure in name resolution
[INFO] [stdout] 
[INFO] [stdout] Stack backtrace:
[INFO] [stdout]    0: <anyhow::Error as core::convert::From<reqwest::error::Error>>::from
[INFO] [stdout]    1: am_rate_bot::source::collect::{closure#0}
[INFO] [stdout]    2: am_rate_bot::source::tests::test_fast::{closure#0}
[INFO] [stdout]    3: <tokio::runtime::scheduler::current_thread::Context>::enter::<core::task::poll::Poll<core::result::Result<(), anyhow::Error>>, <tokio::runtime::scheduler::current_thread::CoreGuard>::block_on<core::pin::Pin<&mut core::pin::Pin<&mut dyn core::future::future::Future<Output = core::result::Result<(), anyhow::Error>>>>>::{closure#0}::{closure#0}>
[INFO] [stdout]    4: <std::thread::local::LocalKey<tokio::runtime::context::Context>>::with::<tokio::runtime::context::set_scheduler<(alloc::boxed::Box<tokio::runtime::scheduler::current_thread::Core>, core::option::Option<core::result::Result<(), anyhow::Error>>), <tokio::runtime::scheduler::current_thread::CoreGuard>::enter<<tokio::runtime::scheduler::current_thread::CoreGuard>::block_on<core::pin::Pin<&mut core::pin::Pin<&mut dyn core::future::future::Future<Output = core::result::Result<(), anyhow::Error>>>>>::{closure#0}, core::option::Option<core::result::Result<(), anyhow::Error>>>::{closure#0}>::{closure#0}, (alloc::boxed::Box<tokio::runtime::scheduler::current_thread::Core>, core::option::Option<core::result::Result<(), anyhow::Error>>)>
[INFO] [stdout]    5: <tokio::runtime::scheduler::current_thread::CoreGuard>::block_on::<core::pin::Pin<&mut core::pin::Pin<&mut dyn core::future::future::Future<Output = core::result::Result<(), anyhow::Error>>>>>
[INFO] [stdout]    6: tokio::runtime::context::runtime::enter_runtime::<<tokio::runtime::scheduler::current_thread::CurrentThread>::block_on<core::pin::Pin<&mut dyn core::future::future::Future<Output = core::result::Result<(), anyhow::Error>>>>::{closure#0}, core::result::Result<(), anyhow::Error>>
[INFO] [stdout]    7: <tokio::runtime::runtime::Runtime>::block_on::<core::pin::Pin<&mut dyn core::future::future::Future<Output = core::result::Result<(), anyhow::Error>>>>
[INFO] [stdout]    8: <am_rate_bot::source::tests::test_fast::{closure#0} as core::ops::function::FnOnce<()>>::call_once
[INFO] [stdout]    9: test::__rust_begin_short_backtrace::<core::result::Result<(), alloc::string::String>, fn() -> core::result::Result<(), alloc::string::String>>
[INFO] [stdout]   10: test::run_test::{closure#0}
[INFO] [stdout]   11: std::sys::backtrace::__rust_begin_short_backtrace::<test::run_test::{closure#1}, ()>
[INFO] [stdout]   12: <std::thread::lifecycle::spawn_unchecked<test::run_test::{closure#1}, ()>::{closure#1} as core::ops::function::FnOnce<()>>::call_once::{shim:vtable#0}
[INFO] [stdout]   13: <std::sys::thread::unix::Thread>::new::thread_start
[INFO] [stdout]   14: <unknown>
[INFO] [stdout]   15: clone
[INFO] [stdout] 
[INFO] [stdout] ---- source::tests::test_idbank stdout ----
[INFO] [stdout] Error: error sending request for url (https://www.idbanking.am/api/MyInfo/getCurrencyRateMobile)
[INFO] [stdout] 
[INFO] [stdout] Caused by:
[INFO] [stdout]     0: client error (Connect)
[INFO] [stdout]     1: dns error
[INFO] [stdout]     2: failed to lookup address information: Temporary failure in name resolution
[INFO] [stdout] 
[INFO] [stdout] Stack backtrace:
[INFO] [stdout]    0: <anyhow::Error as core::convert::From<reqwest::error::Error>>::from
[INFO] [stdout]    1: am_rate_bot::source::collect::{closure#0}
[INFO] [stdout]    2: am_rate_bot::source::tests::test_idbank::{closure#0}
[INFO] [stdout]    3: <tokio::runtime::scheduler::current_thread::Context>::enter::<core::task::poll::Poll<core::result::Result<(), anyhow::Error>>, <tokio::runtime::scheduler::current_thread::CoreGuard>::block_on<core::pin::Pin<&mut core::pin::Pin<&mut dyn core::future::future::Future<Output = core::result::Result<(), anyhow::Error>>>>>::{closure#0}::{closure#0}>
[INFO] [stdout]    4: <std::thread::local::LocalKey<tokio::runtime::context::Context>>::with::<tokio::runtime::context::set_scheduler<(alloc::boxed::Box<tokio::runtime::scheduler::current_thread::Core>, core::option::Option<core::result::Result<(), anyhow::Error>>), <tokio::runtime::scheduler::current_thread::CoreGuard>::enter<<tokio::runtime::scheduler::current_thread::CoreGuard>::block_on<core::pin::Pin<&mut core::pin::Pin<&mut dyn core::future::future::Future<Output = core::result::Result<(), anyhow::Error>>>>>::{closure#0}, core::option::Option<core::result::Result<(), anyhow::Error>>>::{closure#0}>::{closure#0}, (alloc::boxed::Box<tokio::runtime::scheduler::current_thread::Core>, core::option::Option<core::result::Result<(), anyhow::Error>>)>
[INFO] [stdout]    5: <tokio::runtime::scheduler::current_thread::CoreGuard>::block_on::<core::pin::Pin<&mut core::pin::Pin<&mut dyn core::future::future::Future<Output = core::result::Result<(), anyhow::Error>>>>>
[INFO] [stdout]    6: tokio::runtime::context::runtime::enter_runtime::<<tokio::runtime::scheduler::current_thread::CurrentThread>::block_on<core::pin::Pin<&mut dyn core::future::future::Future<Output = core::result::Result<(), anyhow::Error>>>>::{closure#0}, core::result::Result<(), anyhow::Error>>
[INFO] [stdout]    7: <tokio::runtime::runtime::Runtime>::block_on::<core::pin::Pin<&mut dyn core::future::future::Future<Output = core::result::Result<(), anyhow::Error>>>>
[INFO] [stdout]    8: <am_rate_bot::source::tests::test_idbank::{closure#0} as core::ops::function::FnOnce<()>>::call_once
[INFO] [stdout]    9: test::__rust_begin_short_backtrace::<core::result::Result<(), alloc::string::String>, fn() -> core::result::Result<(), alloc::string::String>>
[INFO] [stdout]   10: test::run_test::{closure#0}
[INFO] [stdout]   11: std::sys::backtrace::__rust_begin_short_backtrace::<test::run_test::{closure#1}, ()>
[INFO] [stdout]   12: <std::thread::lifecycle::spawn_unchecked<test::run_test::{closure#1}, ()>::{closure#1} as core::ops::function::FnOnce<()>>::call_once::{shim:vtable#0}
[INFO] [stdout]   13: <std::sys::thread::unix::Thread>::new::thread_start
[INFO] [stdout]   14: <unknown>
[INFO] [stdout]   15: clone
[INFO] [stdout] 
[INFO] [stdout] ---- source::tests::test_mir stdout ----
[INFO] [stdout] Error: error sending request for url (https://api-user.vamprivet.ru/backend/api/v2/currencies/rates)
[INFO] [stdout] 
[INFO] [stdout] Caused by:
[INFO] [stdout]     0: client error (Connect)
[INFO] [stdout]     1: dns error
[INFO] [stdout]     2: failed to lookup address information: Temporary failure in name resolution
[INFO] [stdout] 
[INFO] [stdout] Stack backtrace:
[INFO] [stdout]    0: <anyhow::Error as core::convert::From<reqwest::error::Error>>::from
[INFO] [stdout]    1: am_rate_bot::source::collect::{closure#0}
[INFO] [stdout]    2: am_rate_bot::source::tests::test_mir::{closure#0}
[INFO] [stdout]    3: <tokio::runtime::scheduler::current_thread::Context>::enter::<core::task::poll::Poll<core::result::Result<(), anyhow::Error>>, <tokio::runtime::scheduler::current_thread::CoreGuard>::block_on<core::pin::Pin<&mut core::pin::Pin<&mut dyn core::future::future::Future<Output = core::result::Result<(), anyhow::Error>>>>>::{closure#0}::{closure#0}>
[INFO] [stdout]    4: <std::thread::local::LocalKey<tokio::runtime::context::Context>>::with::<tokio::runtime::context::set_scheduler<(alloc::boxed::Box<tokio::runtime::scheduler::current_thread::Core>, core::option::Option<core::result::Result<(), anyhow::Error>>), <tokio::runtime::scheduler::current_thread::CoreGuard>::enter<<tokio::runtime::scheduler::current_thread::CoreGuard>::block_on<core::pin::Pin<&mut core::pin::Pin<&mut dyn core::future::future::Future<Output = core::result::Result<(), anyhow::Error>>>>>::{closure#0}, core::option::Option<core::result::Result<(), anyhow::Error>>>::{closure#0}>::{closure#0}, (alloc::boxed::Box<tokio::runtime::scheduler::current_thread::Core>, core::option::Option<core::result::Result<(), anyhow::Error>>)>
[INFO] [stdout]    5: <tokio::runtime::scheduler::current_thread::CoreGuard>::block_on::<core::pin::Pin<&mut core::pin::Pin<&mut dyn core::future::future::Future<Output = core::result::Result<(), anyhow::Error>>>>>
[INFO] [stdout]    6: tokio::runtime::context::runtime::enter_runtime::<<tokio::runtime::scheduler::current_thread::CurrentThread>::block_on<core::pin::Pin<&mut dyn core::future::future::Future<Output = core::result::Result<(), anyhow::Error>>>>::{closure#0}, core::result::Result<(), anyhow::Error>>
[INFO] [stdout]    7: <tokio::runtime::runtime::Runtime>::block_on::<core::pin::Pin<&mut dyn core::future::future::Future<Output = core::result::Result<(), anyhow::Error>>>>
[INFO] [stdout]    8: <am_rate_bot::source::tests::test_mir::{closure#0} as core::ops::function::FnOnce<()>>::call_once
[INFO] [stdout]    9: test::__rust_begin_short_backtrace::<core::result::Result<(), alloc::string::String>, fn() -> core::result::Result<(), alloc::string::String>>
[INFO] [stdout]   10: test::run_test::{closure#0}
[INFO] [stdout]   11: std::sys::backtrace::__rust_begin_short_backtrace::<test::run_test::{closure#1}, ()>
[INFO] [stdout]   12: <std::thread::lifecycle::spawn_unchecked<test::run_test::{closure#1}, ()>::{closure#1} as core::ops::function::FnOnce<()>>::call_once::{shim:vtable#0}
[INFO] [stdout]   13: <std::sys::thread::unix::Thread>::new::thread_start
[INFO] [stdout]   14: <unknown>
[INFO] [stdout]   15: clone
[INFO] [stdout] 
[INFO] [stdout] ---- source::tests::test_ardshin stdout ----
[INFO] [stdout] Error: error sending request for url (https://website-api.ardshinbank.am/currency)
[INFO] [stdout] 
[INFO] [stdout] Caused by:
[INFO] [stdout]     0: client error (Connect)
[INFO] [stdout]     1: dns error
[INFO] [stdout]     2: failed to lookup address information: Temporary failure in name resolution
[INFO] [stdout] 
[INFO] [stdout] Stack backtrace:
[INFO] [stdout]    0: <anyhow::Error as core::convert::From<reqwest::error::Error>>::from
[INFO] [stdout]    1: am_rate_bot::source::collect::{closure#0}
[INFO] [stdout]    2: am_rate_bot::source::tests::test_ardshin::{closure#0}
[INFO] [stdout]    3: <tokio::runtime::scheduler::current_thread::Context>::enter::<core::task::poll::Poll<core::result::Result<(), anyhow::Error>>, <tokio::runtime::scheduler::current_thread::CoreGuard>::block_on<core::pin::Pin<&mut core::pin::Pin<&mut dyn core::future::future::Future<Output = core::result::Result<(), anyhow::Error>>>>>::{closure#0}::{closure#0}>
[INFO] [stdout]    4: <std::thread::local::LocalKey<tokio::runtime::context::Context>>::with::<tokio::runtime::context::set_scheduler<(alloc::boxed::Box<tokio::runtime::scheduler::current_thread::Core>, core::option::Option<core::result::Result<(), anyhow::Error>>), <tokio::runtime::scheduler::current_thread::CoreGuard>::enter<<tokio::runtime::scheduler::current_thread::CoreGuard>::block_on<core::pin::Pin<&mut core::pin::Pin<&mut dyn core::future::future::Future<Output = core::result::Result<(), anyhow::Error>>>>>::{closure#0}, core::option::Option<core::result::Result<(), anyhow::Error>>>::{closure#0}>::{closure#0}, (alloc::boxed::Box<tokio::runtime::scheduler::current_thread::Core>, core::option::Option<core::result::Result<(), anyhow::Error>>)>
[INFO] [stdout]    5: <tokio::runtime::scheduler::current_thread::CoreGuard>::block_on::<core::pin::Pin<&mut core::pin::Pin<&mut dyn core::future::future::Future<Output = core::result::Result<(), anyhow::Error>>>>>
[INFO] [stdout]    6: tokio::runtime::context::runtime::enter_runtime::<<tokio::runtime::scheduler::current_thread::CurrentThread>::block_on<core::pin::Pin<&mut dyn core::future::future::Future<Output = core::result::Result<(), anyhow::Error>>>>::{closure#0}, core::result::Result<(), anyhow::Error>>
[INFO] [stdout]    7: <tokio::runtime::runtime::Runtime>::block_on::<core::pin::Pin<&mut dyn core::future::future::Future<Output = core::result::Result<(), anyhow::Error>>>>
[INFO] [stdout]    8: <am_rate_bot::source::tests::test_ardshin::{closure#0} as core::ops::function::FnOnce<()>>::call_once
[INFO] [stdout]    9: test::__rust_begin_short_backtrace::<core::result::Result<(), alloc::string::String>, fn() -> core::result::Result<(), alloc::string::String>>
[INFO] [stdout]   10: test::run_test::{closure#0}
[INFO] [stdout]   11: std::sys::backtrace::__rust_begin_short_backtrace::<test::run_test::{closure#1}, ()>
[INFO] [stdout]   12: <std::thread::lifecycle::spawn_unchecked<test::run_test::{closure#1}, ()>::{closure#1} as core::ops::function::FnOnce<()>>::call_once::{shim:vtable#0}
[INFO] [stdout]   13: <std::sys::thread::unix::Thread>::new::thread_start
[INFO] [stdout]   14: <unknown>
[INFO] [stdout]   15: clone
[INFO] [stdout] 
[INFO] [stdout] 
[INFO] [stdout] failures:
[INFO] [stdout]     source::tests::test_acba
[INFO] [stdout]     source::tests::test_aeb
[INFO] [stdout]     source::tests::test_ameria
[INFO] [stdout]     source::tests::test_amio
[INFO] [stdout]     source::tests::test_ararat
[INFO] [stdout]     source::tests::test_ardshin
[INFO] [stdout]     source::tests::test_armswiss
[INFO] [stdout]     source::tests::test_artsakh
[INFO] [stdout]     source::tests::test_avosend
[INFO] [stdout]     source::tests::test_byblos
[INFO] [stdout]     source::tests::test_cb
[INFO] [stdout]     source::tests::test_converse
[INFO] [stdout]     source::tests::test_evoca
[INFO] [stdout]     source::tests::test_fast
[INFO] [stdout]     source::tests::test_idbank
[INFO] [stdout]     source::tests::test_idpay
[INFO] [stdout]     source::tests::test_ineco
[INFO] [stdout]     source::tests::test_kwikpay
[INFO] [stdout]     source::tests::test_mellat
[INFO] [stdout]     source::tests::test_mir
[INFO] [stdout]     source::tests::test_moex
[INFO] [stdout]     source::tests::test_sas
[INFO] [stdout]     source::tests::test_unibank
[INFO] [stdout]     source::tests::test_unionpay
[INFO] [stdout]     source::tests::test_unistream
[INFO] [stdout]     source::tests::test_vtb
[INFO] [stdout] 
[INFO] [stdout] test result: FAILED. 6 passed; 26 failed; 0 ignored; 0 measured; 0 filtered out; finished in 0.35s
[INFO] [stdout] 
[INFO] [stderr] error: test failed, to rerun pass `--lib`
[INFO] running `Command { std: "docker" "inspect" "276b11414cbcee13c00dbea964cf82562387688491e2a5b266f7edc01258e42c", kill_on_drop: false }`
[INFO] running `Command { std: "docker" "rm" "-f" "276b11414cbcee13c00dbea964cf82562387688491e2a5b266f7edc01258e42c", kill_on_drop: false }`
[INFO] [stdout] 276b11414cbcee13c00dbea964cf82562387688491e2a5b266f7edc01258e42c
