[INFO] cloning repository https://github.com/wwwangzh/wwangxa-subconverter-rs
[INFO] running `Command { std: "git" "-c" "credential.helper=" "-c" "credential.helper=/workspace/cargo-home/bin/git-credential-null" "clone" "--bare" "https://github.com/wwwangzh/wwangxa-subconverter-rs" "/workspace/cache/git-repos/https%3A%2F%2Fgithub.com%2Fwwwangzh%2Fwwangxa-subconverter-rs", kill_on_drop: false }`
[INFO] [stderr] Cloning into bare repository '/workspace/cache/git-repos/https%3A%2F%2Fgithub.com%2Fwwwangzh%2Fwwangxa-subconverter-rs'...
[INFO] running `Command { std: "git" "rev-parse" "HEAD", kill_on_drop: false }`
[INFO] [stdout] 0c8722154f7925b8f43f14ea8ea16815ae4c3b46
[INFO] testing wwwangzh/wwangxa-subconverter-rs against 1.99.0-beta.8+cargoflags=--release for beta-release-1.100-2
[INFO] running `Command { std: "git" "clone" "/workspace/cache/git-repos/https%3A%2F%2Fgithub.com%2Fwwwangzh%2Fwwangxa-subconverter-rs" "/workspace/builds/worker-4-tc1/source", kill_on_drop: false }`
[INFO] [stderr] Cloning into '/workspace/builds/worker-4-tc1/source'...
[INFO] [stderr] done.
[INFO] removed /workspace/builds/worker-4-tc1/source/.cargo/config.toml
[INFO] started tweaking git repo https://github.com/wwwangzh/wwangxa-subconverter-rs
[INFO] finished tweaking git repo https://github.com/wwwangzh/wwangxa-subconverter-rs
[INFO] tweaked toml for git repo https://github.com/wwwangzh/wwangxa-subconverter-rs written to /workspace/builds/worker-4-tc1/source/Cargo.toml
[INFO] validating manifest of git repo https://github.com/wwwangzh/wwangxa-subconverter-rs on toolchain 1.99.0-beta.8
[INFO] running `Command { std: CARGO_HOME="/workspace/cargo-home" RUSTUP_HOME="/workspace/rustup-home" "/workspace/cargo-home/bin/cargo" "+1.99.0-beta.8" "metadata" "--manifest-path" "Cargo.toml" "--no-deps", kill_on_drop: false }`
[INFO] crate git repo https://github.com/wwwangzh/wwangxa-subconverter-rs already has a lockfile, it will not be regenerated
[INFO] running `Command { std: CARGO_HOME="/workspace/cargo-home" RUSTUP_HOME="/workspace/rustup-home" "/workspace/cargo-home/bin/cargo" "+1.99.0-beta.8" "fetch" "--manifest-path" "Cargo.toml", kill_on_drop: false }`
[INFO] [stderr]     Updating crates.io index
[INFO] [stderr]  Downloading crates ...
[INFO] [stderr]   Downloaded result v1.0.0
[INFO] [stderr]   Downloaded quinn v0.11.7
[INFO] [stderr]   Downloaded serde_ini v0.2.0
[INFO] [stderr]   Downloaded quickjs v0.1.0
[INFO] [stderr]   Downloaded miniz_oxide v0.8.7
[INFO] [stderr]   Downloaded case_insensitive_string v0.2.9
[INFO] [stderr]   Downloaded console_log v1.0.0
[INFO] [stderr]   Downloaded quinn-udp v0.5.11
[INFO] [stderr]   Downloaded configparser v3.1.0
[INFO] [stderr]   Downloaded clap_derive v4.5.32
[INFO] [stderr]   Downloaded jiff-static v0.2.5
[INFO] [stderr]   Downloaded clap v4.5.35
[INFO] [stderr]   Downloaded async-compression v0.4.22
[INFO] [stderr]   Downloaded minijinja v2.9.0
[INFO] [stderr]   Downloaded clap_builder v4.5.35
[INFO] [stderr]   Downloaded quinn-proto v0.11.10
[INFO] [stderr]   Downloaded rustix v1.0.5
[INFO] [stderr]   Downloaded jiff v0.2.5
[INFO] [stderr]   Downloaded openssl-src v300.4.2+3.4.1
[INFO] running `Command { std: "docker" "create" "-v" "/var/lib/crater-agent-workspace/builds/worker-4-tc1/source:/opt/rustwide/workdir:ro,Z" "-v" "/var/lib/crater-agent-workspace/builds/worker-4-tc1/target:/opt/rustwide/target:rw,Z" "-v" "/var/lib/crater-agent-workspace/cargo-home:/opt/rustwide/cargo-home:ro,Z" "-v" "/var/lib/crater-agent-workspace/rustup-home:/opt/rustwide/rustup-home:ro,Z" "-m" "1610612736" "--network" "none" "ghcr.io/rust-lang/crates-build-env/linux@sha256:77db811e55d90add9212f6832c23229e3de5f1c1f9905e8cb07319ea15df73ac" "sleep" "infinity", kill_on_drop: false }`
[INFO] [stdout] 6315856e7cef777561a54a7f51f8f7acca1f32c760c241afee76404f8fc90a2e
[INFO] running `Command { std: "docker" "start" "6315856e7cef777561a54a7f51f8f7acca1f32c760c241afee76404f8fc90a2e", kill_on_drop: false }`
[INFO] running `Command { std: "docker" "inspect" "6315856e7cef777561a54a7f51f8f7acca1f32c760c241afee76404f8fc90a2e", kill_on_drop: false }`
[INFO] running `Command { std: "docker" "exec" "-e" "SOURCE_DIR=/opt/rustwide/workdir" "-e" "CARGO_HOME=/opt/rustwide/cargo-home" "-e" "RUSTUP_HOME=/opt/rustwide/rustup-home" "-e" "CARGO_TARGET_DIR=/opt/rustwide/target" "-w" "/opt/rustwide/workdir" "--user" "0:0" "6315856e7cef777561a54a7f51f8f7acca1f32c760c241afee76404f8fc90a2e" "/opt/rustwide/cargo-home/bin/cargo" "+1.99.0-beta.8" "metadata" "--no-deps" "--format-version=1", kill_on_drop: false }`
[INFO] running `Command { std: "docker" "inspect" "6315856e7cef777561a54a7f51f8f7acca1f32c760c241afee76404f8fc90a2e", kill_on_drop: false }`
[INFO] running `Command { std: "docker" "exec" "-e" "SOURCE_DIR=/opt/rustwide/workdir" "-e" "CARGO_HOME=/opt/rustwide/cargo-home" "-e" "RUSTUP_HOME=/opt/rustwide/rustup-home" "-e" "CARGO_TARGET_DIR=/opt/rustwide/target" "-e" "CARGO_INCREMENTAL=0" "-e" "RUST_BACKTRACE=full" "-e" "RUSTFLAGS=--cap-lints=warn" "-e" "RUSTDOCFLAGS=--cap-lints=warn" "-w" "/opt/rustwide/workdir" "--user" "0:0" "6315856e7cef777561a54a7f51f8f7acca1f32c760c241afee76404f8fc90a2e" "/opt/rustwide/cargo-home/bin/cargo" "+1.99.0-beta.8" "build" "--frozen" "--message-format=json" "--release", kill_on_drop: false }`
[INFO] [stderr]    Compiling syn v2.0.100
[INFO] [stderr]    Compiling cc v1.2.18
[INFO] [stderr]    Compiling rustls-pki-types v1.11.0
[INFO] [stderr]    Compiling socket2 v0.5.9
[INFO] [stderr]    Compiling mio v1.0.3
[INFO] [stderr]    Compiling getrandom v0.2.15
[INFO] [stderr]    Compiling rustls v0.23.26
[INFO] [stderr]    Compiling tracing-core v0.1.33
[INFO] [stderr]    Compiling indexmap v2.9.0
[INFO] [stderr]    Compiling miniz_oxide v0.8.7
[INFO] [stderr]    Compiling anyhow v1.0.97
[INFO] [stderr]    Compiling winnow v0.7.4
[INFO] [stderr]    Compiling clap_builder v4.5.35
[INFO] [stderr]    Compiling env_filter v0.1.3
[INFO] [stderr]    Compiling ipnet v2.11.0
[INFO] [stderr]    Compiling void v1.0.2
[INFO] [stderr]    Compiling jiff v0.2.5
[INFO] [stderr]    Compiling result v1.0.0
[INFO] [stderr]    Compiling md-5 v0.10.6
[INFO] [stderr]    Compiling configparser v3.1.0
[INFO] [stderr]    Compiling case_insensitive_string v0.2.9
[INFO] [stderr]    Compiling flate2 v1.1.1
[INFO] [stderr]    Compiling tokio v1.44.2
[INFO] [stderr]    Compiling tracing v0.1.41
[INFO] [stderr]    Compiling webpki-roots v0.26.8
[INFO] [stderr]    Compiling rustls-pemfile v2.2.0
[INFO] [stderr]    Compiling urlencoding v2.1.3
[INFO] [stderr]    Compiling ring v0.17.14
[INFO] [stderr]    Compiling env_logger v0.11.8
[INFO] [stderr]    Compiling synstructure v0.13.1
[INFO] [stderr]    Compiling zerofrom-derive v0.1.6
[INFO] [stderr]    Compiling yoke-derive v0.7.5
[INFO] [stderr]    Compiling serde_derive v1.0.219
[INFO] [stderr]    Compiling zerovec-derive v0.10.3
[INFO] [stderr]    Compiling displaydoc v0.2.5
[INFO] [stderr]    Compiling icu_provider_macros v1.5.0
[INFO] [stderr]    Compiling futures-macro v0.3.31
[INFO] [stderr]    Compiling thiserror-impl v2.0.12
[INFO] [stderr]    Compiling clap_derive v4.5.32
[INFO] [stderr]    Compiling zerofrom v0.1.6
[INFO] [stderr]    Compiling futures-util v0.3.31
[INFO] [stderr]    Compiling yoke v0.7.5
[INFO] [stderr]    Compiling zerovec v0.10.4
[INFO] [stderr]    Compiling tokio-util v0.7.14
[INFO] [stderr]    Compiling async-compression v0.4.22
[INFO] [stderr]    Compiling thiserror v2.0.12
[INFO] [stderr]    Compiling clap v4.5.35
[INFO] [stderr]    Compiling tinystr v0.7.6
[INFO] [stderr]    Compiling icu_collections v1.5.0
[INFO] [stderr]    Compiling icu_locid v1.5.0
[INFO] [stderr]    Compiling serde v1.0.219
[INFO] [stderr]    Compiling icu_provider v1.5.0
[INFO] [stderr]    Compiling icu_locid_transform v1.5.0
[INFO] [stderr]    Compiling hyper v1.6.0
[INFO] [stderr]    Compiling tower v0.5.2
[INFO] [stderr]    Compiling futures-executor v0.3.31
[INFO] [stderr]    Compiling futures v0.3.31
[INFO] [stderr]    Compiling icu_properties v1.5.1
[INFO] [stderr]    Compiling hyper-util v0.1.11
[INFO] [stderr]    Compiling toml_datetime v0.6.8
[INFO] [stderr]    Compiling serde_spanned v0.6.8
[INFO] [stderr]    Compiling serde_json v1.0.140
[INFO] [stderr]    Compiling serde_urlencoded v0.7.1
[INFO] [stderr]    Compiling serde_bytes v0.11.17
[INFO] [stderr]    Compiling serde_ini v0.2.0
[INFO] [stderr]    Compiling minijinja v2.9.0
[INFO] [stderr]    Compiling serde_yaml v0.9.34+deprecated
[INFO] [stderr]    Compiling toml_edit v0.22.24
[INFO] [stderr]    Compiling icu_normalizer v1.5.0
[INFO] [stderr]    Compiling idna_adapter v1.2.0
[INFO] [stderr]    Compiling idna v1.0.3
[INFO] [stderr]    Compiling url v2.5.4
[INFO] [stderr]    Compiling rustls-webpki v0.103.1
[INFO] [stderr]    Compiling toml v0.8.20
[INFO] [stderr]    Compiling tokio-rustls v0.26.2
[INFO] [stderr]    Compiling hyper-rustls v0.27.5
[INFO] [stderr]    Compiling reqwest v0.12.15
[INFO] [stderr]    Compiling subconverter v0.2.18 (/opt/rustwide/workdir)
[INFO] [stdout] warning: unused variable: `req_url`
[INFO] [stdout]    --> src/api/sub.rs:159:5
[INFO] [stdout]     |
[INFO] [stdout] 159 |     req_url: Option<String>,
[INFO] [stdout]     |     ^^^^^^^ help: if this is intentional, prefix it with an underscore: `_req_url`
[INFO] [stdout]     |
[INFO] [stdout]     = note: `#[warn(unused_variables)]` (part of `#[warn(unused)]`) on by default
[INFO] [stdout] 
[INFO] [stdout] 
[INFO] [stdout] warning: enum `RulesetType` is never used
[INFO] [stdout]  --> src/generator/ruleconvert/ruleset.rs:6:10
[INFO] [stdout]   |
[INFO] [stdout] 6 | pub enum RulesetType {
[INFO] [stdout]   |          ^^^^^^^^^^^
[INFO] [stdout]   |
[INFO] [stdout]   = note: `#[warn(dead_code)]` (part of `#[warn(unused)]`) on by default
[INFO] [stdout] 
[INFO] [stdout] 
[INFO] [stderr]     Finished `release` profile [optimized] target(s) in 2m 15s
[INFO] running `Command { std: "docker" "inspect" "6315856e7cef777561a54a7f51f8f7acca1f32c760c241afee76404f8fc90a2e", kill_on_drop: false }`
[INFO] running `Command { std: "docker" "exec" "-e" "SOURCE_DIR=/opt/rustwide/workdir" "-e" "CARGO_HOME=/opt/rustwide/cargo-home" "-e" "RUSTUP_HOME=/opt/rustwide/rustup-home" "-e" "CARGO_TARGET_DIR=/opt/rustwide/target" "-e" "CARGO_INCREMENTAL=0" "-e" "RUST_BACKTRACE=full" "-e" "RUSTFLAGS=--cap-lints=warn" "-e" "RUSTDOCFLAGS=--cap-lints=warn" "-w" "/opt/rustwide/workdir" "--user" "0:0" "6315856e7cef777561a54a7f51f8f7acca1f32c760c241afee76404f8fc90a2e" "/opt/rustwide/cargo-home/bin/cargo" "+1.99.0-beta.8" "test" "--frozen" "--no-run" "--message-format=json" "--release", kill_on_drop: false }`
[INFO] [stderr]    Compiling jobserver v0.1.33
[INFO] [stderr]    Compiling parking_lot_core v0.9.10
[INFO] [stderr]    Compiling futures-macro v0.3.31
[INFO] [stderr]    Compiling tracing v0.1.41
[INFO] [stderr]    Compiling bitflags v2.9.0
[INFO] [stderr]    Compiling deranged v0.4.0
[INFO] [stderr]    Compiling toml_datetime v0.6.8
[INFO] [stderr]    Compiling serde_spanned v0.6.8
[INFO] [stderr]    Compiling icu_normalizer v1.5.0
[INFO] [stderr]    Compiling rustix v1.0.5
[INFO] [stderr]    Compiling clap_derive v4.5.32
[INFO] [stderr]    Compiling thiserror-impl v2.0.12
[INFO] [stderr]    Compiling linux-raw-sys v0.9.3
[INFO] [stderr]    Compiling serde_yaml v0.9.34+deprecated
[INFO] [stderr]    Compiling serde_ini v0.2.0
[INFO] [stderr]    Compiling serde_bytes v0.11.17
[INFO] [stderr]    Compiling minijinja v2.9.0
[INFO] [stderr]    Compiling parking_lot v0.12.3
[INFO] [stderr]    Compiling actix-router v0.5.3
[INFO] [stderr]    Compiling toml_edit v0.22.24
[INFO] [stderr]    Compiling cc v1.2.18
[INFO] [stderr]    Compiling tokio v1.44.2
[INFO] [stderr]    Compiling idna_adapter v1.2.0
[INFO] [stderr]    Compiling futures-util v0.3.31
[INFO] [stderr]    Compiling idna v1.0.3
[INFO] [stderr]    Compiling thiserror v2.0.12
[INFO] [stderr]    Compiling url v2.5.4
[INFO] [stderr]    Compiling time v0.3.41
[INFO] [stderr]    Compiling ring v0.17.14
[INFO] [stderr]    Compiling zstd-sys v2.0.15+zstd.1.5.7
[INFO] [stderr]    Compiling clap v4.5.35
[INFO] [stderr]    Compiling toml v0.8.20
[INFO] [stderr]    Compiling tempfile v3.19.1
[INFO] [stderr]    Compiling cookie v0.16.2
[INFO] [stderr]    Compiling futures-executor v0.3.31
[INFO] [stderr]    Compiling futures v0.3.31
[INFO] [stderr]    Compiling tokio-util v0.7.14
[INFO] [stderr]    Compiling hyper v1.6.0
[INFO] [stderr]    Compiling actix-rt v2.10.0
[INFO] [stderr]    Compiling async-compression v0.4.22
[INFO] [stderr]    Compiling tower v0.5.2
[INFO] [stderr]    Compiling h2 v0.3.26
[INFO] [stderr]    Compiling actix-codec v0.5.2
[INFO] [stderr]    Compiling actix-server v2.5.1
[INFO] [stderr]    Compiling hyper-util v0.1.11
[INFO] [stderr]    Compiling rustls v0.23.26
[INFO] [stderr]    Compiling rustls-webpki v0.103.1
[INFO] [stderr]    Compiling tokio-rustls v0.26.2
[INFO] [stderr]    Compiling hyper-rustls v0.27.5
[INFO] [stderr]    Compiling reqwest v0.12.15
[INFO] [stderr]    Compiling subconverter v0.2.18 (/opt/rustwide/workdir)
[INFO] [stderr]    Compiling zstd-safe v7.2.4
[INFO] [stderr]    Compiling zstd v0.13.3
[INFO] [stderr]    Compiling actix-http v3.10.0
[INFO] [stdout] warning: unused variable: `req_url`
[INFO] [stdout]    --> src/api/sub.rs:159:5
[INFO] [stdout]     |
[INFO] [stdout] 159 |     req_url: Option<String>,
[INFO] [stdout]     |     ^^^^^^^ help: if this is intentional, prefix it with an underscore: `_req_url`
[INFO] [stdout]     |
[INFO] [stdout]     = note: `#[warn(unused_variables)]` (part of `#[warn(unused)]`) on by default
[INFO] [stdout] 
[INFO] [stdout] 
[INFO] [stderr]    Compiling actix-web v4.10.2
[INFO] [stdout] warning: enum `RulesetType` is never used
[INFO] [stdout]  --> src/generator/ruleconvert/ruleset.rs:6:10
[INFO] [stdout]   |
[INFO] [stdout] 6 | pub enum RulesetType {
[INFO] [stdout]   |          ^^^^^^^^^^^
[INFO] [stdout]   |
[INFO] [stdout]   = note: `#[warn(dead_code)]` (part of `#[warn(unused)]`) on by default
[INFO] [stdout] 
[INFO] [stdout] 
[INFO] [stdout] warning: unused variable: `req_url`
[INFO] [stdout]    --> src/api/sub.rs:159:5
[INFO] [stdout]     |
[INFO] [stdout] 159 |     req_url: Option<String>,
[INFO] [stdout]     |     ^^^^^^^ help: if this is intentional, prefix it with an underscore: `_req_url`
[INFO] [stdout]     |
[INFO] [stdout]     = note: `#[warn(unused_variables)]` (part of `#[warn(unused)]`) on by default
[INFO] [stdout] 
[INFO] [stdout] 
[INFO] [stdout] warning: enum `RulesetType` is never used
[INFO] [stdout]  --> src/generator/ruleconvert/ruleset.rs:6:10
[INFO] [stdout]   |
[INFO] [stdout] 6 | pub enum RulesetType {
[INFO] [stdout]   |          ^^^^^^^^^^^
[INFO] [stdout]   |
[INFO] [stdout]   = note: `#[warn(dead_code)]` (part of `#[warn(unused)]`) on by default
[INFO] [stdout] 
[INFO] [stdout] 
[INFO] [stderr]     Finished `release` profile [optimized] target(s) in 1m 44s
[INFO] running `Command { std: "docker" "inspect" "6315856e7cef777561a54a7f51f8f7acca1f32c760c241afee76404f8fc90a2e", kill_on_drop: false }`
[INFO] running `Command { std: "docker" "exec" "-e" "SOURCE_DIR=/opt/rustwide/workdir" "-e" "CARGO_HOME=/opt/rustwide/cargo-home" "-e" "RUSTUP_HOME=/opt/rustwide/rustup-home" "-e" "CARGO_TARGET_DIR=/opt/rustwide/target" "-e" "CARGO_INCREMENTAL=0" "-e" "RUST_BACKTRACE=full" "-e" "RUSTFLAGS=--cap-lints=warn" "-e" "RUSTDOCFLAGS=--cap-lints=warn" "-w" "/opt/rustwide/workdir" "--user" "0:0" "6315856e7cef777561a54a7f51f8f7acca1f32c760c241afee76404f8fc90a2e" "/opt/rustwide/cargo-home/bin/cargo" "+1.99.0-beta.8" "test" "--frozen" "--release", kill_on_drop: false }`
[INFO] [stderr] warning: unused variable: `req_url`
[INFO] [stderr]    --> src/api/sub.rs:159:5
[INFO] [stderr]     |
[INFO] [stderr] 159 |     req_url: Option<String>,
[INFO] [stderr]     |     ^^^^^^^ help: if this is intentional, prefix it with an underscore: `_req_url`
[INFO] [stderr]     |
[INFO] [stderr]     = note: `#[warn(unused_variables)]` (part of `#[warn(unused)]`) on by default
[INFO] [stderr] 
[INFO] [stderr] warning: enum `RulesetType` is never used
[INFO] [stderr]  --> src/generator/ruleconvert/ruleset.rs:6:10
[INFO] [stderr]   |
[INFO] [stderr] 6 | pub enum RulesetType {
[INFO] [stderr]   |          ^^^^^^^^^^^
[INFO] [stderr]   |
[INFO] [stderr]   = note: `#[warn(dead_code)]` (part of `#[warn(unused)]`) on by default
[INFO] [stderr] 
[INFO] [stderr] warning: `subconverter` (lib) generated 2 warnings (run `cargo fix --lib -p subconverter` to apply 1 suggestion)
[INFO] [stderr] warning: `subconverter` (lib test) generated 2 warnings (2 duplicates)
[INFO] [stderr]     Finished `release` profile [optimized] target(s) in 0.37s
[INFO] [stderr]      Running unittests src/lib.rs (/opt/rustwide/target/release/deps/subconverter-2fa667919b2903ee)
[INFO] [stdout] 
[INFO] [stdout] running 64 tests
[INFO] [stdout] test generator::config::group::tests::test_group_generate_with_port_match ... ok
[INFO] [stdout] test parser::explodes::ssr::tests::test_explode_ssr_conf_empty_configs ... ok
[INFO] [stdout] test parser::explodes::ssr::tests::test_explode_ssr_conf_default_values ... ok
[INFO] [stdout] test parser::explodes::ssr::tests::test_explode_ssr_conf_valid ... ok
[INFO] [stdout] test generator::config::group::tests::test_group_generate_with_type_match ... ok
[INFO] [stdout] test generator::config::group::tests::test_group_generate_with_regex_match ... ok
[INFO] [stdout] test utils::matcher::tests::test_apply_matcher_port ... ok
[INFO] [stdout] test parser::explodes::ssr::tests::test_explode_ssr_conf_missing_configs ... ok
[INFO] [stdout] test parser::explodes::ssr::tests::test_explode_ssr_default_group ... ok
[INFO] [stdout] test utils::matcher::tests::test_apply_matcher_group ... ok
[INFO] [stdout] test utils::matcher::tests::test_apply_matcher_type ... ok
[INFO] [stdout] test parser::explodes::ssr::tests::test_explode_ssr_missing_parts ... ok
[INFO] [stdout] test parser::explodes::ssr::tests::test_explode_ssr_invalid_prefix ... ok
[INFO] [stdout] test parser::explodes::ssr::tests::test_explode_ssr_valid_link ... ok
[INFO] [stdout] test utils::matcher::tests::test_apply_matcher_server ... ok
[INFO] [stdout] test utils::matcher::tests::test_apply_matcher_security ... ok
[INFO] [stdout] test utils::matcher::tests::test_apply_matcher_remarks ... ok
[INFO] [stdout] test generator::config::group::tests::test_group_generate_empty_result_with_direct ... FAILED
[INFO] [stdout] test generator::config::group::tests::test_group_generate_direct_string ... ok
[INFO] [stdout] test utils::matcher::tests::test_apply_matcher_udp_support ... ok
[INFO] [stdout] test utils::matcher::tests::test_apply_matcher_with_trailing_rule ... ok
[INFO] [stdout] test utils::matcher::tests::test_match_range_complex ... ok
[INFO] [stdout] test utils::matcher::tests::test_apply_matcher_protocol ... ok
[INFO] [stdout] test parser::explodes::ssr::tests::test_explode_ssr_invalid_base64 ... ok
[INFO] [stdout] test generator::config::group::tests::test_group_generate_with_group_match ... ok
[INFO] [stdout] test parser::explodes::ssr::tests::test_explode_ssr_conf_invalid_json ... ok
[INFO] [stdout] test utils::matcher::tests::test_match_range_simple ... ok
[INFO] [stdout] test utils::matcher::tests::test_match_range_with_multiple ... ok
[INFO] [stdout] test utils::matcher::tests::test_match_range_with_negation ... ok
[INFO] [stdout] test utils::matcher::tests::test_match_range_with_ranges ... ok
[INFO] [stdout] test generator::config::group::tests::test_group_generate_empty_result_without_direct ... ok
[INFO] [stdout] test utils::network::tests::test_is_ipv6_invalid ... ok
[INFO] [stdout] test utils::network::tests::test_is_ipv6_valid ... ok
[INFO] [stdout] test utils::regexp::tests::test_reg_find ... ok
[INFO] [stdout] test utils::regexp::tests::test_reg_replace ... ok
[INFO] [stdout] test utils::string::tests::test_ends_with ... ok
[INFO] [stdout] test utils::regexp::tests::test_reg_trim ... ok
[INFO] [stdout] test utils::regexp::tests::test_reg_get_match ... ok
[INFO] [stdout] test utils::matcher::tests::test_reg_find ... ok
[INFO] [stdout] test utils::regexp::tests::test_reg_match ... ok
[INFO] [stdout] test utils::network::tests::test_is_ipv4_valid ... ok
[INFO] [stdout] test utils::network::tests::test_is_ipv4_invalid ... ok
[INFO] [stdout] test utils::regexp::tests::test_reg_valid ... ok
[INFO] [stdout] test utils::matcher::tests::test_reg_match ... ok
[INFO] [stdout] test utils::string::tests::test_build_dir_entry_path ... ok
[INFO] [stdout] test utils::string::tests::test_build_file_entry_path ... ok
[INFO] [stdout] test utils::regexp::tests::test_reg_get_all_match ... ok
[INFO] [stdout] test utils::string::tests::test_hash ... ok
[INFO] [stdout] test utils::string::tests::test_hash_const ... ok
[INFO] [stdout] test utils::string::tests::test_join_path ... ok
[INFO] [stdout] test utils::string::tests::test_md5 ... ok
[INFO] [stdout] test utils::string::tests::test_normalize_dir_path ... ok
[INFO] [stdout] test utils::string::tests::test_normalize_file_path ... ok
[INFO] [stdout] test utils::string::tests::test_remove_emoji ... ok
[INFO] [stdout] test utils::string::tests::test_trim ... ok
[INFO] [stdout] test utils::system::tests::test_get_env ... ok
[INFO] [stdout] test utils::system::tests::test_sleep_ms ... ok
[INFO] [stdout] test utils::string::tests::test_starts_with ... ok
[INFO] [stdout] test utils::string::tests::test_join ... ok
[INFO] [stdout] test utils::string::tests::test_replace_all_distinct ... ok
[INFO] [stdout] test utils::string::tests::test_to_lower ... ok
[INFO] [stdout] test utils::network::tests::test_hostname_to_ip_addr ... ok
[INFO] [stdout] test rulesets::ruleset::tests::test_fetch_ruleset_cache_expiration ... FAILED
[INFO] [stdout] test rulesets::ruleset::tests::test_fetch_ruleset_cache ... ok
[INFO] [stdout] 
[INFO] [stdout] failures:
[INFO] [stdout] 
[INFO] [stdout] ---- generator::config::group::tests::test_group_generate_empty_result_with_direct stdout ----
[INFO] [stdout] 
[INFO] [stdout] thread 'generator::config::group::tests::test_group_generate_empty_result_with_direct' (3287) panicked at src/generator/config/group.rs:167:9:
[INFO] [stdout] assertion `left == right` failed
[INFO] [stdout]   left: 0
[INFO] [stdout]  right: 1
[INFO] [stdout] stack backtrace:
[INFO] [stdout]    0:     0x596091ff5b01 - <<std[70759c8f55707aa4]::sys::backtrace::BacktraceLock>::print::DisplayBacktrace as core[df12db4294e9bfd3]::fmt::Display>::fmt
[INFO] [stdout]    1:     0x59609200dc8a - core[df12db4294e9bfd3]::fmt::write
[INFO] [stdout]    2:     0x596091ffa8dc - <alloc[2182bb758b4b3781]::vec::Vec<u8> as core[df12db4294e9bfd3]::io::write::Write>::write_fmt
[INFO] [stdout]    3:     0x596091fd0c66 - std[70759c8f55707aa4]::panicking::default_hook::{closure#0}
[INFO] [stdout]    4:     0x596091fed709 - std[70759c8f55707aa4]::panicking::default_hook
[INFO] [stdout]    5:     0x596091cf6db0 - test[9d35eded1c95d3be]::test_main_inner::<test[9d35eded1c95d3be]::test_main_static::{closure#0}>::{closure#0}
[INFO] [stdout]    6:     0x596091feda32 - std[70759c8f55707aa4]::panicking::panic_with_hook
[INFO] [stdout]    7:     0x596091fd0d12 - std[70759c8f55707aa4]::panicking::panic_handler::{closure#0}
[INFO] [stdout]    8:     0x596091fc9829 - std[70759c8f55707aa4]::sys::backtrace::__rust_end_short_backtrace::<std[70759c8f55707aa4]::panicking::panic_handler::{closure#0}, !>
[INFO] [stdout]    9:     0x596091fd1afd - __rustc[8fa7c3cbc660c2b3]::rust_begin_unwind
[INFO] [stdout]   10:     0x59609200e46c - core[df12db4294e9bfd3]::panicking::panic_fmt
[INFO] [stdout]   11:     0x59609200e383 - core[df12db4294e9bfd3]::panicking::assert_failed_inner
[INFO] [stdout]   12:     0x596092008aad - core[df12db4294e9bfd3]::panicking::assert_failed::<usize, usize>
[INFO] [stdout]   13:     0x596091cbab2e - subconverter[e5625c55b2500d07]::generator::config::group::tests::test_group_generate_empty_result_with_direct
[INFO] [stdout]   14:     0x596091ce0109 - <subconverter[e5625c55b2500d07]::generator::config::group::tests::test_group_generate_empty_result_with_direct::{closure#0} as core[df12db4294e9bfd3]::ops::function::FnOnce<()>>::call_once
[INFO] [stdout]   15:     0x596091cea09b - test[9d35eded1c95d3be]::__rust_begin_short_backtrace::<core[df12db4294e9bfd3]::result::Result<(), alloc[2182bb758b4b3781]::string::String>, fn() -> core[df12db4294e9bfd3]::result::Result<(), alloc[2182bb758b4b3781]::string::String>>
[INFO] [stdout]   16:     0x596091cf7705 - test[9d35eded1c95d3be]::run_test::{closure#0}
[INFO] [stdout]   17:     0x596091cf0fc4 - std[70759c8f55707aa4]::sys::backtrace::__rust_begin_short_backtrace::<test[9d35eded1c95d3be]::run_test::{closure#1}, ()>
[INFO] [stdout]   18:     0x596091cfa862 - <std[70759c8f55707aa4]::thread::lifecycle::spawn_unchecked<test[9d35eded1c95d3be]::run_test::{closure#1}, ()>::{closure#1} as core[df12db4294e9bfd3]::ops::function::FnOnce<()>>::call_once::{shim:vtable#0}
[INFO] [stdout]   19:     0x596091ff4cb9 - <std[70759c8f55707aa4]::sys::thread::unix::Thread>::new::thread_start
[INFO] [stdout]   20:     0x78ec9d738dfa - <unknown>
[INFO] [stdout]   21:     0x78ec9d7cc3d4 - clone
[INFO] [stdout]   22:                0x0 - <unknown>
[INFO] [stdout] 
[INFO] [stdout] ---- rulesets::ruleset::tests::test_fetch_ruleset_cache_expiration stdout ----
[INFO] [stdout] 
[INFO] [stdout] thread 'rulesets::ruleset::tests::test_fetch_ruleset_cache_expiration' (3304) panicked at src/rulesets/ruleset.rs:302:13:
[INFO] [stdout] assertion failed: result_no_cache.unwrap_err().contains("Failed to fetch ruleset from URL")
[INFO] [stdout] stack backtrace:
[INFO] [stdout]    0:     0x596091ff5b01 - <<std[70759c8f55707aa4]::sys::backtrace::BacktraceLock>::print::DisplayBacktrace as core[df12db4294e9bfd3]::fmt::Display>::fmt
[INFO] [stdout]    1:     0x59609200dc8a - core[df12db4294e9bfd3]::fmt::write
[INFO] [stdout]    2:     0x596091ffa8dc - <alloc[2182bb758b4b3781]::vec::Vec<u8> as core[df12db4294e9bfd3]::io::write::Write>::write_fmt
[INFO] [stdout]    3:     0x596091fd0c66 - std[70759c8f55707aa4]::panicking::default_hook::{closure#0}
[INFO] [stdout]    4:     0x596091fed709 - std[70759c8f55707aa4]::panicking::default_hook
[INFO] [stdout]    5:     0x596091cf6db0 - test[9d35eded1c95d3be]::test_main_inner::<test[9d35eded1c95d3be]::test_main_static::{closure#0}>::{closure#0}
[INFO] [stdout]    6:     0x596091feda32 - std[70759c8f55707aa4]::panicking::panic_with_hook
[INFO] [stdout]    7:     0x596091fd0d44 - std[70759c8f55707aa4]::panicking::panic_handler::{closure#0}
[INFO] [stdout]    8:     0x596091fc9829 - std[70759c8f55707aa4]::sys::backtrace::__rust_end_short_backtrace::<std[70759c8f55707aa4]::panicking::panic_handler::{closure#0}, !>
[INFO] [stdout]    9:     0x596091fd1afd - __rustc[8fa7c3cbc660c2b3]::rust_begin_unwind
[INFO] [stdout]   10:     0x59609200e46c - core[df12db4294e9bfd3]::panicking::panic_fmt
[INFO] [stdout]   11:     0x59609200e432 - core[df12db4294e9bfd3]::panicking::panic
[INFO] [stdout]   12:     0x596091cdb690 - subconverter[e5625c55b2500d07]::rulesets::ruleset::tests::test_fetch_ruleset_cache_expiration::{closure#0}
[INFO] [stdout]   13:     0x596091cd140c - <tokio[53eb910aa9cbdc8b]::runtime::runtime::Runtime>::block_on::<subconverter[e5625c55b2500d07]::rulesets::ruleset::tests::test_fetch_ruleset_cache_expiration::{closure#0}>
[INFO] [stdout]   14:     0x596091ccc80c - subconverter[e5625c55b2500d07]::rulesets::ruleset::tests::test_fetch_ruleset_cache_expiration
[INFO] [stdout]   15:     0x596091cdfe29 - <subconverter[e5625c55b2500d07]::rulesets::ruleset::tests::test_fetch_ruleset_cache_expiration::{closure#0} as core[df12db4294e9bfd3]::ops::function::FnOnce<()>>::call_once
[INFO] [stdout]   16:     0x596091cea09b - test[9d35eded1c95d3be]::__rust_begin_short_backtrace::<core[df12db4294e9bfd3]::result::Result<(), alloc[2182bb758b4b3781]::string::String>, fn() -> core[df12db4294e9bfd3]::result::Result<(), alloc[2182bb758b4b3781]::string::String>>
[INFO] [stdout]   17:     0x596091cf7705 - test[9d35eded1c95d3be]::run_test::{closure#0}
[INFO] [stdout]   18:     0x596091cf0fc4 - std[70759c8f55707aa4]::sys::backtrace::__rust_begin_short_backtrace::<test[9d35eded1c95d3be]::run_test::{closure#1}, ()>
[INFO] [stdout]   19:     0x596091cfa862 - <std[70759c8f55707aa4]::thread::lifecycle::spawn_unchecked<test[9d35eded1c95d3be]::run_test::{closure#1}, ()>::{closure#1} as core[df12db4294e9bfd3]::ops::function::FnOnce<()>>::call_once::{shim:vtable#0}
[INFO] [stdout]   20:     0x596091ff4cb9 - <std[70759c8f55707aa4]::sys::thread::unix::Thread>::new::thread_start
[INFO] [stdout]   21:     0x78ec9d738dfa - <unknown>
[INFO] [stdout]   22:     0x78ec9d7cc3d4 - clone
[INFO] [stdout]   23:                0x0 - <unknown>
[INFO] [stdout] 
[INFO] [stdout] 
[INFO] [stdout] failures:
[INFO] [stdout]     generator::config::group::tests::test_group_generate_empty_result_with_direct
[INFO] [stdout]     rulesets::ruleset::tests::test_fetch_ruleset_cache_expiration
[INFO] [stdout] 
[INFO] [stdout] test result: FAILED. 62 passed; 2 failed; 0 ignored; 0 measured; 0 filtered out; finished in 1.01s
[INFO] [stdout] 
[INFO] [stderr] error: test failed, to rerun pass `--lib`
[INFO] running `Command { std: "docker" "inspect" "6315856e7cef777561a54a7f51f8f7acca1f32c760c241afee76404f8fc90a2e", kill_on_drop: false }`
[INFO] running `Command { std: "docker" "rm" "-f" "6315856e7cef777561a54a7f51f8f7acca1f32c760c241afee76404f8fc90a2e", kill_on_drop: false }`
[INFO] [stdout] 6315856e7cef777561a54a7f51f8f7acca1f32c760c241afee76404f8fc90a2e
