[INFO] cloning repository https://github.com/wiseowltechnet/ollama-ocli
[INFO] running `Command { std: "git" "-c" "credential.helper=" "-c" "credential.helper=/workspace/cargo-home/bin/git-credential-null" "clone" "--bare" "https://github.com/wiseowltechnet/ollama-ocli" "/workspace/cache/git-repos/https%3A%2F%2Fgithub.com%2Fwiseowltechnet%2Follama-ocli", kill_on_drop: false }`
[INFO] [stderr] Cloning into bare repository '/workspace/cache/git-repos/https%3A%2F%2Fgithub.com%2Fwiseowltechnet%2Follama-ocli'...
[INFO] running `Command { std: "git" "rev-parse" "HEAD", kill_on_drop: false }`
[INFO] [stdout] 759c647c9e8d8fc9d11bd1e0fa4a72f879aaac86
[INFO] testing wiseowltechnet/ollama-ocli against 1.99.0-beta.8+cargoflags=--release for beta-release-1.100-2
[INFO] running `Command { std: "git" "clone" "/workspace/cache/git-repos/https%3A%2F%2Fgithub.com%2Fwiseowltechnet%2Follama-ocli" "/workspace/builds/worker-4-tc1/source", kill_on_drop: false }`
[INFO] [stderr] Cloning into '/workspace/builds/worker-4-tc1/source'...
[INFO] [stderr] done.
[INFO] removed /workspace/builds/worker-4-tc1/source/.cargo/config.toml
[INFO] removed /workspace/builds/worker-4-tc1/source/rust-toolchain.toml
[INFO] started tweaking git repo https://github.com/wiseowltechnet/ollama-ocli
[INFO] finished tweaking git repo https://github.com/wiseowltechnet/ollama-ocli
[INFO] tweaked toml for git repo https://github.com/wiseowltechnet/ollama-ocli written to /workspace/builds/worker-4-tc1/source/Cargo.toml
[INFO] validating manifest of git repo https://github.com/wiseowltechnet/ollama-ocli on toolchain 1.99.0-beta.8
[INFO] running `Command { std: CARGO_HOME="/workspace/cargo-home" RUSTUP_HOME="/workspace/rustup-home" "/workspace/cargo-home/bin/cargo" "+1.99.0-beta.8" "metadata" "--manifest-path" "Cargo.toml" "--no-deps", kill_on_drop: false }`
[INFO] crate git repo https://github.com/wiseowltechnet/ollama-ocli already has a lockfile, it will not be regenerated
[INFO] running `Command { std: CARGO_HOME="/workspace/cargo-home" RUSTUP_HOME="/workspace/rustup-home" "/workspace/cargo-home/bin/cargo" "+1.99.0-beta.8" "fetch" "--manifest-path" "Cargo.toml", kill_on_drop: false }`
[INFO] [stderr]  Downloading crates ...
[INFO] [stderr]   Downloaded plist v1.8.0
[INFO] [stderr]   Downloaded stability v0.2.1
[INFO] [stderr]   Downloaded rustyline v13.0.0
[INFO] [stderr]   Downloaded ntapi v0.4.2
[INFO] [stderr]   Downloaded insta v1.46.3
[INFO] [stderr]   Downloaded ratatui v0.26.3
[INFO] running `Command { std: "docker" "create" "-v" "/var/lib/crater-agent-workspace/builds/worker-4-tc1/source:/opt/rustwide/workdir:ro,Z" "-v" "/var/lib/crater-agent-workspace/builds/worker-4-tc1/target:/opt/rustwide/target:rw,Z" "-v" "/var/lib/crater-agent-workspace/cargo-home:/opt/rustwide/cargo-home:ro,Z" "-v" "/var/lib/crater-agent-workspace/rustup-home:/opt/rustwide/rustup-home:ro,Z" "-m" "1610612736" "--network" "none" "ghcr.io/rust-lang/crates-build-env/linux@sha256:77db811e55d90add9212f6832c23229e3de5f1c1f9905e8cb07319ea15df73ac" "sleep" "infinity", kill_on_drop: false }`
[INFO] [stdout] a4b16623d2e715466e9d6b442231e4b3246a3d6d2168855ed1d04a1156e929b5
[INFO] running `Command { std: "docker" "start" "a4b16623d2e715466e9d6b442231e4b3246a3d6d2168855ed1d04a1156e929b5", kill_on_drop: false }`
[INFO] running `Command { std: "docker" "inspect" "a4b16623d2e715466e9d6b442231e4b3246a3d6d2168855ed1d04a1156e929b5", kill_on_drop: false }`
[INFO] running `Command { std: "docker" "exec" "-e" "SOURCE_DIR=/opt/rustwide/workdir" "-e" "CARGO_HOME=/opt/rustwide/cargo-home" "-e" "RUSTUP_HOME=/opt/rustwide/rustup-home" "-e" "CARGO_TARGET_DIR=/opt/rustwide/target" "-w" "/opt/rustwide/workdir" "--user" "0:0" "a4b16623d2e715466e9d6b442231e4b3246a3d6d2168855ed1d04a1156e929b5" "/opt/rustwide/cargo-home/bin/cargo" "+1.99.0-beta.8" "metadata" "--no-deps" "--format-version=1", kill_on_drop: false }`
[INFO] running `Command { std: "docker" "inspect" "a4b16623d2e715466e9d6b442231e4b3246a3d6d2168855ed1d04a1156e929b5", kill_on_drop: false }`
[INFO] running `Command { std: "docker" "exec" "-e" "SOURCE_DIR=/opt/rustwide/workdir" "-e" "CARGO_HOME=/opt/rustwide/cargo-home" "-e" "RUSTUP_HOME=/opt/rustwide/rustup-home" "-e" "CARGO_TARGET_DIR=/opt/rustwide/target" "-e" "CARGO_INCREMENTAL=0" "-e" "RUST_BACKTRACE=full" "-e" "RUSTFLAGS=--cap-lints=warn" "-e" "RUSTDOCFLAGS=--cap-lints=warn" "-w" "/opt/rustwide/workdir" "--user" "0:0" "a4b16623d2e715466e9d6b442231e4b3246a3d6d2168855ed1d04a1156e929b5" "/opt/rustwide/cargo-home/bin/cargo" "+1.99.0-beta.8" "build" "--frozen" "--message-format=json" "--release", kill_on_drop: false }`
[INFO] [stderr]    Compiling unicode-ident v1.0.22
[INFO] [stderr]    Compiling quote v1.0.44
[INFO] [stderr]    Compiling libc v0.2.180
[INFO] [stderr]    Compiling smallvec v1.15.1
[INFO] [stderr]    Compiling itoa v1.0.17
[INFO] [stderr]    Compiling cc v1.2.55
[INFO] [stderr]    Compiling writeable v0.6.2
[INFO] [stderr]    Compiling litemap v0.8.1
[INFO] [stderr]    Compiling indexmap v2.13.0
[INFO] [stderr]    Compiling either v1.15.0
[INFO] [stderr]    Compiling openssl v0.10.75
[INFO] [stderr]    Compiling tracing-core v0.1.36
[INFO] [stderr]    Compiling zmij v1.0.19
[INFO] [stderr]    Compiling crossbeam-epoch v0.9.18
[INFO] [stderr]    Compiling rustix v1.1.3
[INFO] [stderr]    Compiling ryu v1.0.22
[INFO] [stderr]    Compiling proc-macro2 v1.0.106
[INFO] [stderr]    Compiling deranged v0.5.5
[INFO] [stderr]    Compiling http v0.2.12
[INFO] [stderr]    Compiling crossbeam-deque v0.8.6
[INFO] [stderr]    Compiling simd-adler32 v0.3.8
[INFO] [stderr]    Compiling portable-atomic v1.13.1
[INFO] [stderr]    Compiling linux-raw-sys v0.11.0
[INFO] [stderr]    Compiling num-conv v0.2.0
[INFO] [stderr]    Compiling time-core v0.1.8
[INFO] [stderr]    Compiling unicode-segmentation v1.12.0
[INFO] [stderr]    Compiling anstream v0.6.21
[INFO] [stderr]    Compiling serde_json v1.0.149
[INFO] [stderr]    Compiling rayon-core v1.13.0
[INFO] [stderr]    Compiling miniz_oxide v0.8.9
[INFO] [stderr]    Compiling tracing v0.1.44
[INFO] [stderr]    Compiling nibble_vec v0.1.0
[INFO] [stderr]    Compiling syn v2.0.114
[INFO] [stderr]    Compiling hashbrown v0.15.5
[INFO] [stderr]    Compiling itertools v0.13.0
[INFO] [stderr]    Compiling castaway v0.2.4
[INFO] [stderr]    Compiling quick-xml v0.38.4
[INFO] [stderr]    Compiling http-body v0.4.6
[INFO] [stderr]    Compiling clap_lex v0.7.7
[INFO] [stderr]    Compiling base64 v0.21.7
[INFO] [stderr]    Compiling endian-type v0.1.2
[INFO] [stderr]    Compiling linked-hash-map v0.5.6
[INFO] [stderr]    Compiling radix_trie v0.2.1
[INFO] [stderr]    Compiling yaml-rust v0.4.5
[INFO] [stderr]    Compiling openssl-sys v0.9.111
[INFO] [stderr]    Compiling onig_sys v69.9.1
[INFO] [stderr]    Compiling time v0.3.46
[INFO] [stderr]    Compiling rustls-pemfile v1.0.4
[INFO] [stderr]    Compiling lru v0.12.5
[INFO] [stderr]    Compiling clap_builder v4.5.57
[INFO] [stderr]    Compiling compact_str v0.7.1
[INFO] [stderr]    Compiling errno v0.3.14
[INFO] [stderr]    Compiling parking_lot_core v0.9.12
[INFO] [stderr]    Compiling signal-hook-registry v1.4.8
[INFO] [stderr]    Compiling socket2 v0.6.2
[INFO] [stderr]    Compiling mio v1.1.1
[INFO] [stderr]    Compiling parking_lot v0.12.5
[INFO] [stderr]    Compiling native-tls v0.2.14
[INFO] [stderr]    Compiling signal-hook v0.3.18
[INFO] [stderr]    Compiling mio v0.8.11
[INFO] [stderr]    Compiling socket2 v0.5.10
[INFO] [stderr]    Compiling unicode-truncate v1.1.0
[INFO] [stderr]    Compiling console v0.15.11
[INFO] [stderr]    Compiling nix v0.27.1
[INFO] [stderr]    Compiling signal-hook-mio v0.2.5
[INFO] [stderr]    Compiling crossterm v0.27.0
[INFO] [stderr]    Compiling fd-lock v4.0.4
[INFO] [stderr]    Compiling rayon v1.11.0
[INFO] [stderr]    Compiling flate2 v1.1.9
[INFO] [stderr]    Compiling itertools v0.12.1
[INFO] [stderr]    Compiling home v0.5.12
[INFO] [stderr]    Compiling sync_wrapper v0.1.2
[INFO] [stderr]    Compiling regex-syntax v0.8.9
[INFO] [stderr]    Compiling chrono v0.4.43
[INFO] [stderr]    Compiling indicatif v0.17.11
[INFO] [stderr]    Compiling synstructure v0.13.2
[INFO] [stderr]    Compiling rustyline v13.0.0
[INFO] [stderr]    Compiling zerofrom-derive v0.1.6
[INFO] [stderr]    Compiling yoke-derive v0.8.1
[INFO] [stderr]    Compiling zerovec-derive v0.11.2
[INFO] [stderr]    Compiling displaydoc v0.2.5
[INFO] [stderr]    Compiling tokio-macros v2.6.0
[INFO] [stderr]    Compiling serde_derive v1.0.228
[INFO] [stderr]    Compiling futures-macro v0.3.31
[INFO] [stderr]    Compiling openssl-macros v0.1.1
[INFO] [stderr]    Compiling strum_macros v0.26.4
[INFO] [stderr]    Compiling thiserror-impl v2.0.18
[INFO] [stderr]    Compiling tokio v1.49.0
[INFO] [stderr]    Compiling futures-util v0.3.31
[INFO] [stderr]    Compiling clap_derive v4.5.55
[INFO] [stderr]    Compiling zerofrom v0.1.6
[INFO] [stderr]    Compiling stability v0.2.1
[INFO] [stderr]    Compiling yoke v0.8.1
[INFO] [stderr]    Compiling thiserror v2.0.18
[INFO] [stderr]    Compiling zerovec v0.11.5
[INFO] [stderr]    Compiling zerotrie v0.2.3
[INFO] [stderr]    Compiling sysinfo v0.30.13
[INFO] [stderr]    Compiling tinystr v0.8.2
[INFO] [stderr]    Compiling potential_utf v0.1.4
[INFO] [stderr]    Compiling strum v0.26.3
[INFO] [stderr]    Compiling icu_collections v2.1.1
[INFO] [stderr]    Compiling ratatui v0.26.3
[INFO] [stderr]    Compiling icu_locale_core v2.1.1
[INFO] [stderr]    Compiling clap v4.5.57
[INFO] [stderr]    Compiling serde v1.0.228
[INFO] [stderr]    Compiling icu_provider v2.1.1
[INFO] [stderr]    Compiling icu_properties v2.1.2
[INFO] [stderr]    Compiling icu_normalizer v2.1.1
[INFO] [stderr]    Compiling bincode v1.3.3
[INFO] [stderr]    Compiling serde_urlencoded v0.7.1
[INFO] [stderr]    Compiling plist v1.8.0
[INFO] [stderr]    Compiling idna_adapter v1.2.1
[INFO] [stderr]    Compiling idna v1.1.0
[INFO] [stderr]    Compiling url v2.5.8
[INFO] [stderr]    Compiling tokio-util v0.7.18
[INFO] [stderr]    Compiling tokio-native-tls v0.3.1
[INFO] [stderr]    Compiling h2 v0.3.27
[INFO] [stderr]    Compiling onig v6.5.1
[INFO] [stderr]    Compiling syntect v5.3.0
[INFO] [stderr]    Compiling hyper v0.14.32
[INFO] [stderr]    Compiling hyper-tls v0.5.0
[INFO] [stderr]    Compiling reqwest v0.11.27
[INFO] [stderr]    Compiling ocli v0.3.2 (/opt/rustwide/workdir)
[INFO] [stdout] warning: unused import: `rustyline::error::ReadlineError`
[INFO] [stdout]  --> src/readline.rs:1:5
[INFO] [stdout]   |
[INFO] [stdout] 1 | use rustyline::error::ReadlineError;
[INFO] [stdout]   |     ^^^^^^^^^^^^^^^^^^^^^^^^^^^^^^^
[INFO] [stdout]   |
[INFO] [stdout]   = note: `#[warn(unused_imports)]` (part of `#[warn(unused)]`) on by default
[INFO] [stdout] 
[INFO] [stdout] 
[INFO] [stdout] warning: unused import: `Style`
[INFO] [stdout]  --> src/syntax.rs:2:39
[INFO] [stdout]   |
[INFO] [stdout] 2 | use syntect::highlighting::{ThemeSet, Style};
[INFO] [stdout]   |                                       ^^^^^
[INFO] [stdout] 
[INFO] [stdout] 
[INFO] [stdout] warning: unused import: `std::collections::HashMap`
[INFO] [stdout]  --> src/context_manager.rs:2:5
[INFO] [stdout]   |
[INFO] [stdout] 2 | use std::collections::HashMap;
[INFO] [stdout]   |     ^^^^^^^^^^^^^^^^^^^^^^^^^
[INFO] [stdout] 
[INFO] [stdout] 
[INFO] [stdout] warning: unused import: `Modifier`
[INFO] [stdout]  --> src/lcars_tui.rs:4:20
[INFO] [stdout]   |
[INFO] [stdout] 4 |     style::{Color, Modifier, Style},
[INFO] [stdout]   |                    ^^^^^^^^
[INFO] [stdout] 
[INFO] [stdout] 
[INFO] [stdout] warning: unused import: `Write`
[INFO] [stdout]  --> src/tui.rs:7:15
[INFO] [stdout]   |
[INFO] [stdout] 7 | use std::io::{Write, stdout};
[INFO] [stdout]   |               ^^^^^
[INFO] [stdout] 
[INFO] [stdout] 
[INFO] [stdout] warning: variable does not need to be mutable
[INFO] [stdout]   --> src/dashboard_integration.rs:28:9
[INFO] [stdout]    |
[INFO] [stdout] 28 |     let mut stdout = io::stdout();
[INFO] [stdout]    |         ----^^^^^^
[INFO] [stdout]    |         |
[INFO] [stdout]    |         help: remove this `mut`
[INFO] [stdout]    |
[INFO] [stdout]    = note: `#[warn(unused_mut)]` (part of `#[warn(unused)]`) on by default
[INFO] [stdout] 
[INFO] [stdout] 
[INFO] [stdout] warning: unused variable: `response`
[INFO] [stdout]    --> src/main.rs:624:25
[INFO] [stdout]     |
[INFO] [stdout] 624 |                     let response =
[INFO] [stdout]     |                         ^^^^^^^^ help: if this is intentional, prefix it with an underscore: `_response`
[INFO] [stdout]     |
[INFO] [stdout]     = note: `#[warn(unused_variables)]` (part of `#[warn(unused)]`) on by default
[INFO] [stdout] 
[INFO] [stdout] 
[INFO] [stdout] warning: struct `Metric` is never constructed
[INFO] [stdout]  --> src/metrics.rs:6:12
[INFO] [stdout]   |
[INFO] [stdout] 6 | pub struct Metric {
[INFO] [stdout]   |            ^^^^^^
[INFO] [stdout]   |
[INFO] [stdout]   = note: `#[warn(dead_code)]` (part of `#[warn(unused)]`) on by default
[INFO] [stdout] 
[INFO] [stdout] 
[INFO] [stdout] warning: associated items `new`, `record`, and `avg_duration` are never used
[INFO] [stdout]   --> src/metrics.rs:14:8
[INFO] [stdout]    |
[INFO] [stdout] 13 | impl Metric {
[INFO] [stdout]    | ----------- associated items in this implementation
[INFO] [stdout] 14 |     fn new() -> Self {
[INFO] [stdout]    |        ^^^
[INFO] [stdout] ...
[INFO] [stdout] 23 |     fn record(&mut self, duration: Duration) {
[INFO] [stdout]    |        ^^^^^^
[INFO] [stdout] ...
[INFO] [stdout] 30 |     pub fn avg_duration(&self) -> Duration {
[INFO] [stdout]    |            ^^^^^^^^^^^^
[INFO] [stdout] 
[INFO] [stdout] 
[INFO] [stdout] warning: struct `Metrics` is never constructed
[INFO] [stdout]   --> src/metrics.rs:39:12
[INFO] [stdout]    |
[INFO] [stdout] 39 | pub struct Metrics {
[INFO] [stdout]    |            ^^^^^^^
[INFO] [stdout] 
[INFO] [stdout] 
[INFO] [stdout] warning: associated items `new`, `record`, `get`, `all`, and `clear` are never used
[INFO] [stdout]   --> src/metrics.rs:44:12
[INFO] [stdout]    |
[INFO] [stdout] 43 | impl Metrics {
[INFO] [stdout]    | ------------ associated items in this implementation
[INFO] [stdout] 44 |     pub fn new() -> Self {
[INFO] [stdout]    |            ^^^
[INFO] [stdout] ...
[INFO] [stdout] 50 |     pub fn record(&self, name: &str, duration: Duration) {
[INFO] [stdout]    |            ^^^^^^
[INFO] [stdout] ...
[INFO] [stdout] 57 |     pub fn get(&self, name: &str) -> Option<Metric> {
[INFO] [stdout]    |            ^^^
[INFO] [stdout] ...
[INFO] [stdout] 61 |     pub fn all(&self) -> HashMap<String, Metric> {
[INFO] [stdout]    |            ^^^
[INFO] [stdout] ...
[INFO] [stdout] 65 |     pub fn clear(&self) {
[INFO] [stdout]    |            ^^^^^
[INFO] [stdout] 
[INFO] [stdout] 
[INFO] [stdout] warning: struct `Timer` is never constructed
[INFO] [stdout]   --> src/metrics.rs:70:12
[INFO] [stdout]    |
[INFO] [stdout] 70 | pub struct Timer {
[INFO] [stdout]    |            ^^^^^
[INFO] [stdout] 
[INFO] [stdout] 
[INFO] [stdout] warning: associated function `new` is never used
[INFO] [stdout]   --> src/metrics.rs:77:12
[INFO] [stdout]    |
[INFO] [stdout] 76 | impl Timer {
[INFO] [stdout]    | ---------- associated function in this implementation
[INFO] [stdout] 77 |     pub fn new(name: String, metrics: Arc<Mutex<HashMap<String, Metric>>>) -> Self {
[INFO] [stdout]    |            ^^^
[INFO] [stdout] 
[INFO] [stdout] 
[INFO] [stdout] warning: struct `OcliHelper` is never constructed
[INFO] [stdout]  --> src/readline.rs:9:12
[INFO] [stdout]   |
[INFO] [stdout] 9 | pub struct OcliHelper {
[INFO] [stdout]   |            ^^^^^^^^^^
[INFO] [stdout] 
[INFO] [stdout] 
[INFO] [stdout] warning: associated function `new` is never used
[INFO] [stdout]   --> src/readline.rs:14:12
[INFO] [stdout]    |
[INFO] [stdout] 13 | impl OcliHelper {
[INFO] [stdout]    | --------------- associated function in this implementation
[INFO] [stdout] 14 |     pub fn new() -> Self {
[INFO] [stdout]    |            ^^^
[INFO] [stdout] 
[INFO] [stdout] 
[INFO] [stdout] warning: function `create_editor` is never used
[INFO] [stdout]   --> src/readline.rs:73:8
[INFO] [stdout]    |
[INFO] [stdout] 73 | pub fn create_editor() -> Editor<OcliHelper, DefaultHistory> {
[INFO] [stdout]    |        ^^^^^^^^^^^^^
[INFO] [stdout] 
[INFO] [stdout] 
[INFO] [stdout] warning: struct `SyntaxHighlighter` is never constructed
[INFO] [stdout]  --> src/syntax.rs:6:12
[INFO] [stdout]   |
[INFO] [stdout] 6 | pub struct SyntaxHighlighter {
[INFO] [stdout]   |            ^^^^^^^^^^^^^^^^^
[INFO] [stdout] 
[INFO] [stdout] 
[INFO] [stdout] warning: associated items `new` and `highlight` are never used
[INFO] [stdout]   --> src/syntax.rs:12:12
[INFO] [stdout]    |
[INFO] [stdout] 11 | impl SyntaxHighlighter {
[INFO] [stdout]    | ---------------------- associated items in this implementation
[INFO] [stdout] 12 |     pub fn new() -> Self {
[INFO] [stdout]    |            ^^^
[INFO] [stdout] ...
[INFO] [stdout] 19 |     pub fn highlight(&self, code: &str, lang: &str) -> String {
[INFO] [stdout]    |            ^^^^^^^^^
[INFO] [stdout] 
[INFO] [stdout] 
[INFO] [stdout] warning: function `create_spinner` is never used
[INFO] [stdout]  --> src/progress.rs:4:8
[INFO] [stdout]   |
[INFO] [stdout] 4 | pub fn create_spinner(msg: &str) -> ProgressBar {
[INFO] [stdout]   |        ^^^^^^^^^^^^^^
[INFO] [stdout] 
[INFO] [stdout] 
[INFO] [stdout] warning: function `create_progress` is never used
[INFO] [stdout]   --> src/progress.rs:16:8
[INFO] [stdout]    |
[INFO] [stdout] 16 | pub fn create_progress(len: u64, msg: &str) -> ProgressBar {
[INFO] [stdout]    |        ^^^^^^^^^^^^^^^
[INFO] [stdout] 
[INFO] [stdout] 
[INFO] [stdout] warning: struct `ContextManager` is never constructed
[INFO] [stdout]  --> src/context_manager.rs:4:12
[INFO] [stdout]   |
[INFO] [stdout] 4 | pub struct ContextManager {
[INFO] [stdout]   |            ^^^^^^^^^^^^^^
[INFO] [stdout] 
[INFO] [stdout] 
[INFO] [stdout] warning: associated items `new`, `add_message`, `prune_old`, `summarize`, `search`, and `token_count` are never used
[INFO] [stdout]   --> src/context_manager.rs:11:12
[INFO] [stdout]    |
[INFO] [stdout] 10 | impl ContextManager {
[INFO] [stdout]    | ------------------- associated items in this implementation
[INFO] [stdout] 11 |     pub fn new(max_tokens: usize) -> Self {
[INFO] [stdout]    |            ^^^
[INFO] [stdout] ...
[INFO] [stdout] 19 |     pub fn add_message(&mut self, msg: Value) {
[INFO] [stdout]    |            ^^^^^^^^^^^
[INFO] [stdout] ...
[INFO] [stdout] 29 |     pub fn prune_old(&mut self) {
[INFO] [stdout]    |            ^^^^^^^^^
[INFO] [stdout] ...
[INFO] [stdout] 36 |     pub fn summarize(&self) -> String {
[INFO] [stdout]    |            ^^^^^^^^^
[INFO] [stdout] ...
[INFO] [stdout] 48 |     pub fn search(&self, query: &str) -> Vec<String> {
[INFO] [stdout]    |            ^^^^^^
[INFO] [stdout] ...
[INFO] [stdout] 63 |     pub fn token_count(&self) -> usize {
[INFO] [stdout]    |            ^^^^^^^^^^^
[INFO] [stdout] 
[INFO] [stdout] 
[INFO] [stdout] warning: function `estimate_tokens` is never used
[INFO] [stdout]   --> src/context_manager.rs:68:4
[INFO] [stdout]    |
[INFO] [stdout] 68 | fn estimate_tokens(msg: &Value) -> usize {
[INFO] [stdout]    |    ^^^^^^^^^^^^^^^
[INFO] [stdout] 
[INFO] [stdout] 
[INFO] [stdout] warning: struct `SuggestionEngine` is never constructed
[INFO] [stdout]  --> src/suggestions.rs:3:12
[INFO] [stdout]   |
[INFO] [stdout] 3 | pub struct SuggestionEngine {
[INFO] [stdout]   |            ^^^^^^^^^^^^^^^^
[INFO] [stdout] 
[INFO] [stdout] 
[INFO] [stdout] warning: associated items `new`, `record_command`, `suggest_typo`, `suggest_next`, and `suggest_workflow` are never used
[INFO] [stdout]   --> src/suggestions.rs:9:12
[INFO] [stdout]    |
[INFO] [stdout]  8 | impl SuggestionEngine {
[INFO] [stdout]    | --------------------- associated items in this implementation
[INFO] [stdout]  9 |     pub fn new() -> Self {
[INFO] [stdout]    |            ^^^
[INFO] [stdout] ...
[INFO] [stdout] 16 |     pub fn record_command(&mut self, cmd: &str) {
[INFO] [stdout]    |            ^^^^^^^^^^^^^^
[INFO] [stdout] ...
[INFO] [stdout] 24 |     pub fn suggest_typo(&self, input: &str) -> Option<String> {
[INFO] [stdout]    |            ^^^^^^^^^^^^
[INFO] [stdout] ...
[INFO] [stdout] 46 |     pub fn suggest_next(&self) -> Option<String> {
[INFO] [stdout]    |            ^^^^^^^^^^^^
[INFO] [stdout] ...
[INFO] [stdout] 63 |     pub fn suggest_workflow(&self, context: &str) -> Option<String> {
[INFO] [stdout]    |            ^^^^^^^^^^^^^^^^
[INFO] [stdout] 
[INFO] [stdout] 
[INFO] [stdout] warning: function `levenshtein` is never used
[INFO] [stdout]   --> src/suggestions.rs:74:4
[INFO] [stdout]    |
[INFO] [stdout] 74 | fn levenshtein(a: &str, b: &str) -> usize {
[INFO] [stdout]    |    ^^^^^^^^^^^
[INFO] [stdout] 
[INFO] [stdout] 
[INFO] [stdout] warning: struct `DiffViewer` is never constructed
[INFO] [stdout]  --> src/diff_viewer.rs:3:12
[INFO] [stdout]   |
[INFO] [stdout] 3 | pub struct DiffViewer {
[INFO] [stdout]   |            ^^^^^^^^^^
[INFO] [stdout] 
[INFO] [stdout] 
[INFO] [stdout] warning: struct `FileDiff` is never constructed
[INFO] [stdout]  --> src/diff_viewer.rs:8:12
[INFO] [stdout]   |
[INFO] [stdout] 8 | pub struct FileDiff {
[INFO] [stdout]   |            ^^^^^^^^
[INFO] [stdout] 
[INFO] [stdout] 
[INFO] [stdout] warning: associated items `new`, `add_change`, `show`, `accept_all`, `reject_all`, and `count` are never used
[INFO] [stdout]   --> src/diff_viewer.rs:15:12
[INFO] [stdout]    |
[INFO] [stdout] 14 | impl DiffViewer {
[INFO] [stdout]    | --------------- associated items in this implementation
[INFO] [stdout] 15 |     pub fn new() -> Self {
[INFO] [stdout]    |            ^^^
[INFO] [stdout] ...
[INFO] [stdout] 21 |     pub fn add_change(&mut self, path: String, old: String, new: String) {
[INFO] [stdout]    |            ^^^^^^^^^^
[INFO] [stdout] ...
[INFO] [stdout] 29 |     pub fn show(&self) {
[INFO] [stdout]    |            ^^^^
[INFO] [stdout] ...
[INFO] [stdout] 71 |     pub fn accept_all(&mut self) -> Vec<FileDiff> {
[INFO] [stdout]    |            ^^^^^^^^^^
[INFO] [stdout] ...
[INFO] [stdout] 75 |     pub fn reject_all(&mut self) {
[INFO] [stdout]    |            ^^^^^^^^^^
[INFO] [stdout] ...
[INFO] [stdout] 79 |     pub fn count(&self) -> usize {
[INFO] [stdout]    |            ^^^^^
[INFO] [stdout] 
[INFO] [stdout] 
[INFO] [stdout] warning: constant `GREEN` is never used
[INFO] [stdout]   --> src/diff_viewer.rs:84:7
[INFO] [stdout]    |
[INFO] [stdout] 84 | const GREEN: &str = "\x1b[38;2;102;255;102m";
[INFO] [stdout]    |       ^^^^^
[INFO] [stdout] 
[INFO] [stdout] 
[INFO] [stdout] warning: struct `ModelConfig` is never constructed
[INFO] [stdout]  --> src/models.rs:5:12
[INFO] [stdout]   |
[INFO] [stdout] 5 | pub struct ModelConfig {
[INFO] [stdout]   |            ^^^^^^^^^^^
[INFO] [stdout] 
[INFO] [stdout] 
[INFO] [stdout] warning: struct `ModelManager` is never constructed
[INFO] [stdout]   --> src/models.rs:23:12
[INFO] [stdout]    |
[INFO] [stdout] 23 | pub struct ModelManager {
[INFO] [stdout]    |            ^^^^^^^^^^^^
[INFO] [stdout] 
[INFO] [stdout] 
[INFO] [stdout] warning: multiple associated items are never used
[INFO] [stdout]   --> src/models.rs:30:12
[INFO] [stdout]    |
[INFO] [stdout] 29 | impl ModelManager {
[INFO] [stdout]    | ----------------- associated items in this implementation
[INFO] [stdout] 30 |     pub fn new() -> Self {
[INFO] [stdout]    |            ^^^
[INFO] [stdout] ...
[INFO] [stdout] 49 |     pub fn list(&self) -> &Vec<String> {
[INFO] [stdout]    |            ^^^^
[INFO] [stdout] ...
[INFO] [stdout] 53 |     pub fn current(&self) -> &str {
[INFO] [stdout]    |            ^^^^^^^
[INFO] [stdout] ...
[INFO] [stdout] 57 |     pub fn switch(&mut self, model: &str) -> Result<(), String> {
[INFO] [stdout]    |            ^^^^^^
[INFO] [stdout] ...
[INFO] [stdout] 77 |     pub fn get_config(&self, model: &str) -> Option<&ModelConfig> {
[INFO] [stdout]    |            ^^^^^^^^^^
[INFO] [stdout] ...
[INFO] [stdout] 81 |     pub fn set_config(&mut self, model: &str, config: ModelConfig) {
[INFO] [stdout]    |            ^^^^^^^^^^
[INFO] [stdout] ...
[INFO] [stdout] 85 |     pub fn current_config(&self) -> &ModelConfig {
[INFO] [stdout]    |            ^^^^^^^^^^^^^^
[INFO] [stdout] 
[INFO] [stdout] 
[INFO] [stdout] warning: function `suggest_file` is never used
[INFO] [stdout]  --> src/errors.rs:3:8
[INFO] [stdout]   |
[INFO] [stdout] 3 | pub fn suggest_file(path: &str) -> String {
[INFO] [stdout]   |        ^^^^^^^^^^^^
[INFO] [stdout] 
[INFO] [stdout] 
[INFO] [stdout] warning: function `format_mcp_error` is never used
[INFO] [stdout]   --> src/errors.rs:94:8
[INFO] [stdout]    |
[INFO] [stdout] 94 | pub fn format_mcp_error(error: &str) -> String {
[INFO] [stdout]    |        ^^^^^^^^^^^^^^^^
[INFO] [stdout] 
[INFO] [stdout] 
[INFO] [stdout] warning: associated function `new` is never used
[INFO] [stdout]   --> src/lcars_tui.rs:16:12
[INFO] [stdout]    |
[INFO] [stdout] 15 | impl LcarsTUI {
[INFO] [stdout]    | ------------- associated function in this implementation
[INFO] [stdout] 16 |     pub fn new() -> Self {
[INFO] [stdout]    |            ^^^
[INFO] [stdout] 
[INFO] [stdout] 
[INFO] [stdout] warning: function `check_f3_toggle` is never used
[INFO] [stdout]  --> src/dashboard_integration.rs:9:8
[INFO] [stdout]   |
[INFO] [stdout] 9 | pub fn check_f3_toggle() -> Result<bool, Box<dyn std::error::Error>> {
[INFO] [stdout]   |        ^^^^^^^^^^^^^^^
[INFO] [stdout] 
[INFO] [stdout] 
[INFO] [stdout] warning: constant `PINK` is never used
[INFO] [stdout]  --> src/lcars.rs:5:11
[INFO] [stdout]   |
[INFO] [stdout] 5 | pub const PINK: &str = "\x1b[38;2;255;153;204m";
[INFO] [stdout]   |           ^^^^
[INFO] [stdout] 
[INFO] [stdout] 
[INFO] [stdout] warning: constant `RED` is never used
[INFO] [stdout]  --> src/lcars.rs:6:11
[INFO] [stdout]   |
[INFO] [stdout] 6 | pub const RED: &str = "\x1b[38;2;255;102;102m";
[INFO] [stdout]   |           ^^^
[INFO] [stdout] 
[INFO] [stdout] 
[INFO] [stdout] warning: constant `BOLD` is never used
[INFO] [stdout]  --> src/lcars.rs:9:11
[INFO] [stdout]   |
[INFO] [stdout] 9 | pub const BOLD: &str = "\x1b[1m";
[INFO] [stdout]   |           ^^^^
[INFO] [stdout] 
[INFO] [stdout] 
[INFO] [stdout] warning: function `prompt` is never used
[INFO] [stdout]   --> src/lcars.rs:20:8
[INFO] [stdout]    |
[INFO] [stdout] 20 | pub fn prompt() -> String {
[INFO] [stdout]    |        ^^^^^^
[INFO] [stdout] 
[INFO] [stdout] 
[INFO] [stdout] warning: function `success` is never used
[INFO] [stdout]   --> src/lcars.rs:24:8
[INFO] [stdout]    |
[INFO] [stdout] 24 | pub fn success(msg: &str) -> String {
[INFO] [stdout]    |        ^^^^^^^
[INFO] [stdout] 
[INFO] [stdout] 
[INFO] [stdout] warning: function `error` is never used
[INFO] [stdout]   --> src/lcars.rs:28:8
[INFO] [stdout]    |
[INFO] [stdout] 28 | pub fn error(msg: &str) -> String {
[INFO] [stdout]    |        ^^^^^
[INFO] [stdout] 
[INFO] [stdout] 
[INFO] [stdout] warning: function `info` is never used
[INFO] [stdout]   --> src/lcars.rs:32:8
[INFO] [stdout]    |
[INFO] [stdout] 32 | pub fn info(msg: &str) -> String {
[INFO] [stdout]    |        ^^^^
[INFO] [stdout] 
[INFO] [stdout] 
[INFO] [stdout] warning: function `warning` is never used
[INFO] [stdout]   --> src/lcars.rs:36:8
[INFO] [stdout]    |
[INFO] [stdout] 36 | pub fn warning(msg: &str) -> String {
[INFO] [stdout]    |        ^^^^^^^
[INFO] [stdout] 
[INFO] [stdout] 
[INFO] [stdout] warning: method `call_tool_streaming` is never used
[INFO] [stdout]    --> src/mcp.rs:207:18
[INFO] [stdout]     |
[INFO] [stdout] 206 | impl MCPClient {
[INFO] [stdout]     | -------------- method in this implementation
[INFO] [stdout] 207 |     pub async fn call_tool_streaming<F>(
[INFO] [stdout]     |                  ^^^^^^^^^^^^^^^^^^^
[INFO] [stdout] 
[INFO] [stdout] 
[INFO] [stdout] warning: function `get_context_prompt` is never used
[INFO] [stdout]   --> src/prompts.rs:65:8
[INFO] [stdout]    |
[INFO] [stdout] 65 | pub fn get_context_prompt(working_files: &[String], recent_changes: &[String]) -> String {
[INFO] [stdout]    |        ^^^^^^^^^^^^^^^^^^
[INFO] [stdout] 
[INFO] [stdout] 
[INFO] [stdout] warning: function `get_autonomous_prompt` is never used
[INFO] [stdout]   --> src/prompts.rs:85:8
[INFO] [stdout]    |
[INFO] [stdout] 85 | pub fn get_autonomous_prompt() -> String {
[INFO] [stdout]    |        ^^^^^^^^^^^^^^^^^^^^^
[INFO] [stdout] 
[INFO] [stdout] 
[INFO] [stdout] warning: struct `Tool` is never constructed
[INFO] [stdout]  --> src/tools.rs:6:12
[INFO] [stdout]   |
[INFO] [stdout] 6 | pub struct Tool {
[INFO] [stdout]   |            ^^^^
[INFO] [stdout] 
[INFO] [stdout] 
[INFO] [stdout] warning: struct `Parameter` is never constructed
[INFO] [stdout]   --> src/tools.rs:13:12
[INFO] [stdout]    |
[INFO] [stdout] 13 | pub struct Parameter {
[INFO] [stdout]    |            ^^^^^^^^^
[INFO] [stdout] 
[INFO] [stdout] 
[INFO] [stdout] warning: function `get_available_tools` is never used
[INFO] [stdout]   --> src/tools.rs:32:8
[INFO] [stdout]    |
[INFO] [stdout] 32 | pub fn get_available_tools() -> Vec<Tool> {
[INFO] [stdout]    |        ^^^^^^^^^^^^^^^^^^^
[INFO] [stdout] 
[INFO] [stdout] 
[INFO] [stdout] warning: function `tools_to_prompt` is never used
[INFO] [stdout]    --> src/tools.rs:243:8
[INFO] [stdout]     |
[INFO] [stdout] 243 | pub fn tools_to_prompt() -> String {
[INFO] [stdout]     |        ^^^^^^^^^^^^^^^
[INFO] [stdout] 
[INFO] [stdout] 
[INFO] [stdout] warning: associated functions `move_to` and `draw_box` are never used
[INFO] [stdout]   --> src/tui.rs:27:12
[INFO] [stdout]    |
[INFO] [stdout] 11 | impl TUI {
[INFO] [stdout]    | -------- associated functions in this implementation
[INFO] [stdout] ...
[INFO] [stdout] 27 |     pub fn move_to(x: u16, y: u16) -> Result<(), Box<dyn std::error::Error>> {
[INFO] [stdout]    |            ^^^^^^^
[INFO] [stdout] ...
[INFO] [stdout] 52 |     pub fn draw_box(
[INFO] [stdout]    |            ^^^^^^^^
[INFO] [stdout] 
[INFO] [stdout] 
[INFO] [stdout] warning: method `update_context` is never used
[INFO] [stdout]   --> src/wiseowl.rs:81:18
[INFO] [stdout]    |
[INFO] [stdout]  7 | impl WiseOwl {
[INFO] [stdout]    | ------------ method in this implementation
[INFO] [stdout] ...
[INFO] [stdout] 81 |     pub async fn update_context(
[INFO] [stdout]    |                  ^^^^^^^^^^^^^^
[INFO] [stdout] 
[INFO] [stdout] 
[INFO] [stderr]     Finished `release` profile [optimized] target(s) in 2m 00s
[INFO] running `Command { std: "docker" "inspect" "a4b16623d2e715466e9d6b442231e4b3246a3d6d2168855ed1d04a1156e929b5", kill_on_drop: false }`
[INFO] running `Command { std: "docker" "exec" "-e" "SOURCE_DIR=/opt/rustwide/workdir" "-e" "CARGO_HOME=/opt/rustwide/cargo-home" "-e" "RUSTUP_HOME=/opt/rustwide/rustup-home" "-e" "CARGO_TARGET_DIR=/opt/rustwide/target" "-e" "CARGO_INCREMENTAL=0" "-e" "RUST_BACKTRACE=full" "-e" "RUSTFLAGS=--cap-lints=warn" "-e" "RUSTDOCFLAGS=--cap-lints=warn" "-w" "/opt/rustwide/workdir" "--user" "0:0" "a4b16623d2e715466e9d6b442231e4b3246a3d6d2168855ed1d04a1156e929b5" "/opt/rustwide/cargo-home/bin/cargo" "+1.99.0-beta.8" "test" "--frozen" "--no-run" "--message-format=json" "--release", kill_on_drop: false }`
[INFO] [stderr]    Compiling serde_core v1.0.228
[INFO] [stderr]    Compiling serde v1.0.228
[INFO] [stderr]    Compiling num-traits v0.2.19
[INFO] [stderr]    Compiling zerocopy v0.8.38
[INFO] [stderr]    Compiling zerocopy-derive v0.8.38
[INFO] [stderr]    Compiling getrandom v0.3.4
[INFO] [stderr]    Compiling ciborium-io v0.2.2
[INFO] [stderr]    Compiling plotters-backend v0.3.7
[INFO] [stderr]    Compiling regex-automata v0.4.14
[INFO] [stderr]    Compiling itertools v0.10.5
[INFO] [stderr]    Compiling cast v0.3.0
[INFO] [stderr]    Compiling is-terminal v0.4.17
[INFO] [stderr]    Compiling oorandom v11.1.5
[INFO] [stderr]    Compiling similar v2.7.0
[INFO] [stderr]    Compiling anes v0.1.6
[INFO] [stderr]    Compiling tempfile v3.24.0
[INFO] [stderr]    Compiling plotters-svg v0.3.7
[INFO] [stderr]    Compiling insta v1.46.3
[INFO] [stderr]    Compiling chrono v0.4.43
[INFO] [stderr]    Compiling plotters v0.3.7
[INFO] [stderr]    Compiling criterion-plot v0.5.0
[INFO] [stderr]    Compiling regex v1.12.3
[INFO] [stderr]    Compiling serde_json v1.0.149
[INFO] [stderr]    Compiling serde_urlencoded v0.7.1
[INFO] [stderr]    Compiling bincode v1.3.3
[INFO] [stderr]    Compiling plist v1.8.0
[INFO] [stderr]    Compiling tinytemplate v1.2.1
[INFO] [stderr]    Compiling reqwest v0.11.27
[INFO] [stderr]    Compiling syntect v5.3.0
[INFO] [stderr]    Compiling half v2.7.1
[INFO] [stderr]    Compiling ciborium-ll v0.2.2
[INFO] [stderr]    Compiling ciborium v0.2.2
[INFO] [stderr]    Compiling criterion v0.5.1
[INFO] [stderr]    Compiling ocli v0.3.2 (/opt/rustwide/workdir)
[INFO] [stdout] warning: unused import: `rustyline::error::ReadlineError`
[INFO] [stdout]  --> src/readline.rs:1:5
[INFO] [stdout]   |
[INFO] [stdout] 1 | use rustyline::error::ReadlineError;
[INFO] [stdout]   |     ^^^^^^^^^^^^^^^^^^^^^^^^^^^^^^^
[INFO] [stdout]   |
[INFO] [stdout]   = note: `#[warn(unused_imports)]` (part of `#[warn(unused)]`) on by default
[INFO] [stdout] 
[INFO] [stdout] 
[INFO] [stdout] warning: unused import: `Style`
[INFO] [stdout]  --> src/syntax.rs:2:39
[INFO] [stdout]   |
[INFO] [stdout] 2 | use syntect::highlighting::{ThemeSet, Style};
[INFO] [stdout]   |                                       ^^^^^
[INFO] [stdout] 
[INFO] [stdout] 
[INFO] [stdout] warning: unused import: `std::collections::HashMap`
[INFO] [stdout]  --> src/context_manager.rs:2:5
[INFO] [stdout]   |
[INFO] [stdout] 2 | use std::collections::HashMap;
[INFO] [stdout]   |     ^^^^^^^^^^^^^^^^^^^^^^^^^
[INFO] [stdout] 
[INFO] [stdout] 
[INFO] [stdout] warning: unused import: `Modifier`
[INFO] [stdout]  --> src/lcars_tui.rs:4:20
[INFO] [stdout]   |
[INFO] [stdout] 4 |     style::{Color, Modifier, Style},
[INFO] [stdout]   |                    ^^^^^^^^
[INFO] [stdout] 
[INFO] [stdout] 
[INFO] [stdout] warning: unused import: `Write`
[INFO] [stdout]  --> src/tui.rs:7:15
[INFO] [stdout]   |
[INFO] [stdout] 7 | use std::io::{Write, stdout};
[INFO] [stdout]   |               ^^^^^
[INFO] [stdout] 
[INFO] [stdout] 
[INFO] [stdout] warning: variable does not need to be mutable
[INFO] [stdout]   --> src/dashboard_integration.rs:28:9
[INFO] [stdout]    |
[INFO] [stdout] 28 |     let mut stdout = io::stdout();
[INFO] [stdout]    |         ----^^^^^^
[INFO] [stdout]    |         |
[INFO] [stdout]    |         help: remove this `mut`
[INFO] [stdout]    |
[INFO] [stdout]    = note: `#[warn(unused_mut)]` (part of `#[warn(unused)]`) on by default
[INFO] [stdout] 
[INFO] [stdout] 
[INFO] [stdout] warning: unused variable: `response`
[INFO] [stdout]    --> src/main.rs:624:25
[INFO] [stdout]     |
[INFO] [stdout] 624 |                     let response =
[INFO] [stdout]     |                         ^^^^^^^^ help: if this is intentional, prefix it with an underscore: `_response`
[INFO] [stdout]     |
[INFO] [stdout]     = note: `#[warn(unused_variables)]` (part of `#[warn(unused)]`) on by default
[INFO] [stdout] 
[INFO] [stdout] 
[INFO] [stdout] warning: struct `Metric` is never constructed
[INFO] [stdout]  --> src/metrics.rs:6:12
[INFO] [stdout]   |
[INFO] [stdout] 6 | pub struct Metric {
[INFO] [stdout]   |            ^^^^^^
[INFO] [stdout]   |
[INFO] [stdout]   = note: `#[warn(dead_code)]` (part of `#[warn(unused)]`) on by default
[INFO] [stdout] 
[INFO] [stdout] 
[INFO] [stdout] warning: associated items `new`, `record`, and `avg_duration` are never used
[INFO] [stdout]   --> src/metrics.rs:14:8
[INFO] [stdout]    |
[INFO] [stdout] 13 | impl Metric {
[INFO] [stdout]    | ----------- associated items in this implementation
[INFO] [stdout] 14 |     fn new() -> Self {
[INFO] [stdout]    |        ^^^
[INFO] [stdout] ...
[INFO] [stdout] 23 |     fn record(&mut self, duration: Duration) {
[INFO] [stdout]    |        ^^^^^^
[INFO] [stdout] ...
[INFO] [stdout] 30 |     pub fn avg_duration(&self) -> Duration {
[INFO] [stdout]    |            ^^^^^^^^^^^^
[INFO] [stdout] 
[INFO] [stdout] 
[INFO] [stdout] warning: struct `Metrics` is never constructed
[INFO] [stdout]   --> src/metrics.rs:39:12
[INFO] [stdout]    |
[INFO] [stdout] 39 | pub struct Metrics {
[INFO] [stdout]    |            ^^^^^^^
[INFO] [stdout] 
[INFO] [stdout] 
[INFO] [stdout] warning: associated items `new`, `record`, `get`, `all`, and `clear` are never used
[INFO] [stdout]   --> src/metrics.rs:44:12
[INFO] [stdout]    |
[INFO] [stdout] 43 | impl Metrics {
[INFO] [stdout]    | ------------ associated items in this implementation
[INFO] [stdout] 44 |     pub fn new() -> Self {
[INFO] [stdout]    |            ^^^
[INFO] [stdout] ...
[INFO] [stdout] 50 |     pub fn record(&self, name: &str, duration: Duration) {
[INFO] [stdout]    |            ^^^^^^
[INFO] [stdout] ...
[INFO] [stdout] 57 |     pub fn get(&self, name: &str) -> Option<Metric> {
[INFO] [stdout]    |            ^^^
[INFO] [stdout] ...
[INFO] [stdout] 61 |     pub fn all(&self) -> HashMap<String, Metric> {
[INFO] [stdout]    |            ^^^
[INFO] [stdout] ...
[INFO] [stdout] 65 |     pub fn clear(&self) {
[INFO] [stdout]    |            ^^^^^
[INFO] [stdout] 
[INFO] [stdout] 
[INFO] [stdout] warning: struct `Timer` is never constructed
[INFO] [stdout]   --> src/metrics.rs:70:12
[INFO] [stdout]    |
[INFO] [stdout] 70 | pub struct Timer {
[INFO] [stdout]    |            ^^^^^
[INFO] [stdout] 
[INFO] [stdout] 
[INFO] [stdout] warning: associated function `new` is never used
[INFO] [stdout]   --> src/metrics.rs:77:12
[INFO] [stdout]    |
[INFO] [stdout] 76 | impl Timer {
[INFO] [stdout]    | ---------- associated function in this implementation
[INFO] [stdout] 77 |     pub fn new(name: String, metrics: Arc<Mutex<HashMap<String, Metric>>>) -> Self {
[INFO] [stdout]    |            ^^^
[INFO] [stdout] 
[INFO] [stdout] 
[INFO] [stdout] warning: struct `OcliHelper` is never constructed
[INFO] [stdout]  --> src/readline.rs:9:12
[INFO] [stdout]   |
[INFO] [stdout] 9 | pub struct OcliHelper {
[INFO] [stdout]   |            ^^^^^^^^^^
[INFO] [stdout] 
[INFO] [stdout] 
[INFO] [stdout] warning: associated function `new` is never used
[INFO] [stdout]   --> src/readline.rs:14:12
[INFO] [stdout]    |
[INFO] [stdout] 13 | impl OcliHelper {
[INFO] [stdout]    | --------------- associated function in this implementation
[INFO] [stdout] 14 |     pub fn new() -> Self {
[INFO] [stdout]    |            ^^^
[INFO] [stdout] 
[INFO] [stdout] 
[INFO] [stdout] warning: function `create_editor` is never used
[INFO] [stdout]   --> src/readline.rs:73:8
[INFO] [stdout]    |
[INFO] [stdout] 73 | pub fn create_editor() -> Editor<OcliHelper, DefaultHistory> {
[INFO] [stdout]    |        ^^^^^^^^^^^^^
[INFO] [stdout] 
[INFO] [stdout] 
[INFO] [stdout] warning: struct `SyntaxHighlighter` is never constructed
[INFO] [stdout]  --> src/syntax.rs:6:12
[INFO] [stdout]   |
[INFO] [stdout] 6 | pub struct SyntaxHighlighter {
[INFO] [stdout]   |            ^^^^^^^^^^^^^^^^^
[INFO] [stdout] 
[INFO] [stdout] 
[INFO] [stdout] warning: associated items `new` and `highlight` are never used
[INFO] [stdout]   --> src/syntax.rs:12:12
[INFO] [stdout]    |
[INFO] [stdout] 11 | impl SyntaxHighlighter {
[INFO] [stdout]    | ---------------------- associated items in this implementation
[INFO] [stdout] 12 |     pub fn new() -> Self {
[INFO] [stdout]    |            ^^^
[INFO] [stdout] ...
[INFO] [stdout] 19 |     pub fn highlight(&self, code: &str, lang: &str) -> String {
[INFO] [stdout]    |            ^^^^^^^^^
[INFO] [stdout] 
[INFO] [stdout] 
[INFO] [stdout] warning: function `create_spinner` is never used
[INFO] [stdout]  --> src/progress.rs:4:8
[INFO] [stdout]   |
[INFO] [stdout] 4 | pub fn create_spinner(msg: &str) -> ProgressBar {
[INFO] [stdout]   |        ^^^^^^^^^^^^^^
[INFO] [stdout] 
[INFO] [stdout] 
[INFO] [stdout] warning: function `create_progress` is never used
[INFO] [stdout]   --> src/progress.rs:16:8
[INFO] [stdout]    |
[INFO] [stdout] 16 | pub fn create_progress(len: u64, msg: &str) -> ProgressBar {
[INFO] [stdout]    |        ^^^^^^^^^^^^^^^
[INFO] [stdout] 
[INFO] [stdout] 
[INFO] [stdout] warning: struct `ContextManager` is never constructed
[INFO] [stdout]  --> src/context_manager.rs:4:12
[INFO] [stdout]   |
[INFO] [stdout] 4 | pub struct ContextManager {
[INFO] [stdout]   |            ^^^^^^^^^^^^^^
[INFO] [stdout] 
[INFO] [stdout] 
[INFO] [stdout] warning: associated items `new`, `add_message`, `prune_old`, `summarize`, `search`, and `token_count` are never used
[INFO] [stdout]   --> src/context_manager.rs:11:12
[INFO] [stdout]    |
[INFO] [stdout] 10 | impl ContextManager {
[INFO] [stdout]    | ------------------- associated items in this implementation
[INFO] [stdout] 11 |     pub fn new(max_tokens: usize) -> Self {
[INFO] [stdout]    |            ^^^
[INFO] [stdout] ...
[INFO] [stdout] 19 |     pub fn add_message(&mut self, msg: Value) {
[INFO] [stdout]    |            ^^^^^^^^^^^
[INFO] [stdout] ...
[INFO] [stdout] 29 |     pub fn prune_old(&mut self) {
[INFO] [stdout]    |            ^^^^^^^^^
[INFO] [stdout] ...
[INFO] [stdout] 36 |     pub fn summarize(&self) -> String {
[INFO] [stdout]    |            ^^^^^^^^^
[INFO] [stdout] ...
[INFO] [stdout] 48 |     pub fn search(&self, query: &str) -> Vec<String> {
[INFO] [stdout]    |            ^^^^^^
[INFO] [stdout] ...
[INFO] [stdout] 63 |     pub fn token_count(&self) -> usize {
[INFO] [stdout]    |            ^^^^^^^^^^^
[INFO] [stdout] 
[INFO] [stdout] 
[INFO] [stdout] warning: function `estimate_tokens` is never used
[INFO] [stdout]   --> src/context_manager.rs:68:4
[INFO] [stdout]    |
[INFO] [stdout] 68 | fn estimate_tokens(msg: &Value) -> usize {
[INFO] [stdout]    |    ^^^^^^^^^^^^^^^
[INFO] [stdout] 
[INFO] [stdout] 
[INFO] [stdout] warning: struct `SuggestionEngine` is never constructed
[INFO] [stdout]  --> src/suggestions.rs:3:12
[INFO] [stdout]   |
[INFO] [stdout] 3 | pub struct SuggestionEngine {
[INFO] [stdout]   |            ^^^^^^^^^^^^^^^^
[INFO] [stdout] 
[INFO] [stdout] 
[INFO] [stdout] warning: associated items `new`, `record_command`, `suggest_typo`, `suggest_next`, and `suggest_workflow` are never used
[INFO] [stdout]   --> src/suggestions.rs:9:12
[INFO] [stdout]    |
[INFO] [stdout]  8 | impl SuggestionEngine {
[INFO] [stdout]    | --------------------- associated items in this implementation
[INFO] [stdout]  9 |     pub fn new() -> Self {
[INFO] [stdout]    |            ^^^
[INFO] [stdout] ...
[INFO] [stdout] 16 |     pub fn record_command(&mut self, cmd: &str) {
[INFO] [stdout]    |            ^^^^^^^^^^^^^^
[INFO] [stdout] ...
[INFO] [stdout] 24 |     pub fn suggest_typo(&self, input: &str) -> Option<String> {
[INFO] [stdout]    |            ^^^^^^^^^^^^
[INFO] [stdout] ...
[INFO] [stdout] 46 |     pub fn suggest_next(&self) -> Option<String> {
[INFO] [stdout]    |            ^^^^^^^^^^^^
[INFO] [stdout] ...
[INFO] [stdout] 63 |     pub fn suggest_workflow(&self, context: &str) -> Option<String> {
[INFO] [stdout]    |            ^^^^^^^^^^^^^^^^
[INFO] [stdout] 
[INFO] [stdout] 
[INFO] [stdout] warning: function `levenshtein` is never used
[INFO] [stdout]   --> src/suggestions.rs:74:4
[INFO] [stdout]    |
[INFO] [stdout] 74 | fn levenshtein(a: &str, b: &str) -> usize {
[INFO] [stdout]    |    ^^^^^^^^^^^
[INFO] [stdout] 
[INFO] [stdout] 
[INFO] [stdout] warning: struct `DiffViewer` is never constructed
[INFO] [stdout]  --> src/diff_viewer.rs:3:12
[INFO] [stdout]   |
[INFO] [stdout] 3 | pub struct DiffViewer {
[INFO] [stdout]   |            ^^^^^^^^^^
[INFO] [stdout] 
[INFO] [stdout] 
[INFO] [stdout] warning: struct `FileDiff` is never constructed
[INFO] [stdout]  --> src/diff_viewer.rs:8:12
[INFO] [stdout]   |
[INFO] [stdout] 8 | pub struct FileDiff {
[INFO] [stdout]   |            ^^^^^^^^
[INFO] [stdout] 
[INFO] [stdout] 
[INFO] [stdout] warning: associated items `new`, `add_change`, `show`, `accept_all`, `reject_all`, and `count` are never used
[INFO] [stdout]   --> src/diff_viewer.rs:15:12
[INFO] [stdout]    |
[INFO] [stdout] 14 | impl DiffViewer {
[INFO] [stdout]    | --------------- associated items in this implementation
[INFO] [stdout] 15 |     pub fn new() -> Self {
[INFO] [stdout]    |            ^^^
[INFO] [stdout] ...
[INFO] [stdout] 21 |     pub fn add_change(&mut self, path: String, old: String, new: String) {
[INFO] [stdout]    |            ^^^^^^^^^^
[INFO] [stdout] ...
[INFO] [stdout] 29 |     pub fn show(&self) {
[INFO] [stdout]    |            ^^^^
[INFO] [stdout] ...
[INFO] [stdout] 71 |     pub fn accept_all(&mut self) -> Vec<FileDiff> {
[INFO] [stdout]    |            ^^^^^^^^^^
[INFO] [stdout] ...
[INFO] [stdout] 75 |     pub fn reject_all(&mut self) {
[INFO] [stdout]    |            ^^^^^^^^^^
[INFO] [stdout] ...
[INFO] [stdout] 79 |     pub fn count(&self) -> usize {
[INFO] [stdout]    |            ^^^^^
[INFO] [stdout] 
[INFO] [stdout] 
[INFO] [stdout] warning: constant `GREEN` is never used
[INFO] [stdout]   --> src/diff_viewer.rs:84:7
[INFO] [stdout]    |
[INFO] [stdout] 84 | const GREEN: &str = "\x1b[38;2;102;255;102m";
[INFO] [stdout]    |       ^^^^^
[INFO] [stdout] 
[INFO] [stdout] 
[INFO] [stdout] warning: struct `ModelConfig` is never constructed
[INFO] [stdout]  --> src/models.rs:5:12
[INFO] [stdout]   |
[INFO] [stdout] 5 | pub struct ModelConfig {
[INFO] [stdout]   |            ^^^^^^^^^^^
[INFO] [stdout] 
[INFO] [stdout] 
[INFO] [stdout] warning: struct `ModelManager` is never constructed
[INFO] [stdout]   --> src/models.rs:23:12
[INFO] [stdout]    |
[INFO] [stdout] 23 | pub struct ModelManager {
[INFO] [stdout]    |            ^^^^^^^^^^^^
[INFO] [stdout] 
[INFO] [stdout] 
[INFO] [stdout] warning: multiple associated items are never used
[INFO] [stdout]   --> src/models.rs:30:12
[INFO] [stdout]    |
[INFO] [stdout] 29 | impl ModelManager {
[INFO] [stdout]    | ----------------- associated items in this implementation
[INFO] [stdout] 30 |     pub fn new() -> Self {
[INFO] [stdout]    |            ^^^
[INFO] [stdout] ...
[INFO] [stdout] 49 |     pub fn list(&self) -> &Vec<String> {
[INFO] [stdout]    |            ^^^^
[INFO] [stdout] ...
[INFO] [stdout] 53 |     pub fn current(&self) -> &str {
[INFO] [stdout]    |            ^^^^^^^
[INFO] [stdout] ...
[INFO] [stdout] 57 |     pub fn switch(&mut self, model: &str) -> Result<(), String> {
[INFO] [stdout]    |            ^^^^^^
[INFO] [stdout] ...
[INFO] [stdout] 77 |     pub fn get_config(&self, model: &str) -> Option<&ModelConfig> {
[INFO] [stdout]    |            ^^^^^^^^^^
[INFO] [stdout] ...
[INFO] [stdout] 81 |     pub fn set_config(&mut self, model: &str, config: ModelConfig) {
[INFO] [stdout]    |            ^^^^^^^^^^
[INFO] [stdout] ...
[INFO] [stdout] 85 |     pub fn current_config(&self) -> &ModelConfig {
[INFO] [stdout]    |            ^^^^^^^^^^^^^^
[INFO] [stdout] 
[INFO] [stdout] 
[INFO] [stdout] warning: function `suggest_file` is never used
[INFO] [stdout]  --> src/errors.rs:3:8
[INFO] [stdout]   |
[INFO] [stdout] 3 | pub fn suggest_file(path: &str) -> String {
[INFO] [stdout]   |        ^^^^^^^^^^^^
[INFO] [stdout] 
[INFO] [stdout] 
[INFO] [stdout] warning: function `format_mcp_error` is never used
[INFO] [stdout]   --> src/errors.rs:94:8
[INFO] [stdout]    |
[INFO] [stdout] 94 | pub fn format_mcp_error(error: &str) -> String {
[INFO] [stdout]    |        ^^^^^^^^^^^^^^^^
[INFO] [stdout] 
[INFO] [stdout] 
[INFO] [stdout] warning: associated function `new` is never used
[INFO] [stdout]   --> src/lcars_tui.rs:16:12
[INFO] [stdout]    |
[INFO] [stdout] 15 | impl LcarsTUI {
[INFO] [stdout]    | ------------- associated function in this implementation
[INFO] [stdout] 16 |     pub fn new() -> Self {
[INFO] [stdout]    |            ^^^
[INFO] [stdout] 
[INFO] [stdout] 
[INFO] [stdout] warning: function `check_f3_toggle` is never used
[INFO] [stdout]  --> src/dashboard_integration.rs:9:8
[INFO] [stdout]   |
[INFO] [stdout] 9 | pub fn check_f3_toggle() -> Result<bool, Box<dyn std::error::Error>> {
[INFO] [stdout]   |        ^^^^^^^^^^^^^^^
[INFO] [stdout] 
[INFO] [stdout] 
[INFO] [stdout] warning: constant `PINK` is never used
[INFO] [stdout]  --> src/lcars.rs:5:11
[INFO] [stdout]   |
[INFO] [stdout] 5 | pub const PINK: &str = "\x1b[38;2;255;153;204m";
[INFO] [stdout]   |           ^^^^
[INFO] [stdout] 
[INFO] [stdout] 
[INFO] [stdout] warning: constant `RED` is never used
[INFO] [stdout]  --> src/lcars.rs:6:11
[INFO] [stdout]   |
[INFO] [stdout] 6 | pub const RED: &str = "\x1b[38;2;255;102;102m";
[INFO] [stdout]   |           ^^^
[INFO] [stdout] 
[INFO] [stdout] 
[INFO] [stdout] warning: constant `BOLD` is never used
[INFO] [stdout]  --> src/lcars.rs:9:11
[INFO] [stdout]   |
[INFO] [stdout] 9 | pub const BOLD: &str = "\x1b[1m";
[INFO] [stdout]   |           ^^^^
[INFO] [stdout] 
[INFO] [stdout] 
[INFO] [stdout] warning: function `prompt` is never used
[INFO] [stdout]   --> src/lcars.rs:20:8
[INFO] [stdout]    |
[INFO] [stdout] 20 | pub fn prompt() -> String {
[INFO] [stdout]    |        ^^^^^^
[INFO] [stdout] 
[INFO] [stdout] 
[INFO] [stdout] warning: function `success` is never used
[INFO] [stdout]   --> src/lcars.rs:24:8
[INFO] [stdout]    |
[INFO] [stdout] 24 | pub fn success(msg: &str) -> String {
[INFO] [stdout]    |        ^^^^^^^
[INFO] [stdout] 
[INFO] [stdout] 
[INFO] [stdout] warning: function `error` is never used
[INFO] [stdout]   --> src/lcars.rs:28:8
[INFO] [stdout]    |
[INFO] [stdout] 28 | pub fn error(msg: &str) -> String {
[INFO] [stdout]    |        ^^^^^
[INFO] [stdout] 
[INFO] [stdout] 
[INFO] [stdout] warning: function `info` is never used
[INFO] [stdout]   --> src/lcars.rs:32:8
[INFO] [stdout]    |
[INFO] [stdout] 32 | pub fn info(msg: &str) -> String {
[INFO] [stdout]    |        ^^^^
[INFO] [stdout] 
[INFO] [stdout] 
[INFO] [stdout] warning: function `warning` is never used
[INFO] [stdout]   --> src/lcars.rs:36:8
[INFO] [stdout]    |
[INFO] [stdout] 36 | pub fn warning(msg: &str) -> String {
[INFO] [stdout]    |        ^^^^^^^
[INFO] [stdout] 
[INFO] [stdout] 
[INFO] [stdout] warning: method `call_tool_streaming` is never used
[INFO] [stdout]    --> src/mcp.rs:207:18
[INFO] [stdout]     |
[INFO] [stdout] 206 | impl MCPClient {
[INFO] [stdout]     | -------------- method in this implementation
[INFO] [stdout] 207 |     pub async fn call_tool_streaming<F>(
[INFO] [stdout]     |                  ^^^^^^^^^^^^^^^^^^^
[INFO] [stdout] 
[INFO] [stdout] 
[INFO] [stdout] warning: function `get_context_prompt` is never used
[INFO] [stdout]   --> src/prompts.rs:65:8
[INFO] [stdout]    |
[INFO] [stdout] 65 | pub fn get_context_prompt(working_files: &[String], recent_changes: &[String]) -> String {
[INFO] [stdout]    |        ^^^^^^^^^^^^^^^^^^
[INFO] [stdout] 
[INFO] [stdout] 
[INFO] [stdout] warning: function `get_autonomous_prompt` is never used
[INFO] [stdout]   --> src/prompts.rs:85:8
[INFO] [stdout]    |
[INFO] [stdout] 85 | pub fn get_autonomous_prompt() -> String {
[INFO] [stdout]    |        ^^^^^^^^^^^^^^^^^^^^^
[INFO] [stdout] 
[INFO] [stdout] 
[INFO] [stdout] warning: struct `Tool` is never constructed
[INFO] [stdout]  --> src/tools.rs:6:12
[INFO] [stdout]   |
[INFO] [stdout] 6 | pub struct Tool {
[INFO] [stdout]   |            ^^^^
[INFO] [stdout] 
[INFO] [stdout] 
[INFO] [stdout] warning: struct `Parameter` is never constructed
[INFO] [stdout]   --> src/tools.rs:13:12
[INFO] [stdout]    |
[INFO] [stdout] 13 | pub struct Parameter {
[INFO] [stdout]    |            ^^^^^^^^^
[INFO] [stdout] 
[INFO] [stdout] 
[INFO] [stdout] warning: function `get_available_tools` is never used
[INFO] [stdout]   --> src/tools.rs:32:8
[INFO] [stdout]    |
[INFO] [stdout] 32 | pub fn get_available_tools() -> Vec<Tool> {
[INFO] [stdout]    |        ^^^^^^^^^^^^^^^^^^^
[INFO] [stdout] 
[INFO] [stdout] 
[INFO] [stdout] warning: function `tools_to_prompt` is never used
[INFO] [stdout]    --> src/tools.rs:243:8
[INFO] [stdout]     |
[INFO] [stdout] 243 | pub fn tools_to_prompt() -> String {
[INFO] [stdout]     |        ^^^^^^^^^^^^^^^
[INFO] [stdout] 
[INFO] [stdout] 
[INFO] [stdout] warning: associated functions `move_to` and `draw_box` are never used
[INFO] [stdout]   --> src/tui.rs:27:12
[INFO] [stdout]    |
[INFO] [stdout] 11 | impl TUI {
[INFO] [stdout]    | -------- associated functions in this implementation
[INFO] [stdout] ...
[INFO] [stdout] 27 |     pub fn move_to(x: u16, y: u16) -> Result<(), Box<dyn std::error::Error>> {
[INFO] [stdout]    |            ^^^^^^^
[INFO] [stdout] ...
[INFO] [stdout] 52 |     pub fn draw_box(
[INFO] [stdout]    |            ^^^^^^^^
[INFO] [stdout] 
[INFO] [stdout] 
[INFO] [stdout] warning: method `update_context` is never used
[INFO] [stdout]   --> src/wiseowl.rs:81:18
[INFO] [stdout]    |
[INFO] [stdout]  7 | impl WiseOwl {
[INFO] [stdout]    | ------------ method in this implementation
[INFO] [stdout] ...
[INFO] [stdout] 81 |     pub async fn update_context(
[INFO] [stdout]    |                  ^^^^^^^^^^^^^^
[INFO] [stdout] 
[INFO] [stdout] 
[INFO] [stdout] warning: unused variable: `stdout`
[INFO] [stdout]    --> tests/snapshot_tests.rs:124:9
[INFO] [stdout]     |
[INFO] [stdout] 124 |     let stdout = String::from_utf8_lossy(&output.stdout);
[INFO] [stdout]     |         ^^^^^^ help: if this is intentional, prefix it with an underscore: `_stdout`
[INFO] [stdout]     |
[INFO] [stdout]     = note: `#[warn(unused_variables)]` (part of `#[warn(unused)]`) on by default
[INFO] [stdout] 
[INFO] [stdout] 
[INFO] [stdout] warning: unused import: `rustyline::error::ReadlineError`
[INFO] [stdout]  --> src/readline.rs:1:5
[INFO] [stdout]   |
[INFO] [stdout] 1 | use rustyline::error::ReadlineError;
[INFO] [stdout]   |     ^^^^^^^^^^^^^^^^^^^^^^^^^^^^^^^
[INFO] [stdout]   |
[INFO] [stdout]   = note: `#[warn(unused_imports)]` (part of `#[warn(unused)]`) on by default
[INFO] [stdout] 
[INFO] [stdout] 
[INFO] [stdout] warning: unused import: `Style`
[INFO] [stdout]  --> src/syntax.rs:2:39
[INFO] [stdout]   |
[INFO] [stdout] 2 | use syntect::highlighting::{ThemeSet, Style};
[INFO] [stdout]   |                                       ^^^^^
[INFO] [stdout] 
[INFO] [stdout] 
[INFO] [stdout] warning: unused import: `std::collections::HashMap`
[INFO] [stdout]  --> src/context_manager.rs:2:5
[INFO] [stdout]   |
[INFO] [stdout] 2 | use std::collections::HashMap;
[INFO] [stdout]   |     ^^^^^^^^^^^^^^^^^^^^^^^^^
[INFO] [stdout] 
[INFO] [stdout] 
[INFO] [stdout] warning: unused import: `Modifier`
[INFO] [stdout]  --> src/lcars_tui.rs:4:20
[INFO] [stdout]   |
[INFO] [stdout] 4 |     style::{Color, Modifier, Style},
[INFO] [stdout]   |                    ^^^^^^^^
[INFO] [stdout] 
[INFO] [stdout] 
[INFO] [stdout] warning: unused import: `Write`
[INFO] [stdout]  --> src/tui.rs:7:15
[INFO] [stdout]   |
[INFO] [stdout] 7 | use std::io::{Write, stdout};
[INFO] [stdout]   |               ^^^^^
[INFO] [stdout] 
[INFO] [stdout] 
[INFO] [stdout] warning: variable does not need to be mutable
[INFO] [stdout]   --> src/dashboard_integration.rs:28:9
[INFO] [stdout]    |
[INFO] [stdout] 28 |     let mut stdout = io::stdout();
[INFO] [stdout]    |         ----^^^^^^
[INFO] [stdout]    |         |
[INFO] [stdout]    |         help: remove this `mut`
[INFO] [stdout]    |
[INFO] [stdout]    = note: `#[warn(unused_mut)]` (part of `#[warn(unused)]`) on by default
[INFO] [stdout] 
[INFO] [stdout] 
[INFO] [stdout] warning: unused variable: `response`
[INFO] [stdout]    --> src/main.rs:624:25
[INFO] [stdout]     |
[INFO] [stdout] 624 |                     let response =
[INFO] [stdout]     |                         ^^^^^^^^ help: if this is intentional, prefix it with an underscore: `_response`
[INFO] [stdout]     |
[INFO] [stdout]     = note: `#[warn(unused_variables)]` (part of `#[warn(unused)]`) on by default
[INFO] [stdout] 
[INFO] [stdout] 
[INFO] [stdout] warning: struct `Metric` is never constructed
[INFO] [stdout]  --> src/metrics.rs:6:12
[INFO] [stdout]   |
[INFO] [stdout] 6 | pub struct Metric {
[INFO] [stdout]   |            ^^^^^^
[INFO] [stdout]   |
[INFO] [stdout]   = note: `#[warn(dead_code)]` (part of `#[warn(unused)]`) on by default
[INFO] [stdout] 
[INFO] [stdout] 
[INFO] [stdout] warning: associated items `new`, `record`, and `avg_duration` are never used
[INFO] [stdout]   --> src/metrics.rs:14:8
[INFO] [stdout]    |
[INFO] [stdout] 13 | impl Metric {
[INFO] [stdout]    | ----------- associated items in this implementation
[INFO] [stdout] 14 |     fn new() -> Self {
[INFO] [stdout]    |        ^^^
[INFO] [stdout] ...
[INFO] [stdout] 23 |     fn record(&mut self, duration: Duration) {
[INFO] [stdout]    |        ^^^^^^
[INFO] [stdout] ...
[INFO] [stdout] 30 |     pub fn avg_duration(&self) -> Duration {
[INFO] [stdout]    |            ^^^^^^^^^^^^
[INFO] [stdout] 
[INFO] [stdout] 
[INFO] [stdout] warning: struct `Metrics` is never constructed
[INFO] [stdout]   --> src/metrics.rs:39:12
[INFO] [stdout]    |
[INFO] [stdout] 39 | pub struct Metrics {
[INFO] [stdout]    |            ^^^^^^^
[INFO] [stdout] 
[INFO] [stdout] 
[INFO] [stdout] warning: associated items `new`, `record`, `get`, `all`, and `clear` are never used
[INFO] [stdout]   --> src/metrics.rs:44:12
[INFO] [stdout]    |
[INFO] [stdout] 43 | impl Metrics {
[INFO] [stdout]    | ------------ associated items in this implementation
[INFO] [stdout] 44 |     pub fn new() -> Self {
[INFO] [stdout]    |            ^^^
[INFO] [stdout] ...
[INFO] [stdout] 50 |     pub fn record(&self, name: &str, duration: Duration) {
[INFO] [stdout]    |            ^^^^^^
[INFO] [stdout] ...
[INFO] [stdout] 57 |     pub fn get(&self, name: &str) -> Option<Metric> {
[INFO] [stdout]    |            ^^^
[INFO] [stdout] ...
[INFO] [stdout] 61 |     pub fn all(&self) -> HashMap<String, Metric> {
[INFO] [stdout]    |            ^^^
[INFO] [stdout] ...
[INFO] [stdout] 65 |     pub fn clear(&self) {
[INFO] [stdout]    |            ^^^^^
[INFO] [stdout] 
[INFO] [stdout] 
[INFO] [stdout] warning: struct `Timer` is never constructed
[INFO] [stdout]   --> src/metrics.rs:70:12
[INFO] [stdout]    |
[INFO] [stdout] 70 | pub struct Timer {
[INFO] [stdout]    |            ^^^^^
[INFO] [stdout] 
[INFO] [stdout] 
[INFO] [stdout] warning: associated function `new` is never used
[INFO] [stdout]   --> src/metrics.rs:77:12
[INFO] [stdout]    |
[INFO] [stdout] 76 | impl Timer {
[INFO] [stdout]    | ---------- associated function in this implementation
[INFO] [stdout] 77 |     pub fn new(name: String, metrics: Arc<Mutex<HashMap<String, Metric>>>) -> Self {
[INFO] [stdout]    |            ^^^
[INFO] [stdout] 
[INFO] [stdout] 
[INFO] [stdout] warning: struct `OcliHelper` is never constructed
[INFO] [stdout]  --> src/readline.rs:9:12
[INFO] [stdout]   |
[INFO] [stdout] 9 | pub struct OcliHelper {
[INFO] [stdout]   |            ^^^^^^^^^^
[INFO] [stdout] 
[INFO] [stdout] 
[INFO] [stdout] warning: associated function `new` is never used
[INFO] [stdout]   --> src/readline.rs:14:12
[INFO] [stdout]    |
[INFO] [stdout] 13 | impl OcliHelper {
[INFO] [stdout]    | --------------- associated function in this implementation
[INFO] [stdout] 14 |     pub fn new() -> Self {
[INFO] [stdout]    |            ^^^
[INFO] [stdout] 
[INFO] [stdout] 
[INFO] [stdout] warning: function `create_editor` is never used
[INFO] [stdout]   --> src/readline.rs:73:8
[INFO] [stdout]    |
[INFO] [stdout] 73 | pub fn create_editor() -> Editor<OcliHelper, DefaultHistory> {
[INFO] [stdout]    |        ^^^^^^^^^^^^^
[INFO] [stdout] 
[INFO] [stdout] 
[INFO] [stdout] warning: struct `SyntaxHighlighter` is never constructed
[INFO] [stdout]  --> src/syntax.rs:6:12
[INFO] [stdout]   |
[INFO] [stdout] 6 | pub struct SyntaxHighlighter {
[INFO] [stdout]   |            ^^^^^^^^^^^^^^^^^
[INFO] [stdout] 
[INFO] [stdout] 
[INFO] [stdout] warning: associated items `new` and `highlight` are never used
[INFO] [stdout]   --> src/syntax.rs:12:12
[INFO] [stdout]    |
[INFO] [stdout] 11 | impl SyntaxHighlighter {
[INFO] [stdout]    | ---------------------- associated items in this implementation
[INFO] [stdout] 12 |     pub fn new() -> Self {
[INFO] [stdout]    |            ^^^
[INFO] [stdout] ...
[INFO] [stdout] 19 |     pub fn highlight(&self, code: &str, lang: &str) -> String {
[INFO] [stdout]    |            ^^^^^^^^^
[INFO] [stdout] 
[INFO] [stdout] 
[INFO] [stdout] warning: function `create_spinner` is never used
[INFO] [stdout]  --> src/progress.rs:4:8
[INFO] [stdout]   |
[INFO] [stdout] 4 | pub fn create_spinner(msg: &str) -> ProgressBar {
[INFO] [stdout]   |        ^^^^^^^^^^^^^^
[INFO] [stdout] 
[INFO] [stdout] 
[INFO] [stdout] warning: function `create_progress` is never used
[INFO] [stdout]   --> src/progress.rs:16:8
[INFO] [stdout]    |
[INFO] [stdout] 16 | pub fn create_progress(len: u64, msg: &str) -> ProgressBar {
[INFO] [stdout]    |        ^^^^^^^^^^^^^^^
[INFO] [stdout] 
[INFO] [stdout] 
[INFO] [stdout] warning: struct `ContextManager` is never constructed
[INFO] [stdout]  --> src/context_manager.rs:4:12
[INFO] [stdout]   |
[INFO] [stdout] 4 | pub struct ContextManager {
[INFO] [stdout]   |            ^^^^^^^^^^^^^^
[INFO] [stdout] 
[INFO] [stdout] 
[INFO] [stdout] warning: associated items `new`, `add_message`, `prune_old`, `summarize`, `search`, and `token_count` are never used
[INFO] [stdout]   --> src/context_manager.rs:11:12
[INFO] [stdout]    |
[INFO] [stdout] 10 | impl ContextManager {
[INFO] [stdout]    | ------------------- associated items in this implementation
[INFO] [stdout] 11 |     pub fn new(max_tokens: usize) -> Self {
[INFO] [stdout]    |            ^^^
[INFO] [stdout] ...
[INFO] [stdout] 19 |     pub fn add_message(&mut self, msg: Value) {
[INFO] [stdout]    |            ^^^^^^^^^^^
[INFO] [stdout] ...
[INFO] [stdout] 29 |     pub fn prune_old(&mut self) {
[INFO] [stdout]    |            ^^^^^^^^^
[INFO] [stdout] ...
[INFO] [stdout] 36 |     pub fn summarize(&self) -> String {
[INFO] [stdout]    |            ^^^^^^^^^
[INFO] [stdout] ...
[INFO] [stdout] 48 |     pub fn search(&self, query: &str) -> Vec<String> {
[INFO] [stdout]    |            ^^^^^^
[INFO] [stdout] ...
[INFO] [stdout] 63 |     pub fn token_count(&self) -> usize {
[INFO] [stdout]    |            ^^^^^^^^^^^
[INFO] [stdout] 
[INFO] [stdout] 
[INFO] [stdout] warning: function `estimate_tokens` is never used
[INFO] [stdout]   --> src/context_manager.rs:68:4
[INFO] [stdout]    |
[INFO] [stdout] 68 | fn estimate_tokens(msg: &Value) -> usize {
[INFO] [stdout]    |    ^^^^^^^^^^^^^^^
[INFO] [stdout] 
[INFO] [stdout] 
[INFO] [stdout] warning: struct `SuggestionEngine` is never constructed
[INFO] [stdout]  --> src/suggestions.rs:3:12
[INFO] [stdout]   |
[INFO] [stdout] 3 | pub struct SuggestionEngine {
[INFO] [stdout]   |            ^^^^^^^^^^^^^^^^
[INFO] [stdout] 
[INFO] [stdout] 
[INFO] [stdout] warning: associated items `new`, `record_command`, `suggest_typo`, `suggest_next`, and `suggest_workflow` are never used
[INFO] [stdout]   --> src/suggestions.rs:9:12
[INFO] [stdout]    |
[INFO] [stdout]  8 | impl SuggestionEngine {
[INFO] [stdout]    | --------------------- associated items in this implementation
[INFO] [stdout]  9 |     pub fn new() -> Self {
[INFO] [stdout]    |            ^^^
[INFO] [stdout] ...
[INFO] [stdout] 16 |     pub fn record_command(&mut self, cmd: &str) {
[INFO] [stdout]    |            ^^^^^^^^^^^^^^
[INFO] [stdout] ...
[INFO] [stdout] 24 |     pub fn suggest_typo(&self, input: &str) -> Option<String> {
[INFO] [stdout]    |            ^^^^^^^^^^^^
[INFO] [stdout] ...
[INFO] [stdout] 46 |     pub fn suggest_next(&self) -> Option<String> {
[INFO] [stdout]    |            ^^^^^^^^^^^^
[INFO] [stdout] ...
[INFO] [stdout] 63 |     pub fn suggest_workflow(&self, context: &str) -> Option<String> {
[INFO] [stdout]    |            ^^^^^^^^^^^^^^^^
[INFO] [stdout] 
[INFO] [stdout] 
[INFO] [stdout] warning: function `levenshtein` is never used
[INFO] [stdout]   --> src/suggestions.rs:74:4
[INFO] [stdout]    |
[INFO] [stdout] 74 | fn levenshtein(a: &str, b: &str) -> usize {
[INFO] [stdout]    |    ^^^^^^^^^^^
[INFO] [stdout] 
[INFO] [stdout] 
[INFO] [stdout] warning: struct `DiffViewer` is never constructed
[INFO] [stdout]  --> src/diff_viewer.rs:3:12
[INFO] [stdout]   |
[INFO] [stdout] 3 | pub struct DiffViewer {
[INFO] [stdout]   |            ^^^^^^^^^^
[INFO] [stdout] 
[INFO] [stdout] 
[INFO] [stdout] warning: struct `FileDiff` is never constructed
[INFO] [stdout]  --> src/diff_viewer.rs:8:12
[INFO] [stdout]   |
[INFO] [stdout] 8 | pub struct FileDiff {
[INFO] [stdout]   |            ^^^^^^^^
[INFO] [stdout] 
[INFO] [stdout] 
[INFO] [stdout] warning: associated items `new`, `add_change`, `show`, `accept_all`, `reject_all`, and `count` are never used
[INFO] [stdout]   --> src/diff_viewer.rs:15:12
[INFO] [stdout]    |
[INFO] [stdout] 14 | impl DiffViewer {
[INFO] [stdout]    | --------------- associated items in this implementation
[INFO] [stdout] 15 |     pub fn new() -> Self {
[INFO] [stdout]    |            ^^^
[INFO] [stdout] ...
[INFO] [stdout] 21 |     pub fn add_change(&mut self, path: String, old: String, new: String) {
[INFO] [stdout]    |            ^^^^^^^^^^
[INFO] [stdout] ...
[INFO] [stdout] 29 |     pub fn show(&self) {
[INFO] [stdout]    |            ^^^^
[INFO] [stdout] ...
[INFO] [stdout] 71 |     pub fn accept_all(&mut self) -> Vec<FileDiff> {
[INFO] [stdout]    |            ^^^^^^^^^^
[INFO] [stdout] ...
[INFO] [stdout] 75 |     pub fn reject_all(&mut self) {
[INFO] [stdout]    |            ^^^^^^^^^^
[INFO] [stdout] ...
[INFO] [stdout] 79 |     pub fn count(&self) -> usize {
[INFO] [stdout]    |            ^^^^^
[INFO] [stdout] 
[INFO] [stdout] 
[INFO] [stdout] warning: constant `GREEN` is never used
[INFO] [stdout]   --> src/diff_viewer.rs:84:7
[INFO] [stdout]    |
[INFO] [stdout] 84 | const GREEN: &str = "\x1b[38;2;102;255;102m";
[INFO] [stdout]    |       ^^^^^
[INFO] [stdout] 
[INFO] [stdout] 
[INFO] [stdout] warning: struct `ModelConfig` is never constructed
[INFO] [stdout]  --> src/models.rs:5:12
[INFO] [stdout]   |
[INFO] [stdout] 5 | pub struct ModelConfig {
[INFO] [stdout]   |            ^^^^^^^^^^^
[INFO] [stdout] 
[INFO] [stdout] 
[INFO] [stdout] warning: struct `ModelManager` is never constructed
[INFO] [stdout]   --> src/models.rs:23:12
[INFO] [stdout]    |
[INFO] [stdout] 23 | pub struct ModelManager {
[INFO] [stdout]    |            ^^^^^^^^^^^^
[INFO] [stdout] 
[INFO] [stdout] 
[INFO] [stdout] warning: multiple associated items are never used
[INFO] [stdout]   --> src/models.rs:30:12
[INFO] [stdout]    |
[INFO] [stdout] 29 | impl ModelManager {
[INFO] [stdout]    | ----------------- associated items in this implementation
[INFO] [stdout] 30 |     pub fn new() -> Self {
[INFO] [stdout]    |            ^^^
[INFO] [stdout] ...
[INFO] [stdout] 49 |     pub fn list(&self) -> &Vec<String> {
[INFO] [stdout]    |            ^^^^
[INFO] [stdout] ...
[INFO] [stdout] 53 |     pub fn current(&self) -> &str {
[INFO] [stdout]    |            ^^^^^^^
[INFO] [stdout] ...
[INFO] [stdout] 57 |     pub fn switch(&mut self, model: &str) -> Result<(), String> {
[INFO] [stdout]    |            ^^^^^^
[INFO] [stdout] ...
[INFO] [stdout] 77 |     pub fn get_config(&self, model: &str) -> Option<&ModelConfig> {
[INFO] [stdout]    |            ^^^^^^^^^^
[INFO] [stdout] ...
[INFO] [stdout] 81 |     pub fn set_config(&mut self, model: &str, config: ModelConfig) {
[INFO] [stdout]    |            ^^^^^^^^^^
[INFO] [stdout] ...
[INFO] [stdout] 85 |     pub fn current_config(&self) -> &ModelConfig {
[INFO] [stdout]    |            ^^^^^^^^^^^^^^
[INFO] [stdout] 
[INFO] [stdout] 
[INFO] [stdout] warning: function `suggest_file` is never used
[INFO] [stdout]  --> src/errors.rs:3:8
[INFO] [stdout]   |
[INFO] [stdout] 3 | pub fn suggest_file(path: &str) -> String {
[INFO] [stdout]   |        ^^^^^^^^^^^^
[INFO] [stdout] 
[INFO] [stdout] 
[INFO] [stdout] warning: function `format_mcp_error` is never used
[INFO] [stdout]   --> src/errors.rs:94:8
[INFO] [stdout]    |
[INFO] [stdout] 94 | pub fn format_mcp_error(error: &str) -> String {
[INFO] [stdout]    |        ^^^^^^^^^^^^^^^^
[INFO] [stdout] 
[INFO] [stdout] 
[INFO] [stdout] warning: associated function `new` is never used
[INFO] [stdout]   --> src/lcars_tui.rs:16:12
[INFO] [stdout]    |
[INFO] [stdout] 15 | impl LcarsTUI {
[INFO] [stdout]    | ------------- associated function in this implementation
[INFO] [stdout] 16 |     pub fn new() -> Self {
[INFO] [stdout]    |            ^^^
[INFO] [stdout] 
[INFO] [stdout] 
[INFO] [stdout] warning: function `check_f3_toggle` is never used
[INFO] [stdout]  --> src/dashboard_integration.rs:9:8
[INFO] [stdout]   |
[INFO] [stdout] 9 | pub fn check_f3_toggle() -> Result<bool, Box<dyn std::error::Error>> {
[INFO] [stdout]   |        ^^^^^^^^^^^^^^^
[INFO] [stdout] 
[INFO] [stdout] 
[INFO] [stdout] warning: constant `PINK` is never used
[INFO] [stdout]  --> src/lcars.rs:5:11
[INFO] [stdout]   |
[INFO] [stdout] 5 | pub const PINK: &str = "\x1b[38;2;255;153;204m";
[INFO] [stdout]   |           ^^^^
[INFO] [stdout] 
[INFO] [stdout] 
[INFO] [stdout] warning: constant `RED` is never used
[INFO] [stdout]  --> src/lcars.rs:6:11
[INFO] [stdout]   |
[INFO] [stdout] 6 | pub const RED: &str = "\x1b[38;2;255;102;102m";
[INFO] [stdout]   |           ^^^
[INFO] [stdout] 
[INFO] [stdout] 
[INFO] [stdout] warning: constant `BOLD` is never used
[INFO] [stdout]  --> src/lcars.rs:9:11
[INFO] [stdout]   |
[INFO] [stdout] 9 | pub const BOLD: &str = "\x1b[1m";
[INFO] [stdout]   |           ^^^^
[INFO] [stdout] 
[INFO] [stdout] 
[INFO] [stdout] warning: function `prompt` is never used
[INFO] [stdout]   --> src/lcars.rs:20:8
[INFO] [stdout]    |
[INFO] [stdout] 20 | pub fn prompt() -> String {
[INFO] [stdout]    |        ^^^^^^
[INFO] [stdout] 
[INFO] [stdout] 
[INFO] [stdout] warning: function `success` is never used
[INFO] [stdout]   --> src/lcars.rs:24:8
[INFO] [stdout]    |
[INFO] [stdout] 24 | pub fn success(msg: &str) -> String {
[INFO] [stdout]    |        ^^^^^^^
[INFO] [stdout] 
[INFO] [stdout] 
[INFO] [stdout] warning: function `error` is never used
[INFO] [stdout]   --> src/lcars.rs:28:8
[INFO] [stdout]    |
[INFO] [stdout] 28 | pub fn error(msg: &str) -> String {
[INFO] [stdout]    |        ^^^^^
[INFO] [stdout] 
[INFO] [stdout] 
[INFO] [stdout] warning: function `info` is never used
[INFO] [stdout]   --> src/lcars.rs:32:8
[INFO] [stdout]    |
[INFO] [stdout] 32 | pub fn info(msg: &str) -> String {
[INFO] [stdout]    |        ^^^^
[INFO] [stdout] 
[INFO] [stdout] 
[INFO] [stdout] warning: function `warning` is never used
[INFO] [stdout]   --> src/lcars.rs:36:8
[INFO] [stdout]    |
[INFO] [stdout] 36 | pub fn warning(msg: &str) -> String {
[INFO] [stdout]    |        ^^^^^^^
[INFO] [stdout] 
[INFO] [stdout] 
[INFO] [stdout] warning: method `call_tool_streaming` is never used
[INFO] [stdout]    --> src/mcp.rs:207:18
[INFO] [stdout]     |
[INFO] [stdout] 206 | impl MCPClient {
[INFO] [stdout]     | -------------- method in this implementation
[INFO] [stdout] 207 |     pub async fn call_tool_streaming<F>(
[INFO] [stdout]     |                  ^^^^^^^^^^^^^^^^^^^
[INFO] [stdout] 
[INFO] [stdout] 
[INFO] [stdout] warning: function `get_context_prompt` is never used
[INFO] [stdout]   --> src/prompts.rs:65:8
[INFO] [stdout]    |
[INFO] [stdout] 65 | pub fn get_context_prompt(working_files: &[String], recent_changes: &[String]) -> String {
[INFO] [stdout]    |        ^^^^^^^^^^^^^^^^^^
[INFO] [stdout] 
[INFO] [stdout] 
[INFO] [stdout] warning: function `get_autonomous_prompt` is never used
[INFO] [stdout]   --> src/prompts.rs:85:8
[INFO] [stdout]    |
[INFO] [stdout] 85 | pub fn get_autonomous_prompt() -> String {
[INFO] [stdout]    |        ^^^^^^^^^^^^^^^^^^^^^
[INFO] [stdout] 
[INFO] [stdout] 
[INFO] [stdout] warning: struct `Tool` is never constructed
[INFO] [stdout]  --> src/tools.rs:6:12
[INFO] [stdout]   |
[INFO] [stdout] 6 | pub struct Tool {
[INFO] [stdout]   |            ^^^^
[INFO] [stdout] 
[INFO] [stdout] 
[INFO] [stdout] warning: struct `Parameter` is never constructed
[INFO] [stdout]   --> src/tools.rs:13:12
[INFO] [stdout]    |
[INFO] [stdout] 13 | pub struct Parameter {
[INFO] [stdout]    |            ^^^^^^^^^
[INFO] [stdout] 
[INFO] [stdout] 
[INFO] [stdout] warning: function `get_available_tools` is never used
[INFO] [stdout]   --> src/tools.rs:32:8
[INFO] [stdout]    |
[INFO] [stdout] 32 | pub fn get_available_tools() -> Vec<Tool> {
[INFO] [stdout]    |        ^^^^^^^^^^^^^^^^^^^
[INFO] [stdout] 
[INFO] [stdout] 
[INFO] [stdout] warning: function `tools_to_prompt` is never used
[INFO] [stdout]    --> src/tools.rs:243:8
[INFO] [stdout]     |
[INFO] [stdout] 243 | pub fn tools_to_prompt() -> String {
[INFO] [stdout]     |        ^^^^^^^^^^^^^^^
[INFO] [stdout] 
[INFO] [stdout] 
[INFO] [stdout] warning: associated functions `move_to` and `draw_box` are never used
[INFO] [stdout]   --> src/tui.rs:27:12
[INFO] [stdout]    |
[INFO] [stdout] 11 | impl TUI {
[INFO] [stdout]    | -------- associated functions in this implementation
[INFO] [stdout] ...
[INFO] [stdout] 27 |     pub fn move_to(x: u16, y: u16) -> Result<(), Box<dyn std::error::Error>> {
[INFO] [stdout]    |            ^^^^^^^
[INFO] [stdout] ...
[INFO] [stdout] 52 |     pub fn draw_box(
[INFO] [stdout]    |            ^^^^^^^^
[INFO] [stdout] 
[INFO] [stdout] 
[INFO] [stdout] warning: method `update_context` is never used
[INFO] [stdout]   --> src/wiseowl.rs:81:18
[INFO] [stdout]    |
[INFO] [stdout]  7 | impl WiseOwl {
[INFO] [stdout]    | ------------ method in this implementation
[INFO] [stdout] ...
[INFO] [stdout] 81 |     pub async fn update_context(
[INFO] [stdout]    |                  ^^^^^^^^^^^^^^
[INFO] [stdout] 
[INFO] [stdout] 
[INFO] [stderr]     Finished `release` profile [optimized] target(s) in 1m 03s
[INFO] running `Command { std: "docker" "inspect" "a4b16623d2e715466e9d6b442231e4b3246a3d6d2168855ed1d04a1156e929b5", kill_on_drop: false }`
[INFO] running `Command { std: "docker" "exec" "-e" "SOURCE_DIR=/opt/rustwide/workdir" "-e" "CARGO_HOME=/opt/rustwide/cargo-home" "-e" "RUSTUP_HOME=/opt/rustwide/rustup-home" "-e" "CARGO_TARGET_DIR=/opt/rustwide/target" "-e" "CARGO_INCREMENTAL=0" "-e" "RUST_BACKTRACE=full" "-e" "RUSTFLAGS=--cap-lints=warn" "-e" "RUSTDOCFLAGS=--cap-lints=warn" "-w" "/opt/rustwide/workdir" "--user" "0:0" "a4b16623d2e715466e9d6b442231e4b3246a3d6d2168855ed1d04a1156e929b5" "/opt/rustwide/cargo-home/bin/cargo" "+1.99.0-beta.8" "test" "--frozen" "--release", kill_on_drop: false }`
[INFO] [stderr] warning: unused import: `rustyline::error::ReadlineError`
[INFO] [stderr]  --> src/readline.rs:1:5
[INFO] [stderr]   |
[INFO] [stderr] 1 | use rustyline::error::ReadlineError;
[INFO] [stderr]   |     ^^^^^^^^^^^^^^^^^^^^^^^^^^^^^^^
[INFO] [stderr]   |
[INFO] [stderr]   = note: `#[warn(unused_imports)]` (part of `#[warn(unused)]`) on by default
[INFO] [stderr] 
[INFO] [stderr] warning: unused import: `Style`
[INFO] [stderr]  --> src/syntax.rs:2:39
[INFO] [stderr]   |
[INFO] [stderr] 2 | use syntect::highlighting::{ThemeSet, Style};
[INFO] [stderr]   |                                       ^^^^^
[INFO] [stderr] 
[INFO] [stderr] warning: unused import: `std::collections::HashMap`
[INFO] [stderr]  --> src/context_manager.rs:2:5
[INFO] [stderr]   |
[INFO] [stderr] 2 | use std::collections::HashMap;
[INFO] [stderr]   |     ^^^^^^^^^^^^^^^^^^^^^^^^^
[INFO] [stderr] 
[INFO] [stderr] warning: unused import: `Modifier`
[INFO] [stderr]  --> src/lcars_tui.rs:4:20
[INFO] [stderr]   |
[INFO] [stderr] 4 |     style::{Color, Modifier, Style},
[INFO] [stderr]   |                    ^^^^^^^^
[INFO] [stderr] 
[INFO] [stderr] warning: unused import: `Write`
[INFO] [stderr]  --> src/tui.rs:7:15
[INFO] [stderr]   |
[INFO] [stderr] 7 | use std::io::{Write, stdout};
[INFO] [stderr]   |               ^^^^^
[INFO] [stderr] 
[INFO] [stderr] warning: variable does not need to be mutable
[INFO] [stderr]   --> src/dashboard_integration.rs:28:9
[INFO] [stderr]    |
[INFO] [stderr] 28 |     let mut stdout = io::stdout();
[INFO] [stderr]    |         ----^^^^^^
[INFO] [stderr]    |         |
[INFO] [stderr]    |         help: remove this `mut`
[INFO] [stderr]    |
[INFO] [stderr]    = note: `#[warn(unused_mut)]` (part of `#[warn(unused)]`) on by default
[INFO] [stderr] 
[INFO] [stderr] warning: unused variable: `response`
[INFO] [stderr]    --> src/main.rs:624:25
[INFO] [stderr]     |
[INFO] [stderr] 624 |                     let response =
[INFO] [stderr]     |                         ^^^^^^^^ help: if this is intentional, prefix it with an underscore: `_response`
[INFO] [stderr]     |
[INFO] [stderr]     = note: `#[warn(unused_variables)]` (part of `#[warn(unused)]`) on by default
[INFO] [stderr] 
[INFO] [stderr] warning: struct `Metric` is never constructed
[INFO] [stderr]  --> src/metrics.rs:6:12
[INFO] [stderr]   |
[INFO] [stderr] 6 | pub struct Metric {
[INFO] [stderr]   |            ^^^^^^
[INFO] [stderr]   |
[INFO] [stderr]   = note: `#[warn(dead_code)]` (part of `#[warn(unused)]`) on by default
[INFO] [stderr] 
[INFO] [stderr] warning: associated items `new`, `record`, and `avg_duration` are never used
[INFO] [stderr]   --> src/metrics.rs:14:8
[INFO] [stderr]    |
[INFO] [stderr] 13 | impl Metric {
[INFO] [stderr]    | ----------- associated items in this implementation
[INFO] [stderr] 14 |     fn new() -> Self {
[INFO] [stderr]    |        ^^^
[INFO] [stderr] ...
[INFO] [stderr] 23 |     fn record(&mut self, duration: Duration) {
[INFO] [stderr]    |        ^^^^^^
[INFO] [stderr] ...
[INFO] [stderr] 30 |     pub fn avg_duration(&self) -> Duration {
[INFO] [stderr]    |            ^^^^^^^^^^^^
[INFO] [stderr] 
[INFO] [stderr] warning: struct `Metrics` is never constructed
[INFO] [stderr]   --> src/metrics.rs:39:12
[INFO] [stderr]    |
[INFO] [stderr] 39 | pub struct Metrics {
[INFO] [stderr]    |            ^^^^^^^
[INFO] [stderr] 
[INFO] [stderr] warning: associated items `new`, `record`, `get`, `all`, and `clear` are never used
[INFO] [stderr]   --> src/metrics.rs:44:12
[INFO] [stderr]    |
[INFO] [stderr] 43 | impl Metrics {
[INFO] [stderr]    | ------------ associated items in this implementation
[INFO] [stderr] 44 |     pub fn new() -> Self {
[INFO] [stderr]    |            ^^^
[INFO] [stderr] ...
[INFO] [stderr] 50 |     pub fn record(&self, name: &str, duration: Duration) {
[INFO] [stderr]    |            ^^^^^^
[INFO] [stderr] ...
[INFO] [stderr] 57 |     pub fn get(&self, name: &str) -> Option<Metric> {
[INFO] [stderr]    |            ^^^
[INFO] [stderr] ...
[INFO] [stderr] 61 |     pub fn all(&self) -> HashMap<String, Metric> {
[INFO] [stderr]    |            ^^^
[INFO] [stderr] ...
[INFO] [stderr] 65 |     pub fn clear(&self) {
[INFO] [stderr]    |            ^^^^^
[INFO] [stderr] 
[INFO] [stderr] warning: struct `Timer` is never constructed
[INFO] [stderr]   --> src/metrics.rs:70:12
[INFO] [stderr]    |
[INFO] [stderr] 70 | pub struct Timer {
[INFO] [stderr]    |            ^^^^^
[INFO] [stderr] 
[INFO] [stderr] warning: associated function `new` is never used
[INFO] [stderr]   --> src/metrics.rs:77:12
[INFO] [stderr]    |
[INFO] [stderr] 76 | impl Timer {
[INFO] [stderr]    | ---------- associated function in this implementation
[INFO] [stderr] 77 |     pub fn new(name: String, metrics: Arc<Mutex<HashMap<String, Metric>>>) -> Self {
[INFO] [stderr]    |            ^^^
[INFO] [stderr] 
[INFO] [stderr] warning: struct `OcliHelper` is never constructed
[INFO] [stderr]  --> src/readline.rs:9:12
[INFO] [stderr]   |
[INFO] [stderr] 9 | pub struct OcliHelper {
[INFO] [stderr]   |            ^^^^^^^^^^
[INFO] [stderr] 
[INFO] [stderr] warning: associated function `new` is never used
[INFO] [stderr]   --> src/readline.rs:14:12
[INFO] [stderr]    |
[INFO] [stderr] 13 | impl OcliHelper {
[INFO] [stderr]    | --------------- associated function in this implementation
[INFO] [stderr] 14 |     pub fn new() -> Self {
[INFO] [stderr]    |            ^^^
[INFO] [stderr] 
[INFO] [stderr] warning: function `create_editor` is never used
[INFO] [stderr]   --> src/readline.rs:73:8
[INFO] [stderr]    |
[INFO] [stderr] 73 | pub fn create_editor() -> Editor<OcliHelper, DefaultHistory> {
[INFO] [stderr]    |        ^^^^^^^^^^^^^
[INFO] [stderr] 
[INFO] [stderr] warning: struct `SyntaxHighlighter` is never constructed
[INFO] [stderr]  --> src/syntax.rs:6:12
[INFO] [stderr]   |
[INFO] [stderr] 6 | pub struct SyntaxHighlighter {
[INFO] [stderr]   |            ^^^^^^^^^^^^^^^^^
[INFO] [stderr] 
[INFO] [stderr] warning: associated items `new` and `highlight` are never used
[INFO] [stderr]   --> src/syntax.rs:12:12
[INFO] [stderr]    |
[INFO] [stderr] 11 | impl SyntaxHighlighter {
[INFO] [stderr]    | ---------------------- associated items in this implementation
[INFO] [stderr] 12 |     pub fn new() -> Self {
[INFO] [stderr]    |            ^^^
[INFO] [stderr] ...
[INFO] [stderr] 19 |     pub fn highlight(&self, code: &str, lang: &str) -> String {
[INFO] [stderr]    |            ^^^^^^^^^
[INFO] [stderr] 
[INFO] [stderr] warning: function `create_spinner` is never used
[INFO] [stderr]  --> src/progress.rs:4:8
[INFO] [stderr]   |
[INFO] [stderr] 4 | pub fn create_spinner(msg: &str) -> ProgressBar {
[INFO] [stderr]   |        ^^^^^^^^^^^^^^
[INFO] [stderr] 
[INFO] [stderr] warning: function `create_progress` is never used
[INFO] [stderr]   --> src/progress.rs:16:8
[INFO] [stderr]    |
[INFO] [stderr] 16 | pub fn create_progress(len: u64, msg: &str) -> ProgressBar {
[INFO] [stderr]    |        ^^^^^^^^^^^^^^^
[INFO] [stderr] 
[INFO] [stderr] warning: struct `ContextManager` is never constructed
[INFO] [stderr]  --> src/context_manager.rs:4:12
[INFO] [stderr]   |
[INFO] [stderr] 4 | pub struct ContextManager {
[INFO] [stderr]   |            ^^^^^^^^^^^^^^
[INFO] [stderr] 
[INFO] [stderr] warning: associated items `new`, `add_message`, `prune_old`, `summarize`, `search`, and `token_count` are never used
[INFO] [stderr]   --> src/context_manager.rs:11:12
[INFO] [stderr]    |
[INFO] [stderr] 10 | impl ContextManager {
[INFO] [stderr]    | ------------------- associated items in this implementation
[INFO] [stderr] 11 |     pub fn new(max_tokens: usize) -> Self {
[INFO] [stderr]    |            ^^^
[INFO] [stderr] ...
[INFO] [stderr] 19 |     pub fn add_message(&mut self, msg: Value) {
[INFO] [stderr]    |            ^^^^^^^^^^^
[INFO] [stderr] ...
[INFO] [stderr] 29 |     pub fn prune_old(&mut self) {
[INFO] [stderr]    |            ^^^^^^^^^
[INFO] [stderr] ...
[INFO] [stderr] 36 |     pub fn summarize(&self) -> String {
[INFO] [stderr]    |            ^^^^^^^^^
[INFO] [stderr] ...
[INFO] [stderr] 48 |     pub fn search(&self, query: &str) -> Vec<String> {
[INFO] [stderr]    |            ^^^^^^
[INFO] [stderr] ...
[INFO] [stderr] 63 |     pub fn token_count(&self) -> usize {
[INFO] [stderr]    |            ^^^^^^^^^^^
[INFO] [stderr] 
[INFO] [stderr] warning: function `estimate_tokens` is never used
[INFO] [stderr]   --> src/context_manager.rs:68:4
[INFO] [stderr]    |
[INFO] [stderr] 68 | fn estimate_tokens(msg: &Value) -> usize {
[INFO] [stderr]    |    ^^^^^^^^^^^^^^^
[INFO] [stderr] 
[INFO] [stderr] warning: struct `SuggestionEngine` is never constructed
[INFO] [stderr]  --> src/suggestions.rs:3:12
[INFO] [stderr]   |
[INFO] [stderr] 3 | pub struct SuggestionEngine {
[INFO] [stderr]   |            ^^^^^^^^^^^^^^^^
[INFO] [stderr] 
[INFO] [stderr] warning: associated items `new`, `record_command`, `suggest_typo`, `suggest_next`, and `suggest_workflow` are never used
[INFO] [stderr]   --> src/suggestions.rs:9:12
[INFO] [stderr]    |
[INFO] [stderr]  8 | impl SuggestionEngine {
[INFO] [stderr]    | --------------------- associated items in this implementation
[INFO] [stderr]  9 |     pub fn new() -> Self {
[INFO] [stderr]    |            ^^^
[INFO] [stderr] ...
[INFO] [stderr] 16 |     pub fn record_command(&mut self, cmd: &str) {
[INFO] [stderr]    |            ^^^^^^^^^^^^^^
[INFO] [stderr] ...
[INFO] [stderr] 24 |     pub fn suggest_typo(&self, input: &str) -> Option<String> {
[INFO] [stderr]    |            ^^^^^^^^^^^^
[INFO] [stderr] ...
[INFO] [stderr] 46 |     pub fn suggest_next(&self) -> Option<String> {
[INFO] [stderr]    |            ^^^^^^^^^^^^
[INFO] [stderr] ...
[INFO] [stderr] 63 |     pub fn suggest_workflow(&self, context: &str) -> Option<String> {
[INFO] [stderr]    |            ^^^^^^^^^^^^^^^^
[INFO] [stderr] 
[INFO] [stderr] warning: function `levenshtein` is never used
[INFO] [stderr]   --> src/suggestions.rs:74:4
[INFO] [stderr]    |
[INFO] [stderr] 74 | fn levenshtein(a: &str, b: &str) -> usize {
[INFO] [stderr]    |    ^^^^^^^^^^^
[INFO] [stderr] 
[INFO] [stderr] warning: struct `DiffViewer` is never constructed
[INFO] [stderr]  --> src/diff_viewer.rs:3:12
[INFO] [stderr]   |
[INFO] [stderr] 3 | pub struct DiffViewer {
[INFO] [stderr]   |            ^^^^^^^^^^
[INFO] [stderr] 
[INFO] [stderr] warning: struct `FileDiff` is never constructed
[INFO] [stderr]  --> src/diff_viewer.rs:8:12
[INFO] [stderr]   |
[INFO] [stderr] 8 | pub struct FileDiff {
[INFO] [stderr]   |            ^^^^^^^^
[INFO] [stderr] 
[INFO] [stderr] warning: associated items `new`, `add_change`, `show`, `accept_all`, `reject_all`, and `count` are never used
[INFO] [stderr]   --> src/diff_viewer.rs:15:12
[INFO] [stderr]    |
[INFO] [stderr] 14 | impl DiffViewer {
[INFO] [stderr]    | --------------- associated items in this implementation
[INFO] [stderr] 15 |     pub fn new() -> Self {
[INFO] [stderr]    |            ^^^
[INFO] [stderr] ...
[INFO] [stderr] 21 |     pub fn add_change(&mut self, path: String, old: String, new: String) {
[INFO] [stderr]    |            ^^^^^^^^^^
[INFO] [stderr] ...
[INFO] [stderr] 29 |     pub fn show(&self) {
[INFO] [stderr]    |            ^^^^
[INFO] [stderr] ...
[INFO] [stderr] 71 |     pub fn accept_all(&mut self) -> Vec<FileDiff> {
[INFO] [stderr]    |            ^^^^^^^^^^
[INFO] [stderr] ...
[INFO] [stderr] 75 |     pub fn reject_all(&mut self) {
[INFO] [stderr]    |            ^^^^^^^^^^
[INFO] [stderr] ...
[INFO] [stderr] 79 |     pub fn count(&self) -> usize {
[INFO] [stderr]    |            ^^^^^
[INFO] [stderr] 
[INFO] [stderr] warning: constant `GREEN` is never used
[INFO] [stderr]   --> src/diff_viewer.rs:84:7
[INFO] [stderr]    |
[INFO] [stderr] 84 | const GREEN: &str = "\x1b[38;2;102;255;102m";
[INFO] [stderr]    |       ^^^^^
[INFO] [stderr] 
[INFO] [stderr] warning: struct `ModelConfig` is never constructed
[INFO] [stderr]  --> src/models.rs:5:12
[INFO] [stderr]   |
[INFO] [stderr] 5 | pub struct ModelConfig {
[INFO] [stderr]   |            ^^^^^^^^^^^
[INFO] [stderr] 
[INFO] [stderr] warning: struct `ModelManager` is never constructed
[INFO] [stderr]   --> src/models.rs:23:12
[INFO] [stderr]    |
[INFO] [stderr] 23 | pub struct ModelManager {
[INFO] [stderr]    |            ^^^^^^^^^^^^
[INFO] [stderr] 
[INFO] [stderr] warning: multiple associated items are never used
[INFO] [stderr]   --> src/models.rs:30:12
[INFO] [stderr]    |
[INFO] [stderr] 29 | impl ModelManager {
[INFO] [stderr]    | ----------------- associated items in this implementation
[INFO] [stderr] 30 |     pub fn new() -> Self {
[INFO] [stderr]    |            ^^^
[INFO] [stderr] ...
[INFO] [stderr] 49 |     pub fn list(&self) -> &Vec<String> {
[INFO] [stderr]    |            ^^^^
[INFO] [stderr] ...
[INFO] [stderr] 53 |     pub fn current(&self) -> &str {
[INFO] [stderr]    |            ^^^^^^^
[INFO] [stderr] ...
[INFO] [stderr] 57 |     pub fn switch(&mut self, model: &str) -> Result<(), String> {
[INFO] [stderr]    |            ^^^^^^
[INFO] [stderr] ...
[INFO] [stderr] 77 |     pub fn get_config(&self, model: &str) -> Option<&ModelConfig> {
[INFO] [stderr]    |            ^^^^^^^^^^
[INFO] [stderr] ...
[INFO] [stderr] 81 |     pub fn set_config(&mut self, model: &str, config: ModelConfig) {
[INFO] [stderr]    |            ^^^^^^^^^^
[INFO] [stderr] ...
[INFO] [stderr] 85 |     pub fn current_config(&self) -> &ModelConfig {
[INFO] [stderr]    |            ^^^^^^^^^^^^^^
[INFO] [stderr] 
[INFO] [stderr] warning: function `suggest_file` is never used
[INFO] [stderr]  --> src/errors.rs:3:8
[INFO] [stderr]   |
[INFO] [stderr] 3 | pub fn suggest_file(path: &str) -> String {
[INFO] [stderr]   |        ^^^^^^^^^^^^
[INFO] [stderr] 
[INFO] [stderr] warning: function `format_mcp_error` is never used
[INFO] [stderr]   --> src/errors.rs:94:8
[INFO] [stderr]    |
[INFO] [stderr] 94 | pub fn format_mcp_error(error: &str) -> String {
[INFO] [stderr]    |        ^^^^^^^^^^^^^^^^
[INFO] [stderr] 
[INFO] [stderr] warning: associated function `new` is never used
[INFO] [stderr]   --> src/lcars_tui.rs:16:12
[INFO] [stderr]    |
[INFO] [stderr] 15 | impl LcarsTUI {
[INFO] [stderr]    | ------------- associated function in this implementation
[INFO] [stderr] 16 |     pub fn new() -> Self {
[INFO] [stderr]    |            ^^^
[INFO] [stderr] 
[INFO] [stderr] warning: function `check_f3_toggle` is never used
[INFO] [stderr]  --> src/dashboard_integration.rs:9:8
[INFO] [stderr]   |
[INFO] [stderr] 9 | pub fn check_f3_toggle() -> Result<bool, Box<dyn std::error::Error>> {
[INFO] [stderr]   |        ^^^^^^^^^^^^^^^
[INFO] [stderr] 
[INFO] [stderr] warning: constant `PINK` is never used
[INFO] [stderr]  --> src/lcars.rs:5:11
[INFO] [stderr]   |
[INFO] [stderr] 5 | pub const PINK: &str = "\x1b[38;2;255;153;204m";
[INFO] [stderr]   |           ^^^^
[INFO] [stderr] 
[INFO] [stderr] warning: constant `RED` is never used
[INFO] [stderr]  --> src/lcars.rs:6:11
[INFO] [stderr]   |
[INFO] [stderr] 6 | pub const RED: &str = "\x1b[38;2;255;102;102m";
[INFO] [stderr]   |           ^^^
[INFO] [stderr] 
[INFO] [stderr] warning: constant `BOLD` is never used
[INFO] [stderr]  --> src/lcars.rs:9:11
[INFO] [stderr]   |
[INFO] [stderr] 9 | pub const BOLD: &str = "\x1b[1m";
[INFO] [stderr]   |           ^^^^
[INFO] [stderr] 
[INFO] [stderr] warning: function `prompt` is never used
[INFO] [stderr]   --> src/lcars.rs:20:8
[INFO] [stderr]    |
[INFO] [stderr] 20 | pub fn prompt() -> String {
[INFO] [stderr]    |        ^^^^^^
[INFO] [stderr] 
[INFO] [stderr] warning: function `success` is never used
[INFO] [stderr]   --> src/lcars.rs:24:8
[INFO] [stderr]    |
[INFO] [stderr] 24 | pub fn success(msg: &str) -> String {
[INFO] [stderr]    |        ^^^^^^^
[INFO] [stderr] 
[INFO] [stderr] warning: function `error` is never used
[INFO] [stderr]   --> src/lcars.rs:28:8
[INFO] [stderr]    |
[INFO] [stderr] 28 | pub fn error(msg: &str) -> String {
[INFO] [stderr]    |        ^^^^^
[INFO] [stderr] 
[INFO] [stderr] warning: function `info` is never used
[INFO] [stderr]   --> src/lcars.rs:32:8
[INFO] [stderr]    |
[INFO] [stderr] 32 | pub fn info(msg: &str) -> String {
[INFO] [stderr]    |        ^^^^
[INFO] [stderr] 
[INFO] [stderr] warning: function `warning` is never used
[INFO] [stderr]   --> src/lcars.rs:36:8
[INFO] [stderr]    |
[INFO] [stderr] 36 | pub fn warning(msg: &str) -> String {
[INFO] [stderr]    |        ^^^^^^^
[INFO] [stderr] 
[INFO] [stderr] warning: method `call_tool_streaming` is never used
[INFO] [stderr]    --> src/mcp.rs:207:18
[INFO] [stderr]     |
[INFO] [stderr] 206 | impl MCPClient {
[INFO] [stderr]     | -------------- method in this implementation
[INFO] [stderr] 207 |     pub async fn call_tool_streaming<F>(
[INFO] [stderr]     |                  ^^^^^^^^^^^^^^^^^^^
[INFO] [stderr] 
[INFO] [stderr] warning: function `get_context_prompt` is never used
[INFO] [stderr]   --> src/prompts.rs:65:8
[INFO] [stderr]    |
[INFO] [stderr] 65 | pub fn get_context_prompt(working_files: &[String], recent_changes: &[String]) -> String {
[INFO] [stderr]    |        ^^^^^^^^^^^^^^^^^^
[INFO] [stderr] 
[INFO] [stderr] warning: function `get_autonomous_prompt` is never used
[INFO] [stderr]   --> src/prompts.rs:85:8
[INFO] [stderr]    |
[INFO] [stderr] 85 | pub fn get_autonomous_prompt() -> String {
[INFO] [stderr]    |        ^^^^^^^^^^^^^^^^^^^^^
[INFO] [stderr] 
[INFO] [stderr] warning: struct `Tool` is never constructed
[INFO] [stderr]  --> src/tools.rs:6:12
[INFO] [stderr]   |
[INFO] [stderr] 6 | pub struct Tool {
[INFO] [stderr]   |            ^^^^
[INFO] [stderr] 
[INFO] [stderr] warning: struct `Parameter` is never constructed
[INFO] [stderr]   --> src/tools.rs:13:12
[INFO] [stderr]    |
[INFO] [stderr] 13 | pub struct Parameter {
[INFO] [stderr]    |            ^^^^^^^^^
[INFO] [stderr] 
[INFO] [stderr] warning: function `get_available_tools` is never used
[INFO] [stderr]   --> src/tools.rs:32:8
[INFO] [stderr]    |
[INFO] [stderr] 32 | pub fn get_available_tools() -> Vec<Tool> {
[INFO] [stderr]    |        ^^^^^^^^^^^^^^^^^^^
[INFO] [stderr] 
[INFO] [stderr] warning: function `tools_to_prompt` is never used
[INFO] [stderr]    --> src/tools.rs:243:8
[INFO] [stderr]     |
[INFO] [stderr] 243 | pub fn tools_to_prompt() -> String {
[INFO] [stderr]     |        ^^^^^^^^^^^^^^^
[INFO] [stderr] 
[INFO] [stderr] warning: associated functions `move_to` and `draw_box` are never used
[INFO] [stderr]   --> src/tui.rs:27:12
[INFO] [stderr]    |
[INFO] [stderr] 11 | impl TUI {
[INFO] [stderr]    | -------- associated functions in this implementation
[INFO] [stderr] ...
[INFO] [stderr] 27 |     pub fn move_to(x: u16, y: u16) -> Result<(), Box<dyn std::error::Error>> {
[INFO] [stderr]    |            ^^^^^^^
[INFO] [stderr] ...
[INFO] [stderr] 52 |     pub fn draw_box(
[INFO] [stderr]    |            ^^^^^^^^
[INFO] [stderr] 
[INFO] [stderr] warning: method `update_context` is never used
[INFO] [stderr]   --> src/wiseowl.rs:81:18
[INFO] [stderr]    |
[INFO] [stderr]  7 | impl WiseOwl {
[INFO] [stderr]    | ------------ method in this implementation
[INFO] [stderr] ...
[INFO] [stderr] 81 |     pub async fn update_context(
[INFO] [stderr]    |                  ^^^^^^^^^^^^^^
[INFO] [stderr] 
[INFO] [stderr] warning: `ocli` (bin "ocli") generated 54 warnings (run `cargo fix --bin "ocli" -p ocli` to apply 6 suggestions)
[INFO] [stderr] warning: unused variable: `stdout`
[INFO] [stderr]    --> tests/snapshot_tests.rs:124:9
[INFO] [stderr]     |
[INFO] [stderr] 124 |     let stdout = String::from_utf8_lossy(&output.stdout);
[INFO] [stderr]     |         ^^^^^^ help: if this is intentional, prefix it with an underscore: `_stdout`
[INFO] [stderr]     |
[INFO] [stderr]     = note: `#[warn(unused_variables)]` (part of `#[warn(unused)]`) on by default
[INFO] [stderr] 
[INFO] [stderr] warning: `ocli` (bin "ocli" test) generated 54 warnings (54 duplicates)
[INFO] [stderr] warning: `ocli` (test "snapshot_tests") generated 1 warning (run `cargo fix --test "snapshot_tests" -p ocli` to apply 1 suggestion)
[INFO] [stderr]     Finished `release` profile [optimized] target(s) in 0.26s
[INFO] [stderr]      Running unittests src/main.rs (/opt/rustwide/target/release/deps/ocli-6503ad57b71eee6e)
[INFO] [stderr]      Running tests/integration_test.rs (/opt/rustwide/target/release/deps/integration_test-f1dda970a2ca75d5)
[INFO] [stdout] 
[INFO] [stdout] running 0 tests
[INFO] [stdout] 
[INFO] [stdout] test result: ok. 0 passed; 0 failed; 0 ignored; 0 measured; 0 filtered out; finished in 0.00s
[INFO] [stdout] 
[INFO] [stdout] 
[INFO] [stdout] running 10 tests
[INFO] [stdout] test test_version_flag ... FAILED
[INFO] [stdout] test test_mcp_list ... FAILED
[INFO] [stdout] test test_config_set_get ... FAILED
[INFO] [stdout] test test_version_command ... FAILED
[INFO] [stdout] test test_alias_commands ... FAILED
[INFO] [stdout] test test_perf_command ... FAILED
[INFO] [stdout] test test_stats_command ... FAILED
[INFO] [stdout] test test_history_command ... FAILED
[INFO] [stdout] test test_help_command ... FAILED
[INFO] [stderr] error: test failed, to rerun pass `--test integration_test`
[INFO] [stdout] test test_version_short_flag ... FAILED
[INFO] [stdout] 
[INFO] [stdout] failures:
[INFO] [stdout] 
[INFO] [stdout] ---- test_version_flag stdout ----
[INFO] [stdout] 
[INFO] [stdout] thread 'test_version_flag' (3357) panicked at tests/integration_test.rs:9:10:
[INFO] [stdout] Failed to execute: Os { code: 2, kind: NotFound, message: "No such file or directory" }
[INFO] [stdout] stack backtrace:
[INFO] [stdout]    0:     0x58a5ca98e831 - <<std[70759c8f55707aa4]::sys::backtrace::BacktraceLock>::print::DisplayBacktrace as core[df12db4294e9bfd3]::fmt::Display>::fmt
[INFO] [stdout]    1:     0x58a5ca9a2a7a - core[df12db4294e9bfd3]::fmt::write
[INFO] [stdout]    2:     0x58a5ca992d3c - <alloc[2182bb758b4b3781]::vec::Vec<u8> as core[df12db4294e9bfd3]::io::write::Write>::write_fmt
[INFO] [stdout]    3:     0x58a5ca96a996 - std[70759c8f55707aa4]::panicking::default_hook::{closure#0}
[INFO] [stdout]    4:     0x58a5ca986f99 - std[70759c8f55707aa4]::panicking::default_hook
[INFO] [stdout]    5:     0x58a5ca922f40 - test[9d35eded1c95d3be]::test_main_inner::<test[9d35eded1c95d3be]::test_main_static::{closure#0}>::{closure#0}
[INFO] [stdout]    6:     0x58a5ca987152 - std[70759c8f55707aa4]::panicking::panic_with_hook
[INFO] [stdout]    7:     0x58a5ca96aa42 - std[70759c8f55707aa4]::panicking::panic_handler::{closure#0}
[INFO] [stdout]    8:     0x58a5ca9637c9 - std[70759c8f55707aa4]::sys::backtrace::__rust_end_short_backtrace::<std[70759c8f55707aa4]::panicking::panic_handler::{closure#0}, !>
[INFO] [stdout]    9:     0x58a5ca96b63d - __rustc[8fa7c3cbc660c2b3]::rust_begin_unwind
[INFO] [stdout]   10:     0x58a5ca9a31ac - core[df12db4294e9bfd3]::panicking::panic_fmt
[INFO] [stdout]   11:     0x58a5ca9a2f82 - core[df12db4294e9bfd3]::result::unwrap_failed
[INFO] [stdout]   12:     0x58a5ca914e8a - <integration_test[8bd88b7506f47876]::test_version_flag::{closure#0} as core[df12db4294e9bfd3]::ops::function::FnOnce<()>>::call_once
[INFO] [stdout]   13:     0x58a5ca91622b - test[9d35eded1c95d3be]::__rust_begin_short_backtrace::<core[df12db4294e9bfd3]::result::Result<(), alloc[2182bb758b4b3781]::string::String>, fn() -> core[df12db4294e9bfd3]::result::Result<(), alloc[2182bb758b4b3781]::string::String>>
[INFO] [stdout]   14:     0x58a5ca923895 - test[9d35eded1c95d3be]::run_test::{closure#0}
[INFO] [stdout]   15:     0x58a5ca91d154 - std[70759c8f55707aa4]::sys::backtrace::__rust_begin_short_backtrace::<test[9d35eded1c95d3be]::run_test::{closure#1}, ()>
[INFO] [stdout]   16:     0x58a5ca9269f2 - <std[70759c8f55707aa4]::thread::lifecycle::spawn_unchecked<test[9d35eded1c95d3be]::run_test::{closure#1}, ()>::{closure#1} as core[df12db4294e9bfd3]::ops::function::FnOnce<()>>::call_once::{shim:vtable#0}
[INFO] [stdout]   17:     0x58a5ca98e109 - <std[70759c8f55707aa4]::sys::thread::unix::Thread>::new::thread_start
[INFO] [stdout]   18:     0x7b84222abdfa - <unknown>
[INFO] [stdout]   19:     0x7b842233f3d4 - clone
[INFO] [stdout]   20:                0x0 - <unknown>
[INFO] [stdout] 
[INFO] [stdout] ---- test_mcp_list stdout ----
[INFO] [stdout] 
[INFO] [stdout] thread 'test_mcp_list' (3352) panicked at tests/integration_test.rs:154:10:
[INFO] [stdout] Failed to spawn: Os { code: 2, kind: NotFound, message: "No such file or directory" }
[INFO] [stdout] stack backtrace:
[INFO] [stdout]    0:     0x58a5ca98e831 - <<std[70759c8f55707aa4]::sys::backtrace::BacktraceLock>::print::DisplayBacktrace as core[df12db4294e9bfd3]::fmt::Display>::fmt
[INFO] [stdout]    1:     0x58a5ca9a2a7a - core[df12db4294e9bfd3]::fmt::write
[INFO] [stdout]    2:     0x58a5ca992d3c - <alloc[2182bb758b4b3781]::vec::Vec<u8> as core[df12db4294e9bfd3]::io::write::Write>::write_fmt
[INFO] [stdout]    3:     0x58a5ca96a996 - std[70759c8f55707aa4]::panicking::default_hook::{closure#0}
[INFO] [stdout]    4:     0x58a5ca986f99 - std[70759c8f55707aa4]::panicking::default_hook
[INFO] [stdout]    5:     0x58a5ca922f40 - test[9d35eded1c95d3be]::test_main_inner::<test[9d35eded1c95d3be]::test_main_static::{closure#0}>::{closure#0}
[INFO] [stdout]    6:     0x58a5ca987152 - std[70759c8f55707aa4]::panicking::panic_with_hook
[INFO] [stdout]    7:     0x58a5ca96aa42 - std[70759c8f55707aa4]::panicking::panic_handler::{closure#0}
[INFO] [stdout]    8:     0x58a5ca9637c9 - std[70759c8f55707aa4]::sys::backtrace::__rust_end_short_backtrace::<std[70759c8f55707aa4]::panicking::panic_handler::{closure#0}, !>
[INFO] [stdout]    9:     0x58a5ca96b63d - __rustc[8fa7c3cbc660c2b3]::rust_begin_unwind
[INFO] [stdout]   10:     0x58a5ca9a31ac - core[df12db4294e9bfd3]::panicking::panic_fmt
[INFO] [stdout]   11:     0x58a5ca9a2f82 - core[df12db4294e9bfd3]::result::unwrap_failed
[INFO] [stdout]   12:     0x58a5ca91459e - <integration_test[8bd88b7506f47876]::test_mcp_list::{closure#0} as core[df12db4294e9bfd3]::ops::function::FnOnce<()>>::call_once
[INFO] [stdout]   13:     0x58a5ca91622b - test[9d35eded1c95d3be]::__rust_begin_short_backtrace::<core[df12db4294e9bfd3]::result::Result<(), alloc[2182bb758b4b3781]::string::String>, fn() -> core[df12db4294e9bfd3]::result::Result<(), alloc[2182bb758b4b3781]::string::String>>
[INFO] [stdout]   14:     0x58a5ca923895 - test[9d35eded1c95d3be]::run_test::{closure#0}
[INFO] [stdout]   15:     0x58a5ca91d154 - std[70759c8f55707aa4]::sys::backtrace::__rust_begin_short_backtrace::<test[9d35eded1c95d3be]::run_test::{closure#1}, ()>
[INFO] [stdout]   16:     0x58a5ca9269f2 - <std[70759c8f55707aa4]::thread::lifecycle::spawn_unchecked<test[9d35eded1c95d3be]::run_test::{closure#1}, ()>::{closure#1} as core[df12db4294e9bfd3]::ops::function::FnOnce<()>>::call_once::{shim:vtable#0}
[INFO] [stdout]   17:     0x58a5ca98e109 - <std[70759c8f55707aa4]::sys::thread::unix::Thread>::new::thread_start
[INFO] [stdout]   18:     0x7b84222abdfa - <unknown>
[INFO] [stdout]   19:     0x7b842233f3d4 - clone
[INFO] [stdout]   20:                0x0 - <unknown>
[INFO] [stdout] 
[INFO] [stdout] ---- test_config_set_get stdout ----
[INFO] [stdout] 
[INFO] [stdout] thread 'test_config_set_get' (3349) panicked at tests/integration_test.rs:85:10:
[INFO] [stdout] Failed to spawn: Os { code: 2, kind: NotFound, message: "No such file or directory" }
[INFO] [stdout] stack backtrace:
[INFO] [stdout]    0:     0x58a5ca98e831 - <<std[70759c8f55707aa4]::sys::backtrace::BacktraceLock>::print::DisplayBacktrace as core[df12db4294e9bfd3]::fmt::Display>::fmt
[INFO] [stdout]    1:     0x58a5ca9a2a7a - core[df12db4294e9bfd3]::fmt::write
[INFO] [stdout]    2:     0x58a5ca992d3c - <alloc[2182bb758b4b3781]::vec::Vec<u8> as core[df12db4294e9bfd3]::io::write::Write>::write_fmt
[INFO] [stdout]    3:     0x58a5ca96a996 - std[70759c8f55707aa4]::panicking::default_hook::{closure#0}
[INFO] [stdout]    4:     0x58a5ca986f99 - std[70759c8f55707aa4]::panicking::default_hook
[INFO] [stdout]    5:     0x58a5ca922f40 - test[9d35eded1c95d3be]::test_main_inner::<test[9d35eded1c95d3be]::test_main_static::{closure#0}>::{closure#0}
[INFO] [stdout]    6:     0x58a5ca987152 - std[70759c8f55707aa4]::panicking::panic_with_hook
[INFO] [stdout]    7:     0x58a5ca96aa42 - std[70759c8f55707aa4]::panicking::panic_handler::{closure#0}
[INFO] [stdout]    8:     0x58a5ca9637c9 - std[70759c8f55707aa4]::sys::backtrace::__rust_end_short_backtrace::<std[70759c8f55707aa4]::panicking::panic_handler::{closure#0}, !>
[INFO] [stdout]    9:     0x58a5ca96b63d - __rustc[8fa7c3cbc660c2b3]::rust_begin_unwind
[INFO] [stdout]   10:     0x58a5ca9a31ac - core[df12db4294e9bfd3]::panicking::panic_fmt
[INFO] [stdout]   11:     0x58a5ca9a2f82 - core[df12db4294e9bfd3]::result::unwrap_failed
[INFO] [stdout]   12:     0x58a5ca915775 - <integration_test[8bd88b7506f47876]::test_config_set_get::{closure#0} as core[df12db4294e9bfd3]::ops::function::FnOnce<()>>::call_once
[INFO] [stdout]   13:     0x58a5ca91622b - test[9d35eded1c95d3be]::__rust_begin_short_backtrace::<core[df12db4294e9bfd3]::result::Result<(), alloc[2182bb758b4b3781]::string::String>, fn() -> core[df12db4294e9bfd3]::result::Result<(), alloc[2182bb758b4b3781]::string::String>>
[INFO] [stdout]   14:     0x58a5ca923895 - test[9d35eded1c95d3be]::run_test::{closure#0}
[INFO] [stdout]   15:     0x58a5ca91d154 - std[70759c8f55707aa4]::sys::backtrace::__rust_begin_short_backtrace::<test[9d35eded1c95d3be]::run_test::{closure#1}, ()>
[INFO] [stdout]   16:     0x58a5ca9269f2 - <std[70759c8f55707aa4]::thread::lifecycle::spawn_unchecked<test[9d35eded1c95d3be]::run_test::{closure#1}, ()>::{closure#1} as core[df12db4294e9bfd3]::ops::function::FnOnce<()>>::call_once::{shim:vtable#0}
[INFO] [stdout]   17:     0x58a5ca98e109 - <std[70759c8f55707aa4]::sys::thread::unix::Thread>::new::thread_start
[INFO] [stdout]   18:     0x7b84222abdfa - <unknown>
[INFO] [stdout]   19:     0x7b842233f3d4 - clone
[INFO] [stdout]   20:                0x0 - <unknown>
[INFO] [stdout] 
[INFO] [stdout] ---- test_version_command stdout ----
[INFO] [stdout] 
[INFO] [stdout] thread 'test_version_command' (3355) panicked at tests/integration_test.rs:51:10:
[INFO] [stdout] Failed to spawn: Os { code: 2, kind: NotFound, message: "No such file or directory" }
[INFO] [stdout] stack backtrace:
[INFO] [stdout]    0:     0x58a5ca98e831 - <<std[70759c8f55707aa4]::sys::backtrace::BacktraceLock>::print::DisplayBacktrace as core[df12db4294e9bfd3]::fmt::Display>::fmt
[INFO] [stdout]    1:     0x58a5ca9a2a7a - core[df12db4294e9bfd3]::fmt::write
[INFO] [stdout]    2:     0x58a5ca992d3c - <alloc[2182bb758b4b3781]::vec::Vec<u8> as core[df12db4294e9bfd3]::io::write::Write>::write_fmt
[INFO] [stdout]    3:     0x58a5ca96a996 - std[70759c8f55707aa4]::panicking::default_hook::{closure#0}
[INFO] [stdout]    4:     0x58a5ca986f99 - std[70759c8f55707aa4]::panicking::default_hook
[INFO] [stdout]    5:     0x58a5ca922f40 - test[9d35eded1c95d3be]::test_main_inner::<test[9d35eded1c95d3be]::test_main_static::{closure#0}>::{closure#0}
[INFO] [stdout]    6:     0x58a5ca987152 - std[70759c8f55707aa4]::panicking::panic_with_hook
[INFO] [stdout]    7:     0x58a5ca96aa42 - std[70759c8f55707aa4]::panicking::panic_handler::{closure#0}
[INFO] [stdout]    8:     0x58a5ca9637c9 - std[70759c8f55707aa4]::sys::backtrace::__rust_end_short_backtrace::<std[70759c8f55707aa4]::panicking::panic_handler::{closure#0}, !>
[INFO] [stdout]    9:     0x58a5ca96b63d - __rustc[8fa7c3cbc660c2b3]::rust_begin_unwind
[INFO] [stdout]   10:     0x58a5ca9a31ac - core[df12db4294e9bfd3]::panicking::panic_fmt
[INFO] [stdout]   11:     0x58a5ca9a2f82 - core[df12db4294e9bfd3]::result::unwrap_failed
[INFO] [stdout]   12:     0x58a5ca915d65 - <integration_test[8bd88b7506f47876]::test_version_command::{closure#0} as core[df12db4294e9bfd3]::ops::function::FnOnce<()>>::call_once
[INFO] [stdout]   13:     0x58a5ca91622b - test[9d35eded1c95d3be]::__rust_begin_short_backtrace::<core[df12db4294e9bfd3]::result::Result<(), alloc[2182bb758b4b3781]::string::String>, fn() -> core[df12db4294e9bfd3]::result::Result<(), alloc[2182bb758b4b3781]::string::String>>
[INFO] [stdout]   14:     0x58a5ca923895 - test[9d35eded1c95d3be]::run_test::{closure#0}
[INFO] [stdout]   15:     0x58a5ca91d154 - std[70759c8f55707aa4]::sys::backtrace::__rust_begin_short_backtrace::<test[9d35eded1c95d3be]::run_test::{closure#1}, ()>
[INFO] [stdout]   16:     0x58a5ca9269f2 - <std[70759c8f55707aa4]::thread::lifecycle::spawn_unchecked<test[9d35eded1c95d3be]::run_test::{closure#1}, ()>::{closure#1} as core[df12db4294e9bfd3]::ops::function::FnOnce<()>>::call_once::{shim:vtable#0}
[INFO] [stdout]   17:     0x58a5ca98e109 - <std[70759c8f55707aa4]::sys::thread::unix::Thread>::new::thread_start
[INFO] [stdout]   18:     0x7b84222abdfa - <unknown>
[INFO] [stdout]   19:     0x7b842233f3d4 - clone
[INFO] [stdout]   20:                0x0 - <unknown>
[INFO] [stdout] 
[INFO] [stdout] ---- test_alias_commands stdout ----
[INFO] [stdout] 
[INFO] [stdout] thread 'test_alias_commands' (3348) panicked at tests/integration_test.rs:103:10:
[INFO] [stdout] Failed to spawn: Os { code: 2, kind: NotFound, message: "No such file or directory" }
[INFO] [stdout] stack backtrace:
[INFO] [stdout]    0:     0x58a5ca98e831 - <<std[70759c8f55707aa4]::sys::backtrace::BacktraceLock>::print::DisplayBacktrace as core[df12db4294e9bfd3]::fmt::Display>::fmt
[INFO] [stdout]    1:     0x58a5ca9a2a7a - core[df12db4294e9bfd3]::fmt::write
[INFO] [stdout]    2:     0x58a5ca992d3c - <alloc[2182bb758b4b3781]::vec::Vec<u8> as core[df12db4294e9bfd3]::io::write::Write>::write_fmt
[INFO] [stdout]    3:     0x58a5ca96a996 - std[70759c8f55707aa4]::panicking::default_hook::{closure#0}
[INFO] [stdout]    4:     0x58a5ca986f99 - std[70759c8f55707aa4]::panicking::default_hook
[INFO] [stdout]    5:     0x58a5ca922f40 - test[9d35eded1c95d3be]::test_main_inner::<test[9d35eded1c95d3be]::test_main_static::{closure#0}>::{closure#0}
[INFO] [stdout]    6:     0x58a5ca987152 - std[70759c8f55707aa4]::panicking::panic_with_hook
[INFO] [stdout]    7:     0x58a5ca96aa42 - std[70759c8f55707aa4]::panicking::panic_handler::{closure#0}
[INFO] [stdout]    8:     0x58a5ca9637c9 - std[70759c8f55707aa4]::sys::backtrace::__rust_end_short_backtrace::<std[70759c8f55707aa4]::panicking::panic_handler::{closure#0}, !>
[INFO] [stdout]    9:     0x58a5ca96b63d - __rustc[8fa7c3cbc660c2b3]::rust_begin_unwind
[INFO] [stdout]   10:     0x58a5ca9a31ac - core[df12db4294e9bfd3]::panicking::panic_fmt
[INFO] [stdout]   11:     0x58a5ca9a2f82 - core[df12db4294e9bfd3]::result::unwrap_failed
[INFO] [stdout]   12:     0x58a5ca915445 - <integration_test[8bd88b7506f47876]::test_alias_commands::{closure#0} as core[df12db4294e9bfd3]::ops::function::FnOnce<()>>::call_once
[INFO] [stdout]   13:     0x58a5ca91622b - test[9d35eded1c95d3be]::__rust_begin_short_backtrace::<core[df12db4294e9bfd3]::result::Result<(), alloc[2182bb758b4b3781]::string::String>, fn() -> core[df12db4294e9bfd3]::result::Result<(), alloc[2182bb758b4b3781]::string::String>>
[INFO] [stdout]   14:     0x58a5ca923895 - test[9d35eded1c95d3be]::run_test::{closure#0}
[INFO] [stdout]   15:     0x58a5ca91d154 - std[70759c8f55707aa4]::sys::backtrace::__rust_begin_short_backtrace::<test[9d35eded1c95d3be]::run_test::{closure#1}, ()>
[INFO] [stdout]   16:     0x58a5ca9269f2 - <std[70759c8f55707aa4]::thread::lifecycle::spawn_unchecked<test[9d35eded1c95d3be]::run_test::{closure#1}, ()>::{closure#1} as core[df12db4294e9bfd3]::ops::function::FnOnce<()>>::call_once::{shim:vtable#0}
[INFO] [stdout]   17:     0x58a5ca98e109 - <std[70759c8f55707aa4]::sys::thread::unix::Thread>::new::thread_start
[INFO] [stdout]   18:     0x7b84222abdfa - <unknown>
[INFO] [stdout]   19:     0x7b842233f3d4 - clone
[INFO] [stdout]   20:                0x0 - <unknown>
[INFO] [stdout] 
[INFO] [stdout] ---- test_perf_command stdout ----
[INFO] [stdout] 
[INFO] [stdout] thread 'test_perf_command' (3353) panicked at tests/integration_test.rs:137:10:
[INFO] [stdout] Failed to spawn: Os { code: 2, kind: NotFound, message: "No such file or directory" }
[INFO] [stdout] stack backtrace:
[INFO] [stdout]    0:     0x58a5ca98e831 - <<std[70759c8f55707aa4]::sys::backtrace::BacktraceLock>::print::DisplayBacktrace as core[df12db4294e9bfd3]::fmt::Display>::fmt
[INFO] [stdout]    1:     0x58a5ca9a2a7a - core[df12db4294e9bfd3]::fmt::write
[INFO] [stdout]    2:     0x58a5ca992d3c - <alloc[2182bb758b4b3781]::vec::Vec<u8> as core[df12db4294e9bfd3]::io::write::Write>::write_fmt
[INFO] [stdout]    3:     0x58a5ca96a996 - std[70759c8f55707aa4]::panicking::default_hook::{closure#0}
[INFO] [stdout]    4:     0x58a5ca986f99 - std[70759c8f55707aa4]::panicking::default_hook
[INFO] [stdout]    5:     0x58a5ca922f40 - test[9d35eded1c95d3be]::test_main_inner::<test[9d35eded1c95d3be]::test_main_static::{closure#0}>::{closure#0}
[INFO] [stdout]    6:     0x58a5ca987152 - std[70759c8f55707aa4]::panicking::panic_with_hook
[INFO] [stdout]    7:     0x58a5ca96aa42 - std[70759c8f55707aa4]::panicking::panic_handler::{closure#0}
[INFO] [stdout]    8:     0x58a5ca9637c9 - std[70759c8f55707aa4]::sys::backtrace::__rust_end_short_backtrace::<std[70759c8f55707aa4]::panicking::panic_handler::{closure#0}, !>
[INFO] [stdout]    9:     0x58a5ca96b63d - __rustc[8fa7c3cbc660c2b3]::rust_begin_unwind
[INFO] [stdout]   10:     0x58a5ca9a31ac - core[df12db4294e9bfd3]::panicking::panic_fmt
[INFO] [stdout]   11:     0x58a5ca9a2f82 - core[df12db4294e9bfd3]::result::unwrap_failed
[INFO] [stdout]   12:     0x58a5ca914be5 - <integration_test[8bd88b7506f47876]::test_perf_command::{closure#0} as core[df12db4294e9bfd3]::ops::function::FnOnce<()>>::call_once
[INFO] [stdout]   13:     0x58a5ca91622b - test[9d35eded1c95d3be]::__rust_begin_short_backtrace::<core[df12db4294e9bfd3]::result::Result<(), alloc[2182bb758b4b3781]::string::String>, fn() -> core[df12db4294e9bfd3]::result::Result<(), alloc[2182bb758b4b3781]::string::String>>
[INFO] [stdout]   14:     0x58a5ca923895 - test[9d35eded1c95d3be]::run_test::{closure#0}
[INFO] [stdout]   15:     0x58a5ca91d154 - std[70759c8f55707aa4]::sys::backtrace::__rust_begin_short_backtrace::<test[9d35eded1c95d3be]::run_test::{closure#1}, ()>
[INFO] [stdout]   16:     0x58a5ca9269f2 - <std[70759c8f55707aa4]::thread::lifecycle::spawn_unchecked<test[9d35eded1c95d3be]::run_test::{closure#1}, ()>::{closure#1} as core[df12db4294e9bfd3]::ops::function::FnOnce<()>>::call_once::{shim:vtable#0}
[INFO] [stdout]   17:     0x58a5ca98e109 - <std[70759c8f55707aa4]::sys::thread::unix::Thread>::new::thread_start
[INFO] [stdout]   18:     0x7b84222abdfa - <unknown>
[INFO] [stdout]   19:     0x7b842233f3d4 - clone
[INFO] [stdout]   20:                0x0 - <unknown>
[INFO] [stdout] 
[INFO] [stdout] ---- test_stats_command stdout ----
[INFO] [stdout] 
[INFO] [stdout] thread 'test_stats_command' (3354) panicked at tests/integration_test.rs:68:10:
[INFO] [stdout] Failed to spawn: Os { code: 2, kind: NotFound, message: "No such file or directory" }
[INFO] [stdout] stack backtrace:
[INFO] [stdout]    0:     0x58a5ca98e831 - <<std[70759c8f55707aa4]::sys::backtrace::BacktraceLock>::print::DisplayBacktrace as core[df12db4294e9bfd3]::fmt::Display>::fmt
[INFO] [stdout]    1:     0x58a5ca9a2a7a - core[df12db4294e9bfd3]::fmt::write
[INFO] [stdout]    2:     0x58a5ca992d3c - <alloc[2182bb758b4b3781]::vec::Vec<u8> as core[df12db4294e9bfd3]::io::write::Write>::write_fmt
[INFO] [stdout]    3:     0x58a5ca96a996 - std[70759c8f55707aa4]::panicking::default_hook::{closure#0}
[INFO] [stdout]    4:     0x58a5ca986f99 - std[70759c8f55707aa4]::panicking::default_hook
[INFO] [stdout]    5:     0x58a5ca922f40 - test[9d35eded1c95d3be]::test_main_inner::<test[9d35eded1c95d3be]::test_main_static::{closure#0}>::{closure#0}
[INFO] [stdout]    6:     0x58a5ca987152 - std[70759c8f55707aa4]::panicking::panic_with_hook
[INFO] [stdout]    7:     0x58a5ca96aa42 - std[70759c8f55707aa4]::panicking::panic_handler::{closure#0}
[INFO] [stdout]    8:     0x58a5ca9637c9 - std[70759c8f55707aa4]::sys::backtrace::__rust_end_short_backtrace::<std[70759c8f55707aa4]::panicking::panic_handler::{closure#0}, !>
[INFO] [stdout]    9:     0x58a5ca96b63d - __rustc[8fa7c3cbc660c2b3]::rust_begin_unwind
[INFO] [stdout]   10:     0x58a5ca9a31ac - core[df12db4294e9bfd3]::panicking::panic_fmt
[INFO] [stdout]   11:     0x58a5ca9a2f82 - core[df12db4294e9bfd3]::result::unwrap_failed
[INFO] [stdout]   12:     0x58a5ca915115 - <integration_test[8bd88b7506f47876]::test_stats_command::{closure#0} as core[df12db4294e9bfd3]::ops::function::FnOnce<()>>::call_once
[INFO] [stdout]   13:     0x58a5ca91622b - test[9d35eded1c95d3be]::__rust_begin_short_backtrace::<core[df12db4294e9bfd3]::result::Result<(), alloc[2182bb758b4b3781]::string::String>, fn() -> core[df12db4294e9bfd3]::result::Result<(), alloc[2182bb758b4b3781]::string::String>>
[INFO] [stdout]   14:     0x58a5ca923895 - test[9d35eded1c95d3be]::run_test::{closure#0}
[INFO] [stdout]   15:     0x58a5ca91d154 - std[70759c8f55707aa4]::sys::backtrace::__rust_begin_short_backtrace::<test[9d35eded1c95d3be]::run_test::{closure#1}, ()>
[INFO] [stdout]   16:     0x58a5ca9269f2 - <std[70759c8f55707aa4]::thread::lifecycle::spawn_unchecked<test[9d35eded1c95d3be]::run_test::{closure#1}, ()>::{closure#1} as core[df12db4294e9bfd3]::ops::function::FnOnce<()>>::call_once::{shim:vtable#0}
[INFO] [stdout]   17:     0x58a5ca98e109 - <std[70759c8f55707aa4]::sys::thread::unix::Thread>::new::thread_start
[INFO] [stdout]   18:     0x7b84222abdfa - <unknown>
[INFO] [stdout]   19:     0x7b842233f3d4 - clone
[INFO] [stdout]   20:                0x0 - <unknown>
[INFO] [stdout] 
[INFO] [stdout] ---- test_history_command stdout ----
[INFO] [stdout] 
[INFO] [stdout] thread 'test_history_command' (3351) panicked at tests/integration_test.rs:121:10:
[INFO] [stdout] Failed to spawn: Os { code: 2, kind: NotFound, message: "No such file or directory" }
[INFO] [stdout] stack backtrace:
[INFO] [stdout]    0:     0x58a5ca98e831 - <<std[70759c8f55707aa4]::sys::backtrace::BacktraceLock>::print::DisplayBacktrace as core[df12db4294e9bfd3]::fmt::Display>::fmt
[INFO] [stdout]    1:     0x58a5ca9a2a7a - core[df12db4294e9bfd3]::fmt::write
[INFO] [stdout]    2:     0x58a5ca992d3c - <alloc[2182bb758b4b3781]::vec::Vec<u8> as core[df12db4294e9bfd3]::io::write::Write>::write_fmt
[INFO] [stdout]    3:     0x58a5ca96a996 - std[70759c8f55707aa4]::panicking::default_hook::{closure#0}
[INFO] [stdout]    4:     0x58a5ca986f99 - std[70759c8f55707aa4]::panicking::default_hook
[INFO] [stdout]    5:     0x58a5ca922f40 - test[9d35eded1c95d3be]::test_main_inner::<test[9d35eded1c95d3be]::test_main_static::{closure#0}>::{closure#0}
[INFO] [stdout]    6:     0x58a5ca987152 - std[70759c8f55707aa4]::panicking::panic_with_hook
[INFO] [stdout]    7:     0x58a5ca96aa42 - std[70759c8f55707aa4]::panicking::panic_handler::{closure#0}
[INFO] [stdout]    8:     0x58a5ca9637c9 - std[70759c8f55707aa4]::sys::backtrace::__rust_end_short_backtrace::<std[70759c8f55707aa4]::panicking::panic_handler::{closure#0}, !>
[INFO] [stdout]    9:     0x58a5ca96b63d - __rustc[8fa7c3cbc660c2b3]::rust_begin_unwind
[INFO] [stdout]   10:     0x58a5ca9a31ac - core[df12db4294e9bfd3]::panicking::panic_fmt
[INFO] [stdout]   11:     0x58a5ca9a2f82 - core[df12db4294e9bfd3]::result::unwrap_failed
[INFO] [stdout]   12:     0x58a5ca915a4e - <integration_test[8bd88b7506f47876]::test_history_command::{closure#0} as core[df12db4294e9bfd3]::ops::function::FnOnce<()>>::call_once
[INFO] [stdout]   13:     0x58a5ca91622b - test[9d35eded1c95d3be]::__rust_begin_short_backtrace::<core[df12db4294e9bfd3]::result::Result<(), alloc[2182bb758b4b3781]::string::String>, fn() -> core[df12db4294e9bfd3]::result::Result<(), alloc[2182bb758b4b3781]::string::String>>
[INFO] [stdout]   14:     0x58a5ca923895 - test[9d35eded1c95d3be]::run_test::{closure#0}
[INFO] [stdout]   15:     0x58a5ca91d154 - std[70759c8f55707aa4]::sys::backtrace::__rust_begin_short_backtrace::<test[9d35eded1c95d3be]::run_test::{closure#1}, ()>
[INFO] [stdout]   16:     0x58a5ca9269f2 - <std[70759c8f55707aa4]::thread::lifecycle::spawn_unchecked<test[9d35eded1c95d3be]::run_test::{closure#1}, ()>::{closure#1} as core[df12db4294e9bfd3]::ops::function::FnOnce<()>>::call_once::{shim:vtable#0}
[INFO] [stdout]   17:     0x58a5ca98e109 - <std[70759c8f55707aa4]::sys::thread::unix::Thread>::new::thread_start
[INFO] [stdout]   18:     0x7b84222abdfa - <unknown>
[INFO] [stdout]   19:     0x7b842233f3d4 - clone
[INFO] [stdout]   20:                0x0 - <unknown>
[INFO] [stdout] 
[INFO] [stdout] ---- test_help_command stdout ----
[INFO] [stdout] 
[INFO] [stdout] thread 'test_help_command' (3350) panicked at tests/integration_test.rs:34:10:
[INFO] [stdout] Failed to spawn: Os { code: 2, kind: NotFound, message: "No such file or directory" }
[INFO] [stdout] stack backtrace:
[INFO] [stdout]    0:     0x58a5ca98e831 - <<std[70759c8f55707aa4]::sys::backtrace::BacktraceLock>::print::DisplayBacktrace as core[df12db4294e9bfd3]::fmt::Display>::fmt
[INFO] [stdout]    1:     0x58a5ca9a2a7a - core[df12db4294e9bfd3]::fmt::write
[INFO] [stdout]    2:     0x58a5ca992d3c - <alloc[2182bb758b4b3781]::vec::Vec<u8> as core[df12db4294e9bfd3]::io::write::Write>::write_fmt
[INFO] [stdout]    3:     0x58a5ca96a996 - std[70759c8f55707aa4]::panicking::default_hook::{closure#0}
[INFO] [stdout]    4:     0x58a5ca986f99 - std[70759c8f55707aa4]::panicking::default_hook
[INFO] [stdout]    5:     0x58a5ca922f40 - test[9d35eded1c95d3be]::test_main_inner::<test[9d35eded1c95d3be]::test_main_static::{closure#0}>::{closure#0}
[INFO] [stdout]    6:     0x58a5ca987152 - std[70759c8f55707aa4]::panicking::panic_with_hook
[INFO] [stdout]    7:     0x58a5ca96aa42 - std[70759c8f55707aa4]::panicking::panic_handler::{closure#0}
[INFO] [stdout]    8:     0x58a5ca9637c9 - std[70759c8f55707aa4]::sys::backtrace::__rust_end_short_backtrace::<std[70759c8f55707aa4]::panicking::panic_handler::{closure#0}, !>
[INFO] [stdout]    9:     0x58a5ca96b63d - __rustc[8fa7c3cbc660c2b3]::rust_begin_unwind
[INFO] [stdout]   10:     0x58a5ca9a31ac - core[df12db4294e9bfd3]::panicking::panic_fmt
[INFO] [stdout]   11:     0x58a5ca9a2f82 - core[df12db4294e9bfd3]::result::unwrap_failed
[INFO] [stdout]   12:     0x58a5ca9148b5 - <integration_test[8bd88b7506f47876]::test_help_command::{closure#0} as core[df12db4294e9bfd3]::ops::function::FnOnce<()>>::call_once
[INFO] [stdout]   13:     0x58a5ca91622b - test[9d35eded1c95d3be]::__rust_begin_short_backtrace::<core[df12db4294e9bfd3]::result::Result<(), alloc[2182bb758b4b3781]::string::String>, fn() -> core[df12db4294e9bfd3]::result::Result<(), alloc[2182bb758b4b3781]::string::String>>
[INFO] [stdout]   14:     0x58a5ca923895 - test[9d35eded1c95d3be]::run_test::{closure#0}
[INFO] [stdout]   15:     0x58a5ca91d154 - std[70759c8f55707aa4]::sys::backtrace::__rust_begin_short_backtrace::<test[9d35eded1c95d3be]::run_test::{closure#1}, ()>
[INFO] [stdout]   16:     0x58a5ca9269f2 - <std[70759c8f55707aa4]::thread::lifecycle::spawn_unchecked<test[9d35eded1c95d3be]::run_test::{closure#1}, ()>::{closure#1} as core[df12db4294e9bfd3]::ops::function::FnOnce<()>>::call_once::{shim:vtable#0}
[INFO] [stdout]   17:     0x58a5ca98e109 - <std[70759c8f55707aa4]::sys::thread::unix::Thread>::new::thread_start
[INFO] [stdout]   18:     0x7b84222abdfa - <unknown>
[INFO] [stdout]   19:     0x7b842233f3d4 - clone
[INFO] [stdout]   20:                0x0 - <unknown>
[INFO] [stdout] 
[INFO] [stdout] ---- test_version_short_flag stdout ----
[INFO] [stdout] 
[INFO] [stdout] thread 'test_version_short_flag' (3359) panicked at tests/integration_test.rs:21:10:
[INFO] [stdout] Failed to execute: Os { code: 2, kind: NotFound, message: "No such file or directory" }
[INFO] [stdout] stack backtrace:
[INFO] [stdout]    0:     0x58a5ca98e831 - <<std[70759c8f55707aa4]::sys::backtrace::BacktraceLock>::print::DisplayBacktrace as core[df12db4294e9bfd3]::fmt::Display>::fmt
[INFO] [stdout]    1:     0x58a5ca9a2a7a - core[df12db4294e9bfd3]::fmt::write
[INFO] [stdout]    2:     0x58a5ca992d3c - <alloc[2182bb758b4b3781]::vec::Vec<u8> as core[df12db4294e9bfd3]::io::write::Write>::write_fmt
[INFO] [stdout]    3:     0x58a5ca96a996 - std[70759c8f55707aa4]::panicking::default_hook::{closure#0}
[INFO] [stdout]    4:     0x58a5ca986f99 - std[70759c8f55707aa4]::panicking::default_hook
[INFO] [stdout]    5:     0x58a5ca922f40 - test[9d35eded1c95d3be]::test_main_inner::<test[9d35eded1c95d3be]::test_main_static::{closure#0}>::{closure#0}
[INFO] [stdout]    6:     0x58a5ca987152 - std[70759c8f55707aa4]::panicking::panic_with_hook
[INFO] [stdout]    7:     0x58a5ca96aa42 - std[70759c8f55707aa4]::panicking::panic_handler::{closure#0}
[INFO] [stdout]    8:     0x58a5ca9637c9 - std[70759c8f55707aa4]::sys::backtrace::__rust_end_short_backtrace::<std[70759c8f55707aa4]::panicking::panic_handler::{closure#0}, !>
[INFO] [stdout]    9:     0x58a5ca96b63d - __rustc[8fa7c3cbc660c2b3]::rust_begin_unwind
[INFO] [stdout]   10:     0x58a5ca9a31ac - core[df12db4294e9bfd3]::panicking::panic_fmt
[INFO] [stdout]   11:     0x58a5ca9a2f82 - core[df12db4294e9bfd3]::result::unwrap_failed
[INFO] [stdout]   12:     0x58a5ca91600a - <integration_test[8bd88b7506f47876]::test_version_short_flag::{closure#0} as core[df12db4294e9bfd3]::ops::function::FnOnce<()>>::call_once
[INFO] [stdout]   13:     0x58a5ca91622b - test[9d35eded1c95d3be]::__rust_begin_short_backtrace::<core[df12db4294e9bfd3]::result::Result<(), alloc[2182bb758b4b3781]::string::String>, fn() -> core[df12db4294e9bfd3]::result::Result<(), alloc[2182bb758b4b3781]::string::String>>
[INFO] [stdout]   14:     0x58a5ca923895 - test[9d35eded1c95d3be]::run_test::{closure#0}
[INFO] [stdout]   15:     0x58a5ca91d154 - std[70759c8f55707aa4]::sys::backtrace::__rust_begin_short_backtrace::<test[9d35eded1c95d3be]::run_test::{closure#1}, ()>
[INFO] [stdout]   16:     0x58a5ca9269f2 - <std[70759c8f55707aa4]::thread::lifecycle::spawn_unchecked<test[9d35eded1c95d3be]::run_test::{closure#1}, ()>::{closure#1} as core[df12db4294e9bfd3]::ops::function::FnOnce<()>>::call_once::{shim:vtable#0}
[INFO] [stdout]   17:     0x58a5ca98e109 - <std[70759c8f55707aa4]::sys::thread::unix::Thread>::new::thread_start
[INFO] [stdout]   18:     0x7b84222abdfa - <unknown>
[INFO] [stdout]   19:     0x7b842233f3d4 - clone
[INFO] [stdout]   20:                0x0 - <unknown>
[INFO] [stdout] 
[INFO] [stdout] 
[INFO] [stdout] failures:
[INFO] [stdout]     test_alias_commands
[INFO] [stdout]     test_config_set_get
[INFO] [stdout]     test_help_command
[INFO] [stdout]     test_history_command
[INFO] [stdout]     test_mcp_list
[INFO] [stdout]     test_perf_command
[INFO] [stdout]     test_stats_command
[INFO] [stdout]     test_version_command
[INFO] [stdout]     test_version_flag
[INFO] [stdout]     test_version_short_flag
[INFO] [stdout] 
[INFO] [stdout] test result: FAILED. 0 passed; 10 failed; 0 ignored; 0 measured; 0 filtered out; finished in 0.02s
[INFO] [stdout] 
[INFO] running `Command { std: "docker" "inspect" "a4b16623d2e715466e9d6b442231e4b3246a3d6d2168855ed1d04a1156e929b5", kill_on_drop: false }`
[INFO] running `Command { std: "docker" "rm" "-f" "a4b16623d2e715466e9d6b442231e4b3246a3d6d2168855ed1d04a1156e929b5", kill_on_drop: false }`
[INFO] [stdout] a4b16623d2e715466e9d6b442231e4b3246a3d6d2168855ed1d04a1156e929b5
