[INFO] cloning repository https://github.com/wir-drei-digital/mailtriage
[INFO] running `Command { std: "git" "-c" "credential.helper=" "-c" "credential.helper=/workspace/cargo-home/bin/git-credential-null" "clone" "--bare" "https://github.com/wir-drei-digital/mailtriage" "/workspace/cache/git-repos/https%3A%2F%2Fgithub.com%2Fwir-drei-digital%2Fmailtriage", kill_on_drop: false }`
[INFO] [stderr] Cloning into bare repository '/workspace/cache/git-repos/https%3A%2F%2Fgithub.com%2Fwir-drei-digital%2Fmailtriage'...
[INFO] running `Command { std: "git" "rev-parse" "HEAD", kill_on_drop: false }`
[INFO] [stdout] e0072cab9564949a9f8f197277cf0c78ad7470fe
[INFO] testing wir-drei-digital/mailtriage against 1.100.0-beta.1+cargoflags=--release for beta-release-1.100-2
[INFO] running `Command { std: "git" "clone" "/workspace/cache/git-repos/https%3A%2F%2Fgithub.com%2Fwir-drei-digital%2Fmailtriage" "/workspace/builds/worker-7-tc2/source", kill_on_drop: false }`
[INFO] [stderr] Cloning into '/workspace/builds/worker-7-tc2/source'...
[INFO] [stderr] done.
[INFO] started tweaking git repo https://github.com/wir-drei-digital/mailtriage
[INFO] finished tweaking git repo https://github.com/wir-drei-digital/mailtriage
[INFO] tweaked toml for git repo https://github.com/wir-drei-digital/mailtriage written to /workspace/builds/worker-7-tc2/source/Cargo.toml
[INFO] validating manifest of git repo https://github.com/wir-drei-digital/mailtriage on toolchain 1.100.0-beta.1
[INFO] running `Command { std: CARGO_HOME="/workspace/cargo-home" RUSTUP_HOME="/workspace/rustup-home" "/workspace/cargo-home/bin/cargo" "+1.100.0-beta.1" "metadata" "--manifest-path" "Cargo.toml" "--no-deps", kill_on_drop: false }`
[INFO] crate git repo https://github.com/wir-drei-digital/mailtriage already has a lockfile, it will not be regenerated
[INFO] running `Command { std: CARGO_HOME="/workspace/cargo-home" RUSTUP_HOME="/workspace/rustup-home" "/workspace/cargo-home/bin/cargo" "+1.100.0-beta.1" "fetch" "--manifest-path" "Cargo.toml", kill_on_drop: false }`
[INFO] running `Command { std: "docker" "create" "-v" "/var/lib/crater-agent-workspace/builds/worker-7-tc2/source:/opt/rustwide/workdir:ro,Z" "-v" "/var/lib/crater-agent-workspace/builds/worker-7-tc2/target:/opt/rustwide/target:rw,Z" "-v" "/var/lib/crater-agent-workspace/cargo-home:/opt/rustwide/cargo-home:ro,Z" "-v" "/var/lib/crater-agent-workspace/rustup-home:/opt/rustwide/rustup-home:ro,Z" "-m" "1610612736" "--network" "none" "ghcr.io/rust-lang/crates-build-env/linux@sha256:77db811e55d90add9212f6832c23229e3de5f1c1f9905e8cb07319ea15df73ac" "sleep" "infinity", kill_on_drop: false }`
[INFO] [stdout] c114d02680dcfcc5a0ebe13bbd07795d4c3c4042fea67377d1f4b3f1d77e83aa
[INFO] running `Command { std: "docker" "start" "c114d02680dcfcc5a0ebe13bbd07795d4c3c4042fea67377d1f4b3f1d77e83aa", kill_on_drop: false }`
[INFO] running `Command { std: "docker" "inspect" "c114d02680dcfcc5a0ebe13bbd07795d4c3c4042fea67377d1f4b3f1d77e83aa", kill_on_drop: false }`
[INFO] running `Command { std: "docker" "exec" "-e" "SOURCE_DIR=/opt/rustwide/workdir" "-e" "CARGO_HOME=/opt/rustwide/cargo-home" "-e" "RUSTUP_HOME=/opt/rustwide/rustup-home" "-e" "CARGO_TARGET_DIR=/opt/rustwide/target" "-w" "/opt/rustwide/workdir" "--user" "0:0" "c114d02680dcfcc5a0ebe13bbd07795d4c3c4042fea67377d1f4b3f1d77e83aa" "/opt/rustwide/cargo-home/bin/cargo" "+1.100.0-beta.1" "metadata" "--no-deps" "--format-version=1", kill_on_drop: false }`
[INFO] running `Command { std: "docker" "inspect" "c114d02680dcfcc5a0ebe13bbd07795d4c3c4042fea67377d1f4b3f1d77e83aa", kill_on_drop: false }`
[INFO] running `Command { std: "docker" "exec" "-e" "SOURCE_DIR=/opt/rustwide/workdir" "-e" "CARGO_HOME=/opt/rustwide/cargo-home" "-e" "RUSTUP_HOME=/opt/rustwide/rustup-home" "-e" "CARGO_TARGET_DIR=/opt/rustwide/target" "-e" "CARGO_INCREMENTAL=0" "-e" "RUST_BACKTRACE=full" "-e" "RUSTFLAGS=--cap-lints=warn" "-e" "RUSTDOCFLAGS=--cap-lints=warn" "-w" "/opt/rustwide/workdir" "--user" "0:0" "c114d02680dcfcc5a0ebe13bbd07795d4c3c4042fea67377d1f4b3f1d77e83aa" "/opt/rustwide/cargo-home/bin/cargo" "+1.100.0-beta.1" "build" "--frozen" "--message-format=json" "--release", kill_on_drop: false }`
[INFO] [stderr]    Compiling unicode-ident v1.0.26
[INFO] [stderr]    Compiling libc v0.2.189
[INFO] [stderr]    Compiling cfg-if v1.0.5
[INFO] [stderr]    Compiling smallvec v1.16.1
[INFO] [stderr]    Compiling find-msvc-tools v0.1.13
[INFO] [stderr]    Compiling shlex v2.0.1
[INFO] [stderr]    Compiling bytes v1.12.1
[INFO] [stderr]    Compiling futures-core v0.3.34
[INFO] [stderr]    Compiling siphasher v1.0.3
[INFO] [stderr]    Compiling proc-macro2 v1.0.107
[INFO] [stderr]    Compiling serde_core v1.0.229
[INFO] [stderr]    Compiling fastrand v2.5.0
[INFO] [stderr]    Compiling cc v1.4.7
[INFO] [stderr]    Compiling phf_shared v0.13.1
[INFO] [stderr]    Compiling litemap v0.8.3
[INFO] [stderr]    Compiling writeable v0.6.4
[INFO] [stderr]    Compiling icu_normalizer_data v2.3.0
[INFO] [stderr]    Compiling phf_generator v0.13.1
[INFO] [stderr]    Compiling futures-sink v0.3.34
[INFO] [stderr]    Compiling icu_properties_data v2.3.0
[INFO] [stderr]    Compiling http v1.5.0
[INFO] [stderr]    Compiling quote v1.0.47
[INFO] [stderr]    Compiling zeroize v1.9.0
[INFO] [stderr]    Compiling memchr v2.8.3
[INFO] [stderr]    Compiling syn v3.0.6
[INFO] [stderr]    Compiling rustls-pki-types v1.15.1
[INFO] [stderr]    Compiling string_cache_codegen v0.6.1
[INFO] [stderr]    Compiling socket2 v0.6.5
[INFO] [stderr]    Compiling mio v1.2.3
[INFO] [stderr]    Compiling ring v0.17.14
[INFO] [stderr]    Compiling tokio v1.53.1
[INFO] [stderr]    Compiling http-body v1.1.0
[INFO] [stderr]    Compiling getrandom v0.2.17
[INFO] [stderr]    Compiling parking_lot_core v0.9.12
[INFO] [stderr]    Compiling phf_codegen v0.13.1
[INFO] [stderr]    Compiling new_debug_unreachable v1.0.6
[INFO] [stderr]    Compiling slab v0.4.12
[INFO] [stderr]    Compiling futures-io v0.3.34
[INFO] [stderr]    Compiling futures-task v0.3.34
[INFO] [stderr]    Compiling web_atoms v0.2.6
[INFO] [stderr]    Compiling parking_lot v0.12.5
[INFO] [stderr]    Compiling futures-util v0.3.34
[INFO] [stderr]    Compiling bitflags v2.13.2
[INFO] [stderr]    Compiling typenum v1.20.1
[INFO] [stderr]    Compiling rustls v0.23.45
[INFO] [stderr]    Compiling serde v1.0.229
[INFO] [stderr]    Compiling precomputed-hash v0.1.1
[INFO] [stderr]    Compiling string_cache v0.9.0
[INFO] [stderr]    Compiling phf v0.13.1
[INFO] [stderr]    Compiling tracing-core v0.1.36
[INFO] [stderr]    Compiling futures-channel v0.3.34
[INFO] [stderr]    Compiling cfg_aliases v0.2.2
[INFO] [stderr]    Compiling zmij v1.0.23
[INFO] [stderr]    Compiling generic-array v0.14.7
[INFO] [stderr]    Compiling pkg-config v0.3.34
[INFO] [stderr]    Compiling tracing v0.1.44
[INFO] [stderr]    Compiling num-traits v0.2.19
[INFO] [stderr]    Compiling libsqlite3-sys v0.35.0
[INFO] [stderr]    Compiling nix v0.31.3
[INFO] [stderr]    Compiling tendril v0.5.1
[INFO] [stderr]    Compiling sync_wrapper v1.0.2
[INFO] [stderr]    Compiling hashbrown v0.17.1
[INFO] [stderr]    Compiling serde_json v1.0.151
[INFO] [stderr]    Compiling crc32fast v1.5.2
[INFO] [stderr]    Compiling getrandom v0.4.3
[INFO] [stderr]    Compiling ipnet v2.12.2
[INFO] [stderr]    Compiling synstructure v0.14.0
[INFO] [stderr]    Compiling thiserror v2.0.20
[INFO] [stderr]    Compiling anstream v1.0.0
[INFO] [stderr]    Compiling markup5ever v0.38.0
[INFO] [stderr]    Compiling indexmap v2.14.2
[INFO] [stderr]    Compiling block-buffer v0.10.4
[INFO] [stderr]    Compiling crypto-common v0.1.7
[INFO] [stderr]    Compiling webpki-roots v1.0.9
[INFO] [stderr]    Compiling syn v2.0.119
[INFO] [stderr]    Compiling winnow v1.0.3
[INFO] [stderr]    Compiling clap_lex v1.1.1
[INFO] [stderr]    Compiling simd-adler32 v0.3.10
[INFO] [stderr]    Compiling miniz_oxide v0.9.1
[INFO] [stderr]    Compiling zerofrom-derive v0.1.8
[INFO] [stderr]    Compiling yoke-derive v0.8.3
[INFO] [stderr]    Compiling zerovec-derive v0.11.6
[INFO] [stderr]    Compiling displaydoc v0.2.7
[INFO] [stderr]    Compiling zerofrom v0.1.8
[INFO] [stderr]    Compiling yoke v0.8.3
[INFO] [stderr]    Compiling serde_derive v1.0.229
[INFO] [stderr]    Compiling zerotrie v0.2.5
[INFO] [stderr]    Compiling zerovec v0.11.8
[INFO] [stderr]    Compiling hyper v1.11.1
[INFO] [stderr]    Compiling tower v0.5.3
[INFO] [stderr]    Compiling tinystr v0.8.4
[INFO] [stderr]    Compiling icu_locale_core v2.3.0
[INFO] [stderr]    Compiling potential_utf v0.1.6
[INFO] [stderr]    Compiling icu_collections v2.3.0
[INFO] [stderr]    Compiling hyper-util v0.1.20
[INFO] [stderr]    Compiling icu_provider v2.3.1
[INFO] [stderr]    Compiling icu_normalizer v2.3.0
[INFO] [stderr]    Compiling icu_properties v2.3.0
[INFO] [stderr]    Compiling thiserror-impl v2.0.20
[INFO] [stderr]    Compiling serde_urlencoded v0.7.1
[INFO] [stderr]    Compiling hashify v0.2.9
[INFO] [stderr]    Compiling clap_derive v4.6.7
[INFO] [stderr]    Compiling toml_parser v1.1.2+spec-1.1.0
[INFO] [stderr]    Compiling clap_builder v4.6.7
[INFO] [stderr]    Compiling idna_adapter v1.2.2
[INFO] [stderr]    Compiling idna v1.1.0
[INFO] [stderr]    Compiling rustls-webpki v0.103.15
[INFO] [stderr]    Compiling url v2.5.8
[INFO] [stderr]    Compiling digest v0.10.7
[INFO] [stderr]    Compiling tower-http v0.6.11
[INFO] [stderr]    Compiling html5ever v0.38.0
[INFO] [stderr]    Compiling toml_datetime v0.7.5+spec-1.1.0
[INFO] [stderr]    Compiling serde_spanned v1.1.1
[INFO] [stderr]    Compiling http-body-util v0.1.5
[INFO] [stderr]    Compiling filetime v0.2.29
[INFO] [stderr]    Compiling toml_writer v1.1.1+spec-1.1.0
[INFO] [stderr]    Compiling winnow v0.7.15
[INFO] [stderr]    Compiling iana-time-zone v0.1.65
[INFO] [stderr]    Compiling sha2 v0.10.9
[INFO] [stderr]    Compiling chrono v0.4.45
[INFO] [stderr]    Compiling tar v0.4.46
[INFO] [stderr]    Compiling html2text v0.16.7
[INFO] [stderr]    Compiling tokio-rustls v0.26.5
[INFO] [stderr]    Compiling toml v0.9.12+spec-1.1.0
[INFO] [stderr]    Compiling hyper-rustls v0.27.10
[INFO] [stderr]    Compiling reqwest v0.12.28
[INFO] [stderr]    Compiling uuid v1.26.1
[INFO] [stderr]    Compiling ctrlc v3.5.2
[INFO] [stderr]    Compiling flate2 v1.1.10
[INFO] [stderr]    Compiling clap v4.6.7
[INFO] [stderr]    Compiling mail-parser v0.11.9
[INFO] [stderr]    Compiling fs2 v0.4.3
[INFO] [stderr]    Compiling semver v1.0.28
[INFO] [stderr]    Compiling rusqlite v0.37.0
[INFO] [stderr]    Compiling mailtriage v0.1.0 (/opt/rustwide/workdir)
[INFO] [stderr]     Finished `release` profile [optimized] target(s) in 6m 27s
[INFO] running `Command { std: "docker" "inspect" "c114d02680dcfcc5a0ebe13bbd07795d4c3c4042fea67377d1f4b3f1d77e83aa", kill_on_drop: false }`
[INFO] running `Command { std: "docker" "exec" "-e" "SOURCE_DIR=/opt/rustwide/workdir" "-e" "CARGO_HOME=/opt/rustwide/cargo-home" "-e" "RUSTUP_HOME=/opt/rustwide/rustup-home" "-e" "CARGO_TARGET_DIR=/opt/rustwide/target" "-e" "CARGO_INCREMENTAL=0" "-e" "RUST_BACKTRACE=full" "-e" "RUSTFLAGS=--cap-lints=warn" "-e" "RUSTDOCFLAGS=--cap-lints=warn" "-w" "/opt/rustwide/workdir" "--user" "0:0" "c114d02680dcfcc5a0ebe13bbd07795d4c3c4042fea67377d1f4b3f1d77e83aa" "/opt/rustwide/cargo-home/bin/cargo" "+1.100.0-beta.1" "test" "--frozen" "--no-run" "--message-format=json" "--release", kill_on_drop: false }`
[INFO] [stderr]    Compiling bitflags v2.13.2
[INFO] [stderr]    Compiling rustix v1.1.5
[INFO] [stderr]    Compiling fastrand v2.5.0
[INFO] [stderr]    Compiling nix v0.31.3
[INFO] [stderr]    Compiling tower-http v0.6.11
[INFO] [stderr]    Compiling rusqlite v0.37.0
[INFO] [stderr]    Compiling reqwest v0.12.28
[INFO] [stderr]    Compiling ctrlc v3.5.2
[INFO] [stderr]    Compiling tempfile v3.27.0
[INFO] [stderr]    Compiling mailtriage v0.1.0 (/opt/rustwide/workdir)
[INFO] [stderr]     Finished `release` profile [optimized] target(s) in 5m 41s
[INFO] running `Command { std: "docker" "inspect" "c114d02680dcfcc5a0ebe13bbd07795d4c3c4042fea67377d1f4b3f1d77e83aa", kill_on_drop: false }`
[INFO] running `Command { std: "docker" "exec" "-e" "SOURCE_DIR=/opt/rustwide/workdir" "-e" "CARGO_HOME=/opt/rustwide/cargo-home" "-e" "RUSTUP_HOME=/opt/rustwide/rustup-home" "-e" "CARGO_TARGET_DIR=/opt/rustwide/target" "-e" "CARGO_INCREMENTAL=0" "-e" "RUST_BACKTRACE=full" "-e" "RUSTFLAGS=--cap-lints=warn" "-e" "RUSTDOCFLAGS=--cap-lints=warn" "-w" "/opt/rustwide/workdir" "--user" "0:0" "c114d02680dcfcc5a0ebe13bbd07795d4c3c4042fea67377d1f4b3f1d77e83aa" "/opt/rustwide/cargo-home/bin/cargo" "+1.100.0-beta.1" "test" "--frozen" "--release", kill_on_drop: false }`
[INFO] [stderr]     Finished `release` profile [optimized] target(s) in 0.50s
[INFO] [stderr]      Running unittests src/lib.rs (/opt/rustwide/target/release/build/mailtriage/40b86203890e6e13/out/mailtriage-40b86203890e6e13)
[INFO] [stdout] 
[INFO] [stdout] running 176 tests
[INFO] [stdout] test distribution::login_item::tests::the_trays_login_items_decode_to_the_tray ... ok
[INFO] [stdout] test distribution::protected::tests::a_group_writable_ancestor_fails_with_its_directory ... ok
[INFO] [stdout] test distribution::login_item::tests::the_login_item_path_follows_the_platform ... ok
[INFO] [stdout] test distribution::protected::tests::a_private_chain_passes ... ok
[INFO] [stdout] test distribution::protected::tests::a_sticky_world_writable_directory_passes_only_above_the_users_own ... ok
[INFO] [stdout] test distribution::brew::tests::a_keg_path_has_an_opt_path ... ok
[INFO] [stdout] test distribution::brew::tests::the_launch_path_is_the_opt_path_only_when_it_exists ... ok
[INFO] [stdout] test distribution::himalaya::tests::the_data_directory_follows_xdg_on_every_platform ... ok
[INFO] [stdout] test distribution::protected::tests::a_symlink_or_a_stranger_in_the_chain_fails ... ok
[INFO] [stdout] test distribution::protected::tests::an_entry_found_where_a_directory_is_made_must_pass_the_rule ... ok
[INFO] [stdout] test engine::fake::tests::move_with_copyuid_and_epochs ... ok
[INFO] [stdout] test distribution::himalaya::tests::each_release_platform_has_a_pimalaya_platform ... ok
[INFO] [stdout] test engine::fake::tests::invalid_write_arguments_are_refused_like_himalaya ... ok
[INFO] [stdout] test engine::raw::tests::backslashes_are_refused_in_mailbox_names ... ok
[INFO] [stdout] test distribution::protected::tests::real_directories_are_created_0755_and_checked ... ok
[INFO] [stdout] test engine::fake::tests::faults_and_capabilities ... ok
[INFO] [stdout] test engine::fake::tests::envelopes_and_client_actions ... ok
[INFO] [stdout] test distribution::self_install::tests::the_path_line_fits_the_shell ... ok
[INFO] [stdout] test engine::raw::tests::huge_uid_ranges_are_rejected_without_overflow ... ok
[INFO] [stdout] test engine::raw::tests::multiple_copyuid_responses_accumulate ... ok
[INFO] [stdout] test engine::fake::tests::enforced_scope_refuses_folders_outside_sources_and_watch_scope ... ok
[INFO] [stdout] test engine::raw::tests::bad_completion_and_missing_uidvalidity ... ok
[INFO] [stdout] test engine::raw::tests::capability_and_namespace ... ok
[INFO] [stdout] test engine::raw::tests::copyuid_in_tagged_response_and_partial_no ... ok
[INFO] [stdout] test engine::raw::tests::list_lines_quoted_atom_nil_and_literal ... ok
[INFO] [stdout] test engine::raw::tests::mismatched_copyuid_sets_are_ignored ... ok
[INFO] [stdout] test engine::raw::tests::select_and_move_with_copyuid ... ok
[INFO] [stdout] test engine::targets::tests::aliases_spelled_aliases_count_and_ambiguous_keys_conflict ... ok
[INFO] [stdout] test engine::targets::tests::the_2_2_1_inbox_role_leads_to_inbox ... ok
[INFO] [stdout] test engine::targets::tests::the_account_overrides_global_aliases_key_by_key ... ok
[INFO] [stdout] test engine::versions::tests::the_roles_tables_are_pinned ... ok
[INFO] [stdout] test engine::raw::tests::quoting_and_uid_sets ... ok
[INFO] [stdout] test engine::targets::tests::a_config_himalaya_would_refuse_is_an_error ... ok
[INFO] [stdout] test engine::targets::tests::keys_compare_case_insensitively_and_unicode_lowercases ... ok
[INFO] [stdout] test engine::versions::tests::only_tested_versions_with_imap_are_accepted ... ok
[INFO] [stdout] test engine::versions::tests::the_data_file_lists_well_formed_digests_oldest_first ... ok
[INFO] [stdout] test filing::planner::tests::automatic_moves_only_leave_source_folders ... ok
[INFO] [stdout] test filing::planner::tests::a_held_message_whose_decision_changes_files_without_seen ... ok
[INFO] [stdout] test filing::planner::tests::a_target_without_established_discovery_takes_no_move ... ok
[INFO] [stdout] test filing::planner::tests::an_answered_held_message_leaves_with_a_reply_exit ... ok
[INFO] [stdout] test filing::planner::tests::already_filed_pinned_blocked_intent_or_unhydrated_do_not_move ... ok
[INFO] [stdout] test filing::planner::tests::backlog_is_not_flagged_until_in_scope ... ok
[INFO] [stdout] test filing::planner::tests::an_answered_held_message_in_an_inbox_category_stays ... ok
[INFO] [stdout] test engine::versions::tests::malformed_files_are_refused ... ok
[INFO] [stdout] test filing::planner::tests::explicit_request_moves_from_category_folder_and_clears_when_satisfied ... ok
[INFO] [stdout] test filing::planner::tests::explicit_request_overrides_automatic_from_source_home ... ok
[INFO] [stdout] test filing::planner::tests::explicit_inbox_category_resolves_to_source_folder ... ok
[INFO] [stdout] test filing::planner::tests::epoch_mismatch_blocks_actions ... ok
[INFO] [stdout] test filing::planner::tests::eligible_once_files_old_mail_and_is_consumed ... ok
[INFO] [stdout] test filing::planner::tests::folders_to_create_are_listed_only_in_preview ... ok
[INFO] [stdout] test filing::planner::tests::inbox_category_stays_and_old_mail_is_not_new ... ok
[INFO] [stdout] test filing::planner::tests::explicit_request_home_gate ... ok
[INFO] [stdout] test filing::planner::tests::flags_for_action_or_high_urgency_once ... ok
[INFO] [stdout] test filing::planner::tests::flags_require_a_source_or_ok_category_home ... ok
[INFO] [stdout] test filing::planner::tests::off_mode_plans_nothing ... ok
[INFO] [stdout] test filing::planner::tests::new_mail_moves_to_category_folder ... ok
[INFO] [stdout] test filing::planner::tests::marking_a_held_message_done_is_a_reply_exit ... ok
[INFO] [stdout] test filing::planner::tests::refile::a_marked_message_moves_to_its_new_category_folder ... ok
[INFO] [stdout] test filing::planner::tests::preview_counts_would_create_folders ... ok
[INFO] [stdout] test filing::planner::tests::refile::incomplete_input_never_moves ... ok
[INFO] [stdout] test filing::planner::tests::refile::an_explicit_target_and_the_source_rule_come_first ... ok
[INFO] [stdout] test filing::planner::tests::refile::every_placement_rule_keeps_a_marked_message_where_it_is ... ok
[INFO] [stdout] test filing::planner::tests::refile::inbox_and_source_folders_are_never_targets ... ok
[INFO] [stdout] test filing::planner::tests::refile::a_marked_message_waits_for_a_current_classification_and_a_usable_target ... ok
[INFO] [stdout] test filing::planner::tests::stale_generation_and_incomplete_input_block_automatic_moves_unless_overridden ... ok
[INFO] [stdout] test filing::planner::tests::refile::verdicts_name_the_target_and_why_it_moves ... ok
[INFO] [stdout] test filing::planner::tests::open_move_intent_blocks_explicit_move_and_clear ... ok
[INFO] [stdout] test filing::planner::tests::the_reply_queue_flags_mail_it_does_not_hold_as_before ... ok
[INFO] [stdout] test filing::planner::tests::the_reply_queue_holds_only_new_current_unpinned_mail ... ok
[INFO] [stdout] test filing::planner::tests::refile::refile_moves_share_the_cap ... ok
[INFO] [stdout] test filing::recover::tests::a_copyuid_proven_refile_move_grants_the_filed_home_and_consumes_the_mark ... ok
[INFO] [stdout] test filing::planner::tests::paused_or_unusable_folders_block_actions ... ok
[INFO] [stdout] test filing::recover::tests::a_stale_revision_keeps_the_mark_and_still_grants_the_proof ... ok
[INFO] [stdout] test filing::recover::tests::without_a_matching_copyuid_there_is_no_filed_home ... ok
[INFO] [stdout] test filing::refile::rules::tests::only_mail_that_passes_rules_one_to_five_retains_its_folder ... ok
[INFO] [stdout] test filing::refile::rules::tests::rules_one_to_five_report_the_first_failure_in_list_order ... ok
[INFO] [stdout] test filing::refile::upkeep::tests::an_open_refile_intent_or_a_running_rescan_keeps_the_mark ... ok
[INFO] [stdout] test filing::refile::upkeep::tests::only_a_current_classification_clears_by_where_it_files_the_message ... ok
[INFO] [stdout] test filing::refile::upkeep::tests::placement_reasons_clear_in_the_stated_order ... ok
[INFO] [stdout] test filing::planner::tests::ordering_flags_first_oldest_first_and_cap ... ok
[INFO] [stdout] test filing::recover::tests::a_move_that_is_no_refile_keeps_the_mark ... ok
[INFO] [stdout] test filing::planner::tests::reply_queue_holds_new_mail_that_needs_action ... ok
[INFO] [stdout] test filing::refile::rules::tests::skip_names_are_the_specs_keys ... ok
[INFO] [stdout] test filing::planner::tests::the_reply_queue_flags_held_mail_only_for_high_urgency ... ok
[INFO] [stdout] test prompt::tests::confirm_accepts_yes_no_and_the_default ... ok
[INFO] [stdout] test process::tests::bounded_output_is_not_debug ... ok
[INFO] [stdout] test prompt::tests::answers_are_read_without_reading_ahead ... ok
[INFO] [stdout] test filing::planner::tests::refile::the_refile_move_writes_no_flag_and_the_flag_rule_is_unchanged ... ok
[INFO] [stdout] test secrets::tests::a_read_command_names_its_store ... ok
[INFO] [stdout] test prompt::tests::menus_are_numbered_and_ask_again_when_out_of_range ... ok
[INFO] [stdout] test secrets::tests::read_and_store_commands_use_the_tool_path ... ok
[INFO] [stdout] test secrets::tests::the_key_account_names_the_stored_entry ... ok
[INFO] [stdout] test service::error_reasons::a_binding_changed_during_operation_is_a_binding_conflict ... ok
[INFO] [stdout] test secrets::tests::the_platform_store_comes_first ... ok
[INFO] [stdout] test prompt::tests::end_of_input_aborts_with_exit_2 ... ok
[INFO] [stdout] test prompt::tests::enter_takes_the_default_and_invalid_answers_are_asked_again ... ok
[INFO] [stdout] test service::error_reasons::error_reason_names_the_kind_or_the_engine_config_change ... ok
[INFO] [stdout] test service::golden::binding_identity_is_unchanged_for_legacy_himalaya_accounts ... ok
[INFO] [stdout] test service::golden::generation_hash_ignores_the_key_command ... ok
[INFO] [stdout] test service::error_reasons::each_kind_maps_to_its_stable_reason ... ok
[INFO] [stdout] test service::golden::generation_hash_is_unchanged_by_filing_and_folder_fields ... ok
[INFO] [stdout] test service_control::tests::enablement_of_each_state ... ok
[INFO] [stdout] test service::golden::generation_hash_includes_the_managed_checkpoint ... ok
[INFO] [stdout] test service_control::tests::exec_start_needs_the_install_shape ... ok
[INFO] [stdout] test service_control::tests::the_command_line_is_read_between_equal_start_times ... ok
[INFO] [stdout] test service_control::tests::unit_and_plist_arguments_invert_their_writers ... ok
[INFO] [stdout] test setup::tests::a_failed_service_step_names_its_fix ... ok
[INFO] [stdout] test setup::tests::account_names_fit_service_and_file_names ... ok
[INFO] [stdout] test setup::tests::himalaya_config_search_order ... ok
[INFO] [stdout] test setup::tests::time_zone_defaults ... ok
[INFO] [stdout] test kev::supervisor::shutdown_tests::transient_permission_probe_waits_for_confirmed_group_disappearance ... ok
[INFO] [stdout] test kev::supervisor::shutdown_tests::persistent_permission_probe_is_bounded_and_never_confirms_shutdown ... ok
[INFO] [stdout] test kev::supervisor::a_replacement_installer_cannot_pass_stop_before_stale_ticket_validation ... ok
[INFO] [stdout] test system_service::tests::launchctl_last_exit_code_is_its_leading_integer ... ok
[INFO] [stdout] test system_service::tests::launchctl_print_reads_only_top_level_properties ... ok
[INFO] [stdout] test system_service::tests::systemctl_show_parsing ... ok
[INFO] [stdout] test system_service::tests::systemd_args_escape_specifiers ... ok
[INFO] [stdout] test update::archive::tests::a_truncated_or_corrupt_stream_fails ... ok
[INFO] [stdout] test update::archive::tests::limits_are_enforced ... ok
[INFO] [stdout] test update::archive::tests::pax_headers_are_understood ... ok
[INFO] [stdout] test update::archive::tests::release_limits_are_the_specs ... ok
[INFO] [stdout] test update::archive::tests::the_binary_is_extracted_and_other_files_are_skipped ... ok
[INFO] [stdout] test update::archive::tests::the_binary_must_be_there_exactly_once ... ok
[INFO] [stdout] test update::archive::tests::unsafe_entries_fail_the_archive ... ok
[INFO] [stdout] test process::tests::captured_runs_keep_the_start_of_stderr ... ok
[INFO] [stdout] test update::cache::tests::a_lock_error_other_than_contention_fails_an_update_at_once ... ok
[INFO] [stdout] test update::cache::tests::a_missing_or_unreadable_file_is_empty ... ok
[INFO] [stdout] test store::schema_latest::a_heartbeat_reports_its_reason_and_old_rows_read_as_null ... ok
[INFO] [stdout] test store::schema_latest::a_connection_opened_at_6_still_inserts_after_the_migration ... ok
[INFO] [stdout] test update::cache::tests::an_unwritable_cache_is_an_error ... ok
[INFO] [stdout] test update::cache::tests::a_rewrite_keeps_keys_it_does_not_know ... ok
[INFO] [stdout] test store::schema_latest::old_rows_read_as_version_null ... ok
[INFO] [stdout] test update::cache::tests::another_home_has_its_own_cache ... ok
[INFO] [stdout] test update::cache::tests::the_cache_directory_follows_the_platform_rules ... ok
[INFO] [stdout] test store::schema_latest::a_newer_database_is_refused ... ok
[INFO] [stdout] test update::check::tests::a_release_without_every_components_key_is_refreshed_early_once ... ok
[INFO] [stdout] test update::events::tests::events_have_one_line_of_text ... ok
[INFO] [stdout] test update::github::tests::github_hosts_over_https_are_allowed ... ok
[INFO] [stdout] test update::github::tests::himalaya_assets_come_from_pimalayas_releases ... ok
[INFO] [stdout] test update::github::tests::retry_hints_come_from_their_headers ... ok
[INFO] [stdout] test update::cache::tests::updates_are_written_atomically_and_privately ... ok
[INFO] [stdout] test update::github::tests::the_next_link_is_found_among_others ... ok
[INFO] [stdout] test update::github::tests::the_override_is_honoured_only_for_loopback_hosts ... ok
[INFO] [stdout] test update::platform::tests::a_private_directory_is_replaceable_and_a_group_writable_one_is_not ... ok
[INFO] [stdout] test update::platform::tests::identity_changes_with_content_and_mode ... ok
[INFO] [stdout] test update::platform::tests::package_managers_are_recognised_by_path ... ok
[INFO] [stdout] test update::cache::tests::failures_back_off_while_skips_and_readings_do_not ... ok
[INFO] [stdout] test update::release::tests::a_missing_or_doubled_asset_is_recorded_as_none ... ok
[INFO] [stdout] test update::release::tests::each_supported_target_has_an_archive_name ... ok
[INFO] [stdout] test update::release::tests::every_component_gets_an_entry ... ok
[INFO] [stdout] test update::release::tests::sha256sums_needs_exactly_one_well_formed_line ... ok
[INFO] [stdout] test update::release::tests::the_highest_stable_release_wins_wherever_it_is_listed ... ok
[INFO] [stdout] test update::restart::tests::a_failed_restart_waits_unless_the_file_changes_again ... ok
[INFO] [stdout] test update::platform::tests::probes_name_why_a_binary_does_not_run ... ok
[INFO] [stdout] test update::restart::tests::a_keg_follows_its_opt_path_when_brew_upgrade_retargets_it ... ok
[INFO] [stdout] test update::restart::tests::retries_back_off_from_a_minute_to_an_hour ... ok
[INFO] [stdout] test update::restart::tests::an_unchanged_file_stays_and_a_replaced_one_is_probed ... ok
[INFO] [stdout] test update::restart::tests::without_an_image_the_rule_is_off_and_says_so_once ... ok
[INFO] [stdout] test update::schedule::tests::failures_double_from_an_hour_up_to_a_day ... ok
[INFO] [stdout] test update::schedule::tests::install_backoff_doubles_and_is_capped ... ok
[INFO] [stdout] test update::schedule::tests::reservations_and_due_times ... ok
[INFO] [stdout] test update::schedule::tests::success_waits_a_day_plus_up_to_an_hour ... ok
[INFO] [stdout] test update::schedule::tests::server_hints_win_when_later ... ok
[INFO] [stdout] test update::service_files::tests::files_that_cannot_be_decoded_give_no_executable ... ok
[INFO] [stdout] test update::service_files::tests::listed_files_are_marked_and_named_for_an_account ... ok
[INFO] [stdout] test update::service_files::tests::service_files_decode_back_to_their_arguments ... ok
[INFO] [stdout] test update::version::tests::only_exact_stable_tags_are_releases ... ok
[INFO] [stdout] test update::tests::the_tray_is_the_regular_file_next_to_the_cli ... ok
[INFO] [stdout] test update::version::tests::precedence_follows_semver ... ok
[INFO] [stdout] test update::version::tests::version_output_is_one_exact_line ... ok
[INFO] [stdout] test store::schema_latest::a_row_an_older_release_rewrites_hides_the_earlier_reason ... ok
[INFO] [stdout] test update::cache::tests::a_held_lock_makes_an_update_busy ... ok
[INFO] [stdout] test update::cache::tests::a_read_goes_on_without_the_lock_at_once_on_other_lock_errors ... ok
[INFO] [stdout] test update::cache::tests::contention_makes_an_update_wait_then_fail_as_busy ... ok
[INFO] [stdout] test store::schema_latest::every_older_schema_migrates_to_latest ... ok
[INFO] [stdout] test update::install::tests::only_lock_contention_counts_as_busy ... ok
[INFO] [stdout] 
[INFO] [stdout] test result: ok. 176 passed; 0 failed; 0 ignored; 0 measured; 0 filtered out; finished in 0.81s
[INFO] [stdout] 
[INFO] [stderr]      Running unittests src/main.rs (/opt/rustwide/target/release/build/mailtriage/f86f86d3def555a4/out/mailtriage-f86f86d3def555a4)
[INFO] [stdout] 
[INFO] [stdout] running 7 tests
[INFO] [stdout] {"partial":false}
[INFO] [stdout] {"partial":false}
[INFO] [stdout] {"partial":false}
[INFO] [stdout] {"partial":false}
[INFO] [stdout] {"partial":false}
[INFO] [stdout] test cli::tests::the_update_hook_runs_before_each_pass ... ok
[INFO] [stdout] {"error":{"code":5,"message":"m","reason":"config_changed"},"schema_version":1}
[INFO] [stdout] {"partial":false}
[INFO] [stdout] {"partial":false}
[INFO] [stdout] {"error":{"code":5,"message":"mail engine configuration changed during operation","reason":"config_changed"},"schema_version":1}
[INFO] [stdout] {"partial":false}
[INFO] [stdout] {"partial":false}
[INFO] [stdout] test cli::tests::watch_skips_a_pass_whose_configuration_changed ... ok
[INFO] [stdout] test cli::tests::watch_stops_on_other_errors ... ok
[INFO] [stdout] test cli::tests::an_engine_configuration_change_is_a_conflict ... ok
[INFO] [stdout] test cli::tests::the_json_error_object_has_a_reason_only_when_set ... ok
[INFO] [stdout] test cli::tests::service_errors_pass_their_reason_through ... ok
[INFO] [stdout] test cli::tests::the_error_reason_is_the_heartbeats_reason ... ok
[INFO] [stdout] 
[INFO] [stdout] test result: ok. 7 passed; 0 failed; 0 ignored; 0 measured; 0 filtered out; finished in 0.01s
[INFO] [stdout] 
[INFO] [stdout] 
[INFO] [stdout] running 7 tests
[INFO] [stderr]      Running tests/adapters.rs (/opt/rustwide/target/release/build/mailtriage/014281df565b704b/out/adapters-014281df565b704b)
[INFO] [stdout] test fake_provider_is_explicit_and_deterministic ... ok
[INFO] [stdout] test decisions_http_contract_and_typed_response ... ok
[INFO] [stdout] test decisions_errors_are_bounded_and_do_not_expose_response_bodies ... ok
[INFO] [stdout] test himalaya_version_requires_pinned_release_and_imap_feature ... ok
[INFO] [stdout] test himalaya_discovery_allows_missing_sender_but_rejects_wrong_type ... ok
[INFO] [stdout] test himalaya_uid_discovery_and_binary_raw_fetch ... ok
[INFO] [stderr]      Running tests/best_guess.rs (/opt/rustwide/target/release/build/mailtriage/3e06e36716d7ea47/out/best_guess-3e06e36716d7ea47)
[INFO] [stdout] test himalaya_rejects_epoch_reset_timeout_and_large_output ... ok
[INFO] [stdout] 
[INFO] [stdout] test result: ok. 7 passed; 0 failed; 0 ignored; 0 measured; 0 filtered out; finished in 2.12s
[INFO] [stdout] 
[INFO] [stdout] 
[INFO] [stdout] running 10 tests
[INFO] [stdout] test best_guess_accepts_the_live_kev_examples_and_keeps_the_raw_scores ... ok
[INFO] [stdout] test best_guess_withholds_low_confidence_and_close_or_tied_choices_independently ... ok
[INFO] [stdout] test new_configs_default_to_best_guess_for_category_and_urgency ... ok
[INFO] [stdout] test best_guess_accepts_threshold_boundaries_and_still_withholds_missing_answers ... ok
[INFO] [stdout] test best_guess_limits_are_configurable_and_validated ... ok
[INFO] [stdout] test account_mode_overrides_the_global_mode ... ok
[INFO] [stdout] test zero_margin_still_rejects_ties_and_strict_accepts_its_confidence_boundary ... ok
[INFO] [stdout] test legacy_configs_keep_strict_behavior_and_serialization ... ok
[INFO] [stdout] test writing_choice_settings_uses_a_schema_that_older_binaries_refuse ... ok
[INFO] [stdout] test changing_account_mode_reclassifies_cached_messages_and_exposes_best_guess_fields ... ok
[INFO] [stdout] 
[INFO] [stdout] test result: ok. 10 passed; 0 failed; 0 ignored; 0 measured; 0 filtered out; finished in 0.21s
[INFO] [stdout] 
[INFO] [stderr]      Running tests/brew_paths.rs (/opt/rustwide/target/release/build/mailtriage/8ae3bc525a7ca359/out/brew_paths-8ae3bc525a7ca359)
[INFO] [stdout] 
[INFO] [stdout] running 3 tests
[INFO] [stdout] test the_updater_still_only_notifies_for_a_keg ... ok
[INFO] [stdout] test service_install_records_the_opt_path ... ok
[INFO] [stdout] test watch_follows_opt_to_the_new_keg_when_the_old_one_is_deleted ... ok
[INFO] [stdout] 
[INFO] [stdout] test result: ok. 3 passed; 0 failed; 0 ignored; 0 measured; 0 filtered out; finished in 1.42s
[INFO] [stdout] 
[INFO] [stderr]      Running tests/categories_digest.rs (/opt/rustwide/target/release/build/mailtriage/454f32524c514326/out/categories_digest-454f32524c514326)
[INFO] [stdout] 
[INFO] [stdout] running 8 tests
[INFO] [stdout] test digests_are_fixed_vectors ... ok
[INFO] [stdout] test a_config_rewritten_during_apply_is_config_changed ... ok
[INFO] [stdout] test changes_name_each_kind ... ok
[INFO] [stdout] test export_and_validate_report_the_digest ... ok
[INFO] [stdout] test turning_filing_off_between_export_and_apply_is_a_change ... ok
[INFO] [stdout] test apply_checks_the_expected_digest_first ... ok
[INFO] [stdout] test a_rename_keeps_its_folder_only_with_filing_on ... ok
[INFO] [stdout] test reclassifies_matches_whether_apply_advances_the_revision ... ok
[INFO] [stdout] 
[INFO] [stdout] test result: ok. 8 passed; 0 failed; 0 ignored; 0 measured; 0 filtered out; finished in 0.72s
[INFO] [stdout] 
[INFO] [stderr]      Running tests/cli.rs (/opt/rustwide/target/release/build/mailtriage/b59ed3eb2f6082b8/out/cli-b59ed3eb2f6082b8)
[INFO] [stdout] 
[INFO] [stdout] running 5 tests
[INFO] [stdout] test the_kev_supervisor_is_hidden ... ok
[INFO] [stdout] test invalid_cli_flags_use_json_error_envelope ... ok
[INFO] [stdout] test an_error_without_a_kind_has_no_reason ... ok
[INFO] [stdout] test conflicts_name_their_reason_in_the_json_error_object ... ok
[INFO] [stdout] test offline_cli_round_trip_and_exit_codes ... ok
[INFO] [stdout] 
[INFO] [stdout] test result: ok. 5 passed; 0 failed; 0 ignored; 0 measured; 0 filtered out; finished in 0.30s
[INFO] [stdout] 
[INFO] [stdout] 
[INFO] [stdout] running 3 tests
[INFO] [stderr]      Running tests/config_path.rs (/opt/rustwide/target/release/build/mailtriage/baa3fc5b3650cb17/out/config_path-baa3fc5b3650cb17)
[INFO] [stdout] test an_empty_environment_value_counts_as_unset ... ok
[INFO] [stdout] test without_home_the_error_names_config ... ok
[INFO] [stderr]      Running tests/config_v2.rs (/opt/rustwide/target/release/build/mailtriage/a260d63051729af4/out/config_v2-a260d63051729af4)
[INFO] [stdout] test commands_find_the_config_in_the_documented_order ... ok
[INFO] [stdout] 
[INFO] [stdout] test result: ok. 3 passed; 0 failed; 0 ignored; 0 measured; 0 filtered out; finished in 0.30s
[INFO] [stdout] 
[INFO] [stdout] 
[INFO] [stdout] running 8 tests
[INFO] [stdout] test source_mailboxes_are_checked_when_filing_is_on ... ok
[INFO] [stdout] test folder_rules_apply_when_filing_is_on ... ok
[INFO] [stdout] test legacy_category_names_load_while_filing_is_off_and_fail_when_on ... ok
[INFO] [stdout] test unsupported_schema_versions_are_rejected ... ok
[INFO] [stdout] test both_engine_and_legacy_himalaya_is_invalid ... ok
[INFO] [stdout] test legacy_himalaya_config_loads_as_engine_and_saves_as_v3 ... ok
[INFO] [stdout] test himalaya_struct_field_still_works_for_existing_callers ... ok
[INFO] [stdout] test the_reply_queue_alone_makes_a_config_schema_4 ... ok
[INFO] [stdout] 
[INFO] [stdout] test result: ok. 8 passed; 0 failed; 0 ignored; 0 measured; 0 filtered out; finished in 0.03s
[INFO] [stdout] 
[INFO] [stderr]      Running tests/core.rs (/opt/rustwide/target/release/build/mailtriage/a83735c044c7bf02/out/core-a83735c044c7bf02)
[INFO] [stdout] 
[INFO] [stdout] running 8 tests
[INFO] [stdout] test config_rejects_unsafe_thresholds_and_taxonomy ... ok
[INFO] [stdout] test normalization_marks_missing_and_truncated_bodies ... ok
[INFO] [stdout] test missing_answers_become_reasons ... ok
[INFO] [stdout] test the_contract_check_keeps_todays_rules_and_texts ... ok
[INFO] [stdout] test html_only_mail_is_readable_without_fetching_remote_content ... ok
[INFO] [stdout] test mixed_mime_preserves_recipients_and_ignores_attachment ... ok
[INFO] [stdout] test uncertainty_and_review_mode_remain_attention_items ... ok
[INFO] [stdout] test default_config_round_trips_and_is_demo_only ... ok
[INFO] [stdout] 
[INFO] [stdout] test result: ok. 8 passed; 0 failed; 0 ignored; 0 measured; 0 filtered out; finished in 0.02s
[INFO] [stdout] 
[INFO] [stdout] 
[INFO] [stderr]      Running tests/e2e_dovecot.rs (/opt/rustwide/target/release/build/mailtriage/6a26c0033170120e/out/e2e_dovecot-6a26c0033170120e)
[INFO] [stdout] running 1 test
[INFO] [stdout] test filing_against_real_dovecot ... ignored
[INFO] [stdout] 
[INFO] [stdout] test result: ok. 0 passed; 0 failed; 1 ignored; 0 measured; 0 filtered out; finished in 0.00s
[INFO] [stdout] 
[INFO] [stderr]      Running tests/effective_target.rs (/opt/rustwide/target/release/build/mailtriage/7ab30384f67342b7/out/effective_target-7ab30384f67342b7)
[INFO] [stdout] 
[INFO] [stdout] running 4 tests
[INFO] [stdout] test a_folder_that_leads_elsewhere_is_never_read ... ok
[INFO] [stdout] test global_aliases_count_and_the_account_overrides_them ... ok
[INFO] [stdout] test the_inbox_role_of_2_2_1_is_not_a_conflict ... ok
[INFO] [stdout] test a_configuration_himalaya_cannot_parse_reads_nothing ... ok
[INFO] [stderr]      Running tests/engine_contract.rs (/opt/rustwide/target/release/build/mailtriage/9a85ded7c5076318/out/engine_contract-9a85ded7c5076318)
[INFO] [stdout] 
[INFO] [stdout] test result: ok. 4 passed; 0 failed; 0 ignored; 0 measured; 0 filtered out; finished in 0.18s
[INFO] [stdout] 
[INFO] [stdout] 
[INFO] [stdout] running 1 test
[INFO] [stdout] test contract ... ok
[INFO] [stdout] 
[INFO] [stderr]      Running tests/filing_cli.rs (/opt/rustwide/target/release/build/mailtriage/99d8726d36892624/out/filing_cli-99d8726d36892624)
[INFO] [stdout] test result: ok. 1 passed; 0 failed; 0 ignored; 0 measured; 0 filtered out; finished in 3.85s
[INFO] [stdout] 
[INFO] [stdout] 
[INFO] [stdout] running 17 tests
[INFO] [stdout] test enable_names_unsafe_source_mailboxes ... ok
[INFO] [stdout] test cli_enable_and_disable_keep_the_file_as_written ... ok
[INFO] [stdout] test cli_enable_status_plan_disable_and_errors ... ok
[INFO] [stdout] test cli_retry_takes_exactly_one_target ... ok
[INFO] [stdout] test cli_categories_validate_with_an_account_applies_the_folder_rules ... ok
[INFO] [stdout] test filing_off_keeps_doctor_and_plan_quiet ... ok
[INFO] [stdout] test arrival_commands_are_reported_and_lift_their_blocks ... ok
[INFO] [stdout] test placement_is_null_with_filing_off_and_doctor_reports_filing ... ok
[INFO] [stdout] test a_moved_but_unobserved_message_is_neither_backfilled_nor_eligible ... ok
[INFO] [stdout] test folder_errors_name_the_categories_that_need_a_folder ... ok
[INFO] [stdout] test backfill_days_uses_the_internal_date_and_apply_is_idempotent ... ok
[INFO] [stdout] test rename_keeps_folder_after_enable ... ok
[INFO] [stdout] test message_commands_return_the_item ... ok
[INFO] [stdout] test status_lists_the_ids_behind_its_counts ... ok
[INFO] [stdout] test status_reports_counts_and_stale_requests_without_engine_calls ... ok
[INFO] [stdout] test unpin_retry_folder_and_adopt ... ok
[INFO] [stdout] test status_plan_backfill_and_log_report_state ... ok
[INFO] [stdout] 
[INFO] [stdout] test result: ok. 17 passed; 0 failed; 0 ignored; 0 measured; 0 filtered out; finished in 1.06s
[INFO] [stdout] 
[INFO] [stderr]      Running tests/filing_location.rs (/opt/rustwide/target/release/build/mailtriage/dd1f0cf91d456baa/out/filing_location-dd1f0cf91d456baa)
[INFO] [stdout] 
[INFO] [stdout] running 40 tests
[INFO] [stdout] test a_home_found_gone_on_the_server_is_reevaluated ... ok
[INFO] [stdout] test a_message_refound_in_its_home_folders_new_epoch_updates_its_home ... ok
[INFO] [stdout] test a_concurrent_block_survives_an_unrelated_transition ... ok
[INFO] [stdout] test a_home_lost_in_an_aborted_pass_is_reevaluated ... ok
[INFO] [stdout] test a_completed_rescan_prunes_its_rescan_sets ... ok
[INFO] [stdout] test a_merge_conflict_is_lifted_by_retrying_its_arrival ... ok
[INFO] [stdout] test a_pending_arrival_holds_done_inference ... ok
[INFO] [stdout] test a_paused_folder_holds_done_inference_until_released ... ok
[INFO] [stdout] test an_adopted_category_folder_is_reconciled_from_its_watch_point ... ok
[INFO] [stdout] test a_pinned_message_filed_into_its_own_category_stays_there_unpinned ... ok
[INFO] [stdout] test a_running_rescan_holds_done_inference ... ok
[INFO] [stdout] test an_explicit_done_taken_mid_transition_is_never_reopened ... ok
[INFO] [stdout] test a_raced_message_placed_in_its_source_target_is_blocked_and_never_filed ... ok
[INFO] [stdout] test an_inferred_done_left_on_a_known_placement_is_reopened ... ok
[INFO] [stdout] test an_extra_lost_while_the_home_folder_rescans_is_not_a_correction ... ok
[INFO] [stdout] test a_retried_raced_arrival_is_not_a_correction ... ok
[INFO] [stdout] test an_interrupted_rescan_arrival_is_not_a_correction ... ok
[INFO] [stdout] test an_unverified_folder_is_adopted_by_command ... ok
[INFO] [stdout] test an_open_move_intent_holds_done_inference ... ok
[INFO] [stdout] test an_identified_quarantined_arrival_does_not_hold_done_inference ... ok
[INFO] [stdout] test an_unresolved_arrival_holds_done_inference_until_dismissed ... ok
[INFO] [stdout] test archive_marks_done_and_return_reopens ... ok
[INFO] [stdout] test cli_correction_moves_and_a_newer_request_survives_an_older_intent ... ok
[INFO] [stdout] test category_folder_epoch_reset_reattaches_without_ingesting_or_done ... ok
[INFO] [stdout] test client_move_back_to_inbox_pins ... ok
[INFO] [stdout] test client_move_during_a_home_folder_epoch_reset_is_corrected_after_the_rescan ... ok
[INFO] [stdout] test client_move_to_another_category_is_a_correction ... ok
[INFO] [stdout] test dismissing_a_merge_conflict_lifts_its_block ... ok
[INFO] [stdout] test filing_commands_on_unplaced_messages_fail_with_the_spec_codes ... ok
[INFO] [stdout] test copy_then_delete_relocates_with_correction ... ok
[INFO] [stdout] test mail_delivered_into_a_category_folder_is_user_filed ... ok
[INFO] [stdout] test done_is_inferred_only_in_a_pass_after_the_absence ... ok
[INFO] [stdout] test merge_conflict_blocks_instead_of_losing_edits ... ok
[INFO] [stdout] test occurrences_in_a_missing_folder_count_as_present ... ok
[INFO] [stdout] test explicit_done_is_never_reopened_by_observation ... ok
[INFO] [stdout] test pin_supersedes_an_unsent_move ... ok
[INFO] [stdout] test second_label_is_an_extra_occurrence ... ok
[INFO] [stdout] test raced_arrivals_stay_quarantined_after_the_pause_is_released ... ok
[INFO] [stdout] test releasing_a_pause_keeps_a_running_reset_rescan ... ok
[INFO] [stdout] test several_survivors_are_ambiguous_until_pinned ... ok
[INFO] [stdout] 
[INFO] [stdout] test result: ok. 40 passed; 0 failed; 0 ignored; 0 measured; 0 filtered out; finished in 5.40s
[INFO] [stdout] 
[INFO] [stderr]      Running tests/filing_observe.rs (/opt/rustwide/target/release/build/mailtriage/46900810274336a1/out/filing_observe-46900810274336a1)
[INFO] [stdout] 
[INFO] [stdout] running 15 tests
[INFO] [stdout] test dry_run_creates_nothing_and_writes_nothing ... ok
[INFO] [stdout] test existing_folder_is_adopted_and_its_content_not_ingested ... ok
[INFO] [stdout] test category_folder_colliding_with_a_source_is_reported ... ok
[INFO] [stdout] test denylisted_category_folder_is_never_created ... ok
[INFO] [stdout] test failed_create_marks_the_folder_error_and_retries_next_pass ... ok
[INFO] [stdout] test missing_move_capability_blocks_all_writes ... ok
[INFO] [stdout] test alias_conflict_stops_fetching_from_that_folder ... ok
[INFO] [stdout] test category_folder_epoch_reset_rescans_only_known_mail ... ok
[INFO] [stdout] test live_creates_and_subscribes_category_folders_once ... ok
[INFO] [stdout] test mail_engine_configuration_change_aborts_the_pass_with_exit_5 ... ok
[INFO] [stdout] test personal_namespace_prefix_is_applied ... ok
[INFO] [stdout] test sync_through_fake_engine_with_filing_off_is_unchanged ... ok
[INFO] [stdout] test renamed_category_retires_its_old_folder_and_stops_watching_it ... ok
[INFO] [stdout] test special_use_and_unverified_folders_are_not_used ... ok
[INFO] [stdout] test enabling_on_large_existing_mailbox_moves_nothing_and_hydrates_in_batches ... ok
[INFO] [stdout] 
[INFO] [stdout] test result: ok. 15 passed; 0 failed; 0 ignored; 0 measured; 0 filtered out; finished in 5.41s
[INFO] [stdout] 
[INFO] [stderr]      Running tests/filing_store.rs (/opt/rustwide/target/release/build/mailtriage/ee17f27d8c7885b2/out/filing_store-ee17f27d8c7885b2)
[INFO] [stdout] 
[INFO] [stdout] running 24 tests
[INFO] [stdout] test epoch_reset_captures_rescan_set_and_vanishes_pending_arrivals ... ok
[INFO] [stdout] test confirming_a_folder_changes_only_confirmed ... ok
[INFO] [stdout] test claims_check_revision_and_consume_flag_attempt ... ok
[INFO] [stdout] test enabling_restarts_bootstrap_and_arrivals_resolve ... ok
[INFO] [stdout] test a_reply_exit_claim_enters_the_read_approval_list_in_its_transaction ... ok
[INFO] [stdout] test done_candidates_are_absent_and_open ... ok
[INFO] [stdout] test a_v2_database_with_mail_migrates_to_v4_and_keeps_it ... ok
[INFO] [stdout] test events_are_newest_first ... ok
[INFO] [stdout] test filing_aware_merge_moves_arrivals_and_keeps_metadata ... ok
[INFO] [stdout] test filing_commits_are_all_or_nothing ... ok
[INFO] [stdout] test filing_mode_transitions_keep_or_reset_enabled_at ... ok
[INFO] [stdout] test first_watch_checkpoint_and_epoch_reset_mark_folder_for_rescan ... ok
[INFO] [stdout] test hydrate_never_nulls_known_transport_metadata ... ok
[INFO] [stdout] test first_watch_starts_below_open_moves_into_the_folder ... ok
[INFO] [stdout] test migration_reaches_the_latest_schema_and_is_idempotent ... ok
[INFO] [stdout] test intent_and_revert_updates_overwrite_only_given_fields ... ok
[INFO] [stdout] test newer_schema_is_rejected ... ok
[INFO] [stdout] test reconcile_ids_hydrate_and_attach_keep_transport_metadata ... ok
[INFO] [stdout] test placement_creation_selection_and_revision_cas ... ok
[INFO] [stdout] test rescan_filter_skips_unrelated_old_content ... ok
[INFO] [stdout] test stage_with_records_arrivals_metadata_and_known_targets ... ok
[INFO] [stdout] test schema_10_keeps_the_read_approvals_of_schema_9 ... ok
[INFO] [stdout] test scan_error_placeholder_is_a_first_watch_not_an_epoch_reset ... ok
[INFO] [stdout] test concurrent_opens_migrate_a_v2_database_once ... ok
[INFO] [stdout] 
[INFO] [stdout] test result: ok. 24 passed; 0 failed; 0 ignored; 0 measured; 0 filtered out; finished in 4.17s
[INFO] [stdout] 
[INFO] [stderr]      Running tests/filing_writes.rs (/opt/rustwide/target/release/build/mailtriage/6a773fabc79da41d/out/filing_writes-6a773fabc79da41d)
[INFO] [stdout] 
[INFO] [stdout] running 40 tests
[INFO] [stdout] test a_lost_move_records_a_lost_event ... ok
[INFO] [stdout] test a_user_flag_satisfies_the_flag_attempt_and_a_later_unflag_is_kept ... ok
[INFO] [stdout] test a_source_mismatch_is_reported_each_pass_it_waits ... ok
[INFO] [stdout] test awaiting_rescan_retries_when_only_the_source_holds_the_message ... ok
[INFO] [stdout] test applied_move_with_a_stale_revision_does_not_consume_a_newer_request ... ok
[INFO] [stdout] test a_watch_that_started_above_a_move_never_declares_it_lost ... ok
[INFO] [stdout] test a_failed_first_snapshot_of_the_target_never_loses_or_finishes_filed_mail ... ok
[INFO] [stdout] test a_move_into_a_folder_watched_later_is_discovered_and_applied ... ok
[INFO] [stdout] test backlog_is_untouched ... ok
[INFO] [stdout] test awaiting_rescan_with_the_message_in_neither_end_is_lost ... ok
[INFO] [stdout] test changed_configuration_stops_writes_for_the_pass ... ok
[INFO] [stdout] test dry_run_then_live_files_mail_that_arrived_during_dry_run ... ok
[INFO] [stdout] test crash_after_the_block_before_the_intent_closed_converges ... ok
[INFO] [stdout] test claims_without_dispatch_are_recovered ... ok
[INFO] [stdout] test epoch_race_with_copyuid_is_reverted ... ok
[INFO] [stdout] test epoch_race_that_moved_another_message_reverts_it_without_placement_changes ... ok
[INFO] [stdout] test dry_run_recovery_observes_but_never_retries ... ok
[INFO] [stdout] test epoch_race_that_moved_another_message_without_uidplus_only_pauses ... ok
[INFO] [stdout] test epoch_race_without_copyuid_pauses_the_source ... ok
[INFO] [stdout] test exhausted_retries_fail_with_move_failed ... ok
[INFO] [stdout] test failed_revert_pauses_the_source ... ok
[INFO] [stdout] test failed_dispatch_is_retried_once_backoff_allows ... ok
[INFO] [stdout] test flag_epoch_race_fails_the_flag_and_pauses_the_folder ... ok
[INFO] [stdout] test flag_with_a_lost_response_is_applied_by_observation ... ok
[INFO] [stdout] test flag_is_attempted_once_and_never_retried ... ok
[INFO] [stdout] test live_files_new_mail_and_flags_actionable_mail ... ok
[INFO] [stdout] test noselect_writes_nothing_and_resolves_as_still_in_the_source ... ok
[INFO] [stdout] test lost_response_converges_without_a_second_move ... ok
[INFO] [stdout] test passes_after_a_configuration_change_mid_pass_continue ... ok
[INFO] [stdout] test partial_copy_blocks_with_duplicate_copy ... ok
[INFO] [stdout] test sent_move_whose_copy_vanished_becomes_lost ... ok
[INFO] [stdout] test recovery_reads_each_folder_epoch_once_per_call ... ok
[INFO] [stdout] test retry_after_removing_the_filed_copy_files_the_remaining_one_once ... ok
[INFO] [stdout] test suspected_flag_race_pauses_and_is_never_retried ... ok
[INFO] [stdout] test unrelated_arrivals_in_a_busy_target_do_not_hold_a_lost_move ... ok
[INFO] [stdout] test target_epoch_reset_after_a_lost_response_is_a_suspected_race_resolved_by_rescan ... ok
[INFO] [stdout] test retry_of_a_duplicate_copy_waits_for_one_copy_to_be_removed ... ok
[INFO] [stdout] test uncertain_intent_superseded_by_a_newer_request_is_not_retried ... ok
[INFO] [stdout] test verification_drops_are_reported_and_existing_flags_consume_the_attempt ... ok
[INFO] [stdout] test without_uidplus_identity_comes_from_the_fingerprint ... ok
[INFO] [stdout] 
[INFO] [stdout] test result: ok. 40 passed; 0 failed; 0 ignored; 0 measured; 0 filtered out; finished in 4.18s
[INFO] [stdout] 
[INFO] [stderr]      Running tests/heartbeat.rs (/opt/rustwide/target/release/build/mailtriage/af90e76b42c6ace4/out/heartbeat-af90e76b42c6ace4)
[INFO] [stdout] 
[INFO] [stdout] running 4 tests
[INFO] [stdout] test schema_5_adds_the_heartbeat_table ... ok
[INFO] [stdout] test each_pass_records_a_heartbeat ... ok
[INFO] [stdout] test status_shows_the_reason_of_the_last_pass ... ok
[INFO] [stdout] test error_heartbeats_carry_their_reason ... ok
[INFO] [stdout] 
[INFO] [stdout] test result: ok. 4 passed; 0 failed; 0 ignored; 0 measured; 0 filtered out; finished in 0.41s
[INFO] [stdout] 
[INFO] [stderr]      Running tests/himalaya_install.rs (/opt/rustwide/target/release/build/mailtriage/e2bec62a8c46066b/out/himalaya_install-e2bec62a8c46066b)
[INFO] [stdout] 
[INFO] [stdout] running 7 tests
[INFO] [stdout] test a_shared_writable_data_directory_is_refused ... ok
[INFO] [stdout] test a_checksum_mismatch_installs_nothing ... ok
[INFO] [stdout] test an_unlisted_version_exits_2_before_any_download ... ok
[INFO] [stdout] test a_tested_release_is_installed_privately_then_reported_current ... FAILED
[INFO] [stdout] test an_archive_shaped_like_pimalayas_installs ... FAILED
[INFO] [stdout] test an_archive_without_himalaya_or_a_binary_that_does_not_run_installs_nothing ... FAILED
[INFO] [stdout] test a_symlinked_version_directory_is_refused ... ok
[INFO] [stdout] 
[INFO] [stdout] failures:
[INFO] [stdout] 
[INFO] [stdout] ---- a_tested_release_is_installed_privately_then_reported_current stdout ----
[INFO] [stdout] 
[INFO] [stdout] thread 'a_tested_release_is_installed_privately_then_reported_current' (5412) panicked at tests/himalaya_install.rs:119:5:
[INFO] [stdout] assertion `left == right` failed: {"error":{"code":3,"message":"checksum mismatch for himalaya.x86_64-linux.tgz of v2.2.1"},"schema_version":1} 
[INFO] [stdout]   left: Some(3)
[INFO] [stdout]  right: Some(0)
[INFO] [stdout] stack backtrace:
[INFO] [stdout]    0:     0x5d0d320efe21 - <<std[617be2ca0a6fd877]::sys::backtrace::BacktraceLock>::print::DisplayBacktrace as core[a373ad73a504971]::fmt::Display>::fmt
[INFO] [stdout]    1:     0x5d0d321057fa - core[a373ad73a504971]::fmt::write
[INFO] [stdout]    2:     0x5d0d320f470c - <alloc[2e1b2a31b91974c5]::vec::Vec<u8> as core[a373ad73a504971]::io::write::Write>::write_fmt
[INFO] [stdout]    3:     0x5d0d320c8fa6 - std[617be2ca0a6fd877]::panicking::default_hook::{closure#0}
[INFO] [stdout]    4:     0x5d0d320e6fe9 - std[617be2ca0a6fd877]::panicking::default_hook
[INFO] [stdout]    5:     0x5d0d3206afc0 - test[aada8e7e76ba119b]::test_main_inner::{closure#0}
[INFO] [stdout]    6:     0x5d0d320e71a2 - std[617be2ca0a6fd877]::panicking::panic_with_hook
[INFO] [stdout]    7:     0x5d0d320c9052 - std[617be2ca0a6fd877]::panicking::panic_handler::{closure#0}
[INFO] [stdout]    8:     0x5d0d320c1a99 - std[617be2ca0a6fd877]::sys::backtrace::__rust_end_short_backtrace::<std[617be2ca0a6fd877]::panicking::panic_handler::{closure#0}, !>
[INFO] [stdout]    9:     0x5d0d320c9ffd - __rustc[ea4f61d10b84890b]::rust_begin_unwind
[INFO] [stdout]   10:     0x5d0d32105f2c - core[a373ad73a504971]::panicking::panic_fmt
[INFO] [stdout]   11:     0x5d0d32105ea3 - core[a373ad73a504971]::panicking::assert_failed_inner
[INFO] [stdout]   12:     0x5d0d3205488e - core[a373ad73a504971]::panicking::assert_failed::<core[a373ad73a504971]::option::Option<i32>, core[a373ad73a504971]::option::Option<i32>>
[INFO] [stdout]   13:     0x5d0d3204bace - <himalaya_install[cec8903a40c0ddc3]::a_tested_release_is_installed_privately_then_reported_current::{closure#0} as core[a373ad73a504971]::ops::function::FnOnce<()>>::call_once
[INFO] [stdout]   14:     0x5d0d3205e40b - test[aada8e7e76ba119b]::__rust_begin_short_backtrace::<core[a373ad73a504971]::result::Result<(), alloc[2e1b2a31b91974c5]::string::String>, fn() -> core[a373ad73a504971]::result::Result<(), alloc[2e1b2a31b91974c5]::string::String>>
[INFO] [stdout]   15:     0x5d0d3206b5e5 - test[aada8e7e76ba119b]::run_test::{closure#0}
[INFO] [stdout]   16:     0x5d0d32064ed4 - std[617be2ca0a6fd877]::sys::backtrace::__rust_begin_short_backtrace::<test[aada8e7e76ba119b]::run_test::{closure#1}, ()>
[INFO] [stdout]   17:     0x5d0d3206e672 - <std[617be2ca0a6fd877]::thread::lifecycle::spawn_unchecked<test[aada8e7e76ba119b]::run_test::{closure#1}, ()>::{closure#1} as core[a373ad73a504971]::ops::function::FnOnce<()>>::call_once::{shim:vtable#0}
[INFO] [stdout]   18:     0x5d0d320eeedf - <std[617be2ca0a6fd877]::sys::thread::unix::Thread>::new::thread_start
[INFO] [stdout]   19:     0x7eeb514cddfa - <unknown>
[INFO] [stdout]   20:     0x7eeb515613d4 - clone
[INFO] [stdout]   21:                0x0 - <unknown>
[INFO] [stdout] 
[INFO] [stdout] ---- an_archive_shaped_like_pimalayas_installs stdout ----
[INFO] [stdout] 
[INFO] [stdout] thread 'an_archive_shaped_like_pimalayas_installs' (5413) panicked at tests/himalaya_install.rs:292:5:
[INFO] [stdout] assertion `left == right` failed: {"error":{"code":3,"message":"checksum mismatch for himalaya.x86_64-linux.tgz of v2.2.1"},"schema_version":1} 
[INFO] [stdout]   left: Some(3)
[INFO] [stdout]  right: Some(0)
[INFO] [stdout] stack backtrace:
[INFO] [stdout]    0:     0x5d0d320efe21 - <<std[617be2ca0a6fd877]::sys::backtrace::BacktraceLock>::print::DisplayBacktrace as core[a373ad73a504971]::fmt::Display>::fmt
[INFO] [stdout]    1:     0x5d0d321057fa - core[a373ad73a504971]::fmt::write
[INFO] [stdout]    2:     0x5d0d320f470c - <alloc[2e1b2a31b91974c5]::vec::Vec<u8> as core[a373ad73a504971]::io::write::Write>::write_fmt
[INFO] [stdout]    3:     0x5d0d320c8fa6 - std[617be2ca0a6fd877]::panicking::default_hook::{closure#0}
[INFO] [stdout]    4:     0x5d0d320e6fe9 - std[617be2ca0a6fd877]::panicking::default_hook
[INFO] [stdout]    5:     0x5d0d3206afc0 - test[aada8e7e76ba119b]::test_main_inner::{closure#0}
[INFO] [stdout]    6:     0x5d0d320e71a2 - std[617be2ca0a6fd877]::panicking::panic_with_hook
[INFO] [stdout]    7:     0x5d0d320c9052 - std[617be2ca0a6fd877]::panicking::panic_handler::{closure#0}
[INFO] [stdout]    8:     0x5d0d320c1a99 - std[617be2ca0a6fd877]::sys::backtrace::__rust_end_short_backtrace::<std[617be2ca0a6fd877]::panicking::panic_handler::{closure#0}, !>
[INFO] [stdout]    9:     0x5d0d320c9ffd - __rustc[ea4f61d10b84890b]::rust_begin_unwind
[INFO] [stdout]   10:     0x5d0d32105f2c - core[a373ad73a504971]::panicking::panic_fmt
[INFO] [stdout]   11:     0x5d0d32105ea3 - core[a373ad73a504971]::panicking::assert_failed_inner
[INFO] [stdout]   12:     0x5d0d3205488e - core[a373ad73a504971]::panicking::assert_failed::<core[a373ad73a504971]::option::Option<i32>, core[a373ad73a504971]::option::Option<i32>>
[INFO] [stdout]   13:     0x5d0d32049bb0 - <himalaya_install[cec8903a40c0ddc3]::an_archive_shaped_like_pimalayas_installs::{closure#0} as core[a373ad73a504971]::ops::function::FnOnce<()>>::call_once
[INFO] [stdout]   14:     0x5d0d3205e40b - test[aada8e7e76ba119b]::__rust_begin_short_backtrace::<core[a373ad73a504971]::result::Result<(), alloc[2e1b2a31b91974c5]::string::String>, fn() -> core[a373ad73a504971]::result::Result<(), alloc[2e1b2a31b91974c5]::string::String>>
[INFO] [stdout]   15:     0x5d0d3206b5e5 - test[aada8e7e76ba119b]::run_test::{closure#0}
[INFO] [stdout]   16:     0x5d0d32064ed4 - std[617be2ca0a6fd877]::sys::backtrace::__rust_begin_short_backtrace::<test[aada8e7e76ba119b]::run_test::{closure#1}, ()>
[INFO] [stdout]   17:     0x5d0d3206e672 - <std[617be2ca0a6fd877]::thread::lifecycle::spawn_unchecked<test[aada8e7e76ba119b]::run_test::{closure#1}, ()>::{closure#1} as core[a373ad73a504971]::ops::function::FnOnce<()>>::call_once::{shim:vtable#0}
[INFO] [stdout]   18:     0x5d0d320eeedf - <std[617be2ca0a6fd877]::sys::thread::unix::Thread>::new::thread_start
[INFO] [stdout]   19:     0x7eeb514cddfa - <unknown>
[INFO] [stdout]   20:     0x7eeb515613d4 - clone
[INFO] [stdout]   21:                0x0 - <unknown>
[INFO] [stdout] 
[INFO] [stdout] ---- an_archive_without_himalaya_or_a_binary_that_does_not_run_installs_nothing stdout ----
[INFO] [stdout] 
[INFO] [stdout] thread 'an_archive_without_himalaya_or_a_binary_that_does_not_run_installs_nothing' (5414) panicked at tests/himalaya_install.rs:190:9:
[INFO] [stdout] checksum mismatch for himalaya.x86_64-linux.tgz of v2.2.1
[INFO] [stdout] stack backtrace:
[INFO] [stdout]    0:     0x5d0d320efe21 - <<std[617be2ca0a6fd877]::sys::backtrace::BacktraceLock>::print::DisplayBacktrace as core[a373ad73a504971]::fmt::Display>::fmt
[INFO] [stdout]    1:     0x5d0d321057fa - core[a373ad73a504971]::fmt::write
[INFO] [stdout]    2:     0x5d0d320f470c - <alloc[2e1b2a31b91974c5]::vec::Vec<u8> as core[a373ad73a504971]::io::write::Write>::write_fmt
[INFO] [stdout]    3:     0x5d0d320c8fa6 - std[617be2ca0a6fd877]::panicking::default_hook::{closure#0}
[INFO] [stdout]    4:     0x5d0d320e6fe9 - std[617be2ca0a6fd877]::panicking::default_hook
[INFO] [stdout]    5:     0x5d0d3206afc0 - test[aada8e7e76ba119b]::test_main_inner::{closure#0}
[INFO] [stdout]    6:     0x5d0d320e71a2 - std[617be2ca0a6fd877]::panicking::panic_with_hook
[INFO] [stdout]    7:     0x5d0d320c9052 - std[617be2ca0a6fd877]::panicking::panic_handler::{closure#0}
[INFO] [stdout]    8:     0x5d0d320c1a99 - std[617be2ca0a6fd877]::sys::backtrace::__rust_end_short_backtrace::<std[617be2ca0a6fd877]::panicking::panic_handler::{closure#0}, !>
[INFO] [stdout]    9:     0x5d0d320c9ffd - __rustc[ea4f61d10b84890b]::rust_begin_unwind
[INFO] [stdout]   10:     0x5d0d32105f2c - core[a373ad73a504971]::panicking::panic_fmt
[INFO] [stdout]   11:     0x5d0d3204c4bb - <himalaya_install[cec8903a40c0ddc3]::an_archive_without_himalaya_or_a_binary_that_does_not_run_installs_nothing::{closure#0} as core[a373ad73a504971]::ops::function::FnOnce<()>>::call_once
[INFO] [stdout]   12:     0x5d0d3205e40b - test[aada8e7e76ba119b]::__rust_begin_short_backtrace::<core[a373ad73a504971]::result::Result<(), alloc[2e1b2a31b91974c5]::string::String>, fn() -> core[a373ad73a504971]::result::Result<(), alloc[2e1b2a31b91974c5]::string::String>>
[INFO] [stdout]   13:     0x5d0d3206b5e5 - test[aada8e7e76ba119b]::run_test::{closure#0}
[INFO] [stdout]   14:     0x5d0d32064ed4 - std[617be2ca0a6fd877]::sys::backtrace::__rust_begin_short_backtrace::<test[aada8e7e76ba119b]::run_test::{closure#1}, ()>
[INFO] [stdout]   15:     0x5d0d3206e672 - <std[617be2ca0a6fd877]::thread::lifecycle::spawn_unchecked<test[aada8e7e76ba119b]::run_test::{closure#1}, ()>::{closure#1} as core[a373ad73a504971]::ops::function::FnOnce<()>>::call_once::{shim:vtable#0}
[INFO] [stdout]   16:     0x5d0d320eeedf - <std[617be2ca0a6fd877]::sys::thread::unix::Thread>::new::thread_start
[INFO] [stdout]   17:     0x7eeb514cddfa - <unknown>
[INFO] [stdout]   18:     0x7eeb515613d4 - clone
[INFO] [stdout]   19:                0x0 - <unknown>
[INFO] [stdout] 
[INFO] [stdout] 
[INFO] [stdout] failures:
[INFO] [stdout]     a_tested_release_is_installed_privately_then_reported_current
[INFO] [stdout]     an_archive_shaped_like_pimalayas_installs
[INFO] [stdout]     an_archive_without_himalaya_or_a_binary_that_does_not_run_installs_nothing
[INFO] [stdout] 
[INFO] [stdout] test result: FAILED. 4 passed; 3 failed; 0 ignored; 0 measured; 0 filtered out; finished in 0.03s
[INFO] [stdout] 
[INFO] [stderr] error: test failed, to rerun pass `--test himalaya_install`
[INFO] running `Command { std: "docker" "inspect" "c114d02680dcfcc5a0ebe13bbd07795d4c3c4042fea67377d1f4b3f1d77e83aa", kill_on_drop: false }`
[INFO] running `Command { std: "docker" "rm" "-f" "c114d02680dcfcc5a0ebe13bbd07795d4c3c4042fea67377d1f4b3f1d77e83aa", kill_on_drop: false }`
[INFO] [stdout] c114d02680dcfcc5a0ebe13bbd07795d4c3c4042fea67377d1f4b3f1d77e83aa
