[INFO] cloning repository https://github.com/wanwanruwoxin/my_zero2prod
[INFO] running `Command { std: "git" "-c" "credential.helper=" "-c" "credential.helper=/workspace/cargo-home/bin/git-credential-null" "clone" "--bare" "https://github.com/wanwanruwoxin/my_zero2prod" "/workspace/cache/git-repos/https%3A%2F%2Fgithub.com%2Fwanwanruwoxin%2Fmy_zero2prod", kill_on_drop: false }`
[INFO] [stderr] Cloning into bare repository '/workspace/cache/git-repos/https%3A%2F%2Fgithub.com%2Fwanwanruwoxin%2Fmy_zero2prod'...
[INFO] running `Command { std: "git" "rev-parse" "HEAD", kill_on_drop: false }`
[INFO] [stdout] a79ef281f72360c6449aab4ba1862745c9c6c71f
[INFO] testing wanwanruwoxin/my_zero2prod against 1.100.0-beta.1+cargoflags=--release for beta-release-1.100-2
[INFO] running `Command { std: "git" "clone" "/workspace/cache/git-repos/https%3A%2F%2Fgithub.com%2Fwanwanruwoxin%2Fmy_zero2prod" "/workspace/builds/worker-6-tc2/source", kill_on_drop: false }`
[INFO] [stderr] Cloning into '/workspace/builds/worker-6-tc2/source'...
[INFO] [stderr] done.
[INFO] removed /workspace/builds/worker-6-tc2/source/.cargo/config.toml
[INFO] started tweaking git repo https://github.com/wanwanruwoxin/my_zero2prod
[INFO] finished tweaking git repo https://github.com/wanwanruwoxin/my_zero2prod
[INFO] tweaked toml for git repo https://github.com/wanwanruwoxin/my_zero2prod written to /workspace/builds/worker-6-tc2/source/Cargo.toml
[INFO] validating manifest of git repo https://github.com/wanwanruwoxin/my_zero2prod on toolchain 1.100.0-beta.1
[INFO] running `Command { std: CARGO_HOME="/workspace/cargo-home" RUSTUP_HOME="/workspace/rustup-home" "/workspace/cargo-home/bin/cargo" "+1.100.0-beta.1" "metadata" "--manifest-path" "Cargo.toml" "--no-deps", kill_on_drop: false }`
[INFO] crate git repo https://github.com/wanwanruwoxin/my_zero2prod already has a lockfile, it will not be regenerated
[INFO] running `Command { std: CARGO_HOME="/workspace/cargo-home" RUSTUP_HOME="/workspace/rustup-home" "/workspace/cargo-home/bin/cargo" "+1.100.0-beta.1" "fetch" "--manifest-path" "Cargo.toml", kill_on_drop: false }`
[INFO] running `Command { std: "docker" "create" "-v" "/var/lib/crater-agent-workspace/builds/worker-6-tc2/source:/opt/rustwide/workdir:ro,Z" "-v" "/var/lib/crater-agent-workspace/builds/worker-6-tc2/target:/opt/rustwide/target:rw,Z" "-v" "/var/lib/crater-agent-workspace/cargo-home:/opt/rustwide/cargo-home:ro,Z" "-v" "/var/lib/crater-agent-workspace/rustup-home:/opt/rustwide/rustup-home:ro,Z" "-m" "1610612736" "--network" "none" "ghcr.io/rust-lang/crates-build-env/linux@sha256:77db811e55d90add9212f6832c23229e3de5f1c1f9905e8cb07319ea15df73ac" "sleep" "infinity", kill_on_drop: false }`
[INFO] [stdout] b0d7c1719aa802aed43f75ce485db2f35ae00e4f15372f8cdbcf963dcb7ab2bb
[INFO] running `Command { std: "docker" "start" "b0d7c1719aa802aed43f75ce485db2f35ae00e4f15372f8cdbcf963dcb7ab2bb", kill_on_drop: false }`
[INFO] running `Command { std: "docker" "inspect" "b0d7c1719aa802aed43f75ce485db2f35ae00e4f15372f8cdbcf963dcb7ab2bb", kill_on_drop: false }`
[INFO] running `Command { std: "docker" "exec" "-e" "SOURCE_DIR=/opt/rustwide/workdir" "-e" "CARGO_HOME=/opt/rustwide/cargo-home" "-e" "RUSTUP_HOME=/opt/rustwide/rustup-home" "-e" "CARGO_TARGET_DIR=/opt/rustwide/target" "-w" "/opt/rustwide/workdir" "--user" "0:0" "b0d7c1719aa802aed43f75ce485db2f35ae00e4f15372f8cdbcf963dcb7ab2bb" "/opt/rustwide/cargo-home/bin/cargo" "+1.100.0-beta.1" "metadata" "--no-deps" "--format-version=1", kill_on_drop: false }`
[INFO] running `Command { std: "docker" "inspect" "b0d7c1719aa802aed43f75ce485db2f35ae00e4f15372f8cdbcf963dcb7ab2bb", kill_on_drop: false }`
[INFO] running `Command { std: "docker" "exec" "-e" "SOURCE_DIR=/opt/rustwide/workdir" "-e" "CARGO_HOME=/opt/rustwide/cargo-home" "-e" "RUSTUP_HOME=/opt/rustwide/rustup-home" "-e" "CARGO_TARGET_DIR=/opt/rustwide/target" "-e" "CARGO_INCREMENTAL=0" "-e" "RUST_BACKTRACE=full" "-e" "RUSTFLAGS=--cap-lints=warn" "-e" "RUSTDOCFLAGS=--cap-lints=warn" "-w" "/opt/rustwide/workdir" "--user" "0:0" "b0d7c1719aa802aed43f75ce485db2f35ae00e4f15372f8cdbcf963dcb7ab2bb" "/opt/rustwide/cargo-home/bin/cargo" "+1.100.0-beta.1" "build" "--frozen" "--message-format=json" "--release", kill_on_drop: false }`
[INFO] [stderr]    Compiling proc-macro2 v1.0.101
[INFO] [stderr]    Compiling libc v0.2.175
[INFO] [stderr]    Compiling cfg-if v1.0.1
[INFO] [stderr]    Compiling memchr v2.7.5
[INFO] [stderr]    Compiling getrandom v0.3.3
[INFO] [stderr]    Compiling zerocopy v0.8.26
[INFO] [stderr]    Compiling cc v1.2.34
[INFO] [stderr]    Compiling log v0.4.28
[INFO] [stderr]    Compiling num-traits v0.2.19
[INFO] [stderr]    Compiling tracing-core v0.1.34
[INFO] [stderr]    Compiling thiserror v2.0.17
[INFO] [stderr]    Compiling litemap v0.8.0
[INFO] [stderr]    Compiling writeable v0.6.1
[INFO] [stderr]    Compiling icu_properties_data v2.0.1
[INFO] [stderr]    Compiling serde_json v1.0.142
[INFO] [stderr]    Compiling icu_normalizer_data v2.0.0
[INFO] [stderr]    Compiling slab v0.4.11
[INFO] [stderr]    Compiling rustls-pki-types v1.12.0
[INFO] [stderr]    Compiling rustls v0.23.31
[INFO] [stderr]    Compiling foldhash v0.1.5
[INFO] [stderr]    Compiling libm v0.2.15
[INFO] [stderr]    Compiling parking_lot_core v0.9.11
[INFO] [stderr]    Compiling hashbrown v0.15.5
[INFO] [stderr]    Compiling crunchy v0.2.4
[INFO] [stderr]    Compiling time-core v0.1.5
[INFO] [stderr]    Compiling bigdecimal v0.4.8
[INFO] [stderr]    Compiling futures-util v0.3.31
[INFO] [stderr]    Compiling webpki-roots v1.0.2
[INFO] [stderr]    Compiling rust_decimal v1.37.2
[INFO] [stderr]    Compiling time-macros v0.2.23
[INFO] [stderr]    Compiling tiny-keccak v2.0.2
[INFO] [stderr]    Compiling lock_api v0.4.6
[INFO] [stderr]    Compiling hashlink v0.10.0
[INFO] [stderr]    Compiling arrayvec v0.7.6
[INFO] [stderr]    Compiling tinyvec v1.10.0
[INFO] [stderr]    Compiling concurrent-queue v2.5.0
[INFO] [stderr]    Compiling quote v1.0.40
[INFO] [stderr]    Compiling socket2 v0.6.0
[INFO] [stderr]    Compiling mio v1.0.4
[INFO] [stderr]    Compiling syn v2.0.106
[INFO] [stderr]    Compiling getrandom v0.2.16
[INFO] [stderr]    Compiling regex-syntax v0.8.6
[INFO] [stderr]    Compiling ring v0.17.14
[INFO] [stderr]    Compiling openssl-sys v0.9.109
[INFO] [stderr]    Compiling once_cell v1.21.3
[INFO] [stderr]    Compiling rand_core v0.6.4
[INFO] [stderr]    Compiling psm v0.1.26
[INFO] [stderr]    Compiling const-random-macro v0.1.16
[INFO] [stderr]    Compiling event-listener v5.4.1
[INFO] [stderr]    Compiling sha2 v0.10.9
[INFO] [stderr]    Compiling unicode-normalization v0.1.24
[INFO] [stderr]    Compiling indexmap v2.11.0
[INFO] [stderr]    Compiling webpki-roots v0.26.11
[INFO] [stderr]    Compiling sync_wrapper v1.0.2
[INFO] [stderr]    Compiling proc-macro2-diagnostics v0.10.1
[INFO] [stderr]    Compiling num-integer v0.1.46
[INFO] [stderr]    Compiling typeid v1.0.3
[INFO] [stderr]    Compiling atoi v2.0.0
[INFO] [stderr]    Compiling const-random v0.1.18
[INFO] [stderr]    Compiling stacker v0.1.21
[INFO] [stderr]    Compiling proc-macro-error-attr2 v2.0.0
[INFO] [stderr]    Compiling md-5 v0.10.6
[INFO] [stderr]    Compiling openssl v0.10.73
[INFO] [stderr]    Compiling ipnet v2.11.0
[INFO] [stderr]    Compiling whoami v1.6.1
[INFO] [stderr]    Compiling num-bigint v0.4.6
[INFO] [stderr]    Compiling stringprep v0.1.5
[INFO] [stderr]    Compiling dlv-list v0.5.2
[INFO] [stderr]    Compiling ordered-float v4.6.0
[INFO] [stderr]    Compiling ucd-trie v0.1.7
[INFO] [stderr]    Compiling winnow v0.7.13
[INFO] [stderr]    Compiling ppv-lite86 v0.2.21
[INFO] [stderr]    Compiling ahash v0.8.12
[INFO] [stderr]    Compiling native-tls v0.2.14
[INFO] [stderr]    Compiling ordered-float v2.10.1
[INFO] [stderr]    Compiling rand_core v0.9.3
[INFO] [stderr]    Compiling hashbrown v0.14.5
[INFO] [stderr]    Compiling tracing-log v0.2.0
[INFO] [stderr]    Compiling regex-automata v0.4.10
[INFO] [stderr]    Compiling rand_chacha v0.3.1
[INFO] [stderr]    Compiling thread_local v1.1.9
[INFO] [stderr]    Compiling encoding_rs v0.8.35
[INFO] [stderr]    Compiling claim v0.5.0
[INFO] [stderr]    Compiling aliasable v0.1.3
[INFO] [stderr]    Compiling nu-ansi-term v0.50.1
[INFO] [stderr]    Compiling anyhow v1.0.100
[INFO] [stderr]    Compiling rand v0.8.5
[INFO] [stderr]    Compiling arraydeque v0.5.1
[INFO] [stderr]    Compiling ordered-multimap v0.7.3
[INFO] [stderr]    Compiling iri-string v0.7.8
[INFO] [stderr]    Compiling chumsky v0.9.3
[INFO] [stderr]    Compiling convert_case v0.6.0
[INFO] [stderr]    Compiling rand_chacha v0.9.0
[INFO] [stderr]    Compiling rust-ini v0.21.3
[INFO] [stderr]    Compiling gethostname v0.2.3
[INFO] [stderr]    Compiling yaml-rust2 v0.10.3
[INFO] [stderr]    Compiling toml_parser v1.0.2
[INFO] [stderr]    Compiling hostname v0.4.1
[INFO] [stderr]    Compiling email-encoding v0.4.1
[INFO] [stderr]    Compiling nom v8.0.0
[INFO] [stderr]    Compiling tracing-log v0.1.4
[INFO] [stderr]    Compiling pathdiff v0.2.3
[INFO] [stderr]    Compiling email_address v0.2.9
[INFO] [stderr]    Compiling quoted_printable v0.5.1
[INFO] [stderr]    Compiling synstructure v0.13.2
[INFO] [stderr]    Compiling proc-macro-error2 v2.0.1
[INFO] [stderr]    Compiling strum v0.26.3
[INFO] [stderr]    Compiling rand v0.9.2
[INFO] [stderr]    Compiling serde_derive v1.0.219
[INFO] [stderr]    Compiling zerofrom-derive v0.1.6
[INFO] [stderr]    Compiling yoke-derive v0.8.0
[INFO] [stderr]    Compiling zerovec-derive v0.11.1
[INFO] [stderr]    Compiling displaydoc v0.2.5
[INFO] [stderr]    Compiling tokio-macros v2.5.0
[INFO] [stderr]    Compiling tracing-attributes v0.1.30
[INFO] [stderr]    Compiling thiserror-impl v2.0.17
[INFO] [stderr]    Compiling inherent v1.0.12
[INFO] [stderr]    Compiling openssl-macros v0.1.1
[INFO] [stderr]    Compiling async-trait v0.1.89
[INFO] [stderr]    Compiling async-stream-impl v0.3.6
[INFO] [stderr]    Compiling sea-bae v0.2.1
[INFO] [stderr]    Compiling ouroboros_macro v0.18.5
[INFO] [stderr]    Compiling tokio v1.47.1
[INFO] [stderr]    Compiling async-stream v0.3.6
[INFO] [stderr]    Compiling sea-orm-macros v1.1.15
[INFO] [stderr]    Compiling matchers v0.2.0
[INFO] [stderr]    Compiling regex v1.11.2
[INFO] [stderr]    Compiling zerofrom v0.1.6
[INFO] [stderr]    Compiling yoke v0.8.0
[INFO] [stderr]    Compiling pest v2.8.1
[INFO] [stderr]    Compiling tracing v0.1.41
[INFO] [stderr]    Compiling ouroboros v0.18.5
[INFO] [stderr]    Compiling zerovec v0.11.4
[INFO] [stderr]    Compiling zerotrie v0.2.2
[INFO] [stderr]    Compiling axum-core v0.5.2
[INFO] [stderr]    Compiling pest_meta v2.8.1
[INFO] [stderr]    Compiling serde v1.0.219
[INFO] [stderr]    Compiling tinystr v0.8.1
[INFO] [stderr]    Compiling potential_utf v0.1.3
[INFO] [stderr]    Compiling icu_collections v2.0.0
[INFO] [stderr]    Compiling pest_generator v2.8.1
[INFO] [stderr]    Compiling icu_locale_core v2.0.0
[INFO] [stderr]    Compiling icu_provider v2.0.0
[INFO] [stderr]    Compiling icu_properties v2.0.1
[INFO] [stderr]    Compiling pest_derive v2.8.1
[INFO] [stderr]    Compiling smallvec v1.15.1
[INFO] [stderr]    Compiling bitflags v2.9.2
[INFO] [stderr]    Compiling deranged v0.5.3
[INFO] [stderr]    Compiling uuid v1.18.1
[INFO] [stderr]    Compiling chrono v0.4.41
[INFO] [stderr]    Compiling either v1.15.0
[INFO] [stderr]    Compiling serde_urlencoded v0.7.1
[INFO] [stderr]    Compiling toml_datetime v0.7.0
[INFO] [stderr]    Compiling serde_spanned v1.0.0
[INFO] [stderr]    Compiling erased-serde v0.4.6
[INFO] [stderr]    Compiling serde-value v0.7.0
[INFO] [stderr]    Compiling serde_path_to_error v0.1.17
[INFO] [stderr]    Compiling icu_normalizer v2.0.0
[INFO] [stderr]    Compiling toml v0.9.5
[INFO] [stderr]    Compiling tracing-subscriber v0.3.20
[INFO] [stderr]    Compiling parking_lot v0.12.3
[INFO] [stderr]    Compiling ron v0.8.1
[INFO] [stderr]    Compiling json5 v0.4.1
[INFO] [stderr]    Compiling secrecy v0.10.3
[INFO] [stderr]    Compiling idna_adapter v1.2.1
[INFO] [stderr]    Compiling futures-intrusive v0.5.0
[INFO] [stderr]    Compiling idna v1.1.0
[INFO] [stderr]    Compiling url v2.5.4
[INFO] [stderr]    Compiling tokio-stream v0.1.17
[INFO] [stderr]    Compiling time v0.3.42
[INFO] [stderr]    Compiling hyper v1.6.0
[INFO] [stderr]    Compiling tower v0.5.2
[INFO] [stderr]    Compiling serde-untagged v0.1.8
[INFO] [stderr]    Compiling config v0.15.15
[INFO] [stderr]    Compiling tower-http v0.6.6
[INFO] [stderr]    Compiling validator v0.20.0
[INFO] [stderr]    Compiling rustls-webpki v0.103.4
[INFO] [stderr]    Compiling hyper-util v0.1.16
[INFO] [stderr]    Compiling serde-aux v4.7.0
[INFO] [stderr]    Compiling sea-query v0.32.7
[INFO] [stderr]    Compiling tracing-bunyan-formatter v0.3.10
[INFO] [stderr]    Compiling lettre v0.11.18
[INFO] [stderr]    Compiling axum v0.8.4
[INFO] [stderr]    Compiling sqlx-core v0.8.6
[INFO] [stderr]    Compiling tokio-rustls v0.26.2
[INFO] [stderr]    Compiling hyper-rustls v0.27.7
[INFO] [stderr]    Compiling reqwest v0.12.23
[INFO] [stderr]    Compiling sqlx-postgres v0.8.6
[INFO] [stderr]    Compiling sqlx v0.8.6
[INFO] [stderr]    Compiling sea-query-binder v0.7.0
[INFO] [stderr]    Compiling sea-orm v1.1.15
[INFO] [stderr]    Compiling my-zero2prod v0.1.0 (/opt/rustwide/workdir)
[INFO] [stderr] warning: unused dependency `claim`
[INFO] [stderr]  --> Cargo.toml:9:1
[INFO] [stderr]   |
[INFO] [stderr] 9 | claim = "0.5.0"
[INFO] [stderr]   | ^^^^^^^^^^^^^^^
[INFO] [stderr]   |
[INFO] [stderr]   = note: `cargo::unused_dependencies` is set to `warn` by default
[INFO] [stderr] help: consider removing the dependency on `claim`
[INFO] [stderr] warning: unused dependency `reqwest`
[INFO] [stderr]   --> Cargo.toml:30:15
[INFO] [stderr]    |
[INFO] [stderr] 30 | [dependencies.reqwest]
[INFO] [stderr]    |               ^^^^^^^^
[INFO] [stderr]    |
[INFO] [stderr] help: consider removing the dependency on `reqwest`
[INFO] [stderr] warning: `my-zero2prod` (manifest) generated 2 warnings
[INFO] [stderr]     Finished `release` profile [optimized] target(s) in 3m 44s
[INFO] [stderr] warning: the following packages contain code that will be rejected by a future version of Rust: proc-macro-error2 v2.0.1
[INFO] [stderr] note: to see what the problems were, use the option `--future-incompat-report`, or run `cargo report future-incompatibilities --id 3`
[INFO] running `Command { std: "docker" "inspect" "b0d7c1719aa802aed43f75ce485db2f35ae00e4f15372f8cdbcf963dcb7ab2bb", kill_on_drop: false }`
[INFO] running `Command { std: "docker" "exec" "-e" "SOURCE_DIR=/opt/rustwide/workdir" "-e" "CARGO_HOME=/opt/rustwide/cargo-home" "-e" "RUSTUP_HOME=/opt/rustwide/rustup-home" "-e" "CARGO_TARGET_DIR=/opt/rustwide/target" "-e" "CARGO_INCREMENTAL=0" "-e" "RUST_BACKTRACE=full" "-e" "RUSTFLAGS=--cap-lints=warn" "-e" "RUSTDOCFLAGS=--cap-lints=warn" "-w" "/opt/rustwide/workdir" "--user" "0:0" "b0d7c1719aa802aed43f75ce485db2f35ae00e4f15372f8cdbcf963dcb7ab2bb" "/opt/rustwide/cargo-home/bin/cargo" "+1.100.0-beta.1" "test" "--frozen" "--no-run" "--message-format=json" "--release", kill_on_drop: false }`
[INFO] [stderr]    Compiling value-bag v1.11.1
[INFO] [stderr]    Compiling futures-sink v0.3.31
[INFO] [stderr]    Compiling concurrent-queue v2.5.0
[INFO] [stderr]    Compiling bitflags v2.9.2
[INFO] [stderr]    Compiling aho-corasick v1.1.3
[INFO] [stderr]    Compiling regex-syntax v0.8.6
[INFO] [stderr]    Compiling darling_core v0.20.11
[INFO] [stderr]    Compiling rand v0.8.5
[INFO] [stderr]    Compiling futures-util v0.3.31
[INFO] [stderr]    Compiling futures-channel v0.3.31
[INFO] [stderr]    Compiling rustix v1.0.8
[INFO] [stderr]    Compiling anstyle-parse v0.2.7
[INFO] [stderr]    Compiling futures-lite v2.6.1
[INFO] [stderr]    Compiling anstyle v1.0.11
[INFO] [stderr]    Compiling anstyle-query v1.1.4
[INFO] [stderr]    Compiling colorchoice v1.0.4
[INFO] [stderr]    Compiling is_terminal_polyfill v1.70.1
[INFO] [stderr]    Compiling log v0.4.28
[INFO] [stderr]    Compiling linux-raw-sys v0.9.4
[INFO] [stderr]    Compiling async-task v4.7.1
[INFO] [stderr]    Compiling event-listener v5.4.1
[INFO] [stderr]    Compiling clap_lex v0.7.5
[INFO] [stderr]    Compiling piper v0.2.4
[INFO] [stderr]    Compiling clap_derive v4.5.47
[INFO] [stderr]    Compiling syn v1.0.109
[INFO] [stderr]    Compiling anstream v0.6.20
[INFO] [stderr]    Compiling openssl v0.10.73
[INFO] [stderr]    Compiling tracing v0.1.41
[INFO] [stderr]    Compiling tracing-log v0.2.0
[INFO] [stderr]    Compiling event-listener-strategy v0.5.4
[INFO] [stderr]    Compiling clap_builder v4.5.47
[INFO] [stderr]    Compiling axum-core v0.5.2
[INFO] [stderr]    Compiling tracing-log v0.1.4
[INFO] [stderr]    Compiling async-lock v3.4.1
[INFO] [stderr]    Compiling async-channel v2.5.0
[INFO] [stderr]    Compiling ron v0.8.1
[INFO] [stderr]    Compiling sea-schema-derive v0.3.0
[INFO] [stderr]    Compiling glob v0.3.3
[INFO] [stderr]    Compiling async-channel v1.9.0
[INFO] [stderr]    Compiling blocking v1.6.2
[INFO] [stderr]    Compiling async-executor v1.13.3
[INFO] [stderr]    Compiling kv-log-macro v1.0.7
[INFO] [stderr]    Compiling config v0.15.15
[INFO] [stderr]    Compiling deunicode v1.6.2
[INFO] [stderr]    Compiling quickcheck_macros v1.1.0
[INFO] [stderr]    Compiling fake v4.4.0
[INFO] [stderr]    Compiling regex-automata v0.4.10
[INFO] [stderr]    Compiling darling_macro v0.20.11
[INFO] [stderr]    Compiling async-attributes v1.1.2
[INFO] [stderr]    Compiling darling v0.20.11
[INFO] [stderr]    Compiling sea-query-derive v0.4.3
[INFO] [stderr]    Compiling clap v4.5.47
[INFO] [stderr]    Compiling sea-query v0.32.7
[INFO] [stderr]    Compiling sqlx-core v0.8.6
[INFO] [stderr]    Compiling hyper v1.6.0
[INFO] [stderr]    Compiling tower v0.5.2
[INFO] [stderr]    Compiling futures v0.3.31
[INFO] [stderr]    Compiling native-tls v0.2.14
[INFO] [stderr]    Compiling tower-http v0.6.6
[INFO] [stderr]    Compiling lettre v0.11.18
[INFO] [stderr]    Compiling hyper-util v0.1.16
[INFO] [stderr]    Compiling polling v3.10.0
[INFO] [stderr]    Compiling regex v1.11.2
[INFO] [stderr]    Compiling matchers v0.2.0
[INFO] [stderr]    Compiling tracing-subscriber v0.3.20
[INFO] [stderr]    Compiling async-io v2.5.0
[INFO] [stderr]    Compiling sqlx-postgres v0.8.6
[INFO] [stderr]    Compiling async-global-executor v2.4.1
[INFO] [stderr]    Compiling hyper-rustls v0.27.7
[INFO] [stderr]    Compiling axum v0.8.4
[INFO] [stderr]    Compiling validator v0.20.0
[INFO] [stderr]    Compiling reqwest v0.12.23
[INFO] [stderr]    Compiling async-std v1.13.2
[INFO] [stderr]    Compiling env_logger v0.8.4
[INFO] [stderr]    Compiling tracing-bunyan-formatter v0.3.10
[INFO] [stderr]    Compiling sea-orm-cli v1.1.15
[INFO] [stderr]    Compiling quickcheck v1.0.3
[INFO] [stderr]    Compiling sqlx v0.8.6
[INFO] [stderr]    Compiling sea-query-binder v0.7.0
[INFO] [stderr]    Compiling sea-orm v1.1.15
[INFO] [stderr]    Compiling sea-schema v0.16.2
[INFO] [stderr]    Compiling sea-orm-migration v1.1.15
[INFO] [stderr]    Compiling my-zero2prod v0.1.0 (/opt/rustwide/workdir)
[INFO] [stderr]    Compiling migration v0.1.0 (/opt/rustwide/workdir/migration)
[INFO] [stderr] warning: unused dependency `claim`
[INFO] [stderr]  --> Cargo.toml:9:1
[INFO] [stderr]   |
[INFO] [stderr] 9 | claim = "0.5.0"
[INFO] [stderr]   | ^^^^^^^^^^^^^^^
[INFO] [stderr]   |
[INFO] [stderr]   = note: `cargo::unused_dependencies` is set to `warn` by default
[INFO] [stderr] help: consider removing the dependency on `claim`
[INFO] [stderr] help: to still use for development builds, move to `dev-dependencies`
[INFO] [stderr] warning: unused dependency `reqwest`
[INFO] [stderr]   --> Cargo.toml:30:15
[INFO] [stderr]    |
[INFO] [stderr] 30 | [dependencies.reqwest]
[INFO] [stderr]    |               ^^^^^^^^
[INFO] [stderr]    |
[INFO] [stderr] help: consider removing the dependency on `reqwest`
[INFO] [stderr] help: to still use for development builds, move to `dev-dependencies`
[INFO] [stderr] warning: `my-zero2prod` (manifest) generated 2 warnings
[INFO] [stderr]     Finished `release` profile [optimized] target(s) in 3m 15s
[INFO] [stderr] warning: the following packages contain code that will be rejected by a future version of Rust: proc-macro-error2 v2.0.1
[INFO] [stderr] note: to see what the problems were, use the option `--future-incompat-report`, or run `cargo report future-incompatibilities --id 3`
[INFO] running `Command { std: "docker" "inspect" "b0d7c1719aa802aed43f75ce485db2f35ae00e4f15372f8cdbcf963dcb7ab2bb", kill_on_drop: false }`
[INFO] running `Command { std: "docker" "exec" "-e" "SOURCE_DIR=/opt/rustwide/workdir" "-e" "CARGO_HOME=/opt/rustwide/cargo-home" "-e" "RUSTUP_HOME=/opt/rustwide/rustup-home" "-e" "CARGO_TARGET_DIR=/opt/rustwide/target" "-e" "CARGO_INCREMENTAL=0" "-e" "RUST_BACKTRACE=full" "-e" "RUSTFLAGS=--cap-lints=warn" "-e" "RUSTDOCFLAGS=--cap-lints=warn" "-w" "/opt/rustwide/workdir" "--user" "0:0" "b0d7c1719aa802aed43f75ce485db2f35ae00e4f15372f8cdbcf963dcb7ab2bb" "/opt/rustwide/cargo-home/bin/cargo" "+1.100.0-beta.1" "test" "--frozen" "--release", kill_on_drop: false }`
[INFO] [stderr] warning: unused dependency `claim`
[INFO] [stderr]  --> Cargo.toml:9:1
[INFO] [stderr]   |
[INFO] [stderr] 9 | claim = "0.5.0"
[INFO] [stderr]   | ^^^^^^^^^^^^^^^
[INFO] [stderr]   |
[INFO] [stderr]   = note: `cargo::unused_dependencies` is set to `warn` by default
[INFO] [stderr] help: consider removing the dependency on `claim`
[INFO] [stderr] help: to still use for development builds, move to `dev-dependencies`
[INFO] [stderr] warning: unused dependency `reqwest`
[INFO] [stderr]   --> Cargo.toml:30:15
[INFO] [stderr]    |
[INFO] [stderr] 30 | [dependencies.reqwest]
[INFO] [stderr]    |               ^^^^^^^^
[INFO] [stderr]    |
[INFO] [stderr] help: consider removing the dependency on `reqwest`
[INFO] [stderr] help: to still use for development builds, move to `dev-dependencies`
[INFO] [stderr] warning: `my-zero2prod` (manifest) generated 2 warnings
[INFO] [stderr]     Finished `release` profile [optimized] target(s) in 0.64s
[INFO] [stderr] warning: the following packages contain code that will be rejected by a future version of Rust: proc-macro-error2 v2.0.1
[INFO] [stderr] note: to see what the problems were, use the option `--future-incompat-report`, or run `cargo report future-incompatibilities --id 3`
[INFO] [stderr]      Running unittests src/lib.rs (/opt/rustwide/target/release/build/my-zero2prod/7a2310f8edd1b552/out/my_zero2prod-7a2310f8edd1b552)
[INFO] [stdout] 
[INFO] [stdout] running 11 tests
[INFO] [stdout] test domain::subscriber_name::tests::whitespace_only_names_are_rejected ... ok
[INFO] [stdout] test domain::subscriber_name::tests::a_name_longer_than_256_graphemes_is_rejected ... ok
[INFO] [stdout] test domain::subscriber_email::tests::empty_string_is_rejected ... ok
[INFO] [stdout] test domain::subscriber_name::tests::a_valid_name_is_parsed_successfully ... ok
[INFO] [stdout] test routes::health_check::tests::health_check_succeeds ... ok
[INFO] [stdout] test domain::subscriber_email::tests::valid_email_is_parsed_successfully ... ok
[INFO] [stdout] test domain::subscriber_email::tests::email_missing_subject_is_rejected ... ok
[INFO] [stdout] test domain::subscriber_email::tests::email_missing_at_symbol_is_rejected ... ok
[INFO] [stderr]      Running unittests src/main.rs (/opt/rustwide/target/release/build/my-zero2prod/8b0202a242285ecc/out/zero2prod-8b0202a242285ecc)
[INFO] [stdout] test domain::subscriber_name::tests::names_containing_an_invalid_character_are_rejected ... ok
[INFO] [stdout] test domain::subscriber_name::tests::a_256_grapheme_long_name_is_valid ... ok
[INFO] [stdout] test domain::subscriber_name::tests::empty_string_is_rejected ... ok
[INFO] [stdout] 
[INFO] [stdout] test result: ok. 11 passed; 0 failed; 0 ignored; 0 measured; 0 filtered out; finished in 0.01s
[INFO] [stdout] 
[INFO] [stdout] 
[INFO] [stdout] running 0 tests
[INFO] [stdout] 
[INFO] [stdout] test result: ok. 0 passed; 0 failed; 0 ignored; 0 measured; 0 filtered out; finished in 0.00s
[INFO] [stdout] 
[INFO] [stderr]      Running tests/api/main.rs (/opt/rustwide/target/release/build/my-zero2prod/2ff88af5ae0fb1b4/out/api-2ff88af5ae0fb1b4)
[INFO] [stdout] 
[INFO] [stdout] running 6 tests
[INFO] [stdout] test subscriptions::subscribe_returns_a_400_when_fields_are_present_but_empty ... FAILED
[INFO] [stdout] test subscriptions::subscribe_fails_if_there_is_a_fatal_database_error ... FAILED
[INFO] [stdout] test subscriptions::subscribe_returns_a_400_when_data_is_missing ... FAILED
[INFO] [stdout] test health_check::health_check_works ... FAILED
[INFO] [stdout] test subscription_confirm::confirmation_without_token_are_rejected_with_a_400 ... FAILED
[INFO] [stdout] test subscriptions::subscribe_returns_a_200_for_valid_form_data ... FAILED
[INFO] [stdout] 
[INFO] [stdout] failures:
[INFO] [stdout] 
[INFO] [stdout] ---- subscriptions::subscribe_returns_a_400_when_fields_are_present_but_empty stdout ----
[INFO] [stdout] 使用环境变量： Local
[INFO] [stdout] 
[INFO] [stdout] thread 'subscriptions::subscribe_returns_a_400_when_fields_are_present_but_empty' (5992) panicked at tests/api/helpers.rs:79:59:
[INFO] [stdout] called `Result::unwrap()` on an `Err` value: Conn(SqlxError(PoolTimedOut))
[INFO] [stdout] stack backtrace:
[INFO] [stdout]    0:     0x5b1ae95de541 - <<std[617be2ca0a6fd877]::sys::backtrace::BacktraceLock>::print::DisplayBacktrace as core[a373ad73a504971]::fmt::Display>::fmt
[INFO] [stdout]    1:     0x5b1ae95f8c8a - core[a373ad73a504971]::fmt::write
[INFO] [stdout]    2:     0x5b1ae95e385c - <alloc[2e1b2a31b91974c5]::vec::Vec<u8> as core[a373ad73a504971]::io::write::Write>::write_fmt
[INFO] [stdout]    3:     0x5b1ae95b8276 - std[617be2ca0a6fd877]::panicking::default_hook::{closure#0}
[INFO] [stdout]    4:     0x5b1ae95d5ff9 - std[617be2ca0a6fd877]::panicking::default_hook
[INFO] [stdout]    5:     0x5b1ae8f91b80 - test[aada8e7e76ba119b]::test_main_inner::{closure#0}
[INFO] [stdout]    6:     0x5b1ae95d6322 - std[617be2ca0a6fd877]::panicking::panic_with_hook
[INFO] [stdout]    7:     0x5b1ae95b8322 - std[617be2ca0a6fd877]::panicking::panic_handler::{closure#0}
[INFO] [stdout]    8:     0x5b1ae95b05f9 - std[617be2ca0a6fd877]::sys::backtrace::__rust_end_short_backtrace::<std[617be2ca0a6fd877]::panicking::panic_handler::{closure#0}, !>
[INFO] [stdout]    9:     0x5b1ae95b92cd - __rustc[ea4f61d10b84890b]::rust_begin_unwind
[INFO] [stdout]   10:     0x5b1ae95f94ac - core[a373ad73a504971]::panicking::panic_fmt
[INFO] [stdout]   11:     0x5b1ae95f9282 - core[a373ad73a504971]::result::unwrap_failed
[INFO] [stdout]   12:     0x5b1ae8ecd2f3 - api[73b5563f9cf644f6]::helpers::spawn_app::{closure#0}
[INFO] [stdout]   13:     0x5b1ae8ecbc85 - api[73b5563f9cf644f6]::subscriptions::subscribe_returns_a_400_when_fields_are_present_but_empty::{closure#0}
[INFO] [stdout]   14:     0x5b1ae8e8b338 - <tokio[24a52231c3a98cb5]::runtime::context::scoped::Scoped<tokio[24a52231c3a98cb5]::runtime::scheduler::Context>>::set::<<tokio[24a52231c3a98cb5]::runtime::scheduler::current_thread::CoreGuard>::enter<<tokio[24a52231c3a98cb5]::runtime::scheduler::current_thread::CoreGuard>::block_on<core[a373ad73a504971]::pin::Pin<&mut core[a373ad73a504971]::pin::Pin<&mut dyn core[a373ad73a504971]::future::future::Future<Output = ()>>>>::{closure#0}, core[a373ad73a504971]::option::Option<()>>::{closure#0}, (alloc[2e1b2a31b91974c5]::boxed::Box<tokio[24a52231c3a98cb5]::runtime::scheduler::current_thread::Core>, core[a373ad73a504971]::option::Option<()>)>
[INFO] [stdout]   15:     0x5b1ae8e8bb53 - <tokio[24a52231c3a98cb5]::runtime::scheduler::current_thread::CurrentThread>::block_on::<core[a373ad73a504971]::pin::Pin<&mut dyn core[a373ad73a504971]::future::future::Future<Output = ()>>>
[INFO] [stdout]   16:     0x5b1ae8e5fe12 - <tokio[24a52231c3a98cb5]::runtime::runtime::Runtime>::block_on::<core[a373ad73a504971]::pin::Pin<&mut dyn core[a373ad73a504971]::future::future::Future<Output = ()>>>
[INFO] [stdout]   17:     0x5b1ae8ecfcbe - <api[73b5563f9cf644f6]::subscriptions::subscribe_returns_a_400_when_fields_are_present_but_empty::{closure#0} as core[a373ad73a504971]::ops::function::FnOnce<()>>::call_once
[INFO] [stdout]   18:     0x5b1ae8f84fcb - test[aada8e7e76ba119b]::__rust_begin_short_backtrace::<core[a373ad73a504971]::result::Result<(), alloc[2e1b2a31b91974c5]::string::String>, fn() -> core[a373ad73a504971]::result::Result<(), alloc[2e1b2a31b91974c5]::string::String>>
[INFO] [stdout]   19:     0x5b1ae8f921a5 - test[aada8e7e76ba119b]::run_test::{closure#0}
[INFO] [stdout]   20:     0x5b1ae8f8ba94 - std[617be2ca0a6fd877]::sys::backtrace::__rust_begin_short_backtrace::<test[aada8e7e76ba119b]::run_test::{closure#1}, ()>
[INFO] [stdout]   21:     0x5b1ae8f95232 - <std[617be2ca0a6fd877]::thread::lifecycle::spawn_unchecked<test[aada8e7e76ba119b]::run_test::{closure#1}, ()>::{closure#1} as core[a373ad73a504971]::ops::function::FnOnce<()>>::call_once::{shim:vtable#0}
[INFO] [stdout]   22:     0x5b1ae95dd6df - <std[617be2ca0a6fd877]::sys::thread::unix::Thread>::new::thread_start
[INFO] [stdout]   23:     0x734535b71dfa - <unknown>
[INFO] [stdout]   24:     0x734535c053d4 - clone
[INFO] [stdout]   25:                0x0 - <unknown>
[INFO] [stdout] 
[INFO] [stdout] ---- subscriptions::subscribe_fails_if_there_is_a_fatal_database_error stdout ----
[INFO] [stdout] 使用环境变量： Local
[INFO] [stdout] 
[INFO] [stdout] thread 'subscriptions::subscribe_fails_if_there_is_a_fatal_database_error' (5989) panicked at tests/api/helpers.rs:79:59:
[INFO] [stdout] called `Result::unwrap()` on an `Err` value: Conn(SqlxError(PoolTimedOut))
[INFO] [stdout] stack backtrace:
[INFO] [stdout]    0:     0x5b1ae95de541 - <<std[617be2ca0a6fd877]::sys::backtrace::BacktraceLock>::print::DisplayBacktrace as core[a373ad73a504971]::fmt::Display>::fmt
[INFO] [stdout]    1:     0x5b1ae95f8c8a - core[a373ad73a504971]::fmt::write
[INFO] [stdout]    2:     0x5b1ae95e385c - <alloc[2e1b2a31b91974c5]::vec::Vec<u8> as core[a373ad73a504971]::io::write::Write>::write_fmt
[INFO] [stdout]    3:     0x5b1ae95b8276 - std[617be2ca0a6fd877]::panicking::default_hook::{closure#0}
[INFO] [stdout]    4:     0x5b1ae95d5ff9 - std[617be2ca0a6fd877]::panicking::default_hook
[INFO] [stdout]    5:     0x5b1ae8f91b80 - test[aada8e7e76ba119b]::test_main_inner::{closure#0}
[INFO] [stdout]    6:     0x5b1ae95d6322 - std[617be2ca0a6fd877]::panicking::panic_with_hook
[INFO] [stdout]    7:     0x5b1ae95b8322 - std[617be2ca0a6fd877]::panicking::panic_handler::{closure#0}
[INFO] [stdout]    8:     0x5b1ae95b05f9 - std[617be2ca0a6fd877]::sys::backtrace::__rust_end_short_backtrace::<std[617be2ca0a6fd877]::panicking::panic_handler::{closure#0}, !>
[INFO] [stdout]    9:     0x5b1ae95b92cd - __rustc[ea4f61d10b84890b]::rust_begin_unwind
[INFO] [stdout]   10:     0x5b1ae95f94ac - core[a373ad73a504971]::panicking::panic_fmt
[INFO] [stdout]   11:     0x5b1ae95f9282 - core[a373ad73a504971]::result::unwrap_failed
[INFO] [stdout]   12:     0x5b1ae8ecd2f3 - api[73b5563f9cf644f6]::helpers::spawn_app::{closure#0}
[INFO] [stdout]   13:     0x5b1ae8ecb8d9 - api[73b5563f9cf644f6]::subscriptions::subscribe_fails_if_there_is_a_fatal_database_error::{closure#0}
[INFO] [stdout]   14:     0x5b1ae8e8b338 - <tokio[24a52231c3a98cb5]::runtime::context::scoped::Scoped<tokio[24a52231c3a98cb5]::runtime::scheduler::Context>>::set::<<tokio[24a52231c3a98cb5]::runtime::scheduler::current_thread::CoreGuard>::enter<<tokio[24a52231c3a98cb5]::runtime::scheduler::current_thread::CoreGuard>::block_on<core[a373ad73a504971]::pin::Pin<&mut core[a373ad73a504971]::pin::Pin<&mut dyn core[a373ad73a504971]::future::future::Future<Output = ()>>>>::{closure#0}, core[a373ad73a504971]::option::Option<()>>::{closure#0}, (alloc[2e1b2a31b91974c5]::boxed::Box<tokio[24a52231c3a98cb5]::runtime::scheduler::current_thread::Core>, core[a373ad73a504971]::option::Option<()>)>
[INFO] [stdout]   15:     0x5b1ae8e8bb53 - <tokio[24a52231c3a98cb5]::runtime::scheduler::current_thread::CurrentThread>::block_on::<core[a373ad73a504971]::pin::Pin<&mut dyn core[a373ad73a504971]::future::future::Future<Output = ()>>>
[INFO] [stdout]   16:     0x5b1ae8e5fe12 - <tokio[24a52231c3a98cb5]::runtime::runtime::Runtime>::block_on::<core[a373ad73a504971]::pin::Pin<&mut dyn core[a373ad73a504971]::future::future::Future<Output = ()>>>
[INFO] [stdout]   17:     0x5b1ae8ecfb5e - <api[73b5563f9cf644f6]::subscriptions::subscribe_fails_if_there_is_a_fatal_database_error::{closure#0} as core[a373ad73a504971]::ops::function::FnOnce<()>>::call_once
[INFO] [stdout]   18:     0x5b1ae8f84fcb - test[aada8e7e76ba119b]::__rust_begin_short_backtrace::<core[a373ad73a504971]::result::Result<(), alloc[2e1b2a31b91974c5]::string::String>, fn() -> core[a373ad73a504971]::result::Result<(), alloc[2e1b2a31b91974c5]::string::String>>
[INFO] [stdout]   19:     0x5b1ae8f921a5 - test[aada8e7e76ba119b]::run_test::{closure#0}
[INFO] [stdout]   20:     0x5b1ae8f8ba94 - std[617be2ca0a6fd877]::sys::backtrace::__rust_begin_short_backtrace::<test[aada8e7e76ba119b]::run_test::{closure#1}, ()>
[INFO] [stdout]   21:     0x5b1ae8f95232 - <std[617be2ca0a6fd877]::thread::lifecycle::spawn_unchecked<test[aada8e7e76ba119b]::run_test::{closure#1}, ()>::{closure#1} as core[a373ad73a504971]::ops::function::FnOnce<()>>::call_once::{shim:vtable#0}
[INFO] [stdout]   22:     0x5b1ae95dd6df - <std[617be2ca0a6fd877]::sys::thread::unix::Thread>::new::thread_start
[INFO] [stdout]   23:     0x734535b71dfa - <unknown>
[INFO] [stdout]   24:     0x734535c053d4 - clone
[INFO] [stdout]   25:                0x0 - <unknown>
[INFO] [stdout] 
[INFO] [stdout] ---- subscriptions::subscribe_returns_a_400_when_data_is_missing stdout ----
[INFO] [stdout] 使用环境变量： Local
[INFO] [stdout] 
[INFO] [stdout] thread 'subscriptions::subscribe_returns_a_400_when_data_is_missing' (5991) panicked at tests/api/helpers.rs:79:59:
[INFO] [stdout] called `Result::unwrap()` on an `Err` value: Conn(SqlxError(PoolTimedOut))
[INFO] [stdout] stack backtrace:
[INFO] [stdout]    0:     0x5b1ae95de541 - <<std[617be2ca0a6fd877]::sys::backtrace::BacktraceLock>::print::DisplayBacktrace as core[a373ad73a504971]::fmt::Display>::fmt
[INFO] [stdout]    1:     0x5b1ae95f8c8a - core[a373ad73a504971]::fmt::write
[INFO] [stdout]    2:     0x5b1ae95e385c - <alloc[2e1b2a31b91974c5]::vec::Vec<u8> as core[a373ad73a504971]::io::write::Write>::write_fmt
[INFO] [stdout]    3:     0x5b1ae95b8276 - std[617be2ca0a6fd877]::panicking::default_hook::{closure#0}
[INFO] [stdout]    4:     0x5b1ae95d5ff9 - std[617be2ca0a6fd877]::panicking::default_hook
[INFO] [stdout]    5:     0x5b1ae8f91b80 - test[aada8e7e76ba119b]::test_main_inner::{closure#0}
[INFO] [stdout]    6:     0x5b1ae95d6322 - std[617be2ca0a6fd877]::panicking::panic_with_hook
[INFO] [stdout]    7:     0x5b1ae95b8322 - std[617be2ca0a6fd877]::panicking::panic_handler::{closure#0}
[INFO] [stdout]    8:     0x5b1ae95b05f9 - std[617be2ca0a6fd877]::sys::backtrace::__rust_end_short_backtrace::<std[617be2ca0a6fd877]::panicking::panic_handler::{closure#0}, !>
[INFO] [stdout]    9:     0x5b1ae95b92cd - __rustc[ea4f61d10b84890b]::rust_begin_unwind
[INFO] [stdout]   10:     0x5b1ae95f94ac - core[a373ad73a504971]::panicking::panic_fmt
[INFO] [stdout]   11:     0x5b1ae95f9282 - core[a373ad73a504971]::result::unwrap_failed
[INFO] [stdout]   12:     0x5b1ae8ecd2f3 - api[73b5563f9cf644f6]::helpers::spawn_app::{closure#0}
[INFO] [stdout]   13:     0x5b1ae8ecb535 - api[73b5563f9cf644f6]::subscriptions::subscribe_returns_a_400_when_data_is_missing::{closure#0}
[INFO] [stdout]   14:     0x5b1ae8e8b338 - <tokio[24a52231c3a98cb5]::runtime::context::scoped::Scoped<tokio[24a52231c3a98cb5]::runtime::scheduler::Context>>::set::<<tokio[24a52231c3a98cb5]::runtime::scheduler::current_thread::CoreGuard>::enter<<tokio[24a52231c3a98cb5]::runtime::scheduler::current_thread::CoreGuard>::block_on<core[a373ad73a504971]::pin::Pin<&mut core[a373ad73a504971]::pin::Pin<&mut dyn core[a373ad73a504971]::future::future::Future<Output = ()>>>>::{closure#0}, core[a373ad73a504971]::option::Option<()>>::{closure#0}, (alloc[2e1b2a31b91974c5]::boxed::Box<tokio[24a52231c3a98cb5]::runtime::scheduler::current_thread::Core>, core[a373ad73a504971]::option::Option<()>)>
[INFO] [stdout]   15:     0x5b1ae8e8bb53 - <tokio[24a52231c3a98cb5]::runtime::scheduler::current_thread::CurrentThread>::block_on::<core[a373ad73a504971]::pin::Pin<&mut dyn core[a373ad73a504971]::future::future::Future<Output = ()>>>
[INFO] [stdout]   16:     0x5b1ae8e5fe12 - <tokio[24a52231c3a98cb5]::runtime::runtime::Runtime>::block_on::<core[a373ad73a504971]::pin::Pin<&mut dyn core[a373ad73a504971]::future::future::Future<Output = ()>>>
[INFO] [stdout]   17:     0x5b1ae8ecf9fe - <api[73b5563f9cf644f6]::subscriptions::subscribe_returns_a_400_when_data_is_missing::{closure#0} as core[a373ad73a504971]::ops::function::FnOnce<()>>::call_once
[INFO] [stdout]   18:     0x5b1ae8f84fcb - test[aada8e7e76ba119b]::__rust_begin_short_backtrace::<core[a373ad73a504971]::result::Result<(), alloc[2e1b2a31b91974c5]::string::String>, fn() -> core[a373ad73a504971]::result::Result<(), alloc[2e1b2a31b91974c5]::string::String>>
[INFO] [stdout]   19:     0x5b1ae8f921a5 - test[aada8e7e76ba119b]::run_test::{closure#0}
[INFO] [stdout]   20:     0x5b1ae8f8ba94 - std[617be2ca0a6fd877]::sys::backtrace::__rust_begin_short_backtrace::<test[aada8e7e76ba119b]::run_test::{closure#1}, ()>
[INFO] [stdout]   21:     0x5b1ae8f95232 - <std[617be2ca0a6fd877]::thread::lifecycle::spawn_unchecked<test[aada8e7e76ba119b]::run_test::{closure#1}, ()>::{closure#1} as core[a373ad73a504971]::ops::function::FnOnce<()>>::call_once::{shim:vtable#0}
[INFO] [stdout]   22:     0x5b1ae95dd6df - <std[617be2ca0a6fd877]::sys::thread::unix::Thread>::new::thread_start
[INFO] [stdout]   23:     0x734535b71dfa - <unknown>
[INFO] [stdout]   24:     0x734535c053d4 - clone
[INFO] [stdout]   25:                0x0 - <unknown>
[INFO] [stdout] 
[INFO] [stdout] ---- health_check::health_check_works stdout ----
[INFO] [stdout] 使用环境变量： Local
[INFO] [stdout] 
[INFO] [stdout] thread 'health_check::health_check_works' (5987) panicked at tests/api/helpers.rs:79:59:
[INFO] [stdout] called `Result::unwrap()` on an `Err` value: Conn(SqlxError(PoolTimedOut))
[INFO] [stdout] stack backtrace:
[INFO] [stdout]    0:     0x5b1ae95de541 - <<std[617be2ca0a6fd877]::sys::backtrace::BacktraceLock>::print::DisplayBacktrace as core[a373ad73a504971]::fmt::Display>::fmt
[INFO] [stdout]    1:     0x5b1ae95f8c8a - core[a373ad73a504971]::fmt::write
[INFO] [stdout]    2:     0x5b1ae95e385c - <alloc[2e1b2a31b91974c5]::vec::Vec<u8> as core[a373ad73a504971]::io::write::Write>::write_fmt
[INFO] [stdout]    3:     0x5b1ae95b8276 - std[617be2ca0a6fd877]::panicking::default_hook::{closure#0}
[INFO] [stdout]    4:     0x5b1ae95d5ff9 - std[617be2ca0a6fd877]::panicking::default_hook
[INFO] [stdout]    5:     0x5b1ae8f91b80 - test[aada8e7e76ba119b]::test_main_inner::{closure#0}
[INFO] [stdout]    6:     0x5b1ae95d6322 - std[617be2ca0a6fd877]::panicking::panic_with_hook
[INFO] [stdout]    7:     0x5b1ae95b8322 - std[617be2ca0a6fd877]::panicking::panic_handler::{closure#0}
[INFO] [stdout]    8:     0x5b1ae95b05f9 - std[617be2ca0a6fd877]::sys::backtrace::__rust_end_short_backtrace::<std[617be2ca0a6fd877]::panicking::panic_handler::{closure#0}, !>
[INFO] [stdout]    9:     0x5b1ae95b92cd - __rustc[ea4f61d10b84890b]::rust_begin_unwind
[INFO] [stdout]   10:     0x5b1ae95f94ac - core[a373ad73a504971]::panicking::panic_fmt
[INFO] [stdout]   11:     0x5b1ae95f9282 - core[a373ad73a504971]::result::unwrap_failed
[INFO] [stdout]   12:     0x5b1ae8e11f8e - api[73b5563f9cf644f6]::health_check::health_check_works::{closure#0}
[INFO] [stdout]   13:     0x5b1ae8e8b338 - <tokio[24a52231c3a98cb5]::runtime::context::scoped::Scoped<tokio[24a52231c3a98cb5]::runtime::scheduler::Context>>::set::<<tokio[24a52231c3a98cb5]::runtime::scheduler::current_thread::CoreGuard>::enter<<tokio[24a52231c3a98cb5]::runtime::scheduler::current_thread::CoreGuard>::block_on<core[a373ad73a504971]::pin::Pin<&mut core[a373ad73a504971]::pin::Pin<&mut dyn core[a373ad73a504971]::future::future::Future<Output = ()>>>>::{closure#0}, core[a373ad73a504971]::option::Option<()>>::{closure#0}, (alloc[2e1b2a31b91974c5]::boxed::Box<tokio[24a52231c3a98cb5]::runtime::scheduler::current_thread::Core>, core[a373ad73a504971]::option::Option<()>)>
[INFO] [stdout]   14:     0x5b1ae8e8bb53 - <tokio[24a52231c3a98cb5]::runtime::scheduler::current_thread::CurrentThread>::block_on::<core[a373ad73a504971]::pin::Pin<&mut dyn core[a373ad73a504971]::future::future::Future<Output = ()>>>
[INFO] [stdout]   15:     0x5b1ae8e5fe12 - <tokio[24a52231c3a98cb5]::runtime::runtime::Runtime>::block_on::<core[a373ad73a504971]::pin::Pin<&mut dyn core[a373ad73a504971]::future::future::Future<Output = ()>>>
[INFO] [stdout]   16:     0x5b1ae8e1633e - <api[73b5563f9cf644f6]::health_check::health_check_works::{closure#0} as core[a373ad73a504971]::ops::function::FnOnce<()>>::call_once
[INFO] [stdout]   17:     0x5b1ae8f84fcb - test[aada8e7e76ba119b]::__rust_begin_short_backtrace::<core[a373ad73a504971]::result::Result<(), alloc[2e1b2a31b91974c5]::string::String>, fn() -> core[a373ad73a504971]::result::Result<(), alloc[2e1b2a31b91974c5]::string::String>>
[INFO] [stdout]   18:     0x5b1ae8f921a5 - test[aada8e7e76ba119b]::run_test::{closure#0}
[INFO] [stdout]   19:     0x5b1ae8f8ba94 - std[617be2ca0a6fd877]::sys::backtrace::__rust_begin_short_backtrace::<test[aada8e7e76ba119b]::run_test::{closure#1}, ()>
[INFO] [stdout]   20:     0x5b1ae8f95232 - <std[617be2ca0a6fd877]::thread::lifecycle::spawn_unchecked<test[aada8e7e76ba119b]::run_test::{closure#1}, ()>::{closure#1} as core[a373ad73a504971]::ops::function::FnOnce<()>>::call_once::{shim:vtable#0}
[INFO] [stdout]   21:     0x5b1ae95dd6df - <std[617be2ca0a6fd877]::sys::thread::unix::Thread>::new::thread_start
[INFO] [stdout]   22:     0x734535b71dfa - <unknown>
[INFO] [stdout]   23:     0x734535c053d4 - clone
[INFO] [stdout]   24:                0x0 - <unknown>
[INFO] [stdout] 
[INFO] [stdout] ---- subscription_confirm::confirmation_without_token_are_rejected_with_a_400 stdout ----
[INFO] [stdout] 使用环境变量： Local
[INFO] [stdout] 
[INFO] [stdout] thread 'subscription_confirm::confirmation_without_token_are_rejected_with_a_400' (5988) panicked at tests/api/helpers.rs:79:59:
[INFO] [stdout] called `Result::unwrap()` on an `Err` value: Conn(SqlxError(PoolTimedOut))
[INFO] [stdout] stack backtrace:
[INFO] [stdout]    0:     0x5b1ae95de541 - <<std[617be2ca0a6fd877]::sys::backtrace::BacktraceLock>::print::DisplayBacktrace as core[a373ad73a504971]::fmt::Display>::fmt
[INFO] [stdout]    1:     0x5b1ae95f8c8a - core[a373ad73a504971]::fmt::write
[INFO] [stdout]    2:     0x5b1ae95e385c - <alloc[2e1b2a31b91974c5]::vec::Vec<u8> as core[a373ad73a504971]::io::write::Write>::write_fmt
[INFO] [stdout]    3:     0x5b1ae95b8276 - std[617be2ca0a6fd877]::panicking::default_hook::{closure#0}
[INFO] [stdout]    4:     0x5b1ae95d5ff9 - std[617be2ca0a6fd877]::panicking::default_hook
[INFO] [stdout]    5:     0x5b1ae8f91b80 - test[aada8e7e76ba119b]::test_main_inner::{closure#0}
[INFO] [stdout]    6:     0x5b1ae95d6322 - std[617be2ca0a6fd877]::panicking::panic_with_hook
[INFO] [stdout]    7:     0x5b1ae95b8322 - std[617be2ca0a6fd877]::panicking::panic_handler::{closure#0}
[INFO] [stdout]    8:     0x5b1ae95b05f9 - std[617be2ca0a6fd877]::sys::backtrace::__rust_end_short_backtrace::<std[617be2ca0a6fd877]::panicking::panic_handler::{closure#0}, !>
[INFO] [stdout]    9:     0x5b1ae95b92cd - __rustc[ea4f61d10b84890b]::rust_begin_unwind
[INFO] [stdout]   10:     0x5b1ae95f94ac - core[a373ad73a504971]::panicking::panic_fmt
[INFO] [stdout]   11:     0x5b1ae95f9282 - core[a373ad73a504971]::result::unwrap_failed
[INFO] [stdout]   12:     0x5b1ae8ef603f - api[73b5563f9cf644f6]::subscription_confirm::confirmation_without_token_are_rejected_with_a_400::{closure#0}
[INFO] [stdout]   13:     0x5b1ae8e8b338 - <tokio[24a52231c3a98cb5]::runtime::context::scoped::Scoped<tokio[24a52231c3a98cb5]::runtime::scheduler::Context>>::set::<<tokio[24a52231c3a98cb5]::runtime::scheduler::current_thread::CoreGuard>::enter<<tokio[24a52231c3a98cb5]::runtime::scheduler::current_thread::CoreGuard>::block_on<core[a373ad73a504971]::pin::Pin<&mut core[a373ad73a504971]::pin::Pin<&mut dyn core[a373ad73a504971]::future::future::Future<Output = ()>>>>::{closure#0}, core[a373ad73a504971]::option::Option<()>>::{closure#0}, (alloc[2e1b2a31b91974c5]::boxed::Box<tokio[24a52231c3a98cb5]::runtime::scheduler::current_thread::Core>, core[a373ad73a504971]::option::Option<()>)>
[INFO] [stdout]   14:     0x5b1ae8e8bb53 - <tokio[24a52231c3a98cb5]::runtime::scheduler::current_thread::CurrentThread>::block_on::<core[a373ad73a504971]::pin::Pin<&mut dyn core[a373ad73a504971]::future::future::Future<Output = ()>>>
[INFO] [stdout]   15:     0x5b1ae8e5fe12 - <tokio[24a52231c3a98cb5]::runtime::runtime::Runtime>::block_on::<core[a373ad73a504971]::pin::Pin<&mut dyn core[a373ad73a504971]::future::future::Future<Output = ()>>>
[INFO] [stdout]   16:     0x5b1ae8ef7eee - <api[73b5563f9cf644f6]::subscription_confirm::confirmation_without_token_are_rejected_with_a_400::{closure#0} as core[a373ad73a504971]::ops::function::FnOnce<()>>::call_once
[INFO] [stdout]   17:     0x5b1ae8f84fcb - test[aada8e7e76ba119b]::__rust_begin_short_backtrace::<core[a373ad73a504971]::result::Result<(), alloc[2e1b2a31b91974c5]::string::String>, fn() -> core[a373ad73a504971]::result::Result<(), alloc[2e1b2a31b91974c5]::string::String>>
[INFO] [stdout]   18:     0x5b1ae8f921a5 - test[aada8e7e76ba119b]::run_test::{closure#0}
[INFO] [stdout]   19:     0x5b1ae8f8ba94 - std[617be2ca0a6fd877]::sys::backtrace::__rust_begin_short_backtrace::<test[aada8e7e76ba119b]::run_test::{closure#1}, ()>
[INFO] [stdout]   20:     0x5b1ae8f95232 - <std[617be2ca0a6fd877]::thread::lifecycle::spawn_unchecked<test[aada8e7e76ba119b]::run_test::{closure#1}, ()>::{closure#1} as core[a373ad73a504971]::ops::function::FnOnce<()>>::call_once::{shim:vtable#0}
[INFO] [stdout]   21:     0x5b1ae95dd6df - <std[617be2ca0a6fd877]::sys::thread::unix::Thread>::new::thread_start
[INFO] [stdout]   22:     0x734535b71dfa - <unknown>
[INFO] [stdout]   23:     0x734535c053d4 - clone
[INFO] [stdout]   24:                0x0 - <unknown>
[INFO] [stderr] error: test failed, to rerun pass `--test api`
[INFO] [stdout] 
[INFO] [stdout] ---- subscriptions::subscribe_returns_a_200_for_valid_form_data stdout ----
[INFO] [stdout] 使用环境变量： Local
[INFO] [stdout] 
[INFO] [stdout] thread 'subscriptions::subscribe_returns_a_200_for_valid_form_data' (5990) panicked at tests/api/helpers.rs:79:59:
[INFO] [stdout] called `Result::unwrap()` on an `Err` value: Conn(SqlxError(PoolTimedOut))
[INFO] [stdout] stack backtrace:
[INFO] [stdout]    0:     0x5b1ae95de541 - <<std[617be2ca0a6fd877]::sys::backtrace::BacktraceLock>::print::DisplayBacktrace as core[a373ad73a504971]::fmt::Display>::fmt
[INFO] [stdout]    1:     0x5b1ae95f8c8a - core[a373ad73a504971]::fmt::write
[INFO] [stdout]    2:     0x5b1ae95e385c - <alloc[2e1b2a31b91974c5]::vec::Vec<u8> as core[a373ad73a504971]::io::write::Write>::write_fmt
[INFO] [stdout]    3:     0x5b1ae95b8276 - std[617be2ca0a6fd877]::panicking::default_hook::{closure#0}
[INFO] [stdout]    4:     0x5b1ae95d5ff9 - std[617be2ca0a6fd877]::panicking::default_hook
[INFO] [stdout]    5:     0x5b1ae8f91b80 - test[aada8e7e76ba119b]::test_main_inner::{closure#0}
[INFO] [stdout]    6:     0x5b1ae95d6322 - std[617be2ca0a6fd877]::panicking::panic_with_hook
[INFO] [stdout]    7:     0x5b1ae95b8322 - std[617be2ca0a6fd877]::panicking::panic_handler::{closure#0}
[INFO] [stdout]    8:     0x5b1ae95b05f9 - std[617be2ca0a6fd877]::sys::backtrace::__rust_end_short_backtrace::<std[617be2ca0a6fd877]::panicking::panic_handler::{closure#0}, !>
[INFO] [stdout]    9:     0x5b1ae95b92cd - __rustc[ea4f61d10b84890b]::rust_begin_unwind
[INFO] [stdout]   10:     0x5b1ae95f94ac - core[a373ad73a504971]::panicking::panic_fmt
[INFO] [stdout]   11:     0x5b1ae95f9282 - core[a373ad73a504971]::result::unwrap_failed
[INFO] [stdout]   12:     0x5b1ae8ecd2f3 - api[73b5563f9cf644f6]::helpers::spawn_app::{closure#0}
[INFO] [stdout]   13:     0x5b1ae8eca84f - api[73b5563f9cf644f6]::subscriptions::subscribe_returns_a_200_for_valid_form_data::{closure#0}
[INFO] [stdout]   14:     0x5b1ae8e8b338 - <tokio[24a52231c3a98cb5]::runtime::context::scoped::Scoped<tokio[24a52231c3a98cb5]::runtime::scheduler::Context>>::set::<<tokio[24a52231c3a98cb5]::runtime::scheduler::current_thread::CoreGuard>::enter<<tokio[24a52231c3a98cb5]::runtime::scheduler::current_thread::CoreGuard>::block_on<core[a373ad73a504971]::pin::Pin<&mut core[a373ad73a504971]::pin::Pin<&mut dyn core[a373ad73a504971]::future::future::Future<Output = ()>>>>::{closure#0}, core[a373ad73a504971]::option::Option<()>>::{closure#0}, (alloc[2e1b2a31b91974c5]::boxed::Box<tokio[24a52231c3a98cb5]::runtime::scheduler::current_thread::Core>, core[a373ad73a504971]::option::Option<()>)>
[INFO] [stdout]   15:     0x5b1ae8e8bb53 - <tokio[24a52231c3a98cb5]::runtime::scheduler::current_thread::CurrentThread>::block_on::<core[a373ad73a504971]::pin::Pin<&mut dyn core[a373ad73a504971]::future::future::Future<Output = ()>>>
[INFO] [stdout]   16:     0x5b1ae8e5fe12 - <tokio[24a52231c3a98cb5]::runtime::runtime::Runtime>::block_on::<core[a373ad73a504971]::pin::Pin<&mut dyn core[a373ad73a504971]::future::future::Future<Output = ()>>>
[INFO] [stdout]   17:     0x5b1ae8ecf89e - <api[73b5563f9cf644f6]::subscriptions::subscribe_returns_a_200_for_valid_form_data::{closure#0} as core[a373ad73a504971]::ops::function::FnOnce<()>>::call_once
[INFO] [stdout]   18:     0x5b1ae8f84fcb - test[aada8e7e76ba119b]::__rust_begin_short_backtrace::<core[a373ad73a504971]::result::Result<(), alloc[2e1b2a31b91974c5]::string::String>, fn() -> core[a373ad73a504971]::result::Result<(), alloc[2e1b2a31b91974c5]::string::String>>
[INFO] [stdout]   19:     0x5b1ae8f921a5 - test[aada8e7e76ba119b]::run_test::{closure#0}
[INFO] [stdout]   20:     0x5b1ae8f8ba94 - std[617be2ca0a6fd877]::sys::backtrace::__rust_begin_short_backtrace::<test[aada8e7e76ba119b]::run_test::{closure#1}, ()>
[INFO] [stdout]   21:     0x5b1ae8f95232 - <std[617be2ca0a6fd877]::thread::lifecycle::spawn_unchecked<test[aada8e7e76ba119b]::run_test::{closure#1}, ()>::{closure#1} as core[a373ad73a504971]::ops::function::FnOnce<()>>::call_once::{shim:vtable#0}
[INFO] [stdout]   22:     0x5b1ae95dd6df - <std[617be2ca0a6fd877]::sys::thread::unix::Thread>::new::thread_start
[INFO] [stdout]   23:     0x734535b71dfa - <unknown>
[INFO] [stdout]   24:     0x734535c053d4 - clone
[INFO] [stdout]   25:                0x0 - <unknown>
[INFO] [stdout] 
[INFO] [stdout] 
[INFO] [stdout] failures:
[INFO] [stdout]     health_check::health_check_works
[INFO] [stdout]     subscription_confirm::confirmation_without_token_are_rejected_with_a_400
[INFO] [stdout]     subscriptions::subscribe_fails_if_there_is_a_fatal_database_error
[INFO] [stdout]     subscriptions::subscribe_returns_a_200_for_valid_form_data
[INFO] [stdout]     subscriptions::subscribe_returns_a_400_when_data_is_missing
[INFO] [stdout]     subscriptions::subscribe_returns_a_400_when_fields_are_present_but_empty
[INFO] [stdout] 
[INFO] [stdout] test result: FAILED. 0 passed; 6 failed; 0 ignored; 0 measured; 0 filtered out; finished in 9.00s
[INFO] [stdout] 
[INFO] running `Command { std: "docker" "inspect" "b0d7c1719aa802aed43f75ce485db2f35ae00e4f15372f8cdbcf963dcb7ab2bb", kill_on_drop: false }`
[INFO] running `Command { std: "docker" "rm" "-f" "b0d7c1719aa802aed43f75ce485db2f35ae00e4f15372f8cdbcf963dcb7ab2bb", kill_on_drop: false }`
[INFO] [stdout] b0d7c1719aa802aed43f75ce485db2f35ae00e4f15372f8cdbcf963dcb7ab2bb
