[INFO] cloning repository https://github.com/vurtnr/01-class
[INFO] running `Command { std: "git" "-c" "credential.helper=" "-c" "credential.helper=/workspace/cargo-home/bin/git-credential-null" "clone" "--bare" "https://github.com/vurtnr/01-class" "/workspace/cache/git-repos/https%3A%2F%2Fgithub.com%2Fvurtnr%2F01-class", kill_on_drop: false }`
[INFO] [stderr] Cloning into bare repository '/workspace/cache/git-repos/https%3A%2F%2Fgithub.com%2Fvurtnr%2F01-class'...
[INFO] running `Command { std: "git" "rev-parse" "HEAD", kill_on_drop: false }`
[INFO] [stdout] ceec6d83ae346fd427c2e0d2b86ab9f916a91e4b
[INFO] testing vurtnr/01-class against 1.100.0-beta.1+cargoflags=--release for beta-release-1.100-2
[INFO] running `Command { std: "git" "clone" "/workspace/cache/git-repos/https%3A%2F%2Fgithub.com%2Fvurtnr%2F01-class" "/workspace/builds/worker-3-tc2/source", kill_on_drop: false }`
[INFO] [stderr] Cloning into '/workspace/builds/worker-3-tc2/source'...
[INFO] [stderr] done.
[INFO] started tweaking git repo https://github.com/vurtnr/01-class
[INFO] finished tweaking git repo https://github.com/vurtnr/01-class
[INFO] tweaked toml for git repo https://github.com/vurtnr/01-class written to /workspace/builds/worker-3-tc2/source/Cargo.toml
[INFO] validating manifest of git repo https://github.com/vurtnr/01-class on toolchain 1.100.0-beta.1
[INFO] running `Command { std: CARGO_HOME="/workspace/cargo-home" RUSTUP_HOME="/workspace/rustup-home" "/workspace/cargo-home/bin/cargo" "+1.100.0-beta.1" "metadata" "--manifest-path" "Cargo.toml" "--no-deps", kill_on_drop: false }`
[INFO] crate git repo https://github.com/vurtnr/01-class already has a lockfile, it will not be regenerated
[INFO] running `Command { std: CARGO_HOME="/workspace/cargo-home" RUSTUP_HOME="/workspace/rustup-home" "/workspace/cargo-home/bin/cargo" "+1.100.0-beta.1" "fetch" "--manifest-path" "Cargo.toml", kill_on_drop: false }`
[INFO] [stderr]     Blocking waiting for file lock on package cache
[INFO] [stderr]     Blocking waiting for file lock on package cache
[INFO] running `Command { std: "docker" "create" "-v" "/var/lib/crater-agent-workspace/builds/worker-3-tc2/source:/opt/rustwide/workdir:ro,Z" "-v" "/var/lib/crater-agent-workspace/builds/worker-3-tc2/target:/opt/rustwide/target:rw,Z" "-v" "/var/lib/crater-agent-workspace/cargo-home:/opt/rustwide/cargo-home:ro,Z" "-v" "/var/lib/crater-agent-workspace/rustup-home:/opt/rustwide/rustup-home:ro,Z" "-m" "1610612736" "--network" "none" "ghcr.io/rust-lang/crates-build-env/linux@sha256:77db811e55d90add9212f6832c23229e3de5f1c1f9905e8cb07319ea15df73ac" "sleep" "infinity", kill_on_drop: false }`
[INFO] [stdout] e194875fafe73179df4b12d8a627e9d8646aa3c2c3b3aa9329047205fd6bb4c8
[INFO] running `Command { std: "docker" "start" "e194875fafe73179df4b12d8a627e9d8646aa3c2c3b3aa9329047205fd6bb4c8", kill_on_drop: false }`
[INFO] running `Command { std: "docker" "inspect" "e194875fafe73179df4b12d8a627e9d8646aa3c2c3b3aa9329047205fd6bb4c8", kill_on_drop: false }`
[INFO] running `Command { std: "docker" "exec" "-e" "SOURCE_DIR=/opt/rustwide/workdir" "-e" "CARGO_HOME=/opt/rustwide/cargo-home" "-e" "RUSTUP_HOME=/opt/rustwide/rustup-home" "-e" "CARGO_TARGET_DIR=/opt/rustwide/target" "-w" "/opt/rustwide/workdir" "--user" "0:0" "e194875fafe73179df4b12d8a627e9d8646aa3c2c3b3aa9329047205fd6bb4c8" "/opt/rustwide/cargo-home/bin/cargo" "+1.100.0-beta.1" "metadata" "--no-deps" "--format-version=1", kill_on_drop: false }`
[INFO] running `Command { std: "docker" "inspect" "e194875fafe73179df4b12d8a627e9d8646aa3c2c3b3aa9329047205fd6bb4c8", kill_on_drop: false }`
[INFO] running `Command { std: "docker" "exec" "-e" "SOURCE_DIR=/opt/rustwide/workdir" "-e" "CARGO_HOME=/opt/rustwide/cargo-home" "-e" "RUSTUP_HOME=/opt/rustwide/rustup-home" "-e" "CARGO_TARGET_DIR=/opt/rustwide/target" "-e" "CARGO_INCREMENTAL=0" "-e" "RUST_BACKTRACE=full" "-e" "RUSTFLAGS=--cap-lints=warn" "-e" "RUSTDOCFLAGS=--cap-lints=warn" "-w" "/opt/rustwide/workdir" "--user" "0:0" "e194875fafe73179df4b12d8a627e9d8646aa3c2c3b3aa9329047205fd6bb4c8" "/opt/rustwide/cargo-home/bin/cargo" "+1.100.0-beta.1" "build" "--frozen" "--message-format=json" "--release", kill_on_drop: false }`
[INFO] [stderr]    Compiling proc-macro2 v1.0.81
[INFO] [stderr]    Compiling libc v0.2.153
[INFO] [stderr]    Compiling log v0.4.21
[INFO] [stderr]    Compiling syn v1.0.109
[INFO] [stderr]    Compiling futures-task v0.3.30
[INFO] [stderr]    Compiling rustversion v1.0.16
[INFO] [stderr]    Compiling serde v1.0.198
[INFO] [stderr]    Compiling pkg-config v0.3.30
[INFO] [stderr]    Compiling strsim v0.10.0
[INFO] [stderr]    Compiling semver v1.0.22
[INFO] [stderr]    Compiling hashbrown v0.14.3
[INFO] [stderr]    Compiling aho-corasick v1.1.3
[INFO] [stderr]    Compiling crc32fast v1.4.0
[INFO] [stderr]    Compiling zstd-safe v7.1.0
[INFO] [stderr]    Compiling ryu v1.0.17
[INFO] [stderr]    Compiling regex-syntax v0.8.3
[INFO] [stderr]    Compiling futures-util v0.3.30
[INFO] [stderr]    Compiling alloc-stdlib v0.2.2
[INFO] [stderr]    Compiling platforms v3.4.0
[INFO] [stderr]    Compiling miniz_oxide v0.7.2
[INFO] [stderr]    Compiling brotli-decompressor v4.0.0
[INFO] [stderr]    Compiling rustc_version v0.4.0
[INFO] [stderr]    Compiling mime_guess v2.0.4
[INFO] [stderr]    Compiling unicase v2.7.0
[INFO] [stderr]    Compiling serde_json v1.0.116
[INFO] [stderr]    Compiling anstyle v1.0.6
[INFO] [stderr]    Compiling bit-vec v0.6.3
[INFO] [stderr]    Compiling quote v1.0.36
[INFO] [stderr]    Compiling bit-set v0.5.3
[INFO] [stderr]    Compiling num_cpus v1.16.0
[INFO] [stderr]    Compiling socket2 v0.5.7
[INFO] [stderr]    Compiling mio v0.8.11
[INFO] [stderr]    Compiling jobserver v0.1.31
[INFO] [stderr]    Compiling getrandom v0.2.14
[INFO] [stderr]    Compiling curve25519-dalek v4.1.2
[INFO] [stderr]    Compiling anstream v0.6.13
[INFO] [stderr]    Compiling syn v2.0.60
[INFO] [stderr]    Compiling indexmap v2.2.6
[INFO] [stderr]    Compiling rand_core v0.6.4
[INFO] [stderr]    Compiling axum-core v0.4.3
[INFO] [stderr]    Compiling flate2 v1.0.30
[INFO] [stderr]    Compiling cc v1.0.96
[INFO] [stderr]    Compiling axum v0.7.5
[INFO] [stderr]    Compiling signature v2.2.0
[INFO] [stderr]    Compiling zeroize v1.7.0
[INFO] [stderr]    Compiling clap_lex v0.7.0
[INFO] [stderr]    Compiling brotli v6.0.0
[INFO] [stderr]    Compiling anyhow v1.0.82
[INFO] [stderr]    Compiling either v1.11.0
[INFO] [stderr]    Compiling time v0.3.36
[INFO] [stderr]    Compiling rand_chacha v0.3.1
[INFO] [stderr]    Compiling clap_builder v4.5.2
[INFO] [stderr]    Compiling itertools v0.10.5
[INFO] [stderr]    Compiling ed25519 v2.2.3
[INFO] [stderr]    Compiling sha2 v0.10.8
[INFO] [stderr]    Compiling tracing-log v0.2.0
[INFO] [stderr]    Compiling csv-core v0.1.11
[INFO] [stderr]    Compiling http-range-header v0.4.1
[INFO] [stderr]    Compiling rand v0.8.5
[INFO] [stderr]    Compiling zstd-sys v2.0.10+zstd.1.5.6
[INFO] [stderr]    Compiling blake3 v1.5.1
[INFO] [stderr]    Compiling regex-automata v0.4.6
[INFO] [stderr]    Compiling base64 v0.22.0
[INFO] [stderr]    Compiling darling_core v0.14.4
[INFO] [stderr]    Compiling tracing-attributes v0.1.27
[INFO] [stderr]    Compiling tokio-macros v2.2.0
[INFO] [stderr]    Compiling serde_derive v1.0.198
[INFO] [stderr]    Compiling pin-project-internal v1.1.5
[INFO] [stderr]    Compiling tokio v1.37.0
[INFO] [stderr]    Compiling curve25519-dalek-derive v0.1.1
[INFO] [stderr]    Compiling regex v1.10.4
[INFO] [stderr]    Compiling tracing v0.1.40
[INFO] [stderr]    Compiling pin-project v1.1.5
[INFO] [stderr]    Compiling async-trait v0.1.80
[INFO] [stderr]    Compiling fancy-regex v0.11.0
[INFO] [stderr]    Compiling darling_macro v0.14.4
[INFO] [stderr]    Compiling darling v0.14.4
[INFO] [stderr]    Compiling derive_builder_core v0.12.0
[INFO] [stderr]    Compiling clap_derive v4.5.4
[INFO] [stderr]    Compiling derive_builder_macro v0.12.0
[INFO] [stderr]    Compiling derive_builder v0.12.0
[INFO] [stderr]    Compiling zxcvbn v2.2.2
[INFO] [stderr]    Compiling tracing-subscriber v0.3.18
[INFO] [stderr]    Compiling clap v4.5.4
[INFO] [stderr]    Compiling ed25519-dalek v2.1.1
[INFO] [stderr]    Compiling enum_dispatch v0.3.13
[INFO] [stderr]    Compiling serde_path_to_error v0.1.16
[INFO] [stderr]    Compiling serde_urlencoded v0.7.1
[INFO] [stderr]    Compiling csv v1.3.0
[INFO] [stderr]    Compiling serde_yaml v0.9.34+deprecated
[INFO] [stderr]    Compiling tokio-util v0.7.11
[INFO] [stderr]    Compiling tower v0.4.13
[INFO] [stderr]    Compiling h2 v0.4.4
[INFO] [stderr]    Compiling hyper v1.3.1
[INFO] [stderr]    Compiling hyper-util v0.1.3
[INFO] [stderr]    Compiling zstd v0.13.1
[INFO] [stderr]    Compiling async-compression v0.4.10
[INFO] [stderr]    Compiling tower-http v0.5.2
[INFO] [stderr]    Compiling rcli v0.1.0 (/opt/rustwide/workdir)
[INFO] [stdout] warning: struct `Player` is never constructed
[INFO] [stdout]   --> src/process/csv_convert.rs:10:8
[INFO] [stdout]    |
[INFO] [stdout] 10 | struct Player {
[INFO] [stdout]    |        ^^^^^^
[INFO] [stdout]    |
[INFO] [stdout]    = note: `#[warn(dead_code)]` (part of `#[warn(unused)]`) on by default
[INFO] [stdout] 
[INFO] [stdout] 
[INFO] [stderr]     Finished `release` profile [optimized] target(s) in 1m 45s
[INFO] running `Command { std: "docker" "inspect" "e194875fafe73179df4b12d8a627e9d8646aa3c2c3b3aa9329047205fd6bb4c8", kill_on_drop: false }`
[INFO] running `Command { std: "docker" "exec" "-e" "SOURCE_DIR=/opt/rustwide/workdir" "-e" "CARGO_HOME=/opt/rustwide/cargo-home" "-e" "RUSTUP_HOME=/opt/rustwide/rustup-home" "-e" "CARGO_TARGET_DIR=/opt/rustwide/target" "-e" "CARGO_INCREMENTAL=0" "-e" "RUST_BACKTRACE=full" "-e" "RUSTFLAGS=--cap-lints=warn" "-e" "RUSTDOCFLAGS=--cap-lints=warn" "-w" "/opt/rustwide/workdir" "--user" "0:0" "e194875fafe73179df4b12d8a627e9d8646aa3c2c3b3aa9329047205fd6bb4c8" "/opt/rustwide/cargo-home/bin/cargo" "+1.100.0-beta.1" "test" "--frozen" "--no-run" "--message-format=json" "--release", kill_on_drop: false }`
[INFO] [stdout] warning: struct `Player` is never constructed
[INFO] [stdout]   --> src/process/csv_convert.rs:10:8
[INFO] [stdout]    |
[INFO] [stdout] 10 | struct Player {
[INFO] [stdout]    |        ^^^^^^
[INFO] [stdout]    |
[INFO] [stdout]    = note: `#[warn(dead_code)]` (part of `#[warn(unused)]`) on by default
[INFO] [stdout] 
[INFO] [stdout] 
[INFO] [stderr]    Compiling rcli v0.1.0 (/opt/rustwide/workdir)
[INFO] [stdout] warning: struct `Player` is never constructed
[INFO] [stdout]   --> src/process/csv_convert.rs:10:8
[INFO] [stdout]    |
[INFO] [stdout] 10 | struct Player {
[INFO] [stdout]    |        ^^^^^^
[INFO] [stdout]    |
[INFO] [stdout]    = note: `#[warn(dead_code)]` (part of `#[warn(unused)]`) on by default
[INFO] [stdout] 
[INFO] [stdout] 
[INFO] [stderr]     Finished `release` profile [optimized] target(s) in 1.60s
[INFO] running `Command { std: "docker" "inspect" "e194875fafe73179df4b12d8a627e9d8646aa3c2c3b3aa9329047205fd6bb4c8", kill_on_drop: false }`
[INFO] running `Command { std: "docker" "exec" "-e" "SOURCE_DIR=/opt/rustwide/workdir" "-e" "CARGO_HOME=/opt/rustwide/cargo-home" "-e" "RUSTUP_HOME=/opt/rustwide/rustup-home" "-e" "CARGO_TARGET_DIR=/opt/rustwide/target" "-e" "CARGO_INCREMENTAL=0" "-e" "RUST_BACKTRACE=full" "-e" "RUSTFLAGS=--cap-lints=warn" "-e" "RUSTDOCFLAGS=--cap-lints=warn" "-w" "/opt/rustwide/workdir" "--user" "0:0" "e194875fafe73179df4b12d8a627e9d8646aa3c2c3b3aa9329047205fd6bb4c8" "/opt/rustwide/cargo-home/bin/cargo" "+1.100.0-beta.1" "test" "--frozen" "--release", kill_on_drop: false }`
[INFO] [stderr] warning: struct `Player` is never constructed
[INFO] [stderr]   --> src/process/csv_convert.rs:10:8
[INFO] [stderr]    |
[INFO] [stderr] 10 | struct Player {
[INFO] [stderr]    |        ^^^^^^
[INFO] [stderr]    |
[INFO] [stderr]    = note: `#[warn(dead_code)]` (part of `#[warn(unused)]`) on by default
[INFO] [stderr] 
[INFO] [stderr] warning: `rcli` (lib) generated 1 warning
[INFO] [stderr] warning: `rcli` (lib test) generated 1 warning (1 duplicate)
[INFO] [stderr]     Finished `release` profile [optimized] target(s) in 0.10s
[INFO] [stderr]      Running unittests src/lib.rs (/opt/rustwide/target/release/build/rcli/3662e118e8fe0b2d/out/rcli-3662e118e8fe0b2d)
[INFO] [stdout] 
[INFO] [stdout] running 1 test
[INFO] [stdout] test process::http_serve::tests::test_file_handler ... FAILED
[INFO] [stdout] 
[INFO] [stdout] failures:
[INFO] [stdout] 
[INFO] [stdout] ---- process::http_serve::tests::test_file_handler stdout ----
[INFO] [stdout] 
[INFO] [stdout] thread 'process::http_serve::tests::test_file_handler' (2699) panicked at src/process/http_serve.rs:70:9:
[INFO] [stdout] assertion failed: content.trim().starts_with("[package]")
[INFO] [stdout] stack backtrace:
[INFO] [stdout]    0:     0x5dbcab5de081 - <<std[617be2ca0a6fd877]::sys::backtrace::BacktraceLock>::print::DisplayBacktrace as core[a373ad73a504971]::fmt::Display>::fmt
[INFO] [stdout]    1:     0x5dbcab5f28ea - core[a373ad73a504971]::fmt::write
[INFO] [stdout]    2:     0x5dbcab5e234c - <alloc[2e1b2a31b91974c5]::vec::Vec<u8> as core[a373ad73a504971]::io::write::Write>::write_fmt
[INFO] [stdout]    3:     0x5dbcab5b9ae6 - std[617be2ca0a6fd877]::panicking::default_hook::{closure#0}
[INFO] [stdout]    4:     0x5dbcab5d6229 - std[617be2ca0a6fd877]::panicking::default_hook
[INFO] [stdout]    5:     0x5dbcab553fc0 - test[aada8e7e76ba119b]::test_main_inner::{closure#0}
[INFO] [stdout]    6:     0x5dbcab5d63e2 - std[617be2ca0a6fd877]::panicking::panic_with_hook
[INFO] [stdout]    7:     0x5dbcab5b9bc4 - std[617be2ca0a6fd877]::panicking::panic_handler::{closure#0}
[INFO] [stdout]    8:     0x5dbcab5b2719 - std[617be2ca0a6fd877]::sys::backtrace::__rust_end_short_backtrace::<std[617be2ca0a6fd877]::panicking::panic_handler::{closure#0}, !>
[INFO] [stdout]    9:     0x5dbcab5ba79d - __rustc[ea4f61d10b84890b]::rust_begin_unwind
[INFO] [stdout]   10:     0x5dbcab5f304c - core[a373ad73a504971]::panicking::panic_fmt
[INFO] [stdout]   11:     0x5dbcab5f3012 - core[a373ad73a504971]::panicking::panic
[INFO] [stdout]   12:     0x5dbcab544867 - rcli[9e0da4e64d1a9830]::process::http_serve::tests::test_file_handler::{closure#0}
[INFO] [stdout]   13:     0x5dbcab541913 - <tokio[a29bb9a785832522]::runtime::scheduler::current_thread::Context>::enter::<core[a373ad73a504971]::task::poll::Poll<()>, <tokio[a29bb9a785832522]::runtime::scheduler::current_thread::CoreGuard>::block_on<core[a373ad73a504971]::pin::Pin<&mut core[a373ad73a504971]::pin::Pin<&mut dyn core[a373ad73a504971]::future::future::Future<Output = ()>>>>::{closure#0}::{closure#0}>
[INFO] [stdout]   14:     0x5dbcab545ac2 - <tokio[a29bb9a785832522]::runtime::context::scoped::Scoped<tokio[a29bb9a785832522]::runtime::scheduler::Context>>::set::<<tokio[a29bb9a785832522]::runtime::scheduler::current_thread::CoreGuard>::enter<<tokio[a29bb9a785832522]::runtime::scheduler::current_thread::CoreGuard>::block_on<core[a373ad73a504971]::pin::Pin<&mut core[a373ad73a504971]::pin::Pin<&mut dyn core[a373ad73a504971]::future::future::Future<Output = ()>>>>::{closure#0}, core[a373ad73a504971]::option::Option<()>>::{closure#0}, (alloc[2e1b2a31b91974c5]::boxed::Box<tokio[a29bb9a785832522]::runtime::scheduler::current_thread::Core>, core[a373ad73a504971]::option::Option<()>)>
[INFO] [stdout]   15:     0x5dbcab541c67 - <tokio[a29bb9a785832522]::runtime::scheduler::current_thread::CoreGuard>::block_on::<core[a373ad73a504971]::pin::Pin<&mut core[a373ad73a504971]::pin::Pin<&mut dyn core[a373ad73a504971]::future::future::Future<Output = ()>>>>
[INFO] [stdout]   16:     0x5dbcab5465e4 - tokio[a29bb9a785832522]::runtime::context::runtime::enter_runtime::<<tokio[a29bb9a785832522]::runtime::scheduler::current_thread::CurrentThread>::block_on<core[a373ad73a504971]::pin::Pin<&mut dyn core[a373ad73a504971]::future::future::Future<Output = ()>>>::{closure#0}, ()>
[INFO] [stdout]   17:     0x5dbcab5450f5 - <rcli[9e0da4e64d1a9830]::process::http_serve::tests::test_file_handler::{closure#0} as core[a373ad73a504971]::ops::function::FnOnce<()>>::call_once
[INFO] [stdout]   18:     0x5dbcab54740b - test[aada8e7e76ba119b]::__rust_begin_short_backtrace::<core[a373ad73a504971]::result::Result<(), alloc[2e1b2a31b91974c5]::string::String>, fn() -> core[a373ad73a504971]::result::Result<(), alloc[2e1b2a31b91974c5]::string::String>>
[INFO] [stdout]   19:     0x5dbcab5545e5 - test[aada8e7e76ba119b]::run_test::{closure#0}
[INFO] [stdout]   20:     0x5dbcab54ded4 - std[617be2ca0a6fd877]::sys::backtrace::__rust_begin_short_backtrace::<test[aada8e7e76ba119b]::run_test::{closure#1}, ()>
[INFO] [stdout]   21:     0x5dbcab557672 - <std[617be2ca0a6fd877]::thread::lifecycle::spawn_unchecked<test[aada8e7e76ba119b]::run_test::{closure#1}, ()>::{closure#1} as core[a373ad73a504971]::ops::function::FnOnce<()>>::call_once::{shim:vtable#0}
[INFO] [stdout]   22:     0x5dbcab5dd54f - <std[617be2ca0a6fd877]::sys::thread::unix::Thread>::new::thread_start
[INFO] [stdout]   23:     0x7a8db4fcadfa - <unknown>
[INFO] [stdout]   24:     0x7a8db505e3d4 - clone
[INFO] [stdout]   25:                0x0 - <unknown>
[INFO] [stdout] 
[INFO] [stdout] 
[INFO] [stdout] failures:
[INFO] [stdout]     process::http_serve::tests::test_file_handler
[INFO] [stdout] 
[INFO] [stdout] test result: FAILED. 0 passed; 1 failed; 0 ignored; 0 measured; 0 filtered out; finished in 0.00s
[INFO] [stdout] 
[INFO] [stderr] error: test failed, to rerun pass `--lib`
[INFO] running `Command { std: "docker" "inspect" "e194875fafe73179df4b12d8a627e9d8646aa3c2c3b3aa9329047205fd6bb4c8", kill_on_drop: false }`
[INFO] running `Command { std: "docker" "rm" "-f" "e194875fafe73179df4b12d8a627e9d8646aa3c2c3b3aa9329047205fd6bb4c8", kill_on_drop: false }`
[INFO] [stdout] e194875fafe73179df4b12d8a627e9d8646aa3c2c3b3aa9329047205fd6bb4c8
