[INFO] cloning repository https://github.com/verslot/verslot
[INFO] running `Command { std: "git" "-c" "credential.helper=" "-c" "credential.helper=/workspace/cargo-home/bin/git-credential-null" "clone" "--bare" "https://github.com/verslot/verslot" "/workspace/cache/git-repos/https%3A%2F%2Fgithub.com%2Fverslot%2Fverslot", kill_on_drop: false }`
[INFO] [stderr] Cloning into bare repository '/workspace/cache/git-repos/https%3A%2F%2Fgithub.com%2Fverslot%2Fverslot'...
[INFO] running `Command { std: "git" "rev-parse" "HEAD", kill_on_drop: false }`
[INFO] [stdout] 2dad683cd8269cc58f44825f20a48ec7617e77e7
[INFO] testing verslot/verslot against 1.100.0-beta.1+cargoflags=--release for beta-release-1.100-2
[INFO] running `Command { std: "git" "clone" "/workspace/cache/git-repos/https%3A%2F%2Fgithub.com%2Fverslot%2Fverslot" "/workspace/builds/worker-0-tc2/source", kill_on_drop: false }`
[INFO] [stderr] Cloning into '/workspace/builds/worker-0-tc2/source'...
[INFO] [stderr] done.
[INFO] removed /workspace/builds/worker-0-tc2/source/rust-toolchain.toml
[INFO] started tweaking git repo https://github.com/verslot/verslot
[INFO] finished tweaking git repo https://github.com/verslot/verslot
[INFO] tweaked toml for git repo https://github.com/verslot/verslot written to /workspace/builds/worker-0-tc2/source/Cargo.toml
[INFO] validating manifest of git repo https://github.com/verslot/verslot on toolchain 1.100.0-beta.1
[INFO] running `Command { std: CARGO_HOME="/workspace/cargo-home" RUSTUP_HOME="/workspace/rustup-home" "/workspace/cargo-home/bin/cargo" "+1.100.0-beta.1" "metadata" "--manifest-path" "Cargo.toml" "--no-deps", kill_on_drop: false }`
[INFO] crate git repo https://github.com/verslot/verslot already has a lockfile, it will not be regenerated
[INFO] running `Command { std: CARGO_HOME="/workspace/cargo-home" RUSTUP_HOME="/workspace/rustup-home" "/workspace/cargo-home/bin/cargo" "+1.100.0-beta.1" "fetch" "--manifest-path" "Cargo.toml", kill_on_drop: false }`
[INFO] running `Command { std: "docker" "create" "-v" "/var/lib/crater-agent-workspace/builds/worker-0-tc2/source:/opt/rustwide/workdir:ro,Z" "-v" "/var/lib/crater-agent-workspace/builds/worker-0-tc2/target:/opt/rustwide/target:rw,Z" "-v" "/var/lib/crater-agent-workspace/cargo-home:/opt/rustwide/cargo-home:ro,Z" "-v" "/var/lib/crater-agent-workspace/rustup-home:/opt/rustwide/rustup-home:ro,Z" "-m" "1610612736" "--network" "none" "ghcr.io/rust-lang/crates-build-env/linux@sha256:77db811e55d90add9212f6832c23229e3de5f1c1f9905e8cb07319ea15df73ac" "sleep" "infinity", kill_on_drop: false }`
[INFO] [stdout] ba1744be592232381840025eba544b7ce6433992b232f2a19d835eee39235de1
[INFO] running `Command { std: "docker" "start" "ba1744be592232381840025eba544b7ce6433992b232f2a19d835eee39235de1", kill_on_drop: false }`
[INFO] running `Command { std: "docker" "inspect" "ba1744be592232381840025eba544b7ce6433992b232f2a19d835eee39235de1", kill_on_drop: false }`
[INFO] running `Command { std: "docker" "exec" "-e" "SOURCE_DIR=/opt/rustwide/workdir" "-e" "CARGO_HOME=/opt/rustwide/cargo-home" "-e" "RUSTUP_HOME=/opt/rustwide/rustup-home" "-e" "CARGO_TARGET_DIR=/opt/rustwide/target" "-w" "/opt/rustwide/workdir" "--user" "0:0" "ba1744be592232381840025eba544b7ce6433992b232f2a19d835eee39235de1" "/opt/rustwide/cargo-home/bin/cargo" "+1.100.0-beta.1" "metadata" "--no-deps" "--format-version=1", kill_on_drop: false }`
[INFO] running `Command { std: "docker" "inspect" "ba1744be592232381840025eba544b7ce6433992b232f2a19d835eee39235de1", kill_on_drop: false }`
[INFO] running `Command { std: "docker" "exec" "-e" "SOURCE_DIR=/opt/rustwide/workdir" "-e" "CARGO_HOME=/opt/rustwide/cargo-home" "-e" "RUSTUP_HOME=/opt/rustwide/rustup-home" "-e" "CARGO_TARGET_DIR=/opt/rustwide/target" "-e" "CARGO_INCREMENTAL=0" "-e" "RUST_BACKTRACE=full" "-e" "RUSTFLAGS=--cap-lints=warn" "-e" "RUSTDOCFLAGS=--cap-lints=warn" "-w" "/opt/rustwide/workdir" "--user" "0:0" "ba1744be592232381840025eba544b7ce6433992b232f2a19d835eee39235de1" "/opt/rustwide/cargo-home/bin/cargo" "+1.100.0-beta.1" "build" "--frozen" "--message-format=json" "--release", kill_on_drop: false }`
[INFO] [stderr]    Compiling cc v1.5.1
[INFO] [stderr]    Compiling getrandom v0.2.17
[INFO] [stderr]    Compiling httparse v1.10.1
[INFO] [stderr]    Compiling portable-atomic v1.15.0
[INFO] [stderr]    Compiling crc32fast v1.5.2
[INFO] [stderr]    Compiling log v0.4.34
[INFO] [stderr]    Compiling rustls v0.23.45
[INFO] [stderr]    Compiling http v1.5.0
[INFO] [stderr]    Compiling block-buffer v0.12.1
[INFO] [stderr]    Compiling once_cell v1.21.4
[INFO] [stderr]    Compiling syn v3.0.5
[INFO] [stderr]    Compiling base64 v0.23.1
[INFO] [stderr]    Compiling clap_builder v4.6.7
[INFO] [stderr]    Compiling miniz_oxide v0.9.1
[INFO] [stderr]    Compiling console v0.16.6
[INFO] [stderr]    Compiling utf8-zero v0.8.1
[INFO] [stderr]    Compiling unit-prefix v0.5.2
[INFO] [stderr]    Compiling tar v0.4.46
[INFO] [stderr]    Compiling digest v0.11.3
[INFO] [stderr]    Compiling sha2 v0.11.0
[INFO] [stderr]    Compiling flate2 v1.1.10
[INFO] [stderr]    Compiling ureq-proto v0.6.4
[INFO] [stderr]    Compiling ring v0.17.14
[INFO] [stderr]    Compiling indicatif v0.18.6
[INFO] [stderr]    Compiling clap_derive v4.6.7
[INFO] [stderr]    Compiling clap v4.6.7
[INFO] [stderr]    Compiling rustls-webpki v0.103.15
[INFO] [stderr]    Compiling ureq v3.4.2
[INFO] [stderr]    Compiling verslot v0.5.0 (/opt/rustwide/workdir)
[INFO] [stderr]     Finished `release` profile [optimized] target(s) in 59.58s
[INFO] running `Command { std: "docker" "inspect" "ba1744be592232381840025eba544b7ce6433992b232f2a19d835eee39235de1", kill_on_drop: false }`
[INFO] running `Command { std: "docker" "exec" "-e" "SOURCE_DIR=/opt/rustwide/workdir" "-e" "CARGO_HOME=/opt/rustwide/cargo-home" "-e" "RUSTUP_HOME=/opt/rustwide/rustup-home" "-e" "CARGO_TARGET_DIR=/opt/rustwide/target" "-e" "CARGO_INCREMENTAL=0" "-e" "RUST_BACKTRACE=full" "-e" "RUSTFLAGS=--cap-lints=warn" "-e" "RUSTDOCFLAGS=--cap-lints=warn" "-w" "/opt/rustwide/workdir" "--user" "0:0" "ba1744be592232381840025eba544b7ce6433992b232f2a19d835eee39235de1" "/opt/rustwide/cargo-home/bin/cargo" "+1.100.0-beta.1" "test" "--frozen" "--no-run" "--message-format=json" "--release", kill_on_drop: false }`
[INFO] [stderr]    Compiling memchr v2.8.3
[INFO] [stderr]    Compiling regex-syntax v0.8.11
[INFO] [stderr]    Compiling predicates-core v1.0.10
[INFO] [stderr]    Compiling float-cmp v0.10.0
[INFO] [stderr]    Compiling assert_cmd v2.2.2
[INFO] [stderr]    Compiling difflib v0.4.0
[INFO] [stderr]    Compiling termtree v0.5.1
[INFO] [stderr]    Compiling wait-timeout v0.2.1
[INFO] [stderr]    Compiling predicates-tree v1.0.13
[INFO] [stderr]    Compiling aho-corasick v1.1.5
[INFO] [stderr]    Compiling regex-automata v0.4.18
[INFO] [stderr]    Compiling regex v1.13.1
[INFO] [stderr]    Compiling bstr v1.13.1
[INFO] [stderr]    Compiling predicates v3.1.4
[INFO] [stderr]    Compiling verslot v0.5.0 (/opt/rustwide/workdir)
[INFO] [stderr]     Finished `release` profile [optimized] target(s) in 34.66s
[INFO] running `Command { std: "docker" "inspect" "ba1744be592232381840025eba544b7ce6433992b232f2a19d835eee39235de1", kill_on_drop: false }`
[INFO] running `Command { std: "docker" "exec" "-e" "SOURCE_DIR=/opt/rustwide/workdir" "-e" "CARGO_HOME=/opt/rustwide/cargo-home" "-e" "RUSTUP_HOME=/opt/rustwide/rustup-home" "-e" "CARGO_TARGET_DIR=/opt/rustwide/target" "-e" "CARGO_INCREMENTAL=0" "-e" "RUST_BACKTRACE=full" "-e" "RUSTFLAGS=--cap-lints=warn" "-e" "RUSTDOCFLAGS=--cap-lints=warn" "-w" "/opt/rustwide/workdir" "--user" "0:0" "ba1744be592232381840025eba544b7ce6433992b232f2a19d835eee39235de1" "/opt/rustwide/cargo-home/bin/cargo" "+1.100.0-beta.1" "test" "--frozen" "--release", kill_on_drop: false }`
[INFO] [stderr]     Finished `release` profile [optimized] target(s) in 0.09s
[INFO] [stderr]      Running unittests src/lib.rs (/opt/rustwide/target/release/build/verslot/0fda2b509920a1e9/out/verslot-0fda2b509920a1e9)
[INFO] [stdout] 
[INFO] [stdout] running 158 tests
[INFO] [stdout] test download::tests::checksum_matching_is_exact_and_accepts_lf_crlf_and_ascii_whitespace ... ok
[INFO] [stdout] test download::tests::duplicate_and_malformed_matching_checksums_are_rejected ... ok
[INFO] [stdout] test distribution::tests::unsupported_platforms_return_errors_without_fallback ... ok
[INFO] [stdout] test distribution::tests::current_build_selection_uses_compile_time_platform ... ok
[INFO] [stdout] test distribution::tests::version_components_are_rendered_without_resolution_or_fallback ... ok
[INFO] [stdout] test download::tests::production_transport_requires_https_and_certificate_verification ... ok
[INFO] [stdout] test download::tests::sha256_matches_the_million_a_vector_across_multiple_buffers ... ok
[INFO] [stdout] test download::tests::read_failures_and_timeouts_do_not_return_a_verified_digest ... ok
[INFO] [stdout] test distribution::tests::supported_platforms_select_exact_official_archives_and_urls ... ok
[INFO] [stdout] test download::tests::transport_reads_are_capped_without_extending_shorter_deadlines ... ok
[INFO] [stdout] test download::tests::failed_archive_copy_never_reports_unwritten_bytes_or_a_final_snapshot ... ok
[INFO] [stdout] test download::tests::read_limit_and_deadline_errors_stop_byte_reporting ... ok
[INFO] [stdout] test download::tests::existing_archive_is_preserved ... ok
[INFO] [stdout] test download::tests::unusable_response_lengths_are_not_display_totals ... ok
[INFO] [stdout] test download::tests::transport_failure_and_expired_request_deadline_are_reported ... ok
[INFO] [stdout] test download::tests::download_reports_stages_in_order_without_changing_the_digest ... ok
[INFO] [stdout] test download::tests::download_progress_is_visible_before_eof ... ok
[INFO] [stdout] test download::tests::streaming_verifies_known_sha256_and_enforces_the_actual_byte_limit ... ok
[INFO] [stdout] test download::tests::truncated_archive_stops_before_final_bytes_or_verification ... ok
[INFO] [stdout] test install::tests::existing_incomplete_destination_is_preserved_without_download ... ok
[INFO] [stdout] test install::tests::installation_progress_smoke ... ignored, manual native terminal/redirected lifecycle acceptance
[INFO] [stdout] test download::tests::known_length_download_reports_total_and_percentage ... ok
[INFO] [stdout] test download::tests::download_failure_does_not_report_later_stages ... ok
[INFO] [stdout] test download::tests::valid_download_creates_an_exclusive_file_and_returns_the_verified_digest ... ok
[INFO] [stdout] test install::tests::linked_storage_root_is_supported_and_linked_destination_is_rejected ... ok
[INFO] [stdout] test install::tests::lock_contents_are_preserved_and_contention_is_nonblocking ... ok
[INFO] [stdout] test install::tests::cleanup_refuses_shared_tmp_and_does_not_follow_links ... ok
[INFO] [stdout] test install::tests::lock_directory_and_linked_mutation_paths_are_rejected ... ok
[INFO] [stdout] test install::tests::lock_file_link_is_rejected ... ok
[INFO] [stdout] test download::tests::write_and_flush_failures_do_not_return_a_verified_digest ... ok
[INFO] [stdout] test install::tests::malformed_receipts_and_non_directory_destinations_are_preserved ... ok
[INFO] [stdout] test install::tests::cleanup_failure_reports_leftover_and_preserves_committed_installation ... ok
[INFO] [stdout] test install::tests::commits_complete_installation_and_duplicate_skips_preparation ... ok
[INFO] [stdout] test download::tests::invalid_checksums_stop_before_archive_download_or_file_creation ... ok
[INFO] [stdout] test install::tests::offline_install_switch_query_uninstall_child ... ok
[INFO] [stdout] test install::tests::destination_appearing_before_commit_is_preserved ... ok
[INFO] [stdout] test install::tests::failed_byte_progress_sink_does_not_change_installation_result ... ok
[INFO] [stdout] test download::tests::unknown_or_encoded_http_responses_keep_byte_only_output ... ok
[INFO] [stdout] test install::tests::process_lock_holder ... ok
[INFO] [stdout] test download::tests::non_200_responses_are_rejected_and_redirects_are_not_followed ... ok
[INFO] [stdout] test install::tests::precommit_cleanup_failure_retains_primary_error_and_leftover_path ... ok
[INFO] [stdout] test download::tests::expired_deadline_prevents_reads_and_writes ... ok
[INFO] [stdout] test download::tests::mismatched_and_truncated_archives_are_not_verified ... ok
[INFO] [stdout] test install::tests::operation_allocation_is_exclusive_and_existing_operations_are_preserved ... ok
[INFO] [stdout] test installation::tests::byte_entry_and_truncation_limits_fail_without_a_receipt ... ok
[INFO] [stdout] test installation::tests::duplicates_conflicts_and_implicit_parent_rules_are_enforced ... ok
[INFO] [stdout] test install::tests::offline_workflow_child ... ok
[INFO] [stdout] test installation::tests::receipts_require_exact_fields_target_platform_and_lowercase_digest ... ok
[INFO] [stdout] test installation::tests::existing_receipts_are_preserved_by_exclusive_creation ... ok
[INFO] [stdout] test installation::tests::filesystem_case_aliases_are_rejected_when_the_filesystem_aliases_them ... ok
[INFO] [stdout] test installation::tests::staging_must_be_new_and_within_the_canonical_boundary ... ok
[INFO] [stdout] test install::tests::switch_residue_blocks_install_before_download_or_directory_creation ... ok
[INFO] [stdout] test install::tests::rename_permission_failure_leaves_no_final_installation ... ok
[INFO] [stdout] test install::tests::progress_install_finishes_reporting_even_when_cleanup_fails ... ok
[INFO] [stdout] test installation::tests::unix::linked_staging_ancestors_are_rejected_and_canonicalized_storage_root_links_work ... ok
[INFO] [stdout] test install::tests::progress_install_extracts_real_archive_and_preserves_final_result ... ok
[INFO] [stdout] test installation::tests::unix::gnu_and_pax_effective_names_are_validated_and_metadata_entries_count_toward_limits ... ok
[INFO] [stdout] test install::tests::preparation_and_validation_failures_clean_only_the_operation ... ok
[INFO] [stdout] test install::tests::progress_install_duplicate_skips_all_stages ... FAILED
[INFO] [stdout] test installation::tests::unix::tar_nul_suffixes_and_malformed_pax_records_are_rejected ... ok
[INFO] [stdout] test installation::tests::unix::tar_and_gzip_corruption_and_missing_end_markers_never_create_receipts ... ok
[INFO] [stdout] test installation::tests::unix::oversized_tar_metadata_is_rejected_before_materializing_the_payload ... ok
[INFO] [stdout] test installation::tests::unsafe_entry_names_and_reserved_receipt_paths_are_rejected ... ok
[INFO] [stdout] test install::tests::process_lock_is_released_after_exit_or_termination ... ok
[INFO] [stdout] test installation::tests::unix::nonexecutable_unix_payloads_and_archive_executable_links_are_incomplete ... ok
[INFO] [stdout] test install::tests::progress_install_preserves_download_and_extraction_failures ... ok
[INFO] [stdout] test installation::tests::unix::tar_preserves_bundled_files_and_safe_npm_link_chains_without_special_permissions ... ok
[INFO] [stdout] test installation::tests::unix::linked_mutation_ancestors_receipts_and_executables_are_rejected ... ok
[INFO] [stdout] test inventory::tests::missing_and_empty_inventory_paths_do_not_create_storage ... ok
[INFO] [stdout] test install::tests::real_extraction_commits_bundled_payload_and_corruption_cleans_operation ... ok
[INFO] [stdout] test installation::tests::complete_installations_require_a_bounded_receipt_and_nonempty_regular_executable ... ok
[INFO] [stdout] test progress::tests::byte_progress_throttles_intermediate_updates_but_not_snapshots_or_stages ... ok
[INFO] [stdout] test progress::tests::byte_progress_failure_disables_later_bytes_and_stages ... ok
[INFO] [stdout] test progress::tests::plain_progress_stops_after_write_or_flush_failure ... ok
[INFO] [stdout] test progress::tests::progress_drops_inconsistent_totals_and_keeps_snapshot_throttling ... ok
[INFO] [stdout] test progress::tests::stage_output_smoke ... ignored, manual terminal and redirected-output smoke; includes deliberate pauses
[INFO] [stdout] test installation::tests::unix::tar_directory_links_allow_acyclic_targets_but_reject_indirect_directory_cycles ... ok
[INFO] [stdout] test inventory::tests::files_in_inventory_ancestors_are_errors_not_empty_inventory ... ok
[INFO] [stdout] test inventory::tests::dangling_links_and_non_utf8_names_follow_inventory_policy ... ok
[INFO] [stdout] test progress::tests::progress_rounds_percentages_down_without_premature_completion ... ok
[INFO] [stdout] test inventory::tests::receipt_permission_failure_is_reported_when_enforced ... ok
[INFO] [stdout] test installation::tests::unix::gnu_and_pax_link_targets_are_validated_after_resolution ... ok
[INFO] [stdout] test installation::tests::unix::tar_rejects_link_escapes_dangling_cycles_and_payload_link_ancestors ... ok
[INFO] [stdout] test inventory::tests::root_links_are_resolved_and_internal_links_are_rejected ... ok
[INFO] [stdout] test storage::selection_tests::mutations_during_switch_child ... ok
[INFO] [stdout] test inventory::tests::canonical_entries_require_complete_installations ... ok
[INFO] [stdout] test storage::selection_tests::empty_queries_create_nothing_with_or_without_a_lock ... ok
[INFO] [stdout] test storage::selection_tests::complete_query_accepts_existing_relative_links ... ok
[INFO] [stdout] test storage::selection_tests::complete_queries_support_a_linked_root_but_reject_linked_descendants ... ok
[INFO] [stdout] test storage::selection_tests::complete_queries_require_an_existing_lock_and_preserve_its_contents ... ok
[INFO] [stdout] test storage::selection_tests::readers_share_locks_and_exclude_writers_without_truncation ... ok
[INFO] [stdout] test storage::selection_tests::residue_beside_a_complete_selection_is_not_silently_ignored ... ok
[INFO] [stdout] test storage::selection_tests::invalid_lock_files_and_current_ancestors_are_preserved ... ok
[INFO] [stdout] test storage::selection_tests::structural_state_remains_distinct_from_complete_selection ... ok
[INFO] [stdout] test installation::tests::unix::tar_rejects_sparse_pax_size_overrides_orphan_metadata_and_extraction_limits ... ok
[INFO] [stdout] test storage::switching::tests::first_selection_rollback_failure_reports_retained_current_without_a_backup ... ok
[INFO] [stdout] test storage::switching::tests::actual_readback_validation_failure_rolls_back_without_repairing_installation ... ok
[INFO] [stdout] test storage::switching::tests::cleanup_rejects_replacement_even_when_it_has_the_same_destination ... ok
[INFO] [stdout] test storage::selection_tests::residues_are_errors_even_without_a_lock_or_current_selection ... ok
[INFO] [stdout] test install::tests::offline_install_list_duplicate_uninstall_workflow_is_isolated ... ok
[INFO] [stdout] test storage::switching::tests::missing_or_incomplete_targets_and_invalid_old_state_fail_before_preparation ... ok
[INFO] [stdout] test storage::switching::tests::native_atomic_replacement_exposes_only_old_or_new_link ... ok
[INFO] [stdout] test storage::tests::absent_current_state_is_read_without_creating_directories ... ok
[INFO] [stdout] test storage::switching::tests::first_selection_switch_and_same_version_preserve_installations ... ok
[INFO] [stdout] test storage::tests::current_directory_cannot_escape_even_when_the_entry_is_missing ... ok
[INFO] [stdout] test inventory::tests::versions_sort_numerically_and_ignore_noncanonical_entries_and_other_state ... ok
[INFO] [stdout] test storage::tests::current_links_to_files_are_rejected ... ok
[INFO] [stdout] test storage::tests::current_reads_reject_an_escaped_installation_ancestor ... ok
[INFO] [stdout] test storage::switching::tests::native_permission_failure_preserves_old_selection_when_enforced ... ok
[INFO] [stdout] test storage::switching::tests::postcommit_cleanup_failure_keeps_new_selection_and_reports_residue ... ok
[INFO] [stdout] test storage::tests::current_links_to_external_installations_are_rejected ... ok
[INFO] [stdout] test storage::switching::tests::preparation_cleanup_failure_reports_both_errors_and_retains_owned_candidate ... ok
[INFO] [stdout] test install::tests::offline_install_switch_query_uninstall_workflow_is_isolated ... ok
[INFO] [stdout] test storage::tests::current_reads_use_the_canonical_storage_root ... ok
[INFO] [stdout] test storage::selection_tests::invalid_current_entries_never_become_empty_selection ... ok
[INFO] [stdout] test storage::tests::current_version_is_derived_from_the_resolved_name ... ok
[INFO] [stdout] test storage::tests::dangling_current_link_is_an_error_not_no_selection ... ok
[INFO] [stdout] test storage::tests::existing_invalid_intermediate_directories_cannot_be_hidden_by_later_links ... ok
[INFO] [stdout] test storage::tests::invalid_current_ancestors_do_not_report_no_selection ... ok
[INFO] [stdout] test storage::tests::link_loops_are_errors ... ok
[INFO] [stdout] test storage::tests::io_errors_are_not_treated_as_missing_state ... ok
[INFO] [stdout] test storage::tests::linked_storage_root_is_the_boundary ... ok
[INFO] [stdout] test storage::tests::descendants_cannot_escape_through_directory_links ... ok
[INFO] [stdout] test storage::tests::current_targets_must_be_direct_canonical_version_directories ... ok
[INFO] [stdout] test storage::tests::ordinary_current_entries_are_errors ... ok
[INFO] [stdout] test storage::switching::tests::unexpected_current_replacement_is_preserved_during_publish_and_rollback ... ok
[INFO] [stdout] test storage::tests::permission_failures_are_not_treated_as_missing_state ... ok
[INFO] [stdout] test storage::tests::missing_roots_check_their_nearest_existing_ancestor ... ok
[INFO] [stdout] test storage::tests::native_root_and_version_paths_are_constructed_without_writes ... ok
[INFO] [stdout] test storage::tests::links_within_the_storage_boundary_are_allowed ... ok
[INFO] [stdout] test storage::tests::relative_current_links_are_resolved_against_the_link_parent ... ok
[INFO] [stdout] test storage::tests::unix_root_preserves_native_bytes_and_whitespace ... ok
[INFO] [stdout] test storage::tests::non_utf8_current_version_names_are_rejected ... ok
[INFO] [stdout] test storage::tests::missing_descendants_do_not_hide_broken_links_or_files ... ok
[INFO] [stdout] test installation::tests::unix::tar_rejects_traversal_wrong_roots_reserved_paths_and_special_entries ... ok
[INFO] [stdout] test storage::tests::current_link_returns_the_resolved_version_without_checking_install_contents ... ok
[INFO] [stdout] test target::tests::diagnostics_match_the_specification ... ok
[INFO] [stdout] test target::tests::full_versions_return_numeric_data_and_canonical_names ... ok
[INFO] [stdout] test target::tests::malformed_targets_report_the_first_failed_rule ... ok
[INFO] [stdout] test uninstall::tests::missing_and_incomplete_installations_are_preserved ... ok
[INFO] [stdout] test uninstall::tests::linked_storage_root_is_supported ... ok
[INFO] [stdout] test storage::switching::tests::relative_selection_is_untouched_on_noop_and_supported_on_switch ... ok
[INFO] [stdout] test storage::switching::tests::rollback_failure_reports_observed_state_and_keeps_backup ... ok
[INFO] [stdout] test uninstall::tests::lock_contention_preserves_the_installation ... ok
[INFO] [stdout] test uninstall::tests::cleanup_never_traverses_payload_links ... ok
[INFO] [stdout] test storage::switching::tests::readback_failure_restores_previous_selection_or_absence ... ok
[INFO] [stdout] test uninstall::tests::partial_cleanup_failure_reports_detachment_and_retains_the_leftover_path ... ok
[INFO] [stdout] test uninstall::tests::uninstall_removes_only_the_inactive_installation_and_own_operation ... ok
[INFO] [stdout] test uninstall::tests::switch_residue_blocks_uninstall_without_removing_installations ... ok
[INFO] [stdout] test uninstall::tests::unix_detachment_permission_failure_preserves_installation_when_enforced ... ok
[INFO] [stdout] test uninstall::tests::selected_versions_are_protected_even_without_a_receipt ... ok
[INFO] [stdout] test storage::tests::environment_root_is_read_in_an_isolated_process ... ok
[INFO] [stdout] test uninstall::tests::invalid_current_state_blocks_unrelated_removal ... ok
[INFO] [stdout] test uninstall::tests::linked_installation_ancestors_destination_and_tmp_are_rejected ... ok
[INFO] [stdout] test storage::tests::root_sources_must_be_present_and_absolute ... ok
[INFO] [stdout] test storage::switching::tests::preparation_and_publish_failures_keep_the_old_link_and_clean_owned_links ... ok
[INFO] [stdout] test storage::switching::tests::native_exclusive_link_creation_preserves_conflicting_entries ... ok
[INFO] [stderr] error: test failed, to rerun pass `--lib`
[INFO] [stdout] test download::tests::global_deadline_interrupts_a_stalled_http_body ... ok
[INFO] [stdout] 
[INFO] [stdout] failures:
[INFO] [stdout] 
[INFO] [stdout] ---- install::tests::progress_install_duplicate_skips_all_stages stdout ----
[INFO] [stdout] 
[INFO] [stdout] thread 'install::tests::progress_install_duplicate_skips_all_stages' (1519) panicked at src/install/tests.rs:116:23:
[INFO] [stdout] called `Result::unwrap()` on an `Err` value: "storage is busy; retry after the active operation finishes (mutation lock)"
[INFO] [stdout] stack backtrace:
[INFO] [stdout]    0:     0x608593a5c621 - <<std[617be2ca0a6fd877]::sys::backtrace::BacktraceLock>::print::DisplayBacktrace as core[a373ad73a504971]::fmt::Display>::fmt
[INFO] [stdout]    1:     0x608593a74d7a - core[a373ad73a504971]::fmt::write
[INFO] [stdout]    2:     0x608593a6245c - <alloc[2e1b2a31b91974c5]::vec::Vec<u8> as core[a373ad73a504971]::io::write::Write>::write_fmt
[INFO] [stdout]    3:     0x608593a32f06 - std[617be2ca0a6fd877]::panicking::default_hook::{closure#0}
[INFO] [stdout]    4:     0x608593a522e9 - std[617be2ca0a6fd877]::panicking::default_hook
[INFO] [stdout]    5:     0x608593885890 - test[aada8e7e76ba119b]::test_main_inner::{closure#0}
[INFO] [stdout]    6:     0x608593a52612 - std[617be2ca0a6fd877]::panicking::panic_with_hook
[INFO] [stdout]    7:     0x608593a32fb2 - std[617be2ca0a6fd877]::panicking::panic_handler::{closure#0}
[INFO] [stdout]    8:     0x608593a2b789 - std[617be2ca0a6fd877]::sys::backtrace::__rust_end_short_backtrace::<std[617be2ca0a6fd877]::panicking::panic_handler::{closure#0}, !>
[INFO] [stdout]    9:     0x608593a340cd - __rustc[ea4f61d10b84890b]::rust_begin_unwind
[INFO] [stdout]   10:     0x608593a754ac - core[a373ad73a504971]::panicking::panic_fmt
[INFO] [stdout]   11:     0x608593a75282 - core[a373ad73a504971]::result::unwrap_failed
[INFO] [stdout]   12:     0x60859385a3ef - <verslot[e86dfae56b915203]::install::tests::progress_install_duplicate_skips_all_stages::{closure#0} as core[a373ad73a504971]::ops::function::FnOnce<()>>::call_once
[INFO] [stdout]   13:     0x608593878cdb - test[aada8e7e76ba119b]::__rust_begin_short_backtrace::<core[a373ad73a504971]::result::Result<(), alloc[2e1b2a31b91974c5]::string::String>, fn() -> core[a373ad73a504971]::result::Result<(), alloc[2e1b2a31b91974c5]::string::String>>
[INFO] [stdout]   14:     0x608593885eb5 - test[aada8e7e76ba119b]::run_test::{closure#0}
[INFO] [stdout]   15:     0x60859387f7a4 - std[617be2ca0a6fd877]::sys::backtrace::__rust_begin_short_backtrace::<test[aada8e7e76ba119b]::run_test::{closure#1}, ()>
[INFO] [stdout]   16:     0x608593888f42 - <std[617be2ca0a6fd877]::thread::lifecycle::spawn_unchecked<test[aada8e7e76ba119b]::run_test::{closure#1}, ()>::{closure#1} as core[a373ad73a504971]::ops::function::FnOnce<()>>::call_once::{shim:vtable#0}
[INFO] [stdout]   17:     0x608593a5aeaf - <std[617be2ca0a6fd877]::sys::thread::unix::Thread>::new::thread_start
[INFO] [stdout]   18:     0x731eb5375dfa - <unknown>
[INFO] [stdout]   19:     0x731eb54093d4 - clone
[INFO] [stdout]   20:                0x0 - <unknown>
[INFO] [stdout] 
[INFO] [stdout] 
[INFO] [stdout] failures:
[INFO] [stdout]     install::tests::progress_install_duplicate_skips_all_stages
[INFO] [stdout] 
[INFO] [stdout] test result: FAILED. 155 passed; 1 failed; 2 ignored; 0 measured; 0 filtered out; finished in 1.02s
[INFO] [stdout] 
[INFO] running `Command { std: "docker" "inspect" "ba1744be592232381840025eba544b7ce6433992b232f2a19d835eee39235de1", kill_on_drop: false }`
[INFO] running `Command { std: "docker" "rm" "-f" "ba1744be592232381840025eba544b7ce6433992b232f2a19d835eee39235de1", kill_on_drop: false }`
[INFO] [stdout] ba1744be592232381840025eba544b7ce6433992b232f2a19d835eee39235de1
