[INFO] cloning repository https://github.com/ucantseeit/gift
[INFO] running `Command { std: "git" "-c" "credential.helper=" "-c" "credential.helper=/workspace/cargo-home/bin/git-credential-null" "clone" "--bare" "https://github.com/ucantseeit/gift" "/workspace/cache/git-repos/https%3A%2F%2Fgithub.com%2Fucantseeit%2Fgift", kill_on_drop: false }`
[INFO] [stderr] Cloning into bare repository '/workspace/cache/git-repos/https%3A%2F%2Fgithub.com%2Fucantseeit%2Fgift'...
[INFO] running `Command { std: "git" "rev-parse" "HEAD", kill_on_drop: false }`
[INFO] [stdout] 6d6ed40e1758c24afc4b2d85a702aa9384a77ee5
[INFO] testing ucantseeit/gift against 1.100.0-beta.1+cargoflags=--release for beta-release-1.100-2
[INFO] running `Command { std: "git" "clone" "/workspace/cache/git-repos/https%3A%2F%2Fgithub.com%2Fucantseeit%2Fgift" "/workspace/builds/worker-6-tc2/source", kill_on_drop: false }`
[INFO] [stderr] Cloning into '/workspace/builds/worker-6-tc2/source'...
[INFO] [stderr] done.
[INFO] started tweaking git repo https://github.com/ucantseeit/gift
[INFO] finished tweaking git repo https://github.com/ucantseeit/gift
[INFO] tweaked toml for git repo https://github.com/ucantseeit/gift written to /workspace/builds/worker-6-tc2/source/Cargo.toml
[INFO] validating manifest of git repo https://github.com/ucantseeit/gift on toolchain 1.100.0-beta.1
[INFO] running `Command { std: CARGO_HOME="/workspace/cargo-home" RUSTUP_HOME="/workspace/rustup-home" "/workspace/cargo-home/bin/cargo" "+1.100.0-beta.1" "metadata" "--manifest-path" "Cargo.toml" "--no-deps", kill_on_drop: false }`
[INFO] crate git repo https://github.com/ucantseeit/gift already has a lockfile, it will not be regenerated
[INFO] running `Command { std: CARGO_HOME="/workspace/cargo-home" RUSTUP_HOME="/workspace/rustup-home" "/workspace/cargo-home/bin/cargo" "+1.100.0-beta.1" "fetch" "--manifest-path" "Cargo.toml", kill_on_drop: false }`
[INFO] running `Command { std: "docker" "create" "-v" "/var/lib/crater-agent-workspace/builds/worker-6-tc2/source:/opt/rustwide/workdir:ro,Z" "-v" "/var/lib/crater-agent-workspace/builds/worker-6-tc2/target:/opt/rustwide/target:rw,Z" "-v" "/var/lib/crater-agent-workspace/cargo-home:/opt/rustwide/cargo-home:ro,Z" "-v" "/var/lib/crater-agent-workspace/rustup-home:/opt/rustwide/rustup-home:ro,Z" "-m" "1610612736" "--network" "none" "ghcr.io/rust-lang/crates-build-env/linux@sha256:77db811e55d90add9212f6832c23229e3de5f1c1f9905e8cb07319ea15df73ac" "sleep" "infinity", kill_on_drop: false }`
[INFO] [stdout] 4d3c48383746e1012b6fcf8bcb6b18bf54ee39cffd7d0c3f05b6e6f6c309f607
[INFO] running `Command { std: "docker" "start" "4d3c48383746e1012b6fcf8bcb6b18bf54ee39cffd7d0c3f05b6e6f6c309f607", kill_on_drop: false }`
[INFO] running `Command { std: "docker" "inspect" "4d3c48383746e1012b6fcf8bcb6b18bf54ee39cffd7d0c3f05b6e6f6c309f607", kill_on_drop: false }`
[INFO] running `Command { std: "docker" "exec" "-e" "SOURCE_DIR=/opt/rustwide/workdir" "-e" "CARGO_HOME=/opt/rustwide/cargo-home" "-e" "RUSTUP_HOME=/opt/rustwide/rustup-home" "-e" "CARGO_TARGET_DIR=/opt/rustwide/target" "-w" "/opt/rustwide/workdir" "--user" "0:0" "4d3c48383746e1012b6fcf8bcb6b18bf54ee39cffd7d0c3f05b6e6f6c309f607" "/opt/rustwide/cargo-home/bin/cargo" "+1.100.0-beta.1" "metadata" "--no-deps" "--format-version=1", kill_on_drop: false }`
[INFO] running `Command { std: "docker" "inspect" "4d3c48383746e1012b6fcf8bcb6b18bf54ee39cffd7d0c3f05b6e6f6c309f607", kill_on_drop: false }`
[INFO] running `Command { std: "docker" "exec" "-e" "SOURCE_DIR=/opt/rustwide/workdir" "-e" "CARGO_HOME=/opt/rustwide/cargo-home" "-e" "RUSTUP_HOME=/opt/rustwide/rustup-home" "-e" "CARGO_TARGET_DIR=/opt/rustwide/target" "-e" "CARGO_INCREMENTAL=0" "-e" "RUST_BACKTRACE=full" "-e" "RUSTFLAGS=--cap-lints=warn" "-e" "RUSTDOCFLAGS=--cap-lints=warn" "-w" "/opt/rustwide/workdir" "--user" "0:0" "4d3c48383746e1012b6fcf8bcb6b18bf54ee39cffd7d0c3f05b6e6f6c309f607" "/opt/rustwide/cargo-home/bin/cargo" "+1.100.0-beta.1" "build" "--frozen" "--message-format=json" "--release", kill_on_drop: false }`
[INFO] [stderr]    Compiling winnow v1.0.3
[INFO] [stderr]    Compiling rustversion v1.0.22
[INFO] [stderr]    Compiling crunchy v0.2.4
[INFO] [stderr]    Compiling typenum v1.20.1
[INFO] [stderr]    Compiling konst_macro_rules v0.2.19
[INFO] [stderr]    Compiling thiserror v2.0.18
[INFO] [stderr]    Compiling arrayvec v0.7.7
[INFO] [stderr]    Compiling byte-slice-cast v1.2.3
[INFO] [stderr]    Compiling syn v2.0.118
[INFO] [stderr]    Compiling const_format_proc_macros v0.2.34
[INFO] [stderr]    Compiling generic-array v0.14.7
[INFO] [stderr]    Compiling rustc-hex v2.1.0
[INFO] [stderr]    Compiling unicode-segmentation v1.13.3
[INFO] [stderr]    Compiling scale-type-resolver v0.2.0
[INFO] [stderr]    Compiling konst v0.2.20
[INFO] [stderr]    Compiling fixed-hash v0.8.0
[INFO] [stderr]    Compiling uint v0.10.0
[INFO] [stderr]    Compiling cc v1.2.65
[INFO] [stderr]    Compiling subtle v2.6.1
[INFO] [stderr]    Compiling primitive-types v0.13.1
[INFO] [stderr]    Compiling hex v0.4.3
[INFO] [stderr]    Compiling memchr v2.8.2
[INFO] [stderr]    Compiling cfg-if v1.0.4
[INFO] [stderr]    Compiling convert_case v0.10.0
[INFO] [stderr]    Compiling byteorder v1.5.0
[INFO] [stderr]    Compiling zerocopy v0.8.52
[INFO] [stderr]    Compiling uint v0.9.5
[INFO] [stderr]    Compiling bs58 v0.5.1
[INFO] [stderr]    Compiling futures-sink v0.3.32
[INFO] [stderr]    Compiling futures-core v0.3.32
[INFO] [stderr]    Compiling gear-stack-buffer v1.10.0
[INFO] [stderr]    Compiling rustls-pki-types v1.14.1
[INFO] [stderr]    Compiling page_size v0.6.0
[INFO] [stderr]    Compiling parity-scale-codec v3.7.5
[INFO] [stderr]    Compiling libc-print v0.1.23
[INFO] [stderr]    Compiling getrandom v0.2.17
[INFO] [stderr]    Compiling httparse v1.10.1
[INFO] [stderr]    Compiling slab v0.4.12
[INFO] [stderr]    Compiling str-buf v3.0.3
[INFO] [stderr]    Compiling gcore v1.10.0
[INFO] [stderr]    Compiling futures-task v0.3.32
[INFO] [stderr]    Compiling gear-dlmalloc v0.2.1
[INFO] [stderr]    Compiling futures-util v0.3.32
[INFO] [stderr]    Compiling const_format v0.2.36
[INFO] [stderr]    Compiling aho-corasick v1.1.4
[INFO] [stderr]    Compiling futures-channel v0.3.32
[INFO] [stderr]    Compiling simd-adler32 v0.3.9
[INFO] [stderr]    Compiling serde_json v1.0.150
[INFO] [stderr]    Compiling convert_case v0.4.0
[INFO] [stderr]    Compiling crypto-common v0.1.7
[INFO] [stderr]    Compiling block-buffer v0.10.4
[INFO] [stderr]    Compiling rustls v0.23.41
[INFO] [stderr]    Compiling digest v0.10.7
[INFO] [stderr]    Compiling futures-io v0.3.32
[INFO] [stderr]    Compiling bytes v1.12.0
[INFO] [stderr]    Compiling miniz_oxide v0.8.9
[INFO] [stderr]    Compiling blake2 v0.10.6
[INFO] [stderr]    Compiling hybrid-array v0.4.13
[INFO] [stderr]    Compiling galloc v1.10.0
[INFO] [stderr]    Compiling gear-ss58 v1.10.0
[INFO] [stderr]    Compiling waker-fn v1.2.0
[INFO] [stderr]    Compiling const-oid v0.10.2
[INFO] [stderr]    Compiling foldhash v0.2.0
[INFO] [stderr]    Compiling anyhow v1.0.103
[INFO] [stderr]    Compiling clap_builder v4.6.0
[INFO] [stderr]    Compiling ring v0.17.14
[INFO] [stderr]    Compiling toml_parser v1.1.2+spec-1.1.0
[INFO] [stderr]    Compiling hashbrown v0.17.1
[INFO] [stderr]    Compiling webpki-roots v1.0.8
[INFO] [stderr]    Compiling block-buffer v0.12.1
[INFO] [stderr]    Compiling crypto-common v0.2.2
[INFO] [stderr]    Compiling http v1.4.2
[INFO] [stderr]    Compiling flate2 v1.1.9
[INFO] [stderr]    Compiling jiff v0.2.29
[INFO] [stderr]    Compiling toml_edit v0.25.12+spec-1.1.0
[INFO] [stderr]    Compiling regex-automata v0.4.14
[INFO] [stderr]    Compiling ureq-proto v0.6.0
[INFO] [stderr]    Compiling proc-macro-crate v3.5.0
[INFO] [stderr]    Compiling digest v0.11.3
[INFO] [stderr]    Compiling utf8-zero v0.8.1
[INFO] [stderr]    Compiling futures v0.3.32
[INFO] [stderr]    Compiling cpufeatures v0.3.0
[INFO] [stderr]    Compiling sha1 v0.11.0
[INFO] [stderr]    Compiling diffy v0.5.0
[INFO] [stderr]    Compiling hex-literal v1.1.0
[INFO] [stderr]    Compiling darling_core v0.20.11
[INFO] [stderr]    Compiling ahash v0.8.12
[INFO] [stderr]    Compiling parity-scale-codec-derive v3.7.5
[INFO] [stderr]    Compiling impl-trait-for-tuples v0.2.3
[INFO] [stderr]    Compiling derive_more-impl v1.0.0
[INFO] [stderr]    Compiling scale-info-derive v2.11.6
[INFO] [stderr]    Compiling thiserror-impl v2.0.18
[INFO] [stderr]    Compiling bytemuck_derive v1.10.2
[INFO] [stderr]    Compiling derive_more-impl v2.1.1
[INFO] [stderr]    Compiling enum-iterator-derive v1.5.0
[INFO] [stderr]    Compiling hashbrown v0.14.5
[INFO] [stderr]    Compiling derive_more v0.99.20
[INFO] [stderr]    Compiling serde_derive v1.0.228
[INFO] [stderr]    Compiling clap_derive v4.6.1
[INFO] [stderr]    Compiling regex v1.12.4
[INFO] [stderr]    Compiling derive_more v1.0.0
[INFO] [stderr]    Compiling darling_macro v0.20.11
[INFO] [stderr]    Compiling env_filter v2.0.0
[INFO] [stderr]    Compiling darling v0.20.11
[INFO] [stderr]    Compiling scale-encode-derive v0.10.1
[INFO] [stderr]    Compiling scale-decode-derive v0.16.2
[INFO] [stderr]    Compiling enum-iterator v1.5.0
[INFO] [stderr]    Compiling bytemuck v1.25.0
[INFO] [stderr]    Compiling gsys v1.10.0
[INFO] [stderr]    Compiling env_logger v0.11.11
[INFO] [stderr]    Compiling impl-codec v0.6.0
[INFO] [stderr]    Compiling scale-info v2.11.6
[INFO] [stderr]    Compiling scale-bits v0.7.0
[INFO] [stderr]    Compiling scale-decode v0.16.2
[INFO] [stderr]    Compiling scale-encode v0.10.1
[INFO] [stderr]    Compiling primitive-types v0.12.2
[INFO] [stderr]    Compiling serde v1.0.228
[INFO] [stderr]    Compiling derive_more v2.1.1
[INFO] [stderr]    Compiling gprimitives v1.10.0
[INFO] [stderr]    Compiling clap v4.6.1
[INFO] [stderr]    Compiling gmeta v1.7.1
[INFO] [stderr]    Compiling gstd-codegen v1.10.0
[INFO] [stderr]    Compiling gear-core-errors v1.10.0
[INFO] [stderr]    Compiling gstd v1.10.0
[INFO] [stderr]    Compiling io v0.0.2
[INFO] [stderr]    Compiling rustls-webpki v0.103.13
[INFO] [stderr]    Compiling ureq v3.3.0
[INFO] [stderr]    Compiling gift v0.1.0 (/opt/rustwide/workdir)
[INFO] [stderr] warning: unused dependency `env_logger`
[INFO] [stderr]  --> Cargo.toml:4:1
[INFO] [stderr]   |
[INFO] [stderr] 4 | env_logger = "0.11.10"
[INFO] [stderr]   | ^^^^^^^^^^^^^^^^^^^^^^
[INFO] [stderr]   |
[INFO] [stderr]   = note: `cargo::unused_dependencies` is set to `warn` by default
[INFO] [stderr] help: consider removing the dependency on `env_logger`
[INFO] [stderr] warning: unused dependency `hex-literal`
[INFO] [stderr]  --> Cargo.toml:7:1
[INFO] [stderr]   |
[INFO] [stderr] 7 | hex-literal = "1.1.0"
[INFO] [stderr]   | ^^^^^^^^^^^^^^^^^^^^^
[INFO] [stderr]   |
[INFO] [stderr] help: consider removing the dependency on `hex-literal`
[INFO] [stderr] warning: unused dependency `io`
[INFO] [stderr]  --> Cargo.toml:8:1
[INFO] [stderr]   |
[INFO] [stderr] 8 | io = "0.0.2"
[INFO] [stderr]   | ^^^^^^^^^^^^
[INFO] [stderr]   |
[INFO] [stderr] help: consider removing the dependency on `io`
[INFO] [stderr] warning: `gift` (manifest) generated 3 warnings
[INFO] [stderr]     Finished `release` profile [optimized] target(s) in 1m 48s
[INFO] [stderr] warning: the following packages contain code that will be rejected by a future version of Rust: primitive-types v0.12.2, primitive-types v0.13.1
[INFO] [stderr] note: to see what the problems were, use the option `--future-incompat-report`, or run `cargo report future-incompatibilities --id 2`
[INFO] running `Command { std: "docker" "inspect" "4d3c48383746e1012b6fcf8bcb6b18bf54ee39cffd7d0c3f05b6e6f6c309f607", kill_on_drop: false }`
[INFO] running `Command { std: "docker" "exec" "-e" "SOURCE_DIR=/opt/rustwide/workdir" "-e" "CARGO_HOME=/opt/rustwide/cargo-home" "-e" "RUSTUP_HOME=/opt/rustwide/rustup-home" "-e" "CARGO_TARGET_DIR=/opt/rustwide/target" "-e" "CARGO_INCREMENTAL=0" "-e" "RUST_BACKTRACE=full" "-e" "RUSTFLAGS=--cap-lints=warn" "-e" "RUSTDOCFLAGS=--cap-lints=warn" "-w" "/opt/rustwide/workdir" "--user" "0:0" "4d3c48383746e1012b6fcf8bcb6b18bf54ee39cffd7d0c3f05b6e6f6c309f607" "/opt/rustwide/cargo-home/bin/cargo" "+1.100.0-beta.1" "test" "--frozen" "--no-run" "--message-format=json" "--release", kill_on_drop: false }`
[INFO] [stderr]    Compiling gift v0.1.0 (/opt/rustwide/workdir)
[INFO] [stderr] warning: unused dependency `env_logger`
[INFO] [stderr]  --> Cargo.toml:4:1
[INFO] [stderr]   |
[INFO] [stderr] 4 | env_logger = "0.11.10"
[INFO] [stderr]   | ^^^^^^^^^^^^^^^^^^^^^^
[INFO] [stderr]   |
[INFO] [stderr]   = note: `cargo::unused_dependencies` is set to `warn` by default
[INFO] [stderr] help: consider removing the dependency on `env_logger`
[INFO] [stderr] warning: unused dependency `hex-literal`
[INFO] [stderr]  --> Cargo.toml:7:1
[INFO] [stderr]   |
[INFO] [stderr] 7 | hex-literal = "1.1.0"
[INFO] [stderr]   | ^^^^^^^^^^^^^^^^^^^^^
[INFO] [stderr]   |
[INFO] [stderr] help: consider removing the dependency on `hex-literal`
[INFO] [stderr] warning: unused dependency `io`
[INFO] [stderr]  --> Cargo.toml:8:1
[INFO] [stderr]   |
[INFO] [stderr] 8 | io = "0.0.2"
[INFO] [stderr]   | ^^^^^^^^^^^^
[INFO] [stderr]   |
[INFO] [stderr] help: consider removing the dependency on `io`
[INFO] [stderr] warning: `gift` (manifest) generated 3 warnings
[INFO] [stderr]     Finished `release` profile [optimized] target(s) in 14.77s
[INFO] [stderr] warning: the following packages contain code that will be rejected by a future version of Rust: primitive-types v0.12.2, primitive-types v0.13.1
[INFO] [stderr] note: to see what the problems were, use the option `--future-incompat-report`, or run `cargo report future-incompatibilities --id 2`
[INFO] running `Command { std: "docker" "inspect" "4d3c48383746e1012b6fcf8bcb6b18bf54ee39cffd7d0c3f05b6e6f6c309f607", kill_on_drop: false }`
[INFO] running `Command { std: "docker" "exec" "-e" "SOURCE_DIR=/opt/rustwide/workdir" "-e" "CARGO_HOME=/opt/rustwide/cargo-home" "-e" "RUSTUP_HOME=/opt/rustwide/rustup-home" "-e" "CARGO_TARGET_DIR=/opt/rustwide/target" "-e" "CARGO_INCREMENTAL=0" "-e" "RUST_BACKTRACE=full" "-e" "RUSTFLAGS=--cap-lints=warn" "-e" "RUSTDOCFLAGS=--cap-lints=warn" "-w" "/opt/rustwide/workdir" "--user" "0:0" "4d3c48383746e1012b6fcf8bcb6b18bf54ee39cffd7d0c3f05b6e6f6c309f607" "/opt/rustwide/cargo-home/bin/cargo" "+1.100.0-beta.1" "test" "--frozen" "--release", kill_on_drop: false }`
[INFO] [stderr] warning: unused dependency `env_logger`
[INFO] [stderr]  --> Cargo.toml:4:1
[INFO] [stderr]   |
[INFO] [stderr] 4 | env_logger = "0.11.10"
[INFO] [stderr]   | ^^^^^^^^^^^^^^^^^^^^^^
[INFO] [stderr]   |
[INFO] [stderr]   = note: `cargo::unused_dependencies` is set to `warn` by default
[INFO] [stderr] help: consider removing the dependency on `env_logger`
[INFO] [stderr] warning: unused dependency `hex-literal`
[INFO] [stderr]  --> Cargo.toml:7:1
[INFO] [stderr]   |
[INFO] [stderr] 7 | hex-literal = "1.1.0"
[INFO] [stderr]   | ^^^^^^^^^^^^^^^^^^^^^
[INFO] [stderr]   |
[INFO] [stderr] help: consider removing the dependency on `hex-literal`
[INFO] [stderr] warning: unused dependency `io`
[INFO] [stderr]  --> Cargo.toml:8:1
[INFO] [stderr]   |
[INFO] [stderr] 8 | io = "0.0.2"
[INFO] [stderr]   | ^^^^^^^^^^^^
[INFO] [stderr]   |
[INFO] [stderr] help: consider removing the dependency on `io`
[INFO] [stderr] warning: `gift` (manifest) generated 3 warnings
[INFO] [stderr]     Finished `release` profile [optimized] target(s) in 0.57s
[INFO] [stderr] warning: the following packages contain code that will be rejected by a future version of Rust: primitive-types v0.12.2, primitive-types v0.13.1
[INFO] [stderr] note: to see what the problems were, use the option `--future-incompat-report`, or run `cargo report future-incompatibilities --id 2`
[INFO] [stderr]      Running unittests src/lib.rs (/opt/rustwide/target/release/build/gift/580875ba6a1a4006/out/gift-580875ba6a1a4006)
[INFO] [stdout] 
[INFO] [stdout] running 80 tests
[INFO] [stdout] test deal_pktlines::roundtrip ... ok
[INFO] [stdout] test deal_pktlines::tests::decode_preserves_binary ... ok
[INFO] [stdout] test deal_pktlines::tests::encode_flush_delim_and_empty ... ok
[INFO] [stdout] test deal_pktlines::tests::decode_data_and_eof ... ok
[INFO] [stdout] test deal_pktlines::tests::decode_truncated_prefix_errors ... ok
[INFO] [stdout] test deal_pktlines::tests::decode_flush_and_delim ... ok
[INFO] [stdout] test get_packfile_by_network::get_pack_tests::demux_assembles_channel_1 ... ok
[INFO] [stdout] test deal_pktlines::tests::encode_uses_lowercase_hex ... ok
[INFO] [stdout] test deal_pktlines::tests::encode_data_basic ... ok
[INFO] [stdout] test tests::ai_llm::completions_url_trims_trailing_slash ... ok
[INFO] [stdout] test tests::ai_llm::config_defaults_to_deepseek ... ok
[INFO] [stdout] test tests::ai_llm::config_falls_back_to_deepseek_api_key ... ok
[INFO] [stdout] test tests::ai_llm::config_errors_without_any_key ... ok
[INFO] [stdout] test get_packfile_by_network::get_pack_tests::demux_channel_3_becomes_error ... ok
[INFO] [stdout] test tests::ai_llm::config_overrides_base_url_and_model ... ok
[INFO] [stdout] test tests::ai_llm::config_prefers_giftai_key_over_deepseek ... ok
[INFO] [stdout] test tests::ai_llm::parse_reply_extracts_content ... ok
[INFO] [stdout] test tests::ai_llm::parse_reply_errors_on_bad_json ... ok
[INFO] [stdout] test tests::ai_messages::filename_is_zero_padded ... ok
[INFO] [stdout] test parse_packfile::build_pack_tests::build_then_parse_roundtrips ... ok
[INFO] [stdout] test tests::ai_messages::next_seq_is_max_plus_one ... FAILED
[INFO] [stdout] test tests::ai_messages::load_orders_by_seq_and_maps_role ... FAILED
[INFO] [stdout] test tests::ai_llm::parse_reply_errors_on_empty_choices ... ok
[INFO] [stdout] test tests::ai_messages::select_keeps_system_and_chosen_rounds ... ok
[INFO] [stdout] test tests::checkout::checkout_branch_restores_tip_and_keeps_symbolic_head ... FAILED
[INFO] [stdout] test tests::ai_messages::message_serializes_to_role_content ... ok
[INFO] [stdout] test tests::checkout::checkout_reports_untracked_file_conflict_before_writing ... FAILED
[INFO] [stdout] test tests::ai_messages::select_rejects_out_of_range_and_empty ... ok
[INFO] [stdout] test tests::diff::diff_blobs_binary_detected ... FAILED
[INFO] [stdout] test tests::diff::diff_blobs_text_matches_git ... FAILED
[INFO] [stdout] test tests::diff::diff_blobs_worktree_side ... FAILED
[INFO] [stdout] test tests::diff::diff_commits_matches_git ... FAILED
[INFO] [stdout] test tests::commit::commit_on_detached_head_updates_oid_and_parent ... FAILED
[INFO] [stdout] test tests::diff::diff_subdir_matches_git ... FAILED
[INFO] [stdout] test tests::commit::commit_on_branch_first_then_second ... FAILED
[INFO] [stdout] test tests::ignore::test_gitignore_simple ... FAILED
[INFO] [stdout] test tests::index_file::cmp_read_tree_matches_git_ls_tree ... FAILED
[INFO] [stdout] test tests::index_file::from_index_file_matches_parsed_index_entries ... FAILED
[INFO] [stdout] test tests::index_file::parse_index ... FAILED
[INFO] [stdout] test tests::index_file::stage_paths_roundtrip_index ... FAILED
[INFO] [stdout] test tests::log::test_log_basic ... FAILED
[INFO] [stdout] test tests::checkout::checkout_commit_detaches_and_restores_worktree_without_symlinks ... FAILED
[INFO] [stdout] test tests::diff::subtree_at_missing_returns_none ... FAILED
[INFO] [stdout] test tests::log::test_log_max_count ... FAILED
[INFO] [stdout] test tests::index_file::from_index_file_write_tree_matches_git_write_tree ... FAILED
[INFO] [stdout] test tests::log::test_log_no_commits ... FAILED
[INFO] [stdout] test tests::merge::one_side_adds_subtree_other_modifies_file ... FAILED
[INFO] [stdout] test tests::merge::three_level_subtree_recursive_merge ... FAILED
[INFO] [stdout] test tests::merge::nested_dirs_conflict_at_leaf ... FAILED
[INFO] [stdout] test tests::merge_base::forked_history_returns_fork_point ... FAILED
[INFO] [stdout] test tests::merge_base::same_commit_returns_itself ... FAILED
[INFO] [stdout] test tests::merge_base::linear_history_ancestor_is_parent ... FAILED
[INFO] [stdout] test tests::object::cmp_init ... FAILED
[INFO] [stdout] test tests::object::cmp_write_obj ... FAILED
[INFO] [stdout] test tests::object::read_commit_matches_git_commit_tree ... FAILED
[INFO] [stdout] test tests::object::commit_tree_writes_loose_object ... FAILED
[INFO] [stdout] test tests::merge::two_level_subtree_both_change_different_files ... FAILED
[INFO] [stdout] test tests::merge_base::unrelated_histories_returns_none ... FAILED
[INFO] [stdout] test tests::reference::read_ref_and_update_ref_match_git ... FAILED
[INFO] [stdout] test tests::reference::update_ref_rejects_non_commit_object ... FAILED
[INFO] [stdout] test tests::reference::read_ref_rejects_symbolic_file ... FAILED
[INFO] [stdout] test tests::reference::read_symbolic_ref_matches_git ... FAILED
[INFO] [stdout] test tests::reference::write_symbolic_ref_matches_git ... FAILED
[INFO] [stdout] test tests::status::test_load_head_tree_debug ... FAILED
[INFO] [stdout] test tests::status::test_status_basic ... FAILED
[INFO] [stdout] test tests::status::test_status_ignored_files_simple ... FAILED
[INFO] [stdout] test tests::status::test_status_functionality ... FAILED
[INFO] [stdout] test get_packfile_by_network::want_tests::want_request_is_well_formed ... ok
[INFO] [stdout] test tests::object::read_commit_merge_two_parents ... FAILED
[INFO] [stdout] test deal_pktlines::tests::matches_real_git ... ok
[INFO] [stdout] test pull::tests::merge_remote_tracking_already_up_to_date ... ok
[INFO] [stdout] d11559928b77c509d50c0e213276d1f0b14ca61b
[INFO] [stdout] test get_packfile_by_network::get_pack_tests::end_to_end_against_real_git ... ok
[INFO] [stdout] test push::tests::objects_to_send_match_git_rev_list ... ok
[INFO] [stdout] test fetch::tests::fetch_to_disk_updates_tracking_refs_only ... ok
[INFO] [stdout] test pull::tests::merge_remote_tracking_fast_forwards ... ok
[INFO] [stdout] test get_packfile_by_network::tests::parse_matches_ls_remote ... ok
[INFO] [stdout] test push::tests::built_pack_completes_clone_at_a ... ok
[INFO] [stdout] test parse_packfile::tests::parse_real_pack_matches_git ... ok
[INFO] [stdout] test get_packfile_by_network::get_pack_tests::incremental_fetch_thickens_thin_pack ... ok
[INFO] [stdout] test parse_packfile::write_tests::clone_to_disk_produces_valid_repo ... ok
[INFO] [stdout] 
[INFO] [stdout] failures:
[INFO] [stdout] 
[INFO] [stdout] ---- tests::ai_messages::next_seq_is_max_plus_one stdout ----
[INFO] [stdout] 
[INFO] [stdout] thread 'tests::ai_messages::next_seq_is_max_plus_one' (2940) panicked at src/tests.rs:58:31:
[INFO] [stdout] called `Result::unwrap()` on an `Err` value: Os { code: 30, kind: ReadOnlyFilesystem, message: "Read-only file system" }
[INFO] [stdout] stack backtrace:
[INFO] [stdout]    0:     0x623731f1fcb1 - <<std[617be2ca0a6fd877]::sys::backtrace::BacktraceLock>::print::DisplayBacktrace as core[a373ad73a504971]::fmt::Display>::fmt
[INFO] [stdout]    1:     0x623731f369ca - core[a373ad73a504971]::fmt::write
[INFO] [stdout]    2:     0x623731f259dc - <alloc[2e1b2a31b91974c5]::vec::Vec<u8> as core[a373ad73a504971]::io::write::Write>::write_fmt
[INFO] [stdout]    3:     0x623731ef8106 - std[617be2ca0a6fd877]::panicking::default_hook::{closure#0}
[INFO] [stdout]    4:     0x623731f168e9 - std[617be2ca0a6fd877]::panicking::default_hook
[INFO] [stdout]    5:     0x623731e9e320 - test[aada8e7e76ba119b]::test_main_inner::{closure#0}
[INFO] [stdout]    6:     0x623731f16aa2 - std[617be2ca0a6fd877]::panicking::panic_with_hook
[INFO] [stdout]    7:     0x623731ef81b2 - std[617be2ca0a6fd877]::panicking::panic_handler::{closure#0}
[INFO] [stdout]    8:     0x623731ef0529 - std[617be2ca0a6fd877]::sys::backtrace::__rust_end_short_backtrace::<std[617be2ca0a6fd877]::panicking::panic_handler::{closure#0}, !>
[INFO] [stdout]    9:     0x623731ef916d - __rustc[ea4f61d10b84890b]::rust_begin_unwind
[INFO] [stdout]   10:     0x623731f370fc - core[a373ad73a504971]::panicking::panic_fmt
[INFO] [stdout]   11:     0x623731f36ed2 - core[a373ad73a504971]::result::unwrap_failed
[INFO] [stdout]   12:     0x623731e7a1f0 - gift[d776155299e4e3bd]::tests::make_worktree_dir
[INFO] [stdout]   13:     0x623731e764ca - <gift[d776155299e4e3bd]::tests::ai_messages::next_seq_is_max_plus_one::{closure#0} as core[a373ad73a504971]::ops::function::FnOnce<()>>::call_once
[INFO] [stdout]   14:     0x623731e9176b - test[aada8e7e76ba119b]::__rust_begin_short_backtrace::<core[a373ad73a504971]::result::Result<(), alloc[2e1b2a31b91974c5]::string::String>, fn() -> core[a373ad73a504971]::result::Result<(), alloc[2e1b2a31b91974c5]::string::String>>
[INFO] [stdout]   15:     0x623731e9e945 - test[aada8e7e76ba119b]::run_test::{closure#0}
[INFO] [stdout]   16:     0x623731e98234 - std[617be2ca0a6fd877]::sys::backtrace::__rust_begin_short_backtrace::<test[aada8e7e76ba119b]::run_test::{closure#1}, ()>
[INFO] [stdout]   17:     0x623731ea19d2 - <std[617be2ca0a6fd877]::thread::lifecycle::spawn_unchecked<test[aada8e7e76ba119b]::run_test::{closure#1}, ()>::{closure#1} as core[a373ad73a504971]::ops::function::FnOnce<()>>::call_once::{shim:vtable#0}
[INFO] [stdout]   18:     0x623731f1ec3f - <std[617be2ca0a6fd877]::sys::thread::unix::Thread>::new::thread_start
[INFO] [stdout]   19:     0x7e96d5d8adfa - <unknown>
[INFO] [stdout]   20:     0x7e96d5e1e3d4 - clone
[INFO] [stdout]   21:                0x0 - <unknown>
[INFO] [stdout] 
[INFO] [stdout] ---- tests::ai_messages::load_orders_by_seq_and_maps_role stdout ----
[INFO] [stdout] 
[INFO] [stdout] thread 'tests::ai_messages::load_orders_by_seq_and_maps_role' (2938) panicked at src/tests.rs:58:31:
[INFO] [stdout] called `Result::unwrap()` on an `Err` value: Os { code: 30, kind: ReadOnlyFilesystem, message: "Read-only file system" }
[INFO] [stdout] stack backtrace:
[INFO] [stdout]    0:     0x623731f1fcb1 - <<std[617be2ca0a6fd877]::sys::backtrace::BacktraceLock>::print::DisplayBacktrace as core[a373ad73a504971]::fmt::Display>::fmt
[INFO] [stdout]    1:     0x623731f369ca - core[a373ad73a504971]::fmt::write
[INFO] [stdout]    2:     0x623731f259dc - <alloc[2e1b2a31b91974c5]::vec::Vec<u8> as core[a373ad73a504971]::io::write::Write>::write_fmt
[INFO] [stdout]    3:     0x623731ef8106 - std[617be2ca0a6fd877]::panicking::default_hook::{closure#0}
[INFO] [stdout]    4:     0x623731f168e9 - std[617be2ca0a6fd877]::panicking::default_hook
[INFO] [stdout]    5:     0x623731e9e320 - test[aada8e7e76ba119b]::test_main_inner::{closure#0}
[INFO] [stdout]    6:     0x623731f16aa2 - std[617be2ca0a6fd877]::panicking::panic_with_hook
[INFO] [stdout]    7:     0x623731ef81b2 - std[617be2ca0a6fd877]::panicking::panic_handler::{closure#0}
[INFO] [stdout]    8:     0x623731ef0529 - std[617be2ca0a6fd877]::sys::backtrace::__rust_end_short_backtrace::<std[617be2ca0a6fd877]::panicking::panic_handler::{closure#0}, !>
[INFO] [stdout]    9:     0x623731ef916d - __rustc[ea4f61d10b84890b]::rust_begin_unwind
[INFO] [stdout]   10:     0x623731f370fc - core[a373ad73a504971]::panicking::panic_fmt
[INFO] [stdout]   11:     0x623731f36ed2 - core[a373ad73a504971]::result::unwrap_failed
[INFO] [stdout]   12:     0x623731e7a1f0 - gift[d776155299e4e3bd]::tests::make_worktree_dir
[INFO] [stdout]   13:     0x623731e76c06 - <gift[d776155299e4e3bd]::tests::ai_messages::load_orders_by_seq_and_maps_role::{closure#0} as core[a373ad73a504971]::ops::function::FnOnce<()>>::call_once
[INFO] [stdout]   14:     0x623731e9176b - test[aada8e7e76ba119b]::__rust_begin_short_backtrace::<core[a373ad73a504971]::result::Result<(), alloc[2e1b2a31b91974c5]::string::String>, fn() -> core[a373ad73a504971]::result::Result<(), alloc[2e1b2a31b91974c5]::string::String>>
[INFO] [stdout]   15:     0x623731e9e945 - test[aada8e7e76ba119b]::run_test::{closure#0}
[INFO] [stdout]   16:     0x623731e98234 - std[617be2ca0a6fd877]::sys::backtrace::__rust_begin_short_backtrace::<test[aada8e7e76ba119b]::run_test::{closure#1}, ()>
[INFO] [stdout]   17:     0x623731ea19d2 - <std[617be2ca0a6fd877]::thread::lifecycle::spawn_unchecked<test[aada8e7e76ba119b]::run_test::{closure#1}, ()>::{closure#1} as core[a373ad73a504971]::ops::function::FnOnce<()>>::call_once::{shim:vtable#0}
[INFO] [stdout]   18:     0x623731f1ec3f - <std[617be2ca0a6fd877]::sys::thread::unix::Thread>::new::thread_start
[INFO] [stdout]   19:     0x7e96d5d8adfa - <unknown>
[INFO] [stdout]   20:     0x7e96d5e1e3d4 - clone
[INFO] [stdout]   21:                0x0 - <unknown>
[INFO] [stdout] 
[INFO] [stdout] ---- tests::checkout::checkout_branch_restores_tip_and_keeps_symbolic_head stdout ----
[INFO] [stdout] 
[INFO] [stdout] thread 'tests::checkout::checkout_branch_restores_tip_and_keeps_symbolic_head' (2945) panicked at src/tests.rs:58:31:
[INFO] [stdout] called `Result::unwrap()` on an `Err` value: Os { code: 30, kind: ReadOnlyFilesystem, message: "Read-only file system" }
[INFO] [stdout] stack backtrace:
[INFO] [stdout]    0:     0x623731f1fcb1 - <<std[617be2ca0a6fd877]::sys::backtrace::BacktraceLock>::print::DisplayBacktrace as core[a373ad73a504971]::fmt::Display>::fmt
[INFO] [stdout]    1:     0x623731f369ca - core[a373ad73a504971]::fmt::write
[INFO] [stdout]    2:     0x623731f259dc - <alloc[2e1b2a31b91974c5]::vec::Vec<u8> as core[a373ad73a504971]::io::write::Write>::write_fmt
[INFO] [stdout]    3:     0x623731ef8106 - std[617be2ca0a6fd877]::panicking::default_hook::{closure#0}
[INFO] [stdout]    4:     0x623731f168e9 - std[617be2ca0a6fd877]::panicking::default_hook
[INFO] [stdout]    5:     0x623731e9e320 - test[aada8e7e76ba119b]::test_main_inner::{closure#0}
[INFO] [stdout]    6:     0x623731f16aa2 - std[617be2ca0a6fd877]::panicking::panic_with_hook
[INFO] [stdout]    7:     0x623731ef81b2 - std[617be2ca0a6fd877]::panicking::panic_handler::{closure#0}
[INFO] [stdout]    8:     0x623731ef0529 - std[617be2ca0a6fd877]::sys::backtrace::__rust_end_short_backtrace::<std[617be2ca0a6fd877]::panicking::panic_handler::{closure#0}, !>
[INFO] [stdout]    9:     0x623731ef916d - __rustc[ea4f61d10b84890b]::rust_begin_unwind
[INFO] [stdout]   10:     0x623731f370fc - core[a373ad73a504971]::panicking::panic_fmt
[INFO] [stdout]   11:     0x623731f36ed2 - core[a373ad73a504971]::result::unwrap_failed
[INFO] [stdout]   12:     0x623731e7a1f0 - gift[d776155299e4e3bd]::tests::make_worktree_dir
[INFO] [stdout]   13:     0x623731e43a1d - <gift[d776155299e4e3bd]::tests::checkout::checkout_branch_restores_tip_and_keeps_symbolic_head::{closure#0} as core[a373ad73a504971]::ops::function::FnOnce<()>>::call_once
[INFO] [stdout]   14:     0x623731e9176b - test[aada8e7e76ba119b]::__rust_begin_short_backtrace::<core[a373ad73a504971]::result::Result<(), alloc[2e1b2a31b91974c5]::string::String>, fn() -> core[a373ad73a504971]::result::Result<(), alloc[2e1b2a31b91974c5]::string::String>>
[INFO] [stdout]   15:     0x623731e9e945 - test[aada8e7e76ba119b]::run_test::{closure#0}
[INFO] [stdout]   16:     0x623731e98234 - std[617be2ca0a6fd877]::sys::backtrace::__rust_begin_short_backtrace::<test[aada8e7e76ba119b]::run_test::{closure#1}, ()>
[INFO] [stdout]   17:     0x623731ea19d2 - <std[617be2ca0a6fd877]::thread::lifecycle::spawn_unchecked<test[aada8e7e76ba119b]::run_test::{closure#1}, ()>::{closure#1} as core[a373ad73a504971]::ops::function::FnOnce<()>>::call_once::{shim:vtable#0}
[INFO] [stdout]   18:     0x623731f1ec3f - <std[617be2ca0a6fd877]::sys::thread::unix::Thread>::new::thread_start
[INFO] [stdout]   19:     0x7e96d5d8adfa - <unknown>
[INFO] [stdout]   20:     0x7e96d5e1e3d4 - clone
[INFO] [stdout]   21:                0x0 - <unknown>
[INFO] [stdout] 
[INFO] [stdout] ---- tests::checkout::checkout_reports_untracked_file_conflict_before_writing stdout ----
[INFO] [stdout] 
[INFO] [stdout] thread 'tests::checkout::checkout_reports_untracked_file_conflict_before_writing' (2948) panicked at src/tests.rs:58:31:
[INFO] [stdout] called `Result::unwrap()` on an `Err` value: Os { code: 30, kind: ReadOnlyFilesystem, message: "Read-only file system" }
[INFO] [stdout] stack backtrace:
[INFO] [stdout]    0:     0x623731f1fcb1 - <<std[617be2ca0a6fd877]::sys::backtrace::BacktraceLock>::print::DisplayBacktrace as core[a373ad73a504971]::fmt::Display>::fmt
[INFO] [stdout]    1:     0x623731f369ca - core[a373ad73a504971]::fmt::write
[INFO] [stdout]    2:     0x623731f259dc - <alloc[2e1b2a31b91974c5]::vec::Vec<u8> as core[a373ad73a504971]::io::write::Write>::write_fmt
[INFO] [stdout]    3:     0x623731ef8106 - std[617be2ca0a6fd877]::panicking::default_hook::{closure#0}
[INFO] [stdout]    4:     0x623731f168e9 - std[617be2ca0a6fd877]::panicking::default_hook
[INFO] [stdout]    5:     0x623731e9e320 - test[aada8e7e76ba119b]::test_main_inner::{closure#0}
[INFO] [stdout]    6:     0x623731f16aa2 - std[617be2ca0a6fd877]::panicking::panic_with_hook
[INFO] [stdout]    7:     0x623731ef81b2 - std[617be2ca0a6fd877]::panicking::panic_handler::{closure#0}
[INFO] [stdout]    8:     0x623731ef0529 - std[617be2ca0a6fd877]::sys::backtrace::__rust_end_short_backtrace::<std[617be2ca0a6fd877]::panicking::panic_handler::{closure#0}, !>
[INFO] [stdout]    9:     0x623731ef916d - __rustc[ea4f61d10b84890b]::rust_begin_unwind
[INFO] [stdout]   10:     0x623731f370fc - core[a373ad73a504971]::panicking::panic_fmt
[INFO] [stdout]   11:     0x623731f36ed2 - core[a373ad73a504971]::result::unwrap_failed
[INFO] [stdout]   12:     0x623731e7a1f0 - gift[d776155299e4e3bd]::tests::make_worktree_dir
[INFO] [stdout]   13:     0x623731e44f1d - <gift[d776155299e4e3bd]::tests::checkout::checkout_reports_untracked_file_conflict_before_writing::{closure#0} as core[a373ad73a504971]::ops::function::FnOnce<()>>::call_once
[INFO] [stdout]   14:     0x623731e9176b - test[aada8e7e76ba119b]::__rust_begin_short_backtrace::<core[a373ad73a504971]::result::Result<(), alloc[2e1b2a31b91974c5]::string::String>, fn() -> core[a373ad73a504971]::result::Result<(), alloc[2e1b2a31b91974c5]::string::String>>
[INFO] [stdout]   15:     0x623731e9e945 - test[aada8e7e76ba119b]::run_test::{closure#0}
[INFO] [stdout]   16:     0x623731e98234 - std[617be2ca0a6fd877]::sys::backtrace::__rust_begin_short_backtrace::<test[aada8e7e76ba119b]::run_test::{closure#1}, ()>
[INFO] [stdout]   17:     0x623731ea19d2 - <std[617be2ca0a6fd877]::thread::lifecycle::spawn_unchecked<test[aada8e7e76ba119b]::run_test::{closure#1}, ()>::{closure#1} as core[a373ad73a504971]::ops::function::FnOnce<()>>::call_once::{shim:vtable#0}
[INFO] [stdout]   18:     0x623731f1ec3f - <std[617be2ca0a6fd877]::sys::thread::unix::Thread>::new::thread_start
[INFO] [stdout]   19:     0x7e96d5d8adfa - <unknown>
[INFO] [stdout]   20:     0x7e96d5e1e3d4 - clone
[INFO] [stdout]   21:                0x0 - <unknown>
[INFO] [stdout] 
[INFO] [stdout] ---- tests::diff::diff_blobs_binary_detected stdout ----
[INFO] [stdout] 
[INFO] [stdout] thread 'tests::diff::diff_blobs_binary_detected' (2952) panicked at src/tests.rs:58:31:
[INFO] [stdout] called `Result::unwrap()` on an `Err` value: Os { code: 30, kind: ReadOnlyFilesystem, message: "Read-only file system" }
[INFO] [stdout] stack backtrace:
[INFO] [stdout]    0:     0x623731f1fcb1 - <<std[617be2ca0a6fd877]::sys::backtrace::BacktraceLock>::print::DisplayBacktrace as core[a373ad73a504971]::fmt::Display>::fmt
[INFO] [stdout]    1:     0x623731f369ca - core[a373ad73a504971]::fmt::write
[INFO] [stdout]    2:     0x623731f259dc - <alloc[2e1b2a31b91974c5]::vec::Vec<u8> as core[a373ad73a504971]::io::write::Write>::write_fmt
[INFO] [stdout]    3:     0x623731ef8106 - std[617be2ca0a6fd877]::panicking::default_hook::{closure#0}
[INFO] [stdout]    4:     0x623731f168e9 - std[617be2ca0a6fd877]::panicking::default_hook
[INFO] [stdout]    5:     0x623731e9e320 - test[aada8e7e76ba119b]::test_main_inner::{closure#0}
[INFO] [stdout]    6:     0x623731f16aa2 - std[617be2ca0a6fd877]::panicking::panic_with_hook
[INFO] [stdout]    7:     0x623731ef81b2 - std[617be2ca0a6fd877]::panicking::panic_handler::{closure#0}
[INFO] [stdout]    8:     0x623731ef0529 - std[617be2ca0a6fd877]::sys::backtrace::__rust_end_short_backtrace::<std[617be2ca0a6fd877]::panicking::panic_handler::{closure#0}, !>
[INFO] [stdout]    9:     0x623731ef916d - __rustc[ea4f61d10b84890b]::rust_begin_unwind
[INFO] [stdout]   10:     0x623731f370fc - core[a373ad73a504971]::panicking::panic_fmt
[INFO] [stdout]   11:     0x623731f36ed2 - core[a373ad73a504971]::result::unwrap_failed
[INFO] [stdout]   12:     0x623731e7a1f0 - gift[d776155299e4e3bd]::tests::make_worktree_dir
[INFO] [stdout]   13:     0x623731e86cca - <gift[d776155299e4e3bd]::tests::diff::diff_blobs_binary_detected::{closure#0} as core[a373ad73a504971]::ops::function::FnOnce<()>>::call_once
[INFO] [stdout]   14:     0x623731e9176b - test[aada8e7e76ba119b]::__rust_begin_short_backtrace::<core[a373ad73a504971]::result::Result<(), alloc[2e1b2a31b91974c5]::string::String>, fn() -> core[a373ad73a504971]::result::Result<(), alloc[2e1b2a31b91974c5]::string::String>>
[INFO] [stdout]   15:     0x623731e9e945 - test[aada8e7e76ba119b]::run_test::{closure#0}
[INFO] [stdout]   16:     0x623731e98234 - std[617be2ca0a6fd877]::sys::backtrace::__rust_begin_short_backtrace::<test[aada8e7e76ba119b]::run_test::{closure#1}, ()>
[INFO] [stdout]   17:     0x623731ea19d2 - <std[617be2ca0a6fd877]::thread::lifecycle::spawn_unchecked<test[aada8e7e76ba119b]::run_test::{closure#1}, ()>::{closure#1} as core[a373ad73a504971]::ops::function::FnOnce<()>>::call_once::{shim:vtable#0}
[INFO] [stdout]   18:     0x623731f1ec3f - <std[617be2ca0a6fd877]::sys::thread::unix::Thread>::new::thread_start
[INFO] [stdout]   19:     0x7e96d5d8adfa - <unknown>
[INFO] [stdout]   20:     0x7e96d5e1e3d4 - clone
[INFO] [stdout]   21:                0x0 - <unknown>
[INFO] [stdout] 
[INFO] [stdout] ---- tests::diff::diff_blobs_text_matches_git stdout ----
[INFO] [stdout] 
[INFO] [stdout] thread 'tests::diff::diff_blobs_text_matches_git' (2953) panicked at src/tests.rs:58:31:
[INFO] [stdout] called `Result::unwrap()` on an `Err` value: Os { code: 30, kind: ReadOnlyFilesystem, message: "Read-only file system" }
[INFO] [stdout] stack backtrace:
[INFO] [stdout]    0:     0x623731f1fcb1 - <<std[617be2ca0a6fd877]::sys::backtrace::BacktraceLock>::print::DisplayBacktrace as core[a373ad73a504971]::fmt::Display>::fmt
[INFO] [stdout]    1:     0x623731f369ca - core[a373ad73a504971]::fmt::write
[INFO] [stdout]    2:     0x623731f259dc - <alloc[2e1b2a31b91974c5]::vec::Vec<u8> as core[a373ad73a504971]::io::write::Write>::write_fmt
[INFO] [stdout]    3:     0x623731ef8106 - std[617be2ca0a6fd877]::panicking::default_hook::{closure#0}
[INFO] [stdout]    4:     0x623731f168e9 - std[617be2ca0a6fd877]::panicking::default_hook
[INFO] [stdout]    5:     0x623731e9e320 - test[aada8e7e76ba119b]::test_main_inner::{closure#0}
[INFO] [stdout]    6:     0x623731f16aa2 - std[617be2ca0a6fd877]::panicking::panic_with_hook
[INFO] [stdout]    7:     0x623731ef81b2 - std[617be2ca0a6fd877]::panicking::panic_handler::{closure#0}
[INFO] [stdout]    8:     0x623731ef0529 - std[617be2ca0a6fd877]::sys::backtrace::__rust_end_short_backtrace::<std[617be2ca0a6fd877]::panicking::panic_handler::{closure#0}, !>
[INFO] [stdout]    9:     0x623731ef916d - __rustc[ea4f61d10b84890b]::rust_begin_unwind
[INFO] [stdout]   10:     0x623731f370fc - core[a373ad73a504971]::panicking::panic_fmt
[INFO] [stdout]   11:     0x623731f36ed2 - core[a373ad73a504971]::result::unwrap_failed
[INFO] [stdout]   12:     0x623731e7a1f0 - gift[d776155299e4e3bd]::tests::make_worktree_dir
[INFO] [stdout]   13:     0x623731e875fd - <gift[d776155299e4e3bd]::tests::diff::diff_blobs_text_matches_git::{closure#0} as core[a373ad73a504971]::ops::function::FnOnce<()>>::call_once
[INFO] [stdout]   14:     0x623731e9176b - test[aada8e7e76ba119b]::__rust_begin_short_backtrace::<core[a373ad73a504971]::result::Result<(), alloc[2e1b2a31b91974c5]::string::String>, fn() -> core[a373ad73a504971]::result::Result<(), alloc[2e1b2a31b91974c5]::string::String>>
[INFO] [stdout]   15:     0x623731e9e945 - test[aada8e7e76ba119b]::run_test::{closure#0}
[INFO] [stdout]   16:     0x623731e98234 - std[617be2ca0a6fd877]::sys::backtrace::__rust_begin_short_backtrace::<test[aada8e7e76ba119b]::run_test::{closure#1}, ()>
[INFO] [stdout]   17:     0x623731ea19d2 - <std[617be2ca0a6fd877]::thread::lifecycle::spawn_unchecked<test[aada8e7e76ba119b]::run_test::{closure#1}, ()>::{closure#1} as core[a373ad73a504971]::ops::function::FnOnce<()>>::call_once::{shim:vtable#0}
[INFO] [stdout]   18:     0x623731f1ec3f - <std[617be2ca0a6fd877]::sys::thread::unix::Thread>::new::thread_start
[INFO] [stdout]   19:     0x7e96d5d8adfa - <unknown>
[INFO] [stdout]   20:     0x7e96d5e1e3d4 - clone
[INFO] [stdout]   21:                0x0 - <unknown>
[INFO] [stdout] 
[INFO] [stdout] ---- tests::diff::diff_blobs_worktree_side stdout ----
[INFO] [stdout] 
[INFO] [stdout] thread 'tests::diff::diff_blobs_worktree_side' (2954) panicked at src/tests.rs:58:31:
[INFO] [stdout] called `Result::unwrap()` on an `Err` value: Os { code: 30, kind: ReadOnlyFilesystem, message: "Read-only file system" }
[INFO] [stdout] stack backtrace:
[INFO] [stdout]    0:     0x623731f1fcb1 - <<std[617be2ca0a6fd877]::sys::backtrace::BacktraceLock>::print::DisplayBacktrace as core[a373ad73a504971]::fmt::Display>::fmt
[INFO] [stdout]    1:     0x623731f369ca - core[a373ad73a504971]::fmt::write
[INFO] [stdout]    2:     0x623731f259dc - <alloc[2e1b2a31b91974c5]::vec::Vec<u8> as core[a373ad73a504971]::io::write::Write>::write_fmt
[INFO] [stdout]    3:     0x623731ef8106 - std[617be2ca0a6fd877]::panicking::default_hook::{closure#0}
[INFO] [stdout]    4:     0x623731f168e9 - std[617be2ca0a6fd877]::panicking::default_hook
[INFO] [stdout]    5:     0x623731e9e320 - test[aada8e7e76ba119b]::test_main_inner::{closure#0}
[INFO] [stdout]    6:     0x623731f16aa2 - std[617be2ca0a6fd877]::panicking::panic_with_hook
[INFO] [stdout]    7:     0x623731ef81b2 - std[617be2ca0a6fd877]::panicking::panic_handler::{closure#0}
[INFO] [stdout]    8:     0x623731ef0529 - std[617be2ca0a6fd877]::sys::backtrace::__rust_end_short_backtrace::<std[617be2ca0a6fd877]::panicking::panic_handler::{closure#0}, !>
[INFO] [stdout]    9:     0x623731ef916d - __rustc[ea4f61d10b84890b]::rust_begin_unwind
[INFO] [stdout]   10:     0x623731f370fc - core[a373ad73a504971]::panicking::panic_fmt
[INFO] [stdout]   11:     0x623731f36ed2 - core[a373ad73a504971]::result::unwrap_failed
[INFO] [stdout]   12:     0x623731e7a1f0 - gift[d776155299e4e3bd]::tests::make_worktree_dir
[INFO] [stdout]   13:     0x623731e8563a - <gift[d776155299e4e3bd]::tests::diff::diff_blobs_worktree_side::{closure#0} as core[a373ad73a504971]::ops::function::FnOnce<()>>::call_once
[INFO] [stdout]   14:     0x623731e9176b - test[aada8e7e76ba119b]::__rust_begin_short_backtrace::<core[a373ad73a504971]::result::Result<(), alloc[2e1b2a31b91974c5]::string::String>, fn() -> core[a373ad73a504971]::result::Result<(), alloc[2e1b2a31b91974c5]::string::String>>
[INFO] [stdout]   15:     0x623731e9e945 - test[aada8e7e76ba119b]::run_test::{closure#0}
[INFO] [stdout]   16:     0x623731e98234 - std[617be2ca0a6fd877]::sys::backtrace::__rust_begin_short_backtrace::<test[aada8e7e76ba119b]::run_test::{closure#1}, ()>
[INFO] [stdout]   17:     0x623731ea19d2 - <std[617be2ca0a6fd877]::thread::lifecycle::spawn_unchecked<test[aada8e7e76ba119b]::run_test::{closure#1}, ()>::{closure#1} as core[a373ad73a504971]::ops::function::FnOnce<()>>::call_once::{shim:vtable#0}
[INFO] [stdout]   18:     0x623731f1ec3f - <std[617be2ca0a6fd877]::sys::thread::unix::Thread>::new::thread_start
[INFO] [stdout]   19:     0x7e96d5d8adfa - <unknown>
[INFO] [stdout]   20:     0x7e96d5e1e3d4 - clone
[INFO] [stdout]   21:                0x0 - <unknown>
[INFO] [stdout] 
[INFO] [stdout] ---- tests::diff::diff_commits_matches_git stdout ----
[INFO] [stdout] 
[INFO] [stdout] thread 'tests::diff::diff_commits_matches_git' (2955) panicked at src/tests.rs:58:31:
[INFO] [stdout] called `Result::unwrap()` on an `Err` value: Os { code: 30, kind: ReadOnlyFilesystem, message: "Read-only file system" }
[INFO] [stdout] stack backtrace:
[INFO] [stdout]    0:     0x623731f1fcb1 - <<std[617be2ca0a6fd877]::sys::backtrace::BacktraceLock>::print::DisplayBacktrace as core[a373ad73a504971]::fmt::Display>::fmt
[INFO] [stdout]    1:     0x623731f369ca - core[a373ad73a504971]::fmt::write
[INFO] [stdout]    2:     0x623731f259dc - <alloc[2e1b2a31b91974c5]::vec::Vec<u8> as core[a373ad73a504971]::io::write::Write>::write_fmt
[INFO] [stdout]    3:     0x623731ef8106 - std[617be2ca0a6fd877]::panicking::default_hook::{closure#0}
[INFO] [stdout]    4:     0x623731f168e9 - std[617be2ca0a6fd877]::panicking::default_hook
[INFO] [stdout]    5:     0x623731e9e320 - test[aada8e7e76ba119b]::test_main_inner::{closure#0}
[INFO] [stdout]    6:     0x623731f16aa2 - std[617be2ca0a6fd877]::panicking::panic_with_hook
[INFO] [stdout]    7:     0x623731ef81b2 - std[617be2ca0a6fd877]::panicking::panic_handler::{closure#0}
[INFO] [stdout]    8:     0x623731ef0529 - std[617be2ca0a6fd877]::sys::backtrace::__rust_end_short_backtrace::<std[617be2ca0a6fd877]::panicking::panic_handler::{closure#0}, !>
[INFO] [stdout]    9:     0x623731ef916d - __rustc[ea4f61d10b84890b]::rust_begin_unwind
[INFO] [stdout]   10:     0x623731f370fc - core[a373ad73a504971]::panicking::panic_fmt
[INFO] [stdout]   11:     0x623731f36ed2 - core[a373ad73a504971]::result::unwrap_failed
[INFO] [stdout]   12:     0x623731e7a1f0 - gift[d776155299e4e3bd]::tests::make_worktree_dir
[INFO] [stdout]   13:     0x623731e85fed - <gift[d776155299e4e3bd]::tests::diff::diff_commits_matches_git::{closure#0} as core[a373ad73a504971]::ops::function::FnOnce<()>>::call_once
[INFO] [stdout]   14:     0x623731e9176b - test[aada8e7e76ba119b]::__rust_begin_short_backtrace::<core[a373ad73a504971]::result::Result<(), alloc[2e1b2a31b91974c5]::string::String>, fn() -> core[a373ad73a504971]::result::Result<(), alloc[2e1b2a31b91974c5]::string::String>>
[INFO] [stdout]   15:     0x623731e9e945 - test[aada8e7e76ba119b]::run_test::{closure#0}
[INFO] [stdout]   16:     0x623731e98234 - std[617be2ca0a6fd877]::sys::backtrace::__rust_begin_short_backtrace::<test[aada8e7e76ba119b]::run_test::{closure#1}, ()>
[INFO] [stdout]   17:     0x623731ea19d2 - <std[617be2ca0a6fd877]::thread::lifecycle::spawn_unchecked<test[aada8e7e76ba119b]::run_test::{closure#1}, ()>::{closure#1} as core[a373ad73a504971]::ops::function::FnOnce<()>>::call_once::{shim:vtable#0}
[INFO] [stdout]   18:     0x623731f1ec3f - <std[617be2ca0a6fd877]::sys::thread::unix::Thread>::new::thread_start
[INFO] [stdout]   19:     0x7e96d5d8adfa - <unknown>
[INFO] [stdout]   20:     0x7e96d5e1e3d4 - clone
[INFO] [stdout]   21:                0x0 - <unknown>
[INFO] [stdout] 
[INFO] [stdout] ---- tests::commit::commit_on_detached_head_updates_oid_and_parent stdout ----
[INFO] [stdout] 
[INFO] [stdout] thread 'tests::commit::commit_on_detached_head_updates_oid_and_parent' (2951) panicked at src/tests.rs:58:31:
[INFO] [stdout] called `Result::unwrap()` on an `Err` value: Os { code: 30, kind: ReadOnlyFilesystem, message: "Read-only file system" }
[INFO] [stdout] stack backtrace:
[INFO] [stdout]    0:     0x623731f1fcb1 - <<std[617be2ca0a6fd877]::sys::backtrace::BacktraceLock>::print::DisplayBacktrace as core[a373ad73a504971]::fmt::Display>::fmt
[INFO] [stdout]    1:     0x623731f369ca - core[a373ad73a504971]::fmt::write
[INFO] [stdout]    2:     0x623731f259dc - <alloc[2e1b2a31b91974c5]::vec::Vec<u8> as core[a373ad73a504971]::io::write::Write>::write_fmt
[INFO] [stdout]    3:     0x623731ef8106 - std[617be2ca0a6fd877]::panicking::default_hook::{closure#0}
[INFO] [stdout]    4:     0x623731f168e9 - std[617be2ca0a6fd877]::panicking::default_hook
[INFO] [stdout]    5:     0x623731e9e320 - test[aada8e7e76ba119b]::test_main_inner::{closure#0}
[INFO] [stdout]    6:     0x623731f16aa2 - std[617be2ca0a6fd877]::panicking::panic_with_hook
[INFO] [stdout]    7:     0x623731ef81b2 - std[617be2ca0a6fd877]::panicking::panic_handler::{closure#0}
[INFO] [stdout]    8:     0x623731ef0529 - std[617be2ca0a6fd877]::sys::backtrace::__rust_end_short_backtrace::<std[617be2ca0a6fd877]::panicking::panic_handler::{closure#0}, !>
[INFO] [stdout]    9:     0x623731ef916d - __rustc[ea4f61d10b84890b]::rust_begin_unwind
[INFO] [stdout]   10:     0x623731f370fc - core[a373ad73a504971]::panicking::panic_fmt
[INFO] [stdout]   11:     0x623731f36ed2 - core[a373ad73a504971]::result::unwrap_failed
[INFO] [stdout]   12:     0x623731e7a1f0 - gift[d776155299e4e3bd]::tests::make_worktree_dir
[INFO] [stdout]   13:     0x623731e6cbfd - <gift[d776155299e4e3bd]::tests::commit::commit_on_detached_head_updates_oid_and_parent::{closure#0} as core[a373ad73a504971]::ops::function::FnOnce<()>>::call_once
[INFO] [stdout]   14:     0x623731e9176b - test[aada8e7e76ba119b]::__rust_begin_short_backtrace::<core[a373ad73a504971]::result::Result<(), alloc[2e1b2a31b91974c5]::string::String>, fn() -> core[a373ad73a504971]::result::Result<(), alloc[2e1b2a31b91974c5]::string::String>>
[INFO] [stdout]   15:     0x623731e9e945 - test[aada8e7e76ba119b]::run_test::{closure#0}
[INFO] [stdout]   16:     0x623731e98234 - std[617be2ca0a6fd877]::sys::backtrace::__rust_begin_short_backtrace::<test[aada8e7e76ba119b]::run_test::{closure#1}, ()>
[INFO] [stdout]   17:     0x623731ea19d2 - <std[617be2ca0a6fd877]::thread::lifecycle::spawn_unchecked<test[aada8e7e76ba119b]::run_test::{closure#1}, ()>::{closure#1} as core[a373ad73a504971]::ops::function::FnOnce<()>>::call_once::{shim:vtable#0}
[INFO] [stdout]   18:     0x623731f1ec3f - <std[617be2ca0a6fd877]::sys::thread::unix::Thread>::new::thread_start
[INFO] [stdout]   19:     0x7e96d5d8adfa - <unknown>
[INFO] [stdout]   20:     0x7e96d5e1e3d4 - clone
[INFO] [stdout]   21:                0x0 - <unknown>
[INFO] [stdout] 
[INFO] [stdout] ---- tests::diff::diff_subdir_matches_git stdout ----
[INFO] [stdout] 
[INFO] [stdout] thread 'tests::diff::diff_subdir_matches_git' (2956) panicked at src/tests.rs:58:31:
[INFO] [stdout] called `Result::unwrap()` on an `Err` value: Os { code: 30, kind: ReadOnlyFilesystem, message: "Read-only file system" }
[INFO] [stdout] stack backtrace:
[INFO] [stdout]    0:     0x623731f1fcb1 - <<std[617be2ca0a6fd877]::sys::backtrace::BacktraceLock>::print::DisplayBacktrace as core[a373ad73a504971]::fmt::Display>::fmt
[INFO] [stdout]    1:     0x623731f369ca - core[a373ad73a504971]::fmt::write
[INFO] [stdout]    2:     0x623731f259dc - <alloc[2e1b2a31b91974c5]::vec::Vec<u8> as core[a373ad73a504971]::io::write::Write>::write_fmt
[INFO] [stdout]    3:     0x623731ef8106 - std[617be2ca0a6fd877]::panicking::default_hook::{closure#0}
[INFO] [stdout]    4:     0x623731f168e9 - std[617be2ca0a6fd877]::panicking::default_hook
[INFO] [stdout]    5:     0x623731e9e320 - test[aada8e7e76ba119b]::test_main_inner::{closure#0}
[INFO] [stdout]    6:     0x623731f16aa2 - std[617be2ca0a6fd877]::panicking::panic_with_hook
[INFO] [stdout]    7:     0x623731ef81b2 - std[617be2ca0a6fd877]::panicking::panic_handler::{closure#0}
[INFO] [stdout]    8:     0x623731ef0529 - std[617be2ca0a6fd877]::sys::backtrace::__rust_end_short_backtrace::<std[617be2ca0a6fd877]::panicking::panic_handler::{closure#0}, !>
[INFO] [stdout]    9:     0x623731ef916d - __rustc[ea4f61d10b84890b]::rust_begin_unwind
[INFO] [stdout]   10:     0x623731f370fc - core[a373ad73a504971]::panicking::panic_fmt
[INFO] [stdout]   11:     0x623731f36ed2 - core[a373ad73a504971]::result::unwrap_failed
[INFO] [stdout]   12:     0x623731e7a1f0 - gift[d776155299e4e3bd]::tests::make_worktree_dir
[INFO] [stdout]   13:     0x623731e83bfd - <gift[d776155299e4e3bd]::tests::diff::diff_subdir_matches_git::{closure#0} as core[a373ad73a504971]::ops::function::FnOnce<()>>::call_once
[INFO] [stdout]   14:     0x623731e9176b - test[aada8e7e76ba119b]::__rust_begin_short_backtrace::<core[a373ad73a504971]::result::Result<(), alloc[2e1b2a31b91974c5]::string::String>, fn() -> core[a373ad73a504971]::result::Result<(), alloc[2e1b2a31b91974c5]::string::String>>
[INFO] [stdout]   15:     0x623731e9e945 - test[aada8e7e76ba119b]::run_test::{closure#0}
[INFO] [stdout]   16:     0x623731e98234 - std[617be2ca0a6fd877]::sys::backtrace::__rust_begin_short_backtrace::<test[aada8e7e76ba119b]::run_test::{closure#1}, ()>
[INFO] [stdout]   17:     0x623731ea19d2 - <std[617be2ca0a6fd877]::thread::lifecycle::spawn_unchecked<test[aada8e7e76ba119b]::run_test::{closure#1}, ()>::{closure#1} as core[a373ad73a504971]::ops::function::FnOnce<()>>::call_once::{shim:vtable#0}
[INFO] [stdout]   18:     0x623731f1ec3f - <std[617be2ca0a6fd877]::sys::thread::unix::Thread>::new::thread_start
[INFO] [stdout]   19:     0x7e96d5d8adfa - <unknown>
[INFO] [stdout]   20:     0x7e96d5e1e3d4 - clone
[INFO] [stdout]   21:                0x0 - <unknown>
[INFO] [stdout] 
[INFO] [stdout] ---- tests::commit::commit_on_branch_first_then_second stdout ----
[INFO] [stdout] 
[INFO] [stdout] thread 'tests::commit::commit_on_branch_first_then_second' (2950) panicked at src/tests.rs:58:31:
[INFO] [stdout] called `Result::unwrap()` on an `Err` value: Os { code: 30, kind: ReadOnlyFilesystem, message: "Read-only file system" }
[INFO] [stdout] stack backtrace:
[INFO] [stdout]    0:     0x623731f1fcb1 - <<std[617be2ca0a6fd877]::sys::backtrace::BacktraceLock>::print::DisplayBacktrace as core[a373ad73a504971]::fmt::Display>::fmt
[INFO] [stdout]    1:     0x623731f369ca - core[a373ad73a504971]::fmt::write
[INFO] [stdout]    2:     0x623731f259dc - <alloc[2e1b2a31b91974c5]::vec::Vec<u8> as core[a373ad73a504971]::io::write::Write>::write_fmt
[INFO] [stdout]    3:     0x623731ef8106 - std[617be2ca0a6fd877]::panicking::default_hook::{closure#0}
[INFO] [stdout]    4:     0x623731f168e9 - std[617be2ca0a6fd877]::panicking::default_hook
[INFO] [stdout]    5:     0x623731e9e320 - test[aada8e7e76ba119b]::test_main_inner::{closure#0}
[INFO] [stdout]    6:     0x623731f16aa2 - std[617be2ca0a6fd877]::panicking::panic_with_hook
[INFO] [stdout]    7:     0x623731ef81b2 - std[617be2ca0a6fd877]::panicking::panic_handler::{closure#0}
[INFO] [stdout]    8:     0x623731ef0529 - std[617be2ca0a6fd877]::sys::backtrace::__rust_end_short_backtrace::<std[617be2ca0a6fd877]::panicking::panic_handler::{closure#0}, !>
[INFO] [stdout]    9:     0x623731ef916d - __rustc[ea4f61d10b84890b]::rust_begin_unwind
[INFO] [stdout]   10:     0x623731f370fc - core[a373ad73a504971]::panicking::panic_fmt
[INFO] [stdout]   11:     0x623731f36ed2 - core[a373ad73a504971]::result::unwrap_failed
[INFO] [stdout]   12:     0x623731e7a1f0 - gift[d776155299e4e3bd]::tests::make_worktree_dir
[INFO] [stdout]   13:     0x623731e6b86d - <gift[d776155299e4e3bd]::tests::commit::commit_on_branch_first_then_second::{closure#0} as core[a373ad73a504971]::ops::function::FnOnce<()>>::call_once
[INFO] [stdout]   14:     0x623731e9176b - test[aada8e7e76ba119b]::__rust_begin_short_backtrace::<core[a373ad73a504971]::result::Result<(), alloc[2e1b2a31b91974c5]::string::String>, fn() -> core[a373ad73a504971]::result::Result<(), alloc[2e1b2a31b91974c5]::string::String>>
[INFO] [stdout]   15:     0x623731e9e945 - test[aada8e7e76ba119b]::run_test::{closure#0}
[INFO] [stdout]   16:     0x623731e98234 - std[617be2ca0a6fd877]::sys::backtrace::__rust_begin_short_backtrace::<test[aada8e7e76ba119b]::run_test::{closure#1}, ()>
[INFO] [stdout]   17:     0x623731ea19d2 - <std[617be2ca0a6fd877]::thread::lifecycle::spawn_unchecked<test[aada8e7e76ba119b]::run_test::{closure#1}, ()>::{closure#1} as core[a373ad73a504971]::ops::function::FnOnce<()>>::call_once::{shim:vtable#0}
[INFO] [stdout]   18:     0x623731f1ec3f - <std[617be2ca0a6fd877]::sys::thread::unix::Thread>::new::thread_start
[INFO] [stdout]   19:     0x7e96d5d8adfa - <unknown>
[INFO] [stdout]   20:     0x7e96d5e1e3d4 - clone
[INFO] [stdout]   21:                0x0 - <unknown>
[INFO] [stdout] 
[INFO] [stdout] ---- tests::ignore::test_gitignore_simple stdout ----
[INFO] [stdout] 
[INFO] [stdout] thread 'tests::ignore::test_gitignore_simple' (2958) panicked at src/tests.rs:58:31:
[INFO] [stdout] called `Result::unwrap()` on an `Err` value: Os { code: 30, kind: ReadOnlyFilesystem, message: "Read-only file system" }
[INFO] [stdout] stack backtrace:
[INFO] [stdout]    0:     0x623731f1fcb1 - <<std[617be2ca0a6fd877]::sys::backtrace::BacktraceLock>::print::DisplayBacktrace as core[a373ad73a504971]::fmt::Display>::fmt
[INFO] [stdout]    1:     0x623731f369ca - core[a373ad73a504971]::fmt::write
[INFO] [stdout]    2:     0x623731f259dc - <alloc[2e1b2a31b91974c5]::vec::Vec<u8> as core[a373ad73a504971]::io::write::Write>::write_fmt
[INFO] [stdout]    3:     0x623731ef8106 - std[617be2ca0a6fd877]::panicking::default_hook::{closure#0}
[INFO] [stdout]    4:     0x623731f168e9 - std[617be2ca0a6fd877]::panicking::default_hook
[INFO] [stdout]    5:     0x623731e9e320 - test[aada8e7e76ba119b]::test_main_inner::{closure#0}
[INFO] [stdout]    6:     0x623731f16aa2 - std[617be2ca0a6fd877]::panicking::panic_with_hook
[INFO] [stdout]    7:     0x623731ef81b2 - std[617be2ca0a6fd877]::panicking::panic_handler::{closure#0}
[INFO] [stdout]    8:     0x623731ef0529 - std[617be2ca0a6fd877]::sys::backtrace::__rust_end_short_backtrace::<std[617be2ca0a6fd877]::panicking::panic_handler::{closure#0}, !>
[INFO] [stdout]    9:     0x623731ef916d - __rustc[ea4f61d10b84890b]::rust_begin_unwind
[INFO] [stdout]   10:     0x623731f370fc - core[a373ad73a504971]::panicking::panic_fmt
[INFO] [stdout]   11:     0x623731f36ed2 - core[a373ad73a504971]::result::unwrap_failed
[INFO] [stdout]   12:     0x623731e7a1f0 - gift[d776155299e4e3bd]::tests::make_worktree_dir
[INFO] [stdout]   13:     0x623731e1879a - <gift[d776155299e4e3bd]::tests::ignore::test_gitignore_simple::{closure#0} as core[a373ad73a504971]::ops::function::FnOnce<()>>::call_once
[INFO] [stdout]   14:     0x623731e9176b - test[aada8e7e76ba119b]::__rust_begin_short_backtrace::<core[a373ad73a504971]::result::Result<(), alloc[2e1b2a31b91974c5]::string::String>, fn() -> core[a373ad73a504971]::result::Result<(), alloc[2e1b2a31b91974c5]::string::String>>
[INFO] [stdout]   15:     0x623731e9e945 - test[aada8e7e76ba119b]::run_test::{closure#0}
[INFO] [stdout]   16:     0x623731e98234 - std[617be2ca0a6fd877]::sys::backtrace::__rust_begin_short_backtrace::<test[aada8e7e76ba119b]::run_test::{closure#1}, ()>
[INFO] [stdout]   17:     0x623731ea19d2 - <std[617be2ca0a6fd877]::thread::lifecycle::spawn_unchecked<test[aada8e7e76ba119b]::run_test::{closure#1}, ()>::{closure#1} as core[a373ad73a504971]::ops::function::FnOnce<()>>::call_once::{shim:vtable#0}
[INFO] [stdout]   18:     0x623731f1ec3f - <std[617be2ca0a6fd877]::sys::thread::unix::Thread>::new::thread_start
[INFO] [stdout]   19:     0x7e96d5d8adfa - <unknown>
[INFO] [stdout]   20:     0x7e96d5e1e3d4 - clone
[INFO] [stdout]   21:                0x0 - <unknown>
[INFO] [stdout] 
[INFO] [stdout] ---- tests::index_file::cmp_read_tree_matches_git_ls_tree stdout ----
[INFO] [stdout] 
[INFO] [stdout] thread 'tests::index_file::cmp_read_tree_matches_git_ls_tree' (2959) panicked at src/tests.rs:58:31:
[INFO] [stdout] called `Result::unwrap()` on an `Err` value: Os { code: 30, kind: ReadOnlyFilesystem, message: "Read-only file system" }
[INFO] [stdout] stack backtrace:
[INFO] [stdout]    0:     0x623731f1fcb1 - <<std[617be2ca0a6fd877]::sys::backtrace::BacktraceLock>::print::DisplayBacktrace as core[a373ad73a504971]::fmt::Display>::fmt
[INFO] [stdout]    1:     0x623731f369ca - core[a373ad73a504971]::fmt::write
[INFO] [stdout]    2:     0x623731f259dc - <alloc[2e1b2a31b91974c5]::vec::Vec<u8> as core[a373ad73a504971]::io::write::Write>::write_fmt
[INFO] [stdout]    3:     0x623731ef8106 - std[617be2ca0a6fd877]::panicking::default_hook::{closure#0}
[INFO] [stdout]    4:     0x623731f168e9 - std[617be2ca0a6fd877]::panicking::default_hook
[INFO] [stdout]    5:     0x623731e9e320 - test[aada8e7e76ba119b]::test_main_inner::{closure#0}
[INFO] [stdout]    6:     0x623731f16aa2 - std[617be2ca0a6fd877]::panicking::panic_with_hook
[INFO] [stdout]    7:     0x623731ef81b2 - std[617be2ca0a6fd877]::panicking::panic_handler::{closure#0}
[INFO] [stdout]    8:     0x623731ef0529 - std[617be2ca0a6fd877]::sys::backtrace::__rust_end_short_backtrace::<std[617be2ca0a6fd877]::panicking::panic_handler::{closure#0}, !>
[INFO] [stdout]    9:     0x623731ef916d - __rustc[ea4f61d10b84890b]::rust_begin_unwind
[INFO] [stdout]   10:     0x623731f370fc - core[a373ad73a504971]::panicking::panic_fmt
[INFO] [stdout]   11:     0x623731f36ed2 - core[a373ad73a504971]::result::unwrap_failed
[INFO] [stdout]   12:     0x623731e7a1f0 - gift[d776155299e4e3bd]::tests::make_worktree_dir
[INFO] [stdout]   13:     0x623731e7de22 - <gift[d776155299e4e3bd]::tests::index_file::cmp_read_tree_matches_git_ls_tree::{closure#0} as core[a373ad73a504971]::ops::function::FnOnce<()>>::call_once
[INFO] [stdout]   14:     0x623731e9176b - test[aada8e7e76ba119b]::__rust_begin_short_backtrace::<core[a373ad73a504971]::result::Result<(), alloc[2e1b2a31b91974c5]::string::String>, fn() -> core[a373ad73a504971]::result::Result<(), alloc[2e1b2a31b91974c5]::string::String>>
[INFO] [stdout]   15:     0x623731e9e945 - test[aada8e7e76ba119b]::run_test::{closure#0}
[INFO] [stdout]   16:     0x623731e98234 - std[617be2ca0a6fd877]::sys::backtrace::__rust_begin_short_backtrace::<test[aada8e7e76ba119b]::run_test::{closure#1}, ()>
[INFO] [stdout]   17:     0x623731ea19d2 - <std[617be2ca0a6fd877]::thread::lifecycle::spawn_unchecked<test[aada8e7e76ba119b]::run_test::{closure#1}, ()>::{closure#1} as core[a373ad73a504971]::ops::function::FnOnce<()>>::call_once::{shim:vtable#0}
[INFO] [stdout]   18:     0x623731f1ec3f - <std[617be2ca0a6fd877]::sys::thread::unix::Thread>::new::thread_start
[INFO] [stdout]   19:     0x7e96d5d8adfa - <unknown>
[INFO] [stdout]   20:     0x7e96d5e1e3d4 - clone
[INFO] [stdout]   21:                0x0 - <unknown>
[INFO] [stdout] 
[INFO] [stdout] ---- tests::index_file::from_index_file_matches_parsed_index_entries stdout ----
[INFO] [stdout] 
[INFO] [stdout] thread 'tests::index_file::from_index_file_matches_parsed_index_entries' (2960) panicked at src/tests.rs:58:31:
[INFO] [stdout] called `Result::unwrap()` on an `Err` value: Os { code: 30, kind: ReadOnlyFilesystem, message: "Read-only file system" }
[INFO] [stdout] stack backtrace:
[INFO] [stdout]    0:     0x623731f1fcb1 - <<std[617be2ca0a6fd877]::sys::backtrace::BacktraceLock>::print::DisplayBacktrace as core[a373ad73a504971]::fmt::Display>::fmt
[INFO] [stdout]    1:     0x623731f369ca - core[a373ad73a504971]::fmt::write
[INFO] [stdout]    2:     0x623731f259dc - <alloc[2e1b2a31b91974c5]::vec::Vec<u8> as core[a373ad73a504971]::io::write::Write>::write_fmt
[INFO] [stdout]    3:     0x623731ef8106 - std[617be2ca0a6fd877]::panicking::default_hook::{closure#0}
[INFO] [stdout]    4:     0x623731f168e9 - std[617be2ca0a6fd877]::panicking::default_hook
[INFO] [stdout]    5:     0x623731e9e320 - test[aada8e7e76ba119b]::test_main_inner::{closure#0}
[INFO] [stdout]    6:     0x623731f16aa2 - std[617be2ca0a6fd877]::panicking::panic_with_hook
[INFO] [stdout]    7:     0x623731ef81b2 - std[617be2ca0a6fd877]::panicking::panic_handler::{closure#0}
[INFO] [stdout]    8:     0x623731ef0529 - std[617be2ca0a6fd877]::sys::backtrace::__rust_end_short_backtrace::<std[617be2ca0a6fd877]::panicking::panic_handler::{closure#0}, !>
[INFO] [stdout]    9:     0x623731ef916d - __rustc[ea4f61d10b84890b]::rust_begin_unwind
[INFO] [stdout]   10:     0x623731f370fc - core[a373ad73a504971]::panicking::panic_fmt
[INFO] [stdout]   11:     0x623731f36ed2 - core[a373ad73a504971]::result::unwrap_failed
[INFO] [stdout]   12:     0x623731e7a1f0 - gift[d776155299e4e3bd]::tests::make_worktree_dir
[INFO] [stdout]   13:     0x623731e7fe2f - <gift[d776155299e4e3bd]::tests::index_file::from_index_file_matches_parsed_index_entries::{closure#0} as core[a373ad73a504971]::ops::function::FnOnce<()>>::call_once
[INFO] [stdout]   14:     0x623731e9176b - test[aada8e7e76ba119b]::__rust_begin_short_backtrace::<core[a373ad73a504971]::result::Result<(), alloc[2e1b2a31b91974c5]::string::String>, fn() -> core[a373ad73a504971]::result::Result<(), alloc[2e1b2a31b91974c5]::string::String>>
[INFO] [stdout]   15:     0x623731e9e945 - test[aada8e7e76ba119b]::run_test::{closure#0}
[INFO] [stdout]   16:     0x623731e98234 - std[617be2ca0a6fd877]::sys::backtrace::__rust_begin_short_backtrace::<test[aada8e7e76ba119b]::run_test::{closure#1}, ()>
[INFO] [stdout]   17:     0x623731ea19d2 - <std[617be2ca0a6fd877]::thread::lifecycle::spawn_unchecked<test[aada8e7e76ba119b]::run_test::{closure#1}, ()>::{closure#1} as core[a373ad73a504971]::ops::function::FnOnce<()>>::call_once::{shim:vtable#0}
[INFO] [stdout]   18:     0x623731f1ec3f - <std[617be2ca0a6fd877]::sys::thread::unix::Thread>::new::thread_start
[INFO] [stdout]   19:     0x7e96d5d8adfa - <unknown>
[INFO] [stdout]   20:     0x7e96d5e1e3d4 - clone
[INFO] [stdout]   21:                0x0 - <unknown>
[INFO] [stdout] 
[INFO] [stdout] ---- tests::index_file::parse_index stdout ----
[INFO] [stdout] 
[INFO] [stdout] thread 'tests::index_file::parse_index' (2962) panicked at src/tests.rs:58:31:
[INFO] [stdout] called `Result::unwrap()` on an `Err` value: Os { code: 30, kind: ReadOnlyFilesystem, message: "Read-only file system" }
[INFO] [stdout] stack backtrace:
[INFO] [stdout]    0:     0x623731f1fcb1 - <<std[617be2ca0a6fd877]::sys::backtrace::BacktraceLock>::print::DisplayBacktrace as core[a373ad73a504971]::fmt::Display>::fmt
[INFO] [stdout]    1:     0x623731f369ca - core[a373ad73a504971]::fmt::write
[INFO] [stdout]    2:     0x623731f259dc - <alloc[2e1b2a31b91974c5]::vec::Vec<u8> as core[a373ad73a504971]::io::write::Write>::write_fmt
[INFO] [stdout]    3:     0x623731ef8106 - std[617be2ca0a6fd877]::panicking::default_hook::{closure#0}
[INFO] [stdout]    4:     0x623731f168e9 - std[617be2ca0a6fd877]::panicking::default_hook
[INFO] [stdout]    5:     0x623731e9e320 - test[aada8e7e76ba119b]::test_main_inner::{closure#0}
[INFO] [stdout]    6:     0x623731f16aa2 - std[617be2ca0a6fd877]::panicking::panic_with_hook
[INFO] [stdout]    7:     0x623731ef81b2 - std[617be2ca0a6fd877]::panicking::panic_handler::{closure#0}
[INFO] [stdout]    8:     0x623731ef0529 - std[617be2ca0a6fd877]::sys::backtrace::__rust_end_short_backtrace::<std[617be2ca0a6fd877]::panicking::panic_handler::{closure#0}, !>
[INFO] [stdout]    9:     0x623731ef916d - __rustc[ea4f61d10b84890b]::rust_begin_unwind
[INFO] [stdout]   10:     0x623731f370fc - core[a373ad73a504971]::panicking::panic_fmt
[INFO] [stdout]   11:     0x623731f36ed2 - core[a373ad73a504971]::result::unwrap_failed
[INFO] [stdout]   12:     0x623731e7a1f0 - gift[d776155299e4e3bd]::tests::make_worktree_dir
[INFO] [stdout]   13:     0x623731e7c6e8 - <gift[d776155299e4e3bd]::tests::index_file::parse_index::{closure#0} as core[a373ad73a504971]::ops::function::FnOnce<()>>::call_once
[INFO] [stdout]   14:     0x623731e9176b - test[aada8e7e76ba119b]::__rust_begin_short_backtrace::<core[a373ad73a504971]::result::Result<(), alloc[2e1b2a31b91974c5]::string::String>, fn() -> core[a373ad73a504971]::result::Result<(), alloc[2e1b2a31b91974c5]::string::String>>
[INFO] [stdout]   15:     0x623731e9e945 - test[aada8e7e76ba119b]::run_test::{closure#0}
[INFO] [stdout]   16:     0x623731e98234 - std[617be2ca0a6fd877]::sys::backtrace::__rust_begin_short_backtrace::<test[aada8e7e76ba119b]::run_test::{closure#1}, ()>
[INFO] [stdout]   17:     0x623731ea19d2 - <std[617be2ca0a6fd877]::thread::lifecycle::spawn_unchecked<test[aada8e7e76ba119b]::run_test::{closure#1}, ()>::{closure#1} as core[a373ad73a504971]::ops::function::FnOnce<()>>::call_once::{shim:vtable#0}
[INFO] [stdout]   18:     0x623731f1ec3f - <std[617be2ca0a6fd877]::sys::thread::unix::Thread>::new::thread_start
[INFO] [stdout]   19:     0x7e96d5d8adfa - <unknown>
[INFO] [stdout]   20:     0x7e96d5e1e3d4 - clone
[INFO] [stdout]   21:                0x0 - <unknown>
[INFO] [stdout] 
[INFO] [stdout] ---- tests::index_file::stage_paths_roundtrip_index stdout ----
[INFO] [stdout] 
[INFO] [stdout] thread 'tests::index_file::stage_paths_roundtrip_index' (2966) panicked at src/tests.rs:58:31:
[INFO] [stdout] called `Result::unwrap()` on an `Err` value: Os { code: 30, kind: ReadOnlyFilesystem, message: "Read-only file system" }
[INFO] [stdout] stack backtrace:
[INFO] [stdout]    0:     0x623731f1fcb1 - <<std[617be2ca0a6fd877]::sys::backtrace::BacktraceLock>::print::DisplayBacktrace as core[a373ad73a504971]::fmt::Display>::fmt
[INFO] [stdout]    1:     0x623731f369ca - core[a373ad73a504971]::fmt::write
[INFO] [stdout]    2:     0x623731f259dc - <alloc[2e1b2a31b91974c5]::vec::Vec<u8> as core[a373ad73a504971]::io::write::Write>::write_fmt
[INFO] [stdout]    3:     0x623731ef8106 - std[617be2ca0a6fd877]::panicking::default_hook::{closure#0}
[INFO] [stdout]    4:     0x623731f168e9 - std[617be2ca0a6fd877]::panicking::default_hook
[INFO] [stdout]    5:     0x623731e9e320 - test[aada8e7e76ba119b]::test_main_inner::{closure#0}
[INFO] [stdout]    6:     0x623731f16aa2 - std[617be2ca0a6fd877]::panicking::panic_with_hook
[INFO] [stdout]    7:     0x623731ef81b2 - std[617be2ca0a6fd877]::panicking::panic_handler::{closure#0}
[INFO] [stdout]    8:     0x623731ef0529 - std[617be2ca0a6fd877]::sys::backtrace::__rust_end_short_backtrace::<std[617be2ca0a6fd877]::panicking::panic_handler::{closure#0}, !>
[INFO] [stdout]    9:     0x623731ef916d - __rustc[ea4f61d10b84890b]::rust_begin_unwind
[INFO] [stdout]   10:     0x623731f370fc - core[a373ad73a504971]::panicking::panic_fmt
[INFO] [stdout]   11:     0x623731f36ed2 - core[a373ad73a504971]::result::unwrap_failed
[INFO] [stdout]   12:     0x623731e7a1f0 - gift[d776155299e4e3bd]::tests::make_worktree_dir
[INFO] [stdout]   13:     0x623731e7cbea - <gift[d776155299e4e3bd]::tests::index_file::stage_paths_roundtrip_index::{closure#0} as core[a373ad73a504971]::ops::function::FnOnce<()>>::call_once
[INFO] [stdout]   14:     0x623731e9176b - test[aada8e7e76ba119b]::__rust_begin_short_backtrace::<core[a373ad73a504971]::result::Result<(), alloc[2e1b2a31b91974c5]::string::String>, fn() -> core[a373ad73a504971]::result::Result<(), alloc[2e1b2a31b91974c5]::string::String>>
[INFO] [stdout]   15:     0x623731e9e945 - test[aada8e7e76ba119b]::run_test::{closure#0}
[INFO] [stdout]   16:     0x623731e98234 - std[617be2ca0a6fd877]::sys::backtrace::__rust_begin_short_backtrace::<test[aada8e7e76ba119b]::run_test::{closure#1}, ()>
[INFO] [stdout]   17:     0x623731ea19d2 - <std[617be2ca0a6fd877]::thread::lifecycle::spawn_unchecked<test[aada8e7e76ba119b]::run_test::{closure#1}, ()>::{closure#1} as core[a373ad73a504971]::ops::function::FnOnce<()>>::call_once::{shim:vtable#0}
[INFO] [stdout]   18:     0x623731f1ec3f - <std[617be2ca0a6fd877]::sys::thread::unix::Thread>::new::thread_start
[INFO] [stdout]   19:     0x7e96d5d8adfa - <unknown>
[INFO] [stdout]   20:     0x7e96d5e1e3d4 - clone
[INFO] [stdout]   21:                0x0 - <unknown>
[INFO] [stdout] 
[INFO] [stdout] ---- tests::log::test_log_basic stdout ----
[INFO] [stdout] 
[INFO] [stdout] thread 'tests::log::test_log_basic' (2967) panicked at src/tests.rs:58:31:
[INFO] [stdout] called `Result::unwrap()` on an `Err` value: Os { code: 30, kind: ReadOnlyFilesystem, message: "Read-only file system" }
[INFO] [stdout] stack backtrace:
[INFO] [stdout]    0:     0x623731f1fcb1 - <<std[617be2ca0a6fd877]::sys::backtrace::BacktraceLock>::print::DisplayBacktrace as core[a373ad73a504971]::fmt::Display>::fmt
[INFO] [stdout]    1:     0x623731f369ca - core[a373ad73a504971]::fmt::write
[INFO] [stdout]    2:     0x623731f259dc - <alloc[2e1b2a31b91974c5]::vec::Vec<u8> as core[a373ad73a504971]::io::write::Write>::write_fmt
[INFO] [stdout]    3:     0x623731ef8106 - std[617be2ca0a6fd877]::panicking::default_hook::{closure#0}
[INFO] [stdout]    4:     0x623731f168e9 - std[617be2ca0a6fd877]::panicking::default_hook
[INFO] [stdout]    5:     0x623731e9e320 - test[aada8e7e76ba119b]::test_main_inner::{closure#0}
[INFO] [stdout]    6:     0x623731f16aa2 - std[617be2ca0a6fd877]::panicking::panic_with_hook
[INFO] [stdout]    7:     0x623731ef81b2 - std[617be2ca0a6fd877]::panicking::panic_handler::{closure#0}
[INFO] [stdout]    8:     0x623731ef0529 - std[617be2ca0a6fd877]::sys::backtrace::__rust_end_short_backtrace::<std[617be2ca0a6fd877]::panicking::panic_handler::{closure#0}, !>
[INFO] [stdout]    9:     0x623731ef916d - __rustc[ea4f61d10b84890b]::rust_begin_unwind
[INFO] [stdout]   10:     0x623731f370fc - core[a373ad73a504971]::panicking::panic_fmt
[INFO] [stdout]   11:     0x623731f36ed2 - core[a373ad73a504971]::result::unwrap_failed
[INFO] [stdout]   12:     0x623731e7a1f0 - gift[d776155299e4e3bd]::tests::make_worktree_dir
[INFO] [stdout]   13:     0x623731e354d6 - <gift[d776155299e4e3bd]::tests::log::test_log_basic::{closure#0} as core[a373ad73a504971]::ops::function::FnOnce<()>>::call_once
[INFO] [stdout]   14:     0x623731e9176b - test[aada8e7e76ba119b]::__rust_begin_short_backtrace::<core[a373ad73a504971]::result::Result<(), alloc[2e1b2a31b91974c5]::string::String>, fn() -> core[a373ad73a504971]::result::Result<(), alloc[2e1b2a31b91974c5]::string::String>>
[INFO] [stdout]   15:     0x623731e9e945 - test[aada8e7e76ba119b]::run_test::{closure#0}
[INFO] [stdout]   16:     0x623731e98234 - std[617be2ca0a6fd877]::sys::backtrace::__rust_begin_short_backtrace::<test[aada8e7e76ba119b]::run_test::{closure#1}, ()>
[INFO] [stdout]   17:     0x623731ea19d2 - <std[617be2ca0a6fd877]::thread::lifecycle::spawn_unchecked<test[aada8e7e76ba119b]::run_test::{closure#1}, ()>::{closure#1} as core[a373ad73a504971]::ops::function::FnOnce<()>>::call_once::{shim:vtable#0}
[INFO] [stdout]   18:     0x623731f1ec3f - <std[617be2ca0a6fd877]::sys::thread::unix::Thread>::new::thread_start
[INFO] [stdout]   19:     0x7e96d5d8adfa - <unknown>
[INFO] [stdout]   20:     0x7e96d5e1e3d4 - clone
[INFO] [stdout]   21:                0x0 - <unknown>
[INFO] [stdout] 
[INFO] [stdout] ---- tests::checkout::checkout_commit_detaches_and_restores_worktree_without_symlinks stdout ----
[INFO] [stdout] 
[INFO] [stdout] thread 'tests::checkout::checkout_commit_detaches_and_restores_worktree_without_symlinks' (2947) panicked at src/tests.rs:58:31:
[INFO] [stdout] called `Result::unwrap()` on an `Err` value: Os { code: 30, kind: ReadOnlyFilesystem, message: "Read-only file system" }
[INFO] [stdout] stack backtrace:
[INFO] [stdout]    0:     0x623731f1fcb1 - <<std[617be2ca0a6fd877]::sys::backtrace::BacktraceLock>::print::DisplayBacktrace as core[a373ad73a504971]::fmt::Display>::fmt
[INFO] [stdout]    1:     0x623731f369ca - core[a373ad73a504971]::fmt::write
[INFO] [stdout]    2:     0x623731f259dc - <alloc[2e1b2a31b91974c5]::vec::Vec<u8> as core[a373ad73a504971]::io::write::Write>::write_fmt
[INFO] [stdout]    3:     0x623731ef8106 - std[617be2ca0a6fd877]::panicking::default_hook::{closure#0}
[INFO] [stdout]    4:     0x623731f168e9 - std[617be2ca0a6fd877]::panicking::default_hook
[INFO] [stdout]    5:     0x623731e9e320 - test[aada8e7e76ba119b]::test_main_inner::{closure#0}
[INFO] [stdout]    6:     0x623731f16aa2 - std[617be2ca0a6fd877]::panicking::panic_with_hook
[INFO] [stdout]    7:     0x623731ef81b2 - std[617be2ca0a6fd877]::panicking::panic_handler::{closure#0}
[INFO] [stdout]    8:     0x623731ef0529 - std[617be2ca0a6fd877]::sys::backtrace::__rust_end_short_backtrace::<std[617be2ca0a6fd877]::panicking::panic_handler::{closure#0}, !>
[INFO] [stdout]    9:     0x623731ef916d - __rustc[ea4f61d10b84890b]::rust_begin_unwind
[INFO] [stdout]   10:     0x623731f370fc - core[a373ad73a504971]::panicking::panic_fmt
[INFO] [stdout]   11:     0x623731f36ed2 - core[a373ad73a504971]::result::unwrap_failed
[INFO] [stdout]   12:     0x623731e7a1f0 - gift[d776155299e4e3bd]::tests::make_worktree_dir
[INFO] [stdout]   13:     0x623731e4638d - <gift[d776155299e4e3bd]::tests::checkout::checkout_commit_detaches_and_restores_worktree_without_symlinks::{closure#0} as core[a373ad73a504971]::ops::function::FnOnce<()>>::call_once
[INFO] [stdout]   14:     0x623731e9176b - test[aada8e7e76ba119b]::__rust_begin_short_backtrace::<core[a373ad73a504971]::result::Result<(), alloc[2e1b2a31b91974c5]::string::String>, fn() -> core[a373ad73a504971]::result::Result<(), alloc[2e1b2a31b91974c5]::string::String>>
[INFO] [stdout]   15:     0x623731e9e945 - test[aada8e7e76ba119b]::run_test::{closure#0}
[INFO] [stdout]   16:     0x623731e98234 - std[617be2ca0a6fd877]::sys::backtrace::__rust_begin_short_backtrace::<test[aada8e7e76ba119b]::run_test::{closure#1}, ()>
[INFO] [stdout]   17:     0x623731ea19d2 - <std[617be2ca0a6fd877]::thread::lifecycle::spawn_unchecked<test[aada8e7e76ba119b]::run_test::{closure#1}, ()>::{closure#1} as core[a373ad73a504971]::ops::function::FnOnce<()>>::call_once::{shim:vtable#0}
[INFO] [stdout]   18:     0x623731f1ec3f - <std[617be2ca0a6fd877]::sys::thread::unix::Thread>::new::thread_start
[INFO] [stdout]   19:     0x7e96d5d8adfa - <unknown>
[INFO] [stdout]   20:     0x7e96d5e1e3d4 - clone
[INFO] [stdout]   21:                0x0 - <unknown>
[INFO] [stdout] 
[INFO] [stdout] ---- tests::diff::subtree_at_missing_returns_none stdout ----
[INFO] [stdout] 
[INFO] [stdout] thread 'tests::diff::subtree_at_missing_returns_none' (2957) panicked at src/tests.rs:58:31:
[INFO] [stdout] called `Result::unwrap()` on an `Err` value: Os { code: 30, kind: ReadOnlyFilesystem, message: "Read-only file system" }
[INFO] [stdout] stack backtrace:
[INFO] [stdout]    0:     0x623731f1fcb1 - <<std[617be2ca0a6fd877]::sys::backtrace::BacktraceLock>::print::DisplayBacktrace as core[a373ad73a504971]::fmt::Display>::fmt
[INFO] [stdout]    1:     0x623731f369ca - core[a373ad73a504971]::fmt::write
[INFO] [stdout]    2:     0x623731f259dc - <alloc[2e1b2a31b91974c5]::vec::Vec<u8> as core[a373ad73a504971]::io::write::Write>::write_fmt
[INFO] [stdout]    3:     0x623731ef8106 - std[617be2ca0a6fd877]::panicking::default_hook::{closure#0}
[INFO] [stdout]    4:     0x623731f168e9 - std[617be2ca0a6fd877]::panicking::default_hook
[INFO] [stdout]    5:     0x623731e9e320 - test[aada8e7e76ba119b]::test_main_inner::{closure#0}
[INFO] [stdout]    6:     0x623731f16aa2 - std[617be2ca0a6fd877]::panicking::panic_with_hook
[INFO] [stdout]    7:     0x623731ef81b2 - std[617be2ca0a6fd877]::panicking::panic_handler::{closure#0}
[INFO] [stdout]    8:     0x623731ef0529 - std[617be2ca0a6fd877]::sys::backtrace::__rust_end_short_backtrace::<std[617be2ca0a6fd877]::panicking::panic_handler::{closure#0}, !>
[INFO] [stdout]    9:     0x623731ef916d - __rustc[ea4f61d10b84890b]::rust_begin_unwind
[INFO] [stdout]   10:     0x623731f370fc - core[a373ad73a504971]::panicking::panic_fmt
[INFO] [stdout]   11:     0x623731f36ed2 - core[a373ad73a504971]::result::unwrap_failed
[INFO] [stdout]   12:     0x623731e7a1f0 - gift[d776155299e4e3bd]::tests::make_worktree_dir
[INFO] [stdout]   13:     0x623731e882ad - <gift[d776155299e4e3bd]::tests::diff::subtree_at_missing_returns_none::{closure#0} as core[a373ad73a504971]::ops::function::FnOnce<()>>::call_once
[INFO] [stdout]   14:     0x623731e9176b - test[aada8e7e76ba119b]::__rust_begin_short_backtrace::<core[a373ad73a504971]::result::Result<(), alloc[2e1b2a31b91974c5]::string::String>, fn() -> core[a373ad73a504971]::result::Result<(), alloc[2e1b2a31b91974c5]::string::String>>
[INFO] [stdout]   15:     0x623731e9e945 - test[aada8e7e76ba119b]::run_test::{closure#0}
[INFO] [stdout]   16:     0x623731e98234 - std[617be2ca0a6fd877]::sys::backtrace::__rust_begin_short_backtrace::<test[aada8e7e76ba119b]::run_test::{closure#1}, ()>
[INFO] [stdout]   17:     0x623731ea19d2 - <std[617be2ca0a6fd877]::thread::lifecycle::spawn_unchecked<test[aada8e7e76ba119b]::run_test::{closure#1}, ()>::{closure#1} as core[a373ad73a504971]::ops::function::FnOnce<()>>::call_once::{shim:vtable#0}
[INFO] [stdout]   18:     0x623731f1ec3f - <std[617be2ca0a6fd877]::sys::thread::unix::Thread>::new::thread_start
[INFO] [stdout]   19:     0x7e96d5d8adfa - <unknown>
[INFO] [stdout]   20:     0x7e96d5e1e3d4 - clone
[INFO] [stdout]   21:                0x0 - <unknown>
[INFO] [stdout] 
[INFO] [stdout] ---- tests::log::test_log_max_count stdout ----
[INFO] [stdout] 
[INFO] [stdout] thread 'tests::log::test_log_max_count' (2969) panicked at src/tests.rs:58:31:
[INFO] [stdout] called `Result::unwrap()` on an `Err` value: Os { code: 30, kind: ReadOnlyFilesystem, message: "Read-only file system" }
[INFO] [stdout] stack backtrace:
[INFO] [stdout]    0:     0x623731f1fcb1 - <<std[617be2ca0a6fd877]::sys::backtrace::BacktraceLock>::print::DisplayBacktrace as core[a373ad73a504971]::fmt::Display>::fmt
[INFO] [stdout]    1:     0x623731f369ca - core[a373ad73a504971]::fmt::write
[INFO] [stdout]    2:     0x623731f259dc - <alloc[2e1b2a31b91974c5]::vec::Vec<u8> as core[a373ad73a504971]::io::write::Write>::write_fmt
[INFO] [stdout]    3:     0x623731ef8106 - std[617be2ca0a6fd877]::panicking::default_hook::{closure#0}
[INFO] [stdout]    4:     0x623731f168e9 - std[617be2ca0a6fd877]::panicking::default_hook
[INFO] [stdout]    5:     0x623731e9e320 - test[aada8e7e76ba119b]::test_main_inner::{closure#0}
[INFO] [stdout]    6:     0x623731f16aa2 - std[617be2ca0a6fd877]::panicking::panic_with_hook
[INFO] [stdout]    7:     0x623731ef81b2 - std[617be2ca0a6fd877]::panicking::panic_handler::{closure#0}
[INFO] [stdout]    8:     0x623731ef0529 - std[617be2ca0a6fd877]::sys::backtrace::__rust_end_short_backtrace::<std[617be2ca0a6fd877]::panicking::panic_handler::{closure#0}, !>
[INFO] [stdout]    9:     0x623731ef916d - __rustc[ea4f61d10b84890b]::rust_begin_unwind
[INFO] [stdout]   10:     0x623731f370fc - core[a373ad73a504971]::panicking::panic_fmt
[INFO] [stdout]   11:     0x623731f36ed2 - core[a373ad73a504971]::result::unwrap_failed
[INFO] [stdout]   12:     0x623731e7a1f0 - gift[d776155299e4e3bd]::tests::make_worktree_dir
[INFO] [stdout]   13:     0x623731e357fa - <gift[d776155299e4e3bd]::tests::log::test_log_max_count::{closure#0} as core[a373ad73a504971]::ops::function::FnOnce<()>>::call_once
[INFO] [stdout]   14:     0x623731e9176b - test[aada8e7e76ba119b]::__rust_begin_short_backtrace::<core[a373ad73a504971]::result::Result<(), alloc[2e1b2a31b91974c5]::string::String>, fn() -> core[a373ad73a504971]::result::Result<(), alloc[2e1b2a31b91974c5]::string::String>>
[INFO] [stdout]   15:     0x623731e9e945 - test[aada8e7e76ba119b]::run_test::{closure#0}
[INFO] [stdout]   16:     0x623731e98234 - std[617be2ca0a6fd877]::sys::backtrace::__rust_begin_short_backtrace::<test[aada8e7e76ba119b]::run_test::{closure#1}, ()>
[INFO] [stdout]   17:     0x623731ea19d2 - <std[617be2ca0a6fd877]::thread::lifecycle::spawn_unchecked<test[aada8e7e76ba119b]::run_test::{closure#1}, ()>::{closure#1} as core[a373ad73a504971]::ops::function::FnOnce<()>>::call_once::{shim:vtable#0}
[INFO] [stdout]   18:     0x623731f1ec3f - <std[617be2ca0a6fd877]::sys::thread::unix::Thread>::new::thread_start
[INFO] [stdout]   19:     0x7e96d5d8adfa - <unknown>
[INFO] [stdout]   20:     0x7e96d5e1e3d4 - clone
[INFO] [stdout]   21:                0x0 - <unknown>
[INFO] [stdout] 
[INFO] [stdout] ---- tests::index_file::from_index_file_write_tree_matches_git_write_tree stdout ----
[INFO] [stdout] 
[INFO] [stdout] thread 'tests::index_file::from_index_file_write_tree_matches_git_write_tree' (2961) panicked at src/tests.rs:58:31:
[INFO] [stdout] called `Result::unwrap()` on an `Err` value: Os { code: 30, kind: ReadOnlyFilesystem, message: "Read-only file system" }
[INFO] [stdout] stack backtrace:
[INFO] [stdout]    0:     0x623731f1fcb1 - <<std[617be2ca0a6fd877]::sys::backtrace::BacktraceLock>::print::DisplayBacktrace as core[a373ad73a504971]::fmt::Display>::fmt
[INFO] [stdout]    1:     0x623731f369ca - core[a373ad73a504971]::fmt::write
[INFO] [stdout]    2:     0x623731f259dc - <alloc[2e1b2a31b91974c5]::vec::Vec<u8> as core[a373ad73a504971]::io::write::Write>::write_fmt
[INFO] [stdout]    3:     0x623731ef8106 - std[617be2ca0a6fd877]::panicking::default_hook::{closure#0}
[INFO] [stdout]    4:     0x623731f168e9 - std[617be2ca0a6fd877]::panicking::default_hook
[INFO] [stdout]    5:     0x623731e9e320 - test[aada8e7e76ba119b]::test_main_inner::{closure#0}
[INFO] [stdout]    6:     0x623731f16aa2 - std[617be2ca0a6fd877]::panicking::panic_with_hook
[INFO] [stdout]    7:     0x623731ef81b2 - std[617be2ca0a6fd877]::panicking::panic_handler::{closure#0}
[INFO] [stdout]    8:     0x623731ef0529 - std[617be2ca0a6fd877]::sys::backtrace::__rust_end_short_backtrace::<std[617be2ca0a6fd877]::panicking::panic_handler::{closure#0}, !>
[INFO] [stdout]    9:     0x623731ef916d - __rustc[ea4f61d10b84890b]::rust_begin_unwind
[INFO] [stdout]   10:     0x623731f370fc - core[a373ad73a504971]::panicking::panic_fmt
[INFO] [stdout]   11:     0x623731f36ed2 - core[a373ad73a504971]::result::unwrap_failed
[INFO] [stdout]   12:     0x623731e7a1f0 - gift[d776155299e4e3bd]::tests::make_worktree_dir
[INFO] [stdout]   13:     0x623731e81662 - <gift[d776155299e4e3bd]::tests::index_file::from_index_file_write_tree_matches_git_write_tree::{closure#0} as core[a373ad73a504971]::ops::function::FnOnce<()>>::call_once
[INFO] [stdout]   14:     0x623731e9176b - test[aada8e7e76ba119b]::__rust_begin_short_backtrace::<core[a373ad73a504971]::result::Result<(), alloc[2e1b2a31b91974c5]::string::String>, fn() -> core[a373ad73a504971]::result::Result<(), alloc[2e1b2a31b91974c5]::string::String>>
[INFO] [stdout]   15:     0x623731e9e945 - test[aada8e7e76ba119b]::run_test::{closure#0}
[INFO] [stdout]   16:     0x623731e98234 - std[617be2ca0a6fd877]::sys::backtrace::__rust_begin_short_backtrace::<test[aada8e7e76ba119b]::run_test::{closure#1}, ()>
[INFO] [stdout]   17:     0x623731ea19d2 - <std[617be2ca0a6fd877]::thread::lifecycle::spawn_unchecked<test[aada8e7e76ba119b]::run_test::{closure#1}, ()>::{closure#1} as core[a373ad73a504971]::ops::function::FnOnce<()>>::call_once::{shim:vtable#0}
[INFO] [stdout]   18:     0x623731f1ec3f - <std[617be2ca0a6fd877]::sys::thread::unix::Thread>::new::thread_start
[INFO] [stdout]   19:     0x7e96d5d8adfa - <unknown>
[INFO] [stdout]   20:     0x7e96d5e1e3d4 - clone
[INFO] [stdout]   21:                0x0 - <unknown>
[INFO] [stdout] 
[INFO] [stdout] ---- tests::log::test_log_no_commits stdout ----
[INFO] [stdout] 
[INFO] [stdout] thread 'tests::log::test_log_no_commits' (2977) panicked at src/tests.rs:58:31:
[INFO] [stdout] called `Result::unwrap()` on an `Err` value: Os { code: 30, kind: ReadOnlyFilesystem, message: "Read-only file system" }
[INFO] [stdout] stack backtrace:
[INFO] [stdout]    0:     0x623731f1fcb1 - <<std[617be2ca0a6fd877]::sys::backtrace::BacktraceLock>::print::DisplayBacktrace as core[a373ad73a504971]::fmt::Display>::fmt
[INFO] [stdout]    1:     0x623731f369ca - core[a373ad73a504971]::fmt::write
[INFO] [stdout]    2:     0x623731f259dc - <alloc[2e1b2a31b91974c5]::vec::Vec<u8> as core[a373ad73a504971]::io::write::Write>::write_fmt
[INFO] [stdout]    3:     0x623731ef8106 - std[617be2ca0a6fd877]::panicking::default_hook::{closure#0}
[INFO] [stdout]    4:     0x623731f168e9 - std[617be2ca0a6fd877]::panicking::default_hook
[INFO] [stdout]    5:     0x623731e9e320 - test[aada8e7e76ba119b]::test_main_inner::{closure#0}
[INFO] [stdout]    6:     0x623731f16aa2 - std[617be2ca0a6fd877]::panicking::panic_with_hook
[INFO] [stdout]    7:     0x623731ef81b2 - std[617be2ca0a6fd877]::panicking::panic_handler::{closure#0}
[INFO] [stdout]    8:     0x623731ef0529 - std[617be2ca0a6fd877]::sys::backtrace::__rust_end_short_backtrace::<std[617be2ca0a6fd877]::panicking::panic_handler::{closure#0}, !>
[INFO] [stdout]    9:     0x623731ef916d - __rustc[ea4f61d10b84890b]::rust_begin_unwind
[INFO] [stdout]   10:     0x623731f370fc - core[a373ad73a504971]::panicking::panic_fmt
[INFO] [stdout]   11:     0x623731f36ed2 - core[a373ad73a504971]::result::unwrap_failed
[INFO] [stdout]   12:     0x623731e7a1f0 - gift[d776155299e4e3bd]::tests::make_worktree_dir
[INFO] [stdout]   13:     0x623731e35e5a - <gift[d776155299e4e3bd]::tests::log::test_log_no_commits::{closure#0} as core[a373ad73a504971]::ops::function::FnOnce<()>>::call_once
[INFO] [stdout]   14:     0x623731e9176b - test[aada8e7e76ba119b]::__rust_begin_short_backtrace::<core[a373ad73a504971]::result::Result<(), alloc[2e1b2a31b91974c5]::string::String>, fn() -> core[a373ad73a504971]::result::Result<(), alloc[2e1b2a31b91974c5]::string::String>>
[INFO] [stdout]   15:     0x623731e9e945 - test[aada8e7e76ba119b]::run_test::{closure#0}
[INFO] [stdout]   16:     0x623731e98234 - std[617be2ca0a6fd877]::sys::backtrace::__rust_begin_short_backtrace::<test[aada8e7e76ba119b]::run_test::{closure#1}, ()>
[INFO] [stdout]   17:     0x623731ea19d2 - <std[617be2ca0a6fd877]::thread::lifecycle::spawn_unchecked<test[aada8e7e76ba119b]::run_test::{closure#1}, ()>::{closure#1} as core[a373ad73a504971]::ops::function::FnOnce<()>>::call_once::{shim:vtable#0}
[INFO] [stdout]   18:     0x623731f1ec3f - <std[617be2ca0a6fd877]::sys::thread::unix::Thread>::new::thread_start
[INFO] [stdout]   19:     0x7e96d5d8adfa - <unknown>
[INFO] [stdout]   20:     0x7e96d5e1e3d4 - clone
[INFO] [stdout]   21:                0x0 - <unknown>
[INFO] [stdout] 
[INFO] [stdout] ---- tests::merge::one_side_adds_subtree_other_modifies_file stdout ----
[INFO] [stdout] 
[INFO] [stdout] thread 'tests::merge::one_side_adds_subtree_other_modifies_file' (2979) panicked at src/tests.rs:58:31:
[INFO] [stdout] called `Result::unwrap()` on an `Err` value: Os { code: 30, kind: ReadOnlyFilesystem, message: "Read-only file system" }
[INFO] [stdout] stack backtrace:
[INFO] [stdout]    0:     0x623731f1fcb1 - <<std[617be2ca0a6fd877]::sys::backtrace::BacktraceLock>::print::DisplayBacktrace as core[a373ad73a504971]::fmt::Display>::fmt
[INFO] [stdout]    1:     0x623731f369ca - core[a373ad73a504971]::fmt::write
[INFO] [stdout]    2:     0x623731f259dc - <alloc[2e1b2a31b91974c5]::vec::Vec<u8> as core[a373ad73a504971]::io::write::Write>::write_fmt
[INFO] [stdout]    3:     0x623731ef8106 - std[617be2ca0a6fd877]::panicking::default_hook::{closure#0}
[INFO] [stdout]    4:     0x623731f168e9 - std[617be2ca0a6fd877]::panicking::default_hook
[INFO] [stdout]    5:     0x623731e9e320 - test[aada8e7e76ba119b]::test_main_inner::{closure#0}
[INFO] [stdout]    6:     0x623731f16aa2 - std[617be2ca0a6fd877]::panicking::panic_with_hook
[INFO] [stdout]    7:     0x623731ef81b2 - std[617be2ca0a6fd877]::panicking::panic_handler::{closure#0}
[INFO] [stdout]    8:     0x623731ef0529 - std[617be2ca0a6fd877]::sys::backtrace::__rust_end_short_backtrace::<std[617be2ca0a6fd877]::panicking::panic_handler::{closure#0}, !>
[INFO] [stdout]    9:     0x623731ef916d - __rustc[ea4f61d10b84890b]::rust_begin_unwind
[INFO] [stdout]   10:     0x623731f370fc - core[a373ad73a504971]::panicking::panic_fmt
[INFO] [stdout]   11:     0x623731f36ed2 - core[a373ad73a504971]::result::unwrap_failed
[INFO] [stdout]   12:     0x623731e7a1f0 - gift[d776155299e4e3bd]::tests::make_worktree_dir
[INFO] [stdout]   13:     0x623731e3856d - <gift[d776155299e4e3bd]::tests::merge::one_side_adds_subtree_other_modifies_file::{closure#0} as core[a373ad73a504971]::ops::function::FnOnce<()>>::call_once
[INFO] [stdout]   14:     0x623731e9176b - test[aada8e7e76ba119b]::__rust_begin_short_backtrace::<core[a373ad73a504971]::result::Result<(), alloc[2e1b2a31b91974c5]::string::String>, fn() -> core[a373ad73a504971]::result::Result<(), alloc[2e1b2a31b91974c5]::string::String>>
[INFO] [stdout]   15:     0x623731e9e945 - test[aada8e7e76ba119b]::run_test::{closure#0}
[INFO] [stdout]   16:     0x623731e98234 - std[617be2ca0a6fd877]::sys::backtrace::__rust_begin_short_backtrace::<test[aada8e7e76ba119b]::run_test::{closure#1}, ()>
[INFO] [stdout]   17:     0x623731ea19d2 - <std[617be2ca0a6fd877]::thread::lifecycle::spawn_unchecked<test[aada8e7e76ba119b]::run_test::{closure#1}, ()>::{closure#1} as core[a373ad73a504971]::ops::function::FnOnce<()>>::call_once::{shim:vtable#0}
[INFO] [stdout]   18:     0x623731f1ec3f - <std[617be2ca0a6fd877]::sys::thread::unix::Thread>::new::thread_start
[INFO] [stdout]   19:     0x7e96d5d8adfa - <unknown>
[INFO] [stdout]   20:     0x7e96d5e1e3d4 - clone
[INFO] [stdout]   21:                0x0 - <unknown>
[INFO] [stdout] 
[INFO] [stdout] ---- tests::merge::three_level_subtree_recursive_merge stdout ----
[INFO] [stdout] 
[INFO] [stdout] thread 'tests::merge::three_level_subtree_recursive_merge' (2980) panicked at src/tests.rs:58:31:
[INFO] [stdout] called `Result::unwrap()` on an `Err` value: Os { code: 30, kind: ReadOnlyFilesystem, message: "Read-only file system" }
[INFO] [stdout] stack backtrace:
[INFO] [stdout]    0:     0x623731f1fcb1 - <<std[617be2ca0a6fd877]::sys::backtrace::BacktraceLock>::print::DisplayBacktrace as core[a373ad73a504971]::fmt::Display>::fmt
[INFO] [stdout]    1:     0x623731f369ca - core[a373ad73a504971]::fmt::write
[INFO] [stdout]    2:     0x623731f259dc - <alloc[2e1b2a31b91974c5]::vec::Vec<u8> as core[a373ad73a504971]::io::write::Write>::write_fmt
[INFO] [stdout]    3:     0x623731ef8106 - std[617be2ca0a6fd877]::panicking::default_hook::{closure#0}
[INFO] [stdout]    4:     0x623731f168e9 - std[617be2ca0a6fd877]::panicking::default_hook
[INFO] [stdout]    5:     0x623731e9e320 - test[aada8e7e76ba119b]::test_main_inner::{closure#0}
[INFO] [stdout]    6:     0x623731f16aa2 - std[617be2ca0a6fd877]::panicking::panic_with_hook
[INFO] [stdout]    7:     0x623731ef81b2 - std[617be2ca0a6fd877]::panicking::panic_handler::{closure#0}
[INFO] [stdout]    8:     0x623731ef0529 - std[617be2ca0a6fd877]::sys::backtrace::__rust_end_short_backtrace::<std[617be2ca0a6fd877]::panicking::panic_handler::{closure#0}, !>
[INFO] [stdout]    9:     0x623731ef916d - __rustc[ea4f61d10b84890b]::rust_begin_unwind
[INFO] [stdout]   10:     0x623731f370fc - core[a373ad73a504971]::panicking::panic_fmt
[INFO] [stdout]   11:     0x623731f36ed2 - core[a373ad73a504971]::result::unwrap_failed
[INFO] [stdout]   12:     0x623731e7a1f0 - gift[d776155299e4e3bd]::tests::make_worktree_dir
[INFO] [stdout]   13:     0x623731e37322 - <gift[d776155299e4e3bd]::tests::merge::three_level_subtree_recursive_merge::{closure#0} as core[a373ad73a504971]::ops::function::FnOnce<()>>::call_once
[INFO] [stdout]   14:     0x623731e9176b - test[aada8e7e76ba119b]::__rust_begin_short_backtrace::<core[a373ad73a504971]::result::Result<(), alloc[2e1b2a31b91974c5]::string::String>, fn() -> core[a373ad73a504971]::result::Result<(), alloc[2e1b2a31b91974c5]::string::String>>
[INFO] [stdout]   15:     0x623731e9e945 - test[aada8e7e76ba119b]::run_test::{closure#0}
[INFO] [stdout]   16:     0x623731e98234 - std[617be2ca0a6fd877]::sys::backtrace::__rust_begin_short_backtrace::<test[aada8e7e76ba119b]::run_test::{closure#1}, ()>
[INFO] [stdout]   17:     0x623731ea19d2 - <std[617be2ca0a6fd877]::thread::lifecycle::spawn_unchecked<test[aada8e7e76ba119b]::run_test::{closure#1}, ()>::{closure#1} as core[a373ad73a504971]::ops::function::FnOnce<()>>::call_once::{shim:vtable#0}
[INFO] [stdout]   18:     0x623731f1ec3f - <std[617be2ca0a6fd877]::sys::thread::unix::Thread>::new::thread_start
[INFO] [stdout]   19:     0x7e96d5d8adfa - <unknown>
[INFO] [stdout]   20:     0x7e96d5e1e3d4 - clone
[INFO] [stdout]   21:                0x0 - <unknown>
[INFO] [stdout] 
[INFO] [stdout] ---- tests::merge::nested_dirs_conflict_at_leaf stdout ----
[INFO] [stdout] 
[INFO] [stdout] thread 'tests::merge::nested_dirs_conflict_at_leaf' (2978) panicked at src/tests.rs:58:31:
[INFO] [stdout] called `Result::unwrap()` on an `Err` value: Os { code: 30, kind: ReadOnlyFilesystem, message: "Read-only file system" }
[INFO] [stdout] stack backtrace:
[INFO] [stdout]    0:     0x623731f1fcb1 - <<std[617be2ca0a6fd877]::sys::backtrace::BacktraceLock>::print::DisplayBacktrace as core[a373ad73a504971]::fmt::Display>::fmt
[INFO] [stdout]    1:     0x623731f369ca - core[a373ad73a504971]::fmt::write
[INFO] [stdout]    2:     0x623731f259dc - <alloc[2e1b2a31b91974c5]::vec::Vec<u8> as core[a373ad73a504971]::io::write::Write>::write_fmt
[INFO] [stdout]    3:     0x623731ef8106 - std[617be2ca0a6fd877]::panicking::default_hook::{closure#0}
[INFO] [stdout]    4:     0x623731f168e9 - std[617be2ca0a6fd877]::panicking::default_hook
[INFO] [stdout]    5:     0x623731e9e320 - test[aada8e7e76ba119b]::test_main_inner::{closure#0}
[INFO] [stdout]    6:     0x623731f16aa2 - std[617be2ca0a6fd877]::panicking::panic_with_hook
[INFO] [stdout]    7:     0x623731ef81b2 - std[617be2ca0a6fd877]::panicking::panic_handler::{closure#0}
[INFO] [stdout]    8:     0x623731ef0529 - std[617be2ca0a6fd877]::sys::backtrace::__rust_end_short_backtrace::<std[617be2ca0a6fd877]::panicking::panic_handler::{closure#0}, !>
[INFO] [stdout]    9:     0x623731ef916d - __rustc[ea4f61d10b84890b]::rust_begin_unwind
[INFO] [stdout]   10:     0x623731f370fc - core[a373ad73a504971]::panicking::panic_fmt
[INFO] [stdout]   11:     0x623731f36ed2 - core[a373ad73a504971]::result::unwrap_failed
[INFO] [stdout]   12:     0x623731e7a1f0 - gift[d776155299e4e3bd]::tests::make_worktree_dir
[INFO] [stdout]   13:     0x623731e36122 - <gift[d776155299e4e3bd]::tests::merge::nested_dirs_conflict_at_leaf::{closure#0} as core[a373ad73a504971]::ops::function::FnOnce<()>>::call_once
[INFO] [stdout]   14:     0x623731e9176b - test[aada8e7e76ba119b]::__rust_begin_short_backtrace::<core[a373ad73a504971]::result::Result<(), alloc[2e1b2a31b91974c5]::string::String>, fn() -> core[a373ad73a504971]::result::Result<(), alloc[2e1b2a31b91974c5]::string::String>>
[INFO] [stdout]   15:     0x623731e9e945 - test[aada8e7e76ba119b]::run_test::{closure#0}
[INFO] [stdout]   16:     0x623731e98234 - std[617be2ca0a6fd877]::sys::backtrace::__rust_begin_short_backtrace::<test[aada8e7e76ba119b]::run_test::{closure#1}, ()>
[INFO] [stdout]   17:     0x623731ea19d2 - <std[617be2ca0a6fd877]::thread::lifecycle::spawn_unchecked<test[aada8e7e76ba119b]::run_test::{closure#1}, ()>::{closure#1} as core[a373ad73a504971]::ops::function::FnOnce<()>>::call_once::{shim:vtable#0}
[INFO] [stdout]   18:     0x623731f1ec3f - <std[617be2ca0a6fd877]::sys::thread::unix::Thread>::new::thread_start
[INFO] [stdout]   19:     0x7e96d5d8adfa - <unknown>
[INFO] [stdout]   20:     0x7e96d5e1e3d4 - clone
[INFO] [stdout]   21:                0x0 - <unknown>
[INFO] [stdout] 
[INFO] [stdout] ---- tests::merge_base::forked_history_returns_fork_point stdout ----
[INFO] [stdout] 
[INFO] [stdout] thread 'tests::merge_base::forked_history_returns_fork_point' (2988) panicked at src/tests.rs:58:31:
[INFO] [stdout] called `Result::unwrap()` on an `Err` value: Os { code: 30, kind: ReadOnlyFilesystem, message: "Read-only file system" }
[INFO] [stdout] stack backtrace:
[INFO] [stdout]    0:     0x623731f1fcb1 - <<std[617be2ca0a6fd877]::sys::backtrace::BacktraceLock>::print::DisplayBacktrace as core[a373ad73a504971]::fmt::Display>::fmt
[INFO] [stdout]    1:     0x623731f369ca - core[a373ad73a504971]::fmt::write
[INFO] [stdout]    2:     0x623731f259dc - <alloc[2e1b2a31b91974c5]::vec::Vec<u8> as core[a373ad73a504971]::io::write::Write>::write_fmt
[INFO] [stdout]    3:     0x623731ef8106 - std[617be2ca0a6fd877]::panicking::default_hook::{closure#0}
[INFO] [stdout]    4:     0x623731f168e9 - std[617be2ca0a6fd877]::panicking::default_hook
[INFO] [stdout]    5:     0x623731e9e320 - test[aada8e7e76ba119b]::test_main_inner::{closure#0}
[INFO] [stdout]    6:     0x623731f16aa2 - std[617be2ca0a6fd877]::panicking::panic_with_hook
[INFO] [stdout]    7:     0x623731ef81b2 - std[617be2ca0a6fd877]::panicking::panic_handler::{closure#0}
[INFO] [stdout]    8:     0x623731ef0529 - std[617be2ca0a6fd877]::sys::backtrace::__rust_end_short_backtrace::<std[617be2ca0a6fd877]::panicking::panic_handler::{closure#0}, !>
[INFO] [stdout]    9:     0x623731ef916d - __rustc[ea4f61d10b84890b]::rust_begin_unwind
[INFO] [stdout]   10:     0x623731f370fc - core[a373ad73a504971]::panicking::panic_fmt
[INFO] [stdout]   11:     0x623731f36ed2 - core[a373ad73a504971]::result::unwrap_failed
[INFO] [stdout]   12:     0x623731e7a1f0 - gift[d776155299e4e3bd]::tests::make_worktree_dir
[INFO] [stdout]   13:     0x623731e2f03d - <gift[d776155299e4e3bd]::tests::merge_base::forked_history_returns_fork_point::{closure#0} as core[a373ad73a504971]::ops::function::FnOnce<()>>::call_once
[INFO] [stdout]   14:     0x623731e9176b - test[aada8e7e76ba119b]::__rust_begin_short_backtrace::<core[a373ad73a504971]::result::Result<(), alloc[2e1b2a31b91974c5]::string::String>, fn() -> core[a373ad73a504971]::result::Result<(), alloc[2e1b2a31b91974c5]::string::String>>
[INFO] [stdout]   15:     0x623731e9e945 - test[aada8e7e76ba119b]::run_test::{closure#0}
[INFO] [stdout]   16:     0x623731e98234 - std[617be2ca0a6fd877]::sys::backtrace::__rust_begin_short_backtrace::<test[aada8e7e76ba119b]::run_test::{closure#1}, ()>
[INFO] [stdout]   17:     0x623731ea19d2 - <std[617be2ca0a6fd877]::thread::lifecycle::spawn_unchecked<test[aada8e7e76ba119b]::run_test::{closure#1}, ()>::{closure#1} as core[a373ad73a504971]::ops::function::FnOnce<()>>::call_once::{shim:vtable#0}
[INFO] [stdout]   18:     0x623731f1ec3f - <std[617be2ca0a6fd877]::sys::thread::unix::Thread>::new::thread_start
[INFO] [stdout]   19:     0x7e96d5d8adfa - <unknown>
[INFO] [stdout]   20:     0x7e96d5e1e3d4 - clone
[INFO] [stdout]   21:                0x0 - <unknown>
[INFO] [stdout] 
[INFO] [stdout] ---- tests::merge_base::same_commit_returns_itself stdout ----
[INFO] [stdout] 
[INFO] [stdout] thread 'tests::merge_base::same_commit_returns_itself' (2990) panicked at src/tests.rs:58:31:
[INFO] [stdout] called `Result::unwrap()` on an `Err` value: Os { code: 30, kind: ReadOnlyFilesystem, message: "Read-only file system" }
[INFO] [stdout] stack backtrace:
[INFO] [stdout]    0:     0x623731f1fcb1 - <<std[617be2ca0a6fd877]::sys::backtrace::BacktraceLock>::print::DisplayBacktrace as core[a373ad73a504971]::fmt::Display>::fmt
[INFO] [stdout]    1:     0x623731f369ca - core[a373ad73a504971]::fmt::write
[INFO] [stdout]    2:     0x623731f259dc - <alloc[2e1b2a31b91974c5]::vec::Vec<u8> as core[a373ad73a504971]::io::write::Write>::write_fmt
[INFO] [stdout]    3:     0x623731ef8106 - std[617be2ca0a6fd877]::panicking::default_hook::{closure#0}
[INFO] [stdout]    4:     0x623731f168e9 - std[617be2ca0a6fd877]::panicking::default_hook
[INFO] [stdout]    5:     0x623731e9e320 - test[aada8e7e76ba119b]::test_main_inner::{closure#0}
[INFO] [stdout]    6:     0x623731f16aa2 - std[617be2ca0a6fd877]::panicking::panic_with_hook
[INFO] [stdout]    7:     0x623731ef81b2 - std[617be2ca0a6fd877]::panicking::panic_handler::{closure#0}
[INFO] [stdout]    8:     0x623731ef0529 - std[617be2ca0a6fd877]::sys::backtrace::__rust_end_short_backtrace::<std[617be2ca0a6fd877]::panicking::panic_handler::{closure#0}, !>
[INFO] [stdout]    9:     0x623731ef916d - __rustc[ea4f61d10b84890b]::rust_begin_unwind
[INFO] [stdout]   10:     0x623731f370fc - core[a373ad73a504971]::panicking::panic_fmt
[INFO] [stdout]   11:     0x623731f36ed2 - core[a373ad73a504971]::result::unwrap_failed
[INFO] [stdout]   12:     0x623731e7a1f0 - gift[d776155299e4e3bd]::tests::make_worktree_dir
[INFO] [stdout]   13:     0x623731e2e4aa - <gift[d776155299e4e3bd]::tests::merge_base::same_commit_returns_itself::{closure#0} as core[a373ad73a504971]::ops::function::FnOnce<()>>::call_once
[INFO] [stdout]   14:     0x623731e9176b - test[aada8e7e76ba119b]::__rust_begin_short_backtrace::<core[a373ad73a504971]::result::Result<(), alloc[2e1b2a31b91974c5]::string::String>, fn() -> core[a373ad73a504971]::result::Result<(), alloc[2e1b2a31b91974c5]::string::String>>
[INFO] [stdout]   15:     0x623731e9e945 - test[aada8e7e76ba119b]::run_test::{closure#0}
[INFO] [stdout]   16:     0x623731e98234 - std[617be2ca0a6fd877]::sys::backtrace::__rust_begin_short_backtrace::<test[aada8e7e76ba119b]::run_test::{closure#1}, ()>
[INFO] [stdout]   17:     0x623731ea19d2 - <std[617be2ca0a6fd877]::thread::lifecycle::spawn_unchecked<test[aada8e7e76ba119b]::run_test::{closure#1}, ()>::{closure#1} as core[a373ad73a504971]::ops::function::FnOnce<()>>::call_once::{shim:vtable#0}
[INFO] [stdout]   18:     0x623731f1ec3f - <std[617be2ca0a6fd877]::sys::thread::unix::Thread>::new::thread_start
[INFO] [stdout]   19:     0x7e96d5d8adfa - <unknown>
[INFO] [stdout]   20:     0x7e96d5e1e3d4 - clone
[INFO] [stdout]   21:                0x0 - <unknown>
[INFO] [stdout] 
[INFO] [stdout] ---- tests::merge_base::linear_history_ancestor_is_parent stdout ----
[INFO] [stdout] 
[INFO] [stdout] thread 'tests::merge_base::linear_history_ancestor_is_parent' (2989) panicked at src/tests.rs:58:31:
[INFO] [stdout] called `Result::unwrap()` on an `Err` value: Os { code: 30, kind: ReadOnlyFilesystem, message: "Read-only file system" }
[INFO] [stdout] stack backtrace:
[INFO] [stdout]    0:     0x623731f1fcb1 - <<std[617be2ca0a6fd877]::sys::backtrace::BacktraceLock>::print::DisplayBacktrace as core[a373ad73a504971]::fmt::Display>::fmt
[INFO] [stdout]    1:     0x623731f369ca - core[a373ad73a504971]::fmt::write
[INFO] [stdout]    2:     0x623731f259dc - <alloc[2e1b2a31b91974c5]::vec::Vec<u8> as core[a373ad73a504971]::io::write::Write>::write_fmt
[INFO] [stdout]    3:     0x623731ef8106 - std[617be2ca0a6fd877]::panicking::default_hook::{closure#0}
[INFO] [stdout]    4:     0x623731f168e9 - std[617be2ca0a6fd877]::panicking::default_hook
[INFO] [stdout]    5:     0x623731e9e320 - test[aada8e7e76ba119b]::test_main_inner::{closure#0}
[INFO] [stdout]    6:     0x623731f16aa2 - std[617be2ca0a6fd877]::panicking::panic_with_hook
[INFO] [stdout]    7:     0x623731ef81b2 - std[617be2ca0a6fd877]::panicking::panic_handler::{closure#0}
[INFO] [stdout]    8:     0x623731ef0529 - std[617be2ca0a6fd877]::sys::backtrace::__rust_end_short_backtrace::<std[617be2ca0a6fd877]::panicking::panic_handler::{closure#0}, !>
[INFO] [stdout]    9:     0x623731ef916d - __rustc[ea4f61d10b84890b]::rust_begin_unwind
[INFO] [stdout]   10:     0x623731f370fc - core[a373ad73a504971]::panicking::panic_fmt
[INFO] [stdout]   11:     0x623731f36ed2 - core[a373ad73a504971]::result::unwrap_failed
[INFO] [stdout]   12:     0x623731e7a1f0 - gift[d776155299e4e3bd]::tests::make_worktree_dir
[INFO] [stdout]   13:     0x623731e2fb9a - <gift[d776155299e4e3bd]::tests::merge_base::linear_history_ancestor_is_parent::{closure#0} as core[a373ad73a504971]::ops::function::FnOnce<()>>::call_once
[INFO] [stdout]   14:     0x623731e9176b - test[aada8e7e76ba119b]::__rust_begin_short_backtrace::<core[a373ad73a504971]::result::Result<(), alloc[2e1b2a31b91974c5]::string::String>, fn() -> core[a373ad73a504971]::result::Result<(), alloc[2e1b2a31b91974c5]::string::String>>
[INFO] [stdout]   15:     0x623731e9e945 - test[aada8e7e76ba119b]::run_test::{closure#0}
[INFO] [stdout]   16:     0x623731e98234 - std[617be2ca0a6fd877]::sys::backtrace::__rust_begin_short_backtrace::<test[aada8e7e76ba119b]::run_test::{closure#1}, ()>
[INFO] [stdout]   17:     0x623731ea19d2 - <std[617be2ca0a6fd877]::thread::lifecycle::spawn_unchecked<test[aada8e7e76ba119b]::run_test::{closure#1}, ()>::{closure#1} as core[a373ad73a504971]::ops::function::FnOnce<()>>::call_once::{shim:vtable#0}
[INFO] [stdout]   18:     0x623731f1ec3f - <std[617be2ca0a6fd877]::sys::thread::unix::Thread>::new::thread_start
[INFO] [stdout]   19:     0x7e96d5d8adfa - <unknown>
[INFO] [stdout]   20:     0x7e96d5e1e3d4 - clone
[INFO] [stdout]   21:                0x0 - <unknown>
[INFO] [stdout] 
[INFO] [stdout] ---- tests::object::cmp_init stdout ----
[INFO] [stdout] 
[INFO] [stdout] thread 'tests::object::cmp_init' (2992) panicked at src/tests.rs:58:31:
[INFO] [stdout] called `Result::unwrap()` on an `Err` value: Os { code: 30, kind: ReadOnlyFilesystem, message: "Read-only file system" }
[INFO] [stdout] stack backtrace:
[INFO] [stdout]    0:     0x623731f1fcb1 - <<std[617be2ca0a6fd877]::sys::backtrace::BacktraceLock>::print::DisplayBacktrace as core[a373ad73a504971]::fmt::Display>::fmt
[INFO] [stdout]    1:     0x623731f369ca - core[a373ad73a504971]::fmt::write
[INFO] [stdout]    2:     0x623731f259dc - <alloc[2e1b2a31b91974c5]::vec::Vec<u8> as core[a373ad73a504971]::io::write::Write>::write_fmt
[INFO] [stdout]    3:     0x623731ef8106 - std[617be2ca0a6fd877]::panicking::default_hook::{closure#0}
[INFO] [stdout]    4:     0x623731f168e9 - std[617be2ca0a6fd877]::panicking::default_hook
[INFO] [stdout]    5:     0x623731e9e320 - test[aada8e7e76ba119b]::test_main_inner::{closure#0}
[INFO] [stdout]    6:     0x623731f16aa2 - std[617be2ca0a6fd877]::panicking::panic_with_hook
[INFO] [stdout]    7:     0x623731ef81b2 - std[617be2ca0a6fd877]::panicking::panic_handler::{closure#0}
[INFO] [stdout]    8:     0x623731ef0529 - std[617be2ca0a6fd877]::sys::backtrace::__rust_end_short_backtrace::<std[617be2ca0a6fd877]::panicking::panic_handler::{closure#0}, !>
[INFO] [stdout]    9:     0x623731ef916d - __rustc[ea4f61d10b84890b]::rust_begin_unwind
[INFO] [stdout]   10:     0x623731f370fc - core[a373ad73a504971]::panicking::panic_fmt
[INFO] [stdout]   11:     0x623731f36ed2 - core[a373ad73a504971]::result::unwrap_failed
[INFO] [stdout]   12:     0x623731e7a1f0 - gift[d776155299e4e3bd]::tests::make_worktree_dir
[INFO] [stdout]   13:     0x623731e435e7 - <gift[d776155299e4e3bd]::tests::object::cmp_init::{closure#0} as core[a373ad73a504971]::ops::function::FnOnce<()>>::call_once
[INFO] [stdout]   14:     0x623731e9176b - test[aada8e7e76ba119b]::__rust_begin_short_backtrace::<core[a373ad73a504971]::result::Result<(), alloc[2e1b2a31b91974c5]::string::String>, fn() -> core[a373ad73a504971]::result::Result<(), alloc[2e1b2a31b91974c5]::string::String>>
[INFO] [stdout]   15:     0x623731e9e945 - test[aada8e7e76ba119b]::run_test::{closure#0}
[INFO] [stdout]   16:     0x623731e98234 - std[617be2ca0a6fd877]::sys::backtrace::__rust_begin_short_backtrace::<test[aada8e7e76ba119b]::run_test::{closure#1}, ()>
[INFO] [stdout]   17:     0x623731ea19d2 - <std[617be2ca0a6fd877]::thread::lifecycle::spawn_unchecked<test[aada8e7e76ba119b]::run_test::{closure#1}, ()>::{closure#1} as core[a373ad73a504971]::ops::function::FnOnce<()>>::call_once::{shim:vtable#0}
[INFO] [stdout]   18:     0x623731f1ec3f - <std[617be2ca0a6fd877]::sys::thread::unix::Thread>::new::thread_start
[INFO] [stdout]   19:     0x7e96d5d8adfa - <unknown>
[INFO] [stdout]   20:     0x7e96d5e1e3d4 - clone
[INFO] [stdout]   21:                0x0 - <unknown>
[INFO] [stdout] 
[INFO] [stdout] ---- tests::object::cmp_write_obj stdout ----
[INFO] [stderr] error: test failed, to rerun pass `--lib`
[INFO] [stdout] 
[INFO] [stdout] thread 'tests::object::cmp_write_obj' (2995) panicked at src/tests.rs:58:31:
[INFO] [stdout] called `Result::unwrap()` on an `Err` value: Os { code: 30, kind: ReadOnlyFilesystem, message: "Read-only file system" }
[INFO] [stdout] stack backtrace:
[INFO] [stdout]    0:     0x623731f1fcb1 - <<std[617be2ca0a6fd877]::sys::backtrace::BacktraceLock>::print::DisplayBacktrace as core[a373ad73a504971]::fmt::Display>::fmt
[INFO] [stdout]    1:     0x623731f369ca - core[a373ad73a504971]::fmt::write
[INFO] [stdout]    2:     0x623731f259dc - <alloc[2e1b2a31b91974c5]::vec::Vec<u8> as core[a373ad73a504971]::io::write::Write>::write_fmt
[INFO] [stdout]    3:     0x623731ef8106 - std[617be2ca0a6fd877]::panicking::default_hook::{closure#0}
[INFO] [stdout]    4:     0x623731f168e9 - std[617be2ca0a6fd877]::panicking::default_hook
[INFO] [stdout]    5:     0x623731e9e320 - test[aada8e7e76ba119b]::test_main_inner::{closure#0}
[INFO] [stdout]    6:     0x623731f16aa2 - std[617be2ca0a6fd877]::panicking::panic_with_hook
[INFO] [stdout]    7:     0x623731ef81b2 - std[617be2ca0a6fd877]::panicking::panic_handler::{closure#0}
[INFO] [stdout]    8:     0x623731ef0529 - std[617be2ca0a6fd877]::sys::backtrace::__rust_end_short_backtrace::<std[617be2ca0a6fd877]::panicking::panic_handler::{closure#0}, !>
[INFO] [stdout]    9:     0x623731ef916d - __rustc[ea4f61d10b84890b]::rust_begin_unwind
[INFO] [stdout]   10:     0x623731f370fc - core[a373ad73a504971]::panicking::panic_fmt
[INFO] [stdout]   11:     0x623731f36ed2 - core[a373ad73a504971]::result::unwrap_failed
[INFO] [stdout]   12:     0x623731e7a1f0 - gift[d776155299e4e3bd]::tests::make_worktree_dir
[INFO] [stdout]   13:     0x623731e408b8 - <gift[d776155299e4e3bd]::tests::object::cmp_write_obj::{closure#0} as core[a373ad73a504971]::ops::function::FnOnce<()>>::call_once
[INFO] [stdout]   14:     0x623731e9176b - test[aada8e7e76ba119b]::__rust_begin_short_backtrace::<core[a373ad73a504971]::result::Result<(), alloc[2e1b2a31b91974c5]::string::String>, fn() -> core[a373ad73a504971]::result::Result<(), alloc[2e1b2a31b91974c5]::string::String>>
[INFO] [stdout]   15:     0x623731e9e945 - test[aada8e7e76ba119b]::run_test::{closure#0}
[INFO] [stdout]   16:     0x623731e98234 - std[617be2ca0a6fd877]::sys::backtrace::__rust_begin_short_backtrace::<test[aada8e7e76ba119b]::run_test::{closure#1}, ()>
[INFO] [stdout]   17:     0x623731ea19d2 - <std[617be2ca0a6fd877]::thread::lifecycle::spawn_unchecked<test[aada8e7e76ba119b]::run_test::{closure#1}, ()>::{closure#1} as core[a373ad73a504971]::ops::function::FnOnce<()>>::call_once::{shim:vtable#0}
[INFO] [stdout]   18:     0x623731f1ec3f - <std[617be2ca0a6fd877]::sys::thread::unix::Thread>::new::thread_start
[INFO] [stdout]   19:     0x7e96d5d8adfa - <unknown>
[INFO] [stdout]   20:     0x7e96d5e1e3d4 - clone
[INFO] [stdout]   21:                0x0 - <unknown>
[INFO] [stdout] 
[INFO] [stdout] ---- tests::object::read_commit_matches_git_commit_tree stdout ----
[INFO] [stdout] 
[INFO] [stdout] thread 'tests::object::read_commit_matches_git_commit_tree' (2997) panicked at src/tests.rs:58:31:
[INFO] [stdout] called `Result::unwrap()` on an `Err` value: Os { code: 30, kind: ReadOnlyFilesystem, message: "Read-only file system" }
[INFO] [stdout] stack backtrace:
[INFO] [stdout]    0:     0x623731f1fcb1 - <<std[617be2ca0a6fd877]::sys::backtrace::BacktraceLock>::print::DisplayBacktrace as core[a373ad73a504971]::fmt::Display>::fmt
[INFO] [stdout]    1:     0x623731f369ca - core[a373ad73a504971]::fmt::write
[INFO] [stdout]    2:     0x623731f259dc - <alloc[2e1b2a31b91974c5]::vec::Vec<u8> as core[a373ad73a504971]::io::write::Write>::write_fmt
[INFO] [stdout]    3:     0x623731ef8106 - std[617be2ca0a6fd877]::panicking::default_hook::{closure#0}
[INFO] [stdout]    4:     0x623731f168e9 - std[617be2ca0a6fd877]::panicking::default_hook
[INFO] [stdout]    5:     0x623731e9e320 - test[aada8e7e76ba119b]::test_main_inner::{closure#0}
[INFO] [stdout]    6:     0x623731f16aa2 - std[617be2ca0a6fd877]::panicking::panic_with_hook
[INFO] [stdout]    7:     0x623731ef81b2 - std[617be2ca0a6fd877]::panicking::panic_handler::{closure#0}
[INFO] [stdout]    8:     0x623731ef0529 - std[617be2ca0a6fd877]::sys::backtrace::__rust_end_short_backtrace::<std[617be2ca0a6fd877]::panicking::panic_handler::{closure#0}, !>
[INFO] [stdout]    9:     0x623731ef916d - __rustc[ea4f61d10b84890b]::rust_begin_unwind
[INFO] [stdout]   10:     0x623731f370fc - core[a373ad73a504971]::panicking::panic_fmt
[INFO] [stdout]   11:     0x623731f36ed2 - core[a373ad73a504971]::result::unwrap_failed
[INFO] [stdout]   12:     0x623731e7a1f0 - gift[d776155299e4e3bd]::tests::make_worktree_dir
[INFO] [stdout]   13:     0x623731e429dd - <gift[d776155299e4e3bd]::tests::object::read_commit_matches_git_commit_tree::{closure#0} as core[a373ad73a504971]::ops::function::FnOnce<()>>::call_once
[INFO] [stdout]   14:     0x623731e9176b - test[aada8e7e76ba119b]::__rust_begin_short_backtrace::<core[a373ad73a504971]::result::Result<(), alloc[2e1b2a31b91974c5]::string::String>, fn() -> core[a373ad73a504971]::result::Result<(), alloc[2e1b2a31b91974c5]::string::String>>
[INFO] [stdout]   15:     0x623731e9e945 - test[aada8e7e76ba119b]::run_test::{closure#0}
[INFO] [stdout]   16:     0x623731e98234 - std[617be2ca0a6fd877]::sys::backtrace::__rust_begin_short_backtrace::<test[aada8e7e76ba119b]::run_test::{closure#1}, ()>
[INFO] [stdout]   17:     0x623731ea19d2 - <std[617be2ca0a6fd877]::thread::lifecycle::spawn_unchecked<test[aada8e7e76ba119b]::run_test::{closure#1}, ()>::{closure#1} as core[a373ad73a504971]::ops::function::FnOnce<()>>::call_once::{shim:vtable#0}
[INFO] [stdout]   18:     0x623731f1ec3f - <std[617be2ca0a6fd877]::sys::thread::unix::Thread>::new::thread_start
[INFO] [stdout]   19:     0x7e96d5d8adfa - <unknown>
[INFO] [stdout]   20:     0x7e96d5e1e3d4 - clone
[INFO] [stdout]   21:                0x0 - <unknown>
[INFO] [stdout] 
[INFO] [stdout] ---- tests::object::commit_tree_writes_loose_object stdout ----
[INFO] [stdout] 
[INFO] [stdout] thread 'tests::object::commit_tree_writes_loose_object' (2996) panicked at src/tests.rs:58:31:
[INFO] [stdout] called `Result::unwrap()` on an `Err` value: Os { code: 30, kind: ReadOnlyFilesystem, message: "Read-only file system" }
[INFO] [stdout] stack backtrace:
[INFO] [stdout]    0:     0x623731f1fcb1 - <<std[617be2ca0a6fd877]::sys::backtrace::BacktraceLock>::print::DisplayBacktrace as core[a373ad73a504971]::fmt::Display>::fmt
[INFO] [stdout]    1:     0x623731f369ca - core[a373ad73a504971]::fmt::write
[INFO] [stdout]    2:     0x623731f259dc - <alloc[2e1b2a31b91974c5]::vec::Vec<u8> as core[a373ad73a504971]::io::write::Write>::write_fmt
[INFO] [stdout]    3:     0x623731ef8106 - std[617be2ca0a6fd877]::panicking::default_hook::{closure#0}
[INFO] [stdout]    4:     0x623731f168e9 - std[617be2ca0a6fd877]::panicking::default_hook
[INFO] [stdout]    5:     0x623731e9e320 - test[aada8e7e76ba119b]::test_main_inner::{closure#0}
[INFO] [stdout]    6:     0x623731f16aa2 - std[617be2ca0a6fd877]::panicking::panic_with_hook
[INFO] [stdout]    7:     0x623731ef81b2 - std[617be2ca0a6fd877]::panicking::panic_handler::{closure#0}
[INFO] [stdout]    8:     0x623731ef0529 - std[617be2ca0a6fd877]::sys::backtrace::__rust_end_short_backtrace::<std[617be2ca0a6fd877]::panicking::panic_handler::{closure#0}, !>
[INFO] [stdout]    9:     0x623731ef916d - __rustc[ea4f61d10b84890b]::rust_begin_unwind
[INFO] [stdout]   10:     0x623731f370fc - core[a373ad73a504971]::panicking::panic_fmt
[INFO] [stdout]   11:     0x623731f36ed2 - core[a373ad73a504971]::result::unwrap_failed
[INFO] [stdout]   12:     0x623731e7a1f0 - gift[d776155299e4e3bd]::tests::make_worktree_dir
[INFO] [stdout]   13:     0x623731e41a9d - <gift[d776155299e4e3bd]::tests::object::commit_tree_writes_loose_object::{closure#0} as core[a373ad73a504971]::ops::function::FnOnce<()>>::call_once
[INFO] [stdout]   14:     0x623731e9176b - test[aada8e7e76ba119b]::__rust_begin_short_backtrace::<core[a373ad73a504971]::result::Result<(), alloc[2e1b2a31b91974c5]::string::String>, fn() -> core[a373ad73a504971]::result::Result<(), alloc[2e1b2a31b91974c5]::string::String>>
[INFO] [stdout]   15:     0x623731e9e945 - test[aada8e7e76ba119b]::run_test::{closure#0}
[INFO] [stdout]   16:     0x623731e98234 - std[617be2ca0a6fd877]::sys::backtrace::__rust_begin_short_backtrace::<test[aada8e7e76ba119b]::run_test::{closure#1}, ()>
[INFO] [stdout]   17:     0x623731ea19d2 - <std[617be2ca0a6fd877]::thread::lifecycle::spawn_unchecked<test[aada8e7e76ba119b]::run_test::{closure#1}, ()>::{closure#1} as core[a373ad73a504971]::ops::function::FnOnce<()>>::call_once::{shim:vtable#0}
[INFO] [stdout]   18:     0x623731f1ec3f - <std[617be2ca0a6fd877]::sys::thread::unix::Thread>::new::thread_start
[INFO] [stdout]   19:     0x7e96d5d8adfa - <unknown>
[INFO] [stdout]   20:     0x7e96d5e1e3d4 - clone
[INFO] [stdout]   21:                0x0 - <unknown>
[INFO] [stdout] 
[INFO] [stdout] ---- tests::merge::two_level_subtree_both_change_different_files stdout ----
[INFO] [stdout] 
[INFO] [stdout] thread 'tests::merge::two_level_subtree_both_change_different_files' (2987) panicked at src/tests.rs:58:31:
[INFO] [stdout] called `Result::unwrap()` on an `Err` value: Os { code: 30, kind: ReadOnlyFilesystem, message: "Read-only file system" }
[INFO] [stdout] stack backtrace:
[INFO] [stdout]    0:     0x623731f1fcb1 - <<std[617be2ca0a6fd877]::sys::backtrace::BacktraceLock>::print::DisplayBacktrace as core[a373ad73a504971]::fmt::Display>::fmt
[INFO] [stdout]    1:     0x623731f369ca - core[a373ad73a504971]::fmt::write
[INFO] [stdout]    2:     0x623731f259dc - <alloc[2e1b2a31b91974c5]::vec::Vec<u8> as core[a373ad73a504971]::io::write::Write>::write_fmt
[INFO] [stdout]    3:     0x623731ef8106 - std[617be2ca0a6fd877]::panicking::default_hook::{closure#0}
[INFO] [stdout]    4:     0x623731f168e9 - std[617be2ca0a6fd877]::panicking::default_hook
[INFO] [stdout]    5:     0x623731e9e320 - test[aada8e7e76ba119b]::test_main_inner::{closure#0}
[INFO] [stdout]    6:     0x623731f16aa2 - std[617be2ca0a6fd877]::panicking::panic_with_hook
[INFO] [stdout]    7:     0x623731ef81b2 - std[617be2ca0a6fd877]::panicking::panic_handler::{closure#0}
[INFO] [stdout]    8:     0x623731ef0529 - std[617be2ca0a6fd877]::sys::backtrace::__rust_end_short_backtrace::<std[617be2ca0a6fd877]::panicking::panic_handler::{closure#0}, !>
[INFO] [stdout]    9:     0x623731ef916d - __rustc[ea4f61d10b84890b]::rust_begin_unwind
[INFO] [stdout]   10:     0x623731f370fc - core[a373ad73a504971]::panicking::panic_fmt
[INFO] [stdout]   11:     0x623731f36ed2 - core[a373ad73a504971]::result::unwrap_failed
[INFO] [stdout]   12:     0x623731e7a1f0 - gift[d776155299e4e3bd]::tests::make_worktree_dir
[INFO] [stdout]   13:     0x623731e39682 - <gift[d776155299e4e3bd]::tests::merge::two_level_subtree_both_change_different_files::{closure#0} as core[a373ad73a504971]::ops::function::FnOnce<()>>::call_once
[INFO] [stdout]   14:     0x623731e9176b - test[aada8e7e76ba119b]::__rust_begin_short_backtrace::<core[a373ad73a504971]::result::Result<(), alloc[2e1b2a31b91974c5]::string::String>, fn() -> core[a373ad73a504971]::result::Result<(), alloc[2e1b2a31b91974c5]::string::String>>
[INFO] [stdout]   15:     0x623731e9e945 - test[aada8e7e76ba119b]::run_test::{closure#0}
[INFO] [stdout]   16:     0x623731e98234 - std[617be2ca0a6fd877]::sys::backtrace::__rust_begin_short_backtrace::<test[aada8e7e76ba119b]::run_test::{closure#1}, ()>
[INFO] [stdout]   17:     0x623731ea19d2 - <std[617be2ca0a6fd877]::thread::lifecycle::spawn_unchecked<test[aada8e7e76ba119b]::run_test::{closure#1}, ()>::{closure#1} as core[a373ad73a504971]::ops::function::FnOnce<()>>::call_once::{shim:vtable#0}
[INFO] [stdout]   18:     0x623731f1ec3f - <std[617be2ca0a6fd877]::sys::thread::unix::Thread>::new::thread_start
[INFO] [stdout]   19:     0x7e96d5d8adfa - <unknown>
[INFO] [stdout]   20:     0x7e96d5e1e3d4 - clone
[INFO] [stdout]   21:                0x0 - <unknown>
[INFO] [stdout] 
[INFO] [stdout] ---- tests::merge_base::unrelated_histories_returns_none stdout ----
[INFO] [stdout] 
[INFO] [stdout] thread 'tests::merge_base::unrelated_histories_returns_none' (2991) panicked at src/tests.rs:58:31:
[INFO] [stdout] called `Result::unwrap()` on an `Err` value: Os { code: 30, kind: ReadOnlyFilesystem, message: "Read-only file system" }
[INFO] [stdout] stack backtrace:
[INFO] [stdout]    0:     0x623731f1fcb1 - <<std[617be2ca0a6fd877]::sys::backtrace::BacktraceLock>::print::DisplayBacktrace as core[a373ad73a504971]::fmt::Display>::fmt
[INFO] [stdout]    1:     0x623731f369ca - core[a373ad73a504971]::fmt::write
[INFO] [stdout]    2:     0x623731f259dc - <alloc[2e1b2a31b91974c5]::vec::Vec<u8> as core[a373ad73a504971]::io::write::Write>::write_fmt
[INFO] [stdout]    3:     0x623731ef8106 - std[617be2ca0a6fd877]::panicking::default_hook::{closure#0}
[INFO] [stdout]    4:     0x623731f168e9 - std[617be2ca0a6fd877]::panicking::default_hook
[INFO] [stdout]    5:     0x623731e9e320 - test[aada8e7e76ba119b]::test_main_inner::{closure#0}
[INFO] [stdout]    6:     0x623731f16aa2 - std[617be2ca0a6fd877]::panicking::panic_with_hook
[INFO] [stdout]    7:     0x623731ef81b2 - std[617be2ca0a6fd877]::panicking::panic_handler::{closure#0}
[INFO] [stdout]    8:     0x623731ef0529 - std[617be2ca0a6fd877]::sys::backtrace::__rust_end_short_backtrace::<std[617be2ca0a6fd877]::panicking::panic_handler::{closure#0}, !>
[INFO] [stdout]    9:     0x623731ef916d - __rustc[ea4f61d10b84890b]::rust_begin_unwind
[INFO] [stdout]   10:     0x623731f370fc - core[a373ad73a504971]::panicking::panic_fmt
[INFO] [stdout]   11:     0x623731f36ed2 - core[a373ad73a504971]::result::unwrap_failed
[INFO] [stdout]   12:     0x623731e7a1f0 - gift[d776155299e4e3bd]::tests::make_worktree_dir
[INFO] [stdout]   13:     0x623731e2e95a - <gift[d776155299e4e3bd]::tests::merge_base::unrelated_histories_returns_none::{closure#0} as core[a373ad73a504971]::ops::function::FnOnce<()>>::call_once
[INFO] [stdout]   14:     0x623731e9176b - test[aada8e7e76ba119b]::__rust_begin_short_backtrace::<core[a373ad73a504971]::result::Result<(), alloc[2e1b2a31b91974c5]::string::String>, fn() -> core[a373ad73a504971]::result::Result<(), alloc[2e1b2a31b91974c5]::string::String>>
[INFO] [stdout]   15:     0x623731e9e945 - test[aada8e7e76ba119b]::run_test::{closure#0}
[INFO] [stdout]   16:     0x623731e98234 - std[617be2ca0a6fd877]::sys::backtrace::__rust_begin_short_backtrace::<test[aada8e7e76ba119b]::run_test::{closure#1}, ()>
[INFO] [stdout]   17:     0x623731ea19d2 - <std[617be2ca0a6fd877]::thread::lifecycle::spawn_unchecked<test[aada8e7e76ba119b]::run_test::{closure#1}, ()>::{closure#1} as core[a373ad73a504971]::ops::function::FnOnce<()>>::call_once::{shim:vtable#0}
[INFO] [stdout]   18:     0x623731f1ec3f - <std[617be2ca0a6fd877]::sys::thread::unix::Thread>::new::thread_start
[INFO] [stdout]   19:     0x7e96d5d8adfa - <unknown>
[INFO] [stdout]   20:     0x7e96d5e1e3d4 - clone
[INFO] [stdout]   21:                0x0 - <unknown>
[INFO] [stdout] 
[INFO] [stdout] ---- tests::reference::read_ref_and_update_ref_match_git stdout ----
[INFO] [stdout] 
[INFO] [stdout] thread 'tests::reference::read_ref_and_update_ref_match_git' (3002) panicked at src/tests.rs:58:31:
[INFO] [stdout] called `Result::unwrap()` on an `Err` value: Os { code: 30, kind: ReadOnlyFilesystem, message: "Read-only file system" }
[INFO] [stdout] stack backtrace:
[INFO] [stdout]    0:     0x623731f1fcb1 - <<std[617be2ca0a6fd877]::sys::backtrace::BacktraceLock>::print::DisplayBacktrace as core[a373ad73a504971]::fmt::Display>::fmt
[INFO] [stdout]    1:     0x623731f369ca - core[a373ad73a504971]::fmt::write
[INFO] [stdout]    2:     0x623731f259dc - <alloc[2e1b2a31b91974c5]::vec::Vec<u8> as core[a373ad73a504971]::io::write::Write>::write_fmt
[INFO] [stdout]    3:     0x623731ef8106 - std[617be2ca0a6fd877]::panicking::default_hook::{closure#0}
[INFO] [stdout]    4:     0x623731f168e9 - std[617be2ca0a6fd877]::panicking::default_hook
[INFO] [stdout]    5:     0x623731e9e320 - test[aada8e7e76ba119b]::test_main_inner::{closure#0}
[INFO] [stdout]    6:     0x623731f16aa2 - std[617be2ca0a6fd877]::panicking::panic_with_hook
[INFO] [stdout]    7:     0x623731ef81b2 - std[617be2ca0a6fd877]::panicking::panic_handler::{closure#0}
[INFO] [stdout]    8:     0x623731ef0529 - std[617be2ca0a6fd877]::sys::backtrace::__rust_end_short_backtrace::<std[617be2ca0a6fd877]::panicking::panic_handler::{closure#0}, !>
[INFO] [stdout]    9:     0x623731ef916d - __rustc[ea4f61d10b84890b]::rust_begin_unwind
[INFO] [stdout]   10:     0x623731f370fc - core[a373ad73a504971]::panicking::panic_fmt
[INFO] [stdout]   11:     0x623731f36ed2 - core[a373ad73a504971]::result::unwrap_failed
[INFO] [stdout]   12:     0x623731e7a1f0 - gift[d776155299e4e3bd]::tests::make_worktree_dir
[INFO] [stdout]   13:     0x623731e1a9ca - <gift[d776155299e4e3bd]::tests::reference::read_ref_and_update_ref_match_git::{closure#0} as core[a373ad73a504971]::ops::function::FnOnce<()>>::call_once
[INFO] [stdout]   14:     0x623731e9176b - test[aada8e7e76ba119b]::__rust_begin_short_backtrace::<core[a373ad73a504971]::result::Result<(), alloc[2e1b2a31b91974c5]::string::String>, fn() -> core[a373ad73a504971]::result::Result<(), alloc[2e1b2a31b91974c5]::string::String>>
[INFO] [stdout]   15:     0x623731e9e945 - test[aada8e7e76ba119b]::run_test::{closure#0}
[INFO] [stdout]   16:     0x623731e98234 - std[617be2ca0a6fd877]::sys::backtrace::__rust_begin_short_backtrace::<test[aada8e7e76ba119b]::run_test::{closure#1}, ()>
[INFO] [stdout]   17:     0x623731ea19d2 - <std[617be2ca0a6fd877]::thread::lifecycle::spawn_unchecked<test[aada8e7e76ba119b]::run_test::{closure#1}, ()>::{closure#1} as core[a373ad73a504971]::ops::function::FnOnce<()>>::call_once::{shim:vtable#0}
[INFO] [stdout]   18:     0x623731f1ec3f - <std[617be2ca0a6fd877]::sys::thread::unix::Thread>::new::thread_start
[INFO] [stdout]   19:     0x7e96d5d8adfa - <unknown>
[INFO] [stdout]   20:     0x7e96d5e1e3d4 - clone
[INFO] [stdout]   21:                0x0 - <unknown>
[INFO] [stdout] 
[INFO] [stdout] ---- tests::reference::update_ref_rejects_non_commit_object stdout ----
[INFO] [stdout] 
[INFO] [stdout] thread 'tests::reference::update_ref_rejects_non_commit_object' (3006) panicked at src/tests.rs:58:31:
[INFO] [stdout] called `Result::unwrap()` on an `Err` value: Os { code: 30, kind: ReadOnlyFilesystem, message: "Read-only file system" }
[INFO] [stdout] stack backtrace:
[INFO] [stdout]    0:     0x623731f1fcb1 - <<std[617be2ca0a6fd877]::sys::backtrace::BacktraceLock>::print::DisplayBacktrace as core[a373ad73a504971]::fmt::Display>::fmt
[INFO] [stdout]    1:     0x623731f369ca - core[a373ad73a504971]::fmt::write
[INFO] [stdout]    2:     0x623731f259dc - <alloc[2e1b2a31b91974c5]::vec::Vec<u8> as core[a373ad73a504971]::io::write::Write>::write_fmt
[INFO] [stdout]    3:     0x623731ef8106 - std[617be2ca0a6fd877]::panicking::default_hook::{closure#0}
[INFO] [stdout]    4:     0x623731f168e9 - std[617be2ca0a6fd877]::panicking::default_hook
[INFO] [stdout]    5:     0x623731e9e320 - test[aada8e7e76ba119b]::test_main_inner::{closure#0}
[INFO] [stdout]    6:     0x623731f16aa2 - std[617be2ca0a6fd877]::panicking::panic_with_hook
[INFO] [stdout]    7:     0x623731ef81b2 - std[617be2ca0a6fd877]::panicking::panic_handler::{closure#0}
[INFO] [stdout]    8:     0x623731ef0529 - std[617be2ca0a6fd877]::sys::backtrace::__rust_end_short_backtrace::<std[617be2ca0a6fd877]::panicking::panic_handler::{closure#0}, !>
[INFO] [stdout]    9:     0x623731ef916d - __rustc[ea4f61d10b84890b]::rust_begin_unwind
[INFO] [stdout]   10:     0x623731f370fc - core[a373ad73a504971]::panicking::panic_fmt
[INFO] [stdout]   11:     0x623731f36ed2 - core[a373ad73a504971]::result::unwrap_failed
[INFO] [stdout]   12:     0x623731e7a1f0 - gift[d776155299e4e3bd]::tests::make_worktree_dir
[INFO] [stdout]   13:     0x623731e1b6ba - <gift[d776155299e4e3bd]::tests::reference::update_ref_rejects_non_commit_object::{closure#0} as core[a373ad73a504971]::ops::function::FnOnce<()>>::call_once
[INFO] [stdout]   14:     0x623731e9176b - test[aada8e7e76ba119b]::__rust_begin_short_backtrace::<core[a373ad73a504971]::result::Result<(), alloc[2e1b2a31b91974c5]::string::String>, fn() -> core[a373ad73a504971]::result::Result<(), alloc[2e1b2a31b91974c5]::string::String>>
[INFO] [stdout]   15:     0x623731e9e945 - test[aada8e7e76ba119b]::run_test::{closure#0}
[INFO] [stdout]   16:     0x623731e98234 - std[617be2ca0a6fd877]::sys::backtrace::__rust_begin_short_backtrace::<test[aada8e7e76ba119b]::run_test::{closure#1}, ()>
[INFO] [stdout]   17:     0x623731ea19d2 - <std[617be2ca0a6fd877]::thread::lifecycle::spawn_unchecked<test[aada8e7e76ba119b]::run_test::{closure#1}, ()>::{closure#1} as core[a373ad73a504971]::ops::function::FnOnce<()>>::call_once::{shim:vtable#0}
[INFO] [stdout]   18:     0x623731f1ec3f - <std[617be2ca0a6fd877]::sys::thread::unix::Thread>::new::thread_start
[INFO] [stdout]   19:     0x7e96d5d8adfa - <unknown>
[INFO] [stdout]   20:     0x7e96d5e1e3d4 - clone
[INFO] [stdout]   21:                0x0 - <unknown>
[INFO] [stdout] 
[INFO] [stdout] ---- tests::reference::read_ref_rejects_symbolic_file stdout ----
[INFO] [stdout] 
[INFO] [stdout] thread 'tests::reference::read_ref_rejects_symbolic_file' (3003) panicked at src/tests.rs:58:31:
[INFO] [stdout] called `Result::unwrap()` on an `Err` value: Os { code: 30, kind: ReadOnlyFilesystem, message: "Read-only file system" }
[INFO] [stdout] stack backtrace:
[INFO] [stdout]    0:     0x623731f1fcb1 - <<std[617be2ca0a6fd877]::sys::backtrace::BacktraceLock>::print::DisplayBacktrace as core[a373ad73a504971]::fmt::Display>::fmt
[INFO] [stdout]    1:     0x623731f369ca - core[a373ad73a504971]::fmt::write
[INFO] [stdout]    2:     0x623731f259dc - <alloc[2e1b2a31b91974c5]::vec::Vec<u8> as core[a373ad73a504971]::io::write::Write>::write_fmt
[INFO] [stdout]    3:     0x623731ef8106 - std[617be2ca0a6fd877]::panicking::default_hook::{closure#0}
[INFO] [stdout]    4:     0x623731f168e9 - std[617be2ca0a6fd877]::panicking::default_hook
[INFO] [stdout]    5:     0x623731e9e320 - test[aada8e7e76ba119b]::test_main_inner::{closure#0}
[INFO] [stdout]    6:     0x623731f16aa2 - std[617be2ca0a6fd877]::panicking::panic_with_hook
[INFO] [stdout]    7:     0x623731ef81b2 - std[617be2ca0a6fd877]::panicking::panic_handler::{closure#0}
[INFO] [stdout]    8:     0x623731ef0529 - std[617be2ca0a6fd877]::sys::backtrace::__rust_end_short_backtrace::<std[617be2ca0a6fd877]::panicking::panic_handler::{closure#0}, !>
[INFO] [stdout]    9:     0x623731ef916d - __rustc[ea4f61d10b84890b]::rust_begin_unwind
[INFO] [stdout]   10:     0x623731f370fc - core[a373ad73a504971]::panicking::panic_fmt
[INFO] [stdout]   11:     0x623731f36ed2 - core[a373ad73a504971]::result::unwrap_failed
[INFO] [stdout]   12:     0x623731e7a1f0 - gift[d776155299e4e3bd]::tests::make_worktree_dir
[INFO] [stdout]   13:     0x623731e19c3d - <gift[d776155299e4e3bd]::tests::reference::read_ref_rejects_symbolic_file::{closure#0} as core[a373ad73a504971]::ops::function::FnOnce<()>>::call_once
[INFO] [stdout]   14:     0x623731e9176b - test[aada8e7e76ba119b]::__rust_begin_short_backtrace::<core[a373ad73a504971]::result::Result<(), alloc[2e1b2a31b91974c5]::string::String>, fn() -> core[a373ad73a504971]::result::Result<(), alloc[2e1b2a31b91974c5]::string::String>>
[INFO] [stdout]   15:     0x623731e9e945 - test[aada8e7e76ba119b]::run_test::{closure#0}
[INFO] [stdout]   16:     0x623731e98234 - std[617be2ca0a6fd877]::sys::backtrace::__rust_begin_short_backtrace::<test[aada8e7e76ba119b]::run_test::{closure#1}, ()>
[INFO] [stdout]   17:     0x623731ea19d2 - <std[617be2ca0a6fd877]::thread::lifecycle::spawn_unchecked<test[aada8e7e76ba119b]::run_test::{closure#1}, ()>::{closure#1} as core[a373ad73a504971]::ops::function::FnOnce<()>>::call_once::{shim:vtable#0}
[INFO] [stdout]   18:     0x623731f1ec3f - <std[617be2ca0a6fd877]::sys::thread::unix::Thread>::new::thread_start
[INFO] [stdout]   19:     0x7e96d5d8adfa - <unknown>
[INFO] [stdout]   20:     0x7e96d5e1e3d4 - clone
[INFO] [stdout]   21:                0x0 - <unknown>
[INFO] [stdout] 
[INFO] [stdout] ---- tests::reference::read_symbolic_ref_matches_git stdout ----
[INFO] [stdout] 
[INFO] [stdout] thread 'tests::reference::read_symbolic_ref_matches_git' (3004) panicked at src/tests.rs:58:31:
[INFO] [stdout] called `Result::unwrap()` on an `Err` value: Os { code: 30, kind: ReadOnlyFilesystem, message: "Read-only file system" }
[INFO] [stdout] stack backtrace:
[INFO] [stdout]    0:     0x623731f1fcb1 - <<std[617be2ca0a6fd877]::sys::backtrace::BacktraceLock>::print::DisplayBacktrace as core[a373ad73a504971]::fmt::Display>::fmt
[INFO] [stdout]    1:     0x623731f369ca - core[a373ad73a504971]::fmt::write
[INFO] [stdout]    2:     0x623731f259dc - <alloc[2e1b2a31b91974c5]::vec::Vec<u8> as core[a373ad73a504971]::io::write::Write>::write_fmt
[INFO] [stdout]    3:     0x623731ef8106 - std[617be2ca0a6fd877]::panicking::default_hook::{closure#0}
[INFO] [stdout]    4:     0x623731f168e9 - std[617be2ca0a6fd877]::panicking::default_hook
[INFO] [stdout]    5:     0x623731e9e320 - test[aada8e7e76ba119b]::test_main_inner::{closure#0}
[INFO] [stdout]    6:     0x623731f16aa2 - std[617be2ca0a6fd877]::panicking::panic_with_hook
[INFO] [stdout]    7:     0x623731ef81b2 - std[617be2ca0a6fd877]::panicking::panic_handler::{closure#0}
[INFO] [stdout]    8:     0x623731ef0529 - std[617be2ca0a6fd877]::sys::backtrace::__rust_end_short_backtrace::<std[617be2ca0a6fd877]::panicking::panic_handler::{closure#0}, !>
[INFO] [stdout]    9:     0x623731ef916d - __rustc[ea4f61d10b84890b]::rust_begin_unwind
[INFO] [stdout]   10:     0x623731f370fc - core[a373ad73a504971]::panicking::panic_fmt
[INFO] [stdout]   11:     0x623731f36ed2 - core[a373ad73a504971]::result::unwrap_failed
[INFO] [stdout]   12:     0x623731e7a1f0 - gift[d776155299e4e3bd]::tests::make_worktree_dir
[INFO] [stdout]   13:     0x623731e1932d - <gift[d776155299e4e3bd]::tests::reference::read_symbolic_ref_matches_git::{closure#0} as core[a373ad73a504971]::ops::function::FnOnce<()>>::call_once
[INFO] [stdout]   14:     0x623731e9176b - test[aada8e7e76ba119b]::__rust_begin_short_backtrace::<core[a373ad73a504971]::result::Result<(), alloc[2e1b2a31b91974c5]::string::String>, fn() -> core[a373ad73a504971]::result::Result<(), alloc[2e1b2a31b91974c5]::string::String>>
[INFO] [stdout]   15:     0x623731e9e945 - test[aada8e7e76ba119b]::run_test::{closure#0}
[INFO] [stdout]   16:     0x623731e98234 - std[617be2ca0a6fd877]::sys::backtrace::__rust_begin_short_backtrace::<test[aada8e7e76ba119b]::run_test::{closure#1}, ()>
[INFO] [stdout]   17:     0x623731ea19d2 - <std[617be2ca0a6fd877]::thread::lifecycle::spawn_unchecked<test[aada8e7e76ba119b]::run_test::{closure#1}, ()>::{closure#1} as core[a373ad73a504971]::ops::function::FnOnce<()>>::call_once::{shim:vtable#0}
[INFO] [stdout]   18:     0x623731f1ec3f - <std[617be2ca0a6fd877]::sys::thread::unix::Thread>::new::thread_start
[INFO] [stdout]   19:     0x7e96d5d8adfa - <unknown>
[INFO] [stdout]   20:     0x7e96d5e1e3d4 - clone
[INFO] [stdout]   21:                0x0 - <unknown>
[INFO] [stdout] 
[INFO] [stdout] ---- tests::reference::write_symbolic_ref_matches_git stdout ----
[INFO] [stdout] 
[INFO] [stdout] thread 'tests::reference::write_symbolic_ref_matches_git' (3009) panicked at src/tests.rs:58:31:
[INFO] [stdout] called `Result::unwrap()` on an `Err` value: Os { code: 30, kind: ReadOnlyFilesystem, message: "Read-only file system" }
[INFO] [stdout] stack backtrace:
[INFO] [stdout]    0:     0x623731f1fcb1 - <<std[617be2ca0a6fd877]::sys::backtrace::BacktraceLock>::print::DisplayBacktrace as core[a373ad73a504971]::fmt::Display>::fmt
[INFO] [stdout]    1:     0x623731f369ca - core[a373ad73a504971]::fmt::write
[INFO] [stdout]    2:     0x623731f259dc - <alloc[2e1b2a31b91974c5]::vec::Vec<u8> as core[a373ad73a504971]::io::write::Write>::write_fmt
[INFO] [stdout]    3:     0x623731ef8106 - std[617be2ca0a6fd877]::panicking::default_hook::{closure#0}
[INFO] [stdout]    4:     0x623731f168e9 - std[617be2ca0a6fd877]::panicking::default_hook
[INFO] [stdout]    5:     0x623731e9e320 - test[aada8e7e76ba119b]::test_main_inner::{closure#0}
[INFO] [stdout]    6:     0x623731f16aa2 - std[617be2ca0a6fd877]::panicking::panic_with_hook
[INFO] [stdout]    7:     0x623731ef81b2 - std[617be2ca0a6fd877]::panicking::panic_handler::{closure#0}
[INFO] [stdout]    8:     0x623731ef0529 - std[617be2ca0a6fd877]::sys::backtrace::__rust_end_short_backtrace::<std[617be2ca0a6fd877]::panicking::panic_handler::{closure#0}, !>
[INFO] [stdout]    9:     0x623731ef916d - __rustc[ea4f61d10b84890b]::rust_begin_unwind
[INFO] [stdout]   10:     0x623731f370fc - core[a373ad73a504971]::panicking::panic_fmt
[INFO] [stdout]   11:     0x623731f36ed2 - core[a373ad73a504971]::result::unwrap_failed
[INFO] [stdout]   12:     0x623731e7a1f0 - gift[d776155299e4e3bd]::tests::make_worktree_dir
[INFO] [stdout]   13:     0x623731e1a1fa - <gift[d776155299e4e3bd]::tests::reference::write_symbolic_ref_matches_git::{closure#0} as core[a373ad73a504971]::ops::function::FnOnce<()>>::call_once
[INFO] [stdout]   14:     0x623731e9176b - test[aada8e7e76ba119b]::__rust_begin_short_backtrace::<core[a373ad73a504971]::result::Result<(), alloc[2e1b2a31b91974c5]::string::String>, fn() -> core[a373ad73a504971]::result::Result<(), alloc[2e1b2a31b91974c5]::string::String>>
[INFO] [stdout]   15:     0x623731e9e945 - test[aada8e7e76ba119b]::run_test::{closure#0}
[INFO] [stdout]   16:     0x623731e98234 - std[617be2ca0a6fd877]::sys::backtrace::__rust_begin_short_backtrace::<test[aada8e7e76ba119b]::run_test::{closure#1}, ()>
[INFO] [stdout]   17:     0x623731ea19d2 - <std[617be2ca0a6fd877]::thread::lifecycle::spawn_unchecked<test[aada8e7e76ba119b]::run_test::{closure#1}, ()>::{closure#1} as core[a373ad73a504971]::ops::function::FnOnce<()>>::call_once::{shim:vtable#0}
[INFO] [stdout]   18:     0x623731f1ec3f - <std[617be2ca0a6fd877]::sys::thread::unix::Thread>::new::thread_start
[INFO] [stdout]   19:     0x7e96d5d8adfa - <unknown>
[INFO] [stdout]   20:     0x7e96d5e1e3d4 - clone
[INFO] [stdout]   21:                0x0 - <unknown>
[INFO] [stdout] 
[INFO] [stdout] ---- tests::status::test_load_head_tree_debug stdout ----
[INFO] [stdout] 
[INFO] [stdout] thread 'tests::status::test_load_head_tree_debug' (3010) panicked at src/tests.rs:58:31:
[INFO] [stdout] called `Result::unwrap()` on an `Err` value: Os { code: 30, kind: ReadOnlyFilesystem, message: "Read-only file system" }
[INFO] [stdout] stack backtrace:
[INFO] [stdout]    0:     0x623731f1fcb1 - <<std[617be2ca0a6fd877]::sys::backtrace::BacktraceLock>::print::DisplayBacktrace as core[a373ad73a504971]::fmt::Display>::fmt
[INFO] [stdout]    1:     0x623731f369ca - core[a373ad73a504971]::fmt::write
[INFO] [stdout]    2:     0x623731f259dc - <alloc[2e1b2a31b91974c5]::vec::Vec<u8> as core[a373ad73a504971]::io::write::Write>::write_fmt
[INFO] [stdout]    3:     0x623731ef8106 - std[617be2ca0a6fd877]::panicking::default_hook::{closure#0}
[INFO] [stdout]    4:     0x623731f168e9 - std[617be2ca0a6fd877]::panicking::default_hook
[INFO] [stdout]    5:     0x623731e9e320 - test[aada8e7e76ba119b]::test_main_inner::{closure#0}
[INFO] [stdout]    6:     0x623731f16aa2 - std[617be2ca0a6fd877]::panicking::panic_with_hook
[INFO] [stdout]    7:     0x623731ef81b2 - std[617be2ca0a6fd877]::panicking::panic_handler::{closure#0}
[INFO] [stdout]    8:     0x623731ef0529 - std[617be2ca0a6fd877]::sys::backtrace::__rust_end_short_backtrace::<std[617be2ca0a6fd877]::panicking::panic_handler::{closure#0}, !>
[INFO] [stdout]    9:     0x623731ef916d - __rustc[ea4f61d10b84890b]::rust_begin_unwind
[INFO] [stdout]   10:     0x623731f370fc - core[a373ad73a504971]::panicking::panic_fmt
[INFO] [stdout]   11:     0x623731f36ed2 - core[a373ad73a504971]::result::unwrap_failed
[INFO] [stdout]   12:     0x623731e7a1f0 - gift[d776155299e4e3bd]::tests::make_worktree_dir
[INFO] [stdout]   13:     0x623731e23172 - <gift[d776155299e4e3bd]::tests::status::test_load_head_tree_debug::{closure#0} as core[a373ad73a504971]::ops::function::FnOnce<()>>::call_once
[INFO] [stdout]   14:     0x623731e9176b - test[aada8e7e76ba119b]::__rust_begin_short_backtrace::<core[a373ad73a504971]::result::Result<(), alloc[2e1b2a31b91974c5]::string::String>, fn() -> core[a373ad73a504971]::result::Result<(), alloc[2e1b2a31b91974c5]::string::String>>
[INFO] [stdout]   15:     0x623731e9e945 - test[aada8e7e76ba119b]::run_test::{closure#0}
[INFO] [stdout]   16:     0x623731e98234 - std[617be2ca0a6fd877]::sys::backtrace::__rust_begin_short_backtrace::<test[aada8e7e76ba119b]::run_test::{closure#1}, ()>
[INFO] [stdout]   17:     0x623731ea19d2 - <std[617be2ca0a6fd877]::thread::lifecycle::spawn_unchecked<test[aada8e7e76ba119b]::run_test::{closure#1}, ()>::{closure#1} as core[a373ad73a504971]::ops::function::FnOnce<()>>::call_once::{shim:vtable#0}
[INFO] [stdout]   18:     0x623731f1ec3f - <std[617be2ca0a6fd877]::sys::thread::unix::Thread>::new::thread_start
[INFO] [stdout]   19:     0x7e96d5d8adfa - <unknown>
[INFO] [stdout]   20:     0x7e96d5e1e3d4 - clone
[INFO] [stdout]   21:                0x0 - <unknown>
[INFO] [stdout] 
[INFO] [stdout] ---- tests::status::test_status_basic stdout ----
[INFO] [stdout] 
[INFO] [stdout] thread 'tests::status::test_status_basic' (3013) panicked at src/tests.rs:58:31:
[INFO] [stdout] called `Result::unwrap()` on an `Err` value: Os { code: 30, kind: ReadOnlyFilesystem, message: "Read-only file system" }
[INFO] [stdout] stack backtrace:
[INFO] [stdout]    0:     0x623731f1fcb1 - <<std[617be2ca0a6fd877]::sys::backtrace::BacktraceLock>::print::DisplayBacktrace as core[a373ad73a504971]::fmt::Display>::fmt
[INFO] [stdout]    1:     0x623731f369ca - core[a373ad73a504971]::fmt::write
[INFO] [stdout]    2:     0x623731f259dc - <alloc[2e1b2a31b91974c5]::vec::Vec<u8> as core[a373ad73a504971]::io::write::Write>::write_fmt
[INFO] [stdout]    3:     0x623731ef8106 - std[617be2ca0a6fd877]::panicking::default_hook::{closure#0}
[INFO] [stdout]    4:     0x623731f168e9 - std[617be2ca0a6fd877]::panicking::default_hook
[INFO] [stdout]    5:     0x623731e9e320 - test[aada8e7e76ba119b]::test_main_inner::{closure#0}
[INFO] [stdout]    6:     0x623731f16aa2 - std[617be2ca0a6fd877]::panicking::panic_with_hook
[INFO] [stdout]    7:     0x623731ef81b2 - std[617be2ca0a6fd877]::panicking::panic_handler::{closure#0}
[INFO] [stdout]    8:     0x623731ef0529 - std[617be2ca0a6fd877]::sys::backtrace::__rust_end_short_backtrace::<std[617be2ca0a6fd877]::panicking::panic_handler::{closure#0}, !>
[INFO] [stdout]    9:     0x623731ef916d - __rustc[ea4f61d10b84890b]::rust_begin_unwind
[INFO] [stdout]   10:     0x623731f370fc - core[a373ad73a504971]::panicking::panic_fmt
[INFO] [stdout]   11:     0x623731f36ed2 - core[a373ad73a504971]::result::unwrap_failed
[INFO] [stdout]   12:     0x623731e7a1f0 - gift[d776155299e4e3bd]::tests::make_worktree_dir
[INFO] [stdout]   13:     0x623731e22ca9 - <gift[d776155299e4e3bd]::tests::status::test_status_basic::{closure#0} as core[a373ad73a504971]::ops::function::FnOnce<()>>::call_once
[INFO] [stdout]   14:     0x623731e9176b - test[aada8e7e76ba119b]::__rust_begin_short_backtrace::<core[a373ad73a504971]::result::Result<(), alloc[2e1b2a31b91974c5]::string::String>, fn() -> core[a373ad73a504971]::result::Result<(), alloc[2e1b2a31b91974c5]::string::String>>
[INFO] [stdout]   15:     0x623731e9e945 - test[aada8e7e76ba119b]::run_test::{closure#0}
[INFO] [stdout]   16:     0x623731e98234 - std[617be2ca0a6fd877]::sys::backtrace::__rust_begin_short_backtrace::<test[aada8e7e76ba119b]::run_test::{closure#1}, ()>
[INFO] [stdout]   17:     0x623731ea19d2 - <std[617be2ca0a6fd877]::thread::lifecycle::spawn_unchecked<test[aada8e7e76ba119b]::run_test::{closure#1}, ()>::{closure#1} as core[a373ad73a504971]::ops::function::FnOnce<()>>::call_once::{shim:vtable#0}
[INFO] [stdout]   18:     0x623731f1ec3f - <std[617be2ca0a6fd877]::sys::thread::unix::Thread>::new::thread_start
[INFO] [stdout]   19:     0x7e96d5d8adfa - <unknown>
[INFO] [stdout]   20:     0x7e96d5e1e3d4 - clone
[INFO] [stdout]   21:                0x0 - <unknown>
[INFO] [stdout] 
[INFO] [stdout] ---- tests::status::test_status_ignored_files_simple stdout ----
[INFO] [stdout] 
[INFO] [stdout] thread 'tests::status::test_status_ignored_files_simple' (3018) panicked at src/tests.rs:58:31:
[INFO] [stdout] called `Result::unwrap()` on an `Err` value: Os { code: 30, kind: ReadOnlyFilesystem, message: "Read-only file system" }
[INFO] [stdout] stack backtrace:
[INFO] [stdout]    0:     0x623731f1fcb1 - <<std[617be2ca0a6fd877]::sys::backtrace::BacktraceLock>::print::DisplayBacktrace as core[a373ad73a504971]::fmt::Display>::fmt
[INFO] [stdout]    1:     0x623731f369ca - core[a373ad73a504971]::fmt::write
[INFO] [stdout]    2:     0x623731f259dc - <alloc[2e1b2a31b91974c5]::vec::Vec<u8> as core[a373ad73a504971]::io::write::Write>::write_fmt
[INFO] [stdout]    3:     0x623731ef8106 - std[617be2ca0a6fd877]::panicking::default_hook::{closure#0}
[INFO] [stdout]    4:     0x623731f168e9 - std[617be2ca0a6fd877]::panicking::default_hook
[INFO] [stdout]    5:     0x623731e9e320 - test[aada8e7e76ba119b]::test_main_inner::{closure#0}
[INFO] [stdout]    6:     0x623731f16aa2 - std[617be2ca0a6fd877]::panicking::panic_with_hook
[INFO] [stdout]    7:     0x623731ef81b2 - std[617be2ca0a6fd877]::panicking::panic_handler::{closure#0}
[INFO] [stdout]    8:     0x623731ef0529 - std[617be2ca0a6fd877]::sys::backtrace::__rust_end_short_backtrace::<std[617be2ca0a6fd877]::panicking::panic_handler::{closure#0}, !>
[INFO] [stdout]    9:     0x623731ef916d - __rustc[ea4f61d10b84890b]::rust_begin_unwind
[INFO] [stdout]   10:     0x623731f370fc - core[a373ad73a504971]::panicking::panic_fmt
[INFO] [stdout]   11:     0x623731f36ed2 - core[a373ad73a504971]::result::unwrap_failed
[INFO] [stdout]   12:     0x623731e7a1f0 - gift[d776155299e4e3bd]::tests::make_worktree_dir
[INFO] [stdout]   13:     0x623731e27042 - <gift[d776155299e4e3bd]::tests::status::test_status_ignored_files_simple::{closure#0} as core[a373ad73a504971]::ops::function::FnOnce<()>>::call_once
[INFO] [stdout]   14:     0x623731e9176b - test[aada8e7e76ba119b]::__rust_begin_short_backtrace::<core[a373ad73a504971]::result::Result<(), alloc[2e1b2a31b91974c5]::string::String>, fn() -> core[a373ad73a504971]::result::Result<(), alloc[2e1b2a31b91974c5]::string::String>>
[INFO] [stdout]   15:     0x623731e9e945 - test[aada8e7e76ba119b]::run_test::{closure#0}
[INFO] [stdout]   16:     0x623731e98234 - std[617be2ca0a6fd877]::sys::backtrace::__rust_begin_short_backtrace::<test[aada8e7e76ba119b]::run_test::{closure#1}, ()>
[INFO] [stdout]   17:     0x623731ea19d2 - <std[617be2ca0a6fd877]::thread::lifecycle::spawn_unchecked<test[aada8e7e76ba119b]::run_test::{closure#1}, ()>::{closure#1} as core[a373ad73a504971]::ops::function::FnOnce<()>>::call_once::{shim:vtable#0}
[INFO] [stdout]   18:     0x623731f1ec3f - <std[617be2ca0a6fd877]::sys::thread::unix::Thread>::new::thread_start
[INFO] [stdout]   19:     0x7e96d5d8adfa - <unknown>
[INFO] [stdout]   20:     0x7e96d5e1e3d4 - clone
[INFO] [stdout]   21:                0x0 - <unknown>
[INFO] [stdout] 
[INFO] [stdout] ---- tests::status::test_status_functionality stdout ----
[INFO] [stdout] 
[INFO] [stdout] thread 'tests::status::test_status_functionality' (3017) panicked at src/tests.rs:58:31:
[INFO] [stdout] called `Result::unwrap()` on an `Err` value: Os { code: 30, kind: ReadOnlyFilesystem, message: "Read-only file system" }
[INFO] [stdout] stack backtrace:
[INFO] [stdout]    0:     0x623731f1fcb1 - <<std[617be2ca0a6fd877]::sys::backtrace::BacktraceLock>::print::DisplayBacktrace as core[a373ad73a504971]::fmt::Display>::fmt
[INFO] [stdout]    1:     0x623731f369ca - core[a373ad73a504971]::fmt::write
[INFO] [stdout]    2:     0x623731f259dc - <alloc[2e1b2a31b91974c5]::vec::Vec<u8> as core[a373ad73a504971]::io::write::Write>::write_fmt
[INFO] [stdout]    3:     0x623731ef8106 - std[617be2ca0a6fd877]::panicking::default_hook::{closure#0}
[INFO] [stdout]    4:     0x623731f168e9 - std[617be2ca0a6fd877]::panicking::default_hook
[INFO] [stdout]    5:     0x623731e9e320 - test[aada8e7e76ba119b]::test_main_inner::{closure#0}
[INFO] [stdout]    6:     0x623731f16aa2 - std[617be2ca0a6fd877]::panicking::panic_with_hook
[INFO] [stdout]    7:     0x623731ef81b2 - std[617be2ca0a6fd877]::panicking::panic_handler::{closure#0}
[INFO] [stdout]    8:     0x623731ef0529 - std[617be2ca0a6fd877]::sys::backtrace::__rust_end_short_backtrace::<std[617be2ca0a6fd877]::panicking::panic_handler::{closure#0}, !>
[INFO] [stdout]    9:     0x623731ef916d - __rustc[ea4f61d10b84890b]::rust_begin_unwind
[INFO] [stdout]   10:     0x623731f370fc - core[a373ad73a504971]::panicking::panic_fmt
[INFO] [stdout]   11:     0x623731f36ed2 - core[a373ad73a504971]::result::unwrap_failed
[INFO] [stdout]   12:     0x623731e7a1f0 - gift[d776155299e4e3bd]::tests::make_worktree_dir
[INFO] [stdout]   13:     0x623731e24f8f - <gift[d776155299e4e3bd]::tests::status::test_status_functionality::{closure#0} as core[a373ad73a504971]::ops::function::FnOnce<()>>::call_once
[INFO] [stdout]   14:     0x623731e9176b - test[aada8e7e76ba119b]::__rust_begin_short_backtrace::<core[a373ad73a504971]::result::Result<(), alloc[2e1b2a31b91974c5]::string::String>, fn() -> core[a373ad73a504971]::result::Result<(), alloc[2e1b2a31b91974c5]::string::String>>
[INFO] [stdout]   15:     0x623731e9e945 - test[aada8e7e76ba119b]::run_test::{closure#0}
[INFO] [stdout]   16:     0x623731e98234 - std[617be2ca0a6fd877]::sys::backtrace::__rust_begin_short_backtrace::<test[aada8e7e76ba119b]::run_test::{closure#1}, ()>
[INFO] [stdout]   17:     0x623731ea19d2 - <std[617be2ca0a6fd877]::thread::lifecycle::spawn_unchecked<test[aada8e7e76ba119b]::run_test::{closure#1}, ()>::{closure#1} as core[a373ad73a504971]::ops::function::FnOnce<()>>::call_once::{shim:vtable#0}
[INFO] [stdout]   18:     0x623731f1ec3f - <std[617be2ca0a6fd877]::sys::thread::unix::Thread>::new::thread_start
[INFO] [stdout]   19:     0x7e96d5d8adfa - <unknown>
[INFO] [stdout]   20:     0x7e96d5e1e3d4 - clone
[INFO] [stdout]   21:                0x0 - <unknown>
[INFO] [stdout] 
[INFO] [stdout] ---- tests::object::read_commit_merge_two_parents stdout ----
[INFO] [stdout] 
[INFO] [stdout] thread 'tests::object::read_commit_merge_two_parents' (3001) panicked at src/tests.rs:58:31:
[INFO] [stdout] called `Result::unwrap()` on an `Err` value: Os { code: 30, kind: ReadOnlyFilesystem, message: "Read-only file system" }
[INFO] [stdout] stack backtrace:
[INFO] [stdout]    0:     0x623731f1fcb1 - <<std[617be2ca0a6fd877]::sys::backtrace::BacktraceLock>::print::DisplayBacktrace as core[a373ad73a504971]::fmt::Display>::fmt
[INFO] [stdout]    1:     0x623731f369ca - core[a373ad73a504971]::fmt::write
[INFO] [stdout]    2:     0x623731f259dc - <alloc[2e1b2a31b91974c5]::vec::Vec<u8> as core[a373ad73a504971]::io::write::Write>::write_fmt
[INFO] [stdout]    3:     0x623731ef8106 - std[617be2ca0a6fd877]::panicking::default_hook::{closure#0}
[INFO] [stdout]    4:     0x623731f168e9 - std[617be2ca0a6fd877]::panicking::default_hook
[INFO] [stdout]    5:     0x623731e9e320 - test[aada8e7e76ba119b]::test_main_inner::{closure#0}
[INFO] [stdout]    6:     0x623731f16aa2 - std[617be2ca0a6fd877]::panicking::panic_with_hook
[INFO] [stdout]    7:     0x623731ef81b2 - std[617be2ca0a6fd877]::panicking::panic_handler::{closure#0}
[INFO] [stdout]    8:     0x623731ef0529 - std[617be2ca0a6fd877]::sys::backtrace::__rust_end_short_backtrace::<std[617be2ca0a6fd877]::panicking::panic_handler::{closure#0}, !>
[INFO] [stdout]    9:     0x623731ef916d - __rustc[ea4f61d10b84890b]::rust_begin_unwind
[INFO] [stdout]   10:     0x623731f370fc - core[a373ad73a504971]::panicking::panic_fmt
[INFO] [stdout]   11:     0x623731f36ed2 - core[a373ad73a504971]::result::unwrap_failed
[INFO] [stdout]   12:     0x623731e7a1f0 - gift[d776155299e4e3bd]::tests::make_worktree_dir
[INFO] [stdout]   13:     0x623731e4110d - <gift[d776155299e4e3bd]::tests::object::read_commit_merge_two_parents::{closure#0} as core[a373ad73a504971]::ops::function::FnOnce<()>>::call_once
[INFO] [stdout]   14:     0x623731e9176b - test[aada8e7e76ba119b]::__rust_begin_short_backtrace::<core[a373ad73a504971]::result::Result<(), alloc[2e1b2a31b91974c5]::string::String>, fn() -> core[a373ad73a504971]::result::Result<(), alloc[2e1b2a31b91974c5]::string::String>>
[INFO] [stdout]   15:     0x623731e9e945 - test[aada8e7e76ba119b]::run_test::{closure#0}
[INFO] [stdout]   16:     0x623731e98234 - std[617be2ca0a6fd877]::sys::backtrace::__rust_begin_short_backtrace::<test[aada8e7e76ba119b]::run_test::{closure#1}, ()>
[INFO] [stdout]   17:     0x623731ea19d2 - <std[617be2ca0a6fd877]::thread::lifecycle::spawn_unchecked<test[aada8e7e76ba119b]::run_test::{closure#1}, ()>::{closure#1} as core[a373ad73a504971]::ops::function::FnOnce<()>>::call_once::{shim:vtable#0}
[INFO] [stdout]   18:     0x623731f1ec3f - <std[617be2ca0a6fd877]::sys::thread::unix::Thread>::new::thread_start
[INFO] [stdout]   19:     0x7e96d5d8adfa - <unknown>
[INFO] [stdout]   20:     0x7e96d5e1e3d4 - clone
[INFO] [stdout]   21:                0x0 - <unknown>
[INFO] [stdout] 
[INFO] [stdout] 
[INFO] [stdout] failures:
[INFO] [stdout]     tests::ai_messages::load_orders_by_seq_and_maps_role
[INFO] [stdout]     tests::ai_messages::next_seq_is_max_plus_one
[INFO] [stdout]     tests::checkout::checkout_branch_restores_tip_and_keeps_symbolic_head
[INFO] [stdout]     tests::checkout::checkout_commit_detaches_and_restores_worktree_without_symlinks
[INFO] [stdout]     tests::checkout::checkout_reports_untracked_file_conflict_before_writing
[INFO] [stdout]     tests::commit::commit_on_branch_first_then_second
[INFO] [stdout]     tests::commit::commit_on_detached_head_updates_oid_and_parent
[INFO] [stdout]     tests::diff::diff_blobs_binary_detected
[INFO] [stdout]     tests::diff::diff_blobs_text_matches_git
[INFO] [stdout]     tests::diff::diff_blobs_worktree_side
[INFO] [stdout]     tests::diff::diff_commits_matches_git
[INFO] [stdout]     tests::diff::diff_subdir_matches_git
[INFO] [stdout]     tests::diff::subtree_at_missing_returns_none
[INFO] [stdout]     tests::ignore::test_gitignore_simple
[INFO] [stdout]     tests::index_file::cmp_read_tree_matches_git_ls_tree
[INFO] [stdout]     tests::index_file::from_index_file_matches_parsed_index_entries
[INFO] [stdout]     tests::index_file::from_index_file_write_tree_matches_git_write_tree
[INFO] [stdout]     tests::index_file::parse_index
[INFO] [stdout]     tests::index_file::stage_paths_roundtrip_index
[INFO] [stdout]     tests::log::test_log_basic
[INFO] [stdout]     tests::log::test_log_max_count
[INFO] [stdout]     tests::log::test_log_no_commits
[INFO] [stdout]     tests::merge::nested_dirs_conflict_at_leaf
[INFO] [stdout]     tests::merge::one_side_adds_subtree_other_modifies_file
[INFO] [stdout]     tests::merge::three_level_subtree_recursive_merge
[INFO] [stdout]     tests::merge::two_level_subtree_both_change_different_files
[INFO] [stdout]     tests::merge_base::forked_history_returns_fork_point
[INFO] [stdout]     tests::merge_base::linear_history_ancestor_is_parent
[INFO] [stdout]     tests::merge_base::same_commit_returns_itself
[INFO] [stdout]     tests::merge_base::unrelated_histories_returns_none
[INFO] [stdout]     tests::object::cmp_init
[INFO] [stdout]     tests::object::cmp_write_obj
[INFO] [stdout]     tests::object::commit_tree_writes_loose_object
[INFO] [stdout]     tests::object::read_commit_matches_git_commit_tree
[INFO] [stdout]     tests::object::read_commit_merge_two_parents
[INFO] [stdout]     tests::reference::read_ref_and_update_ref_match_git
[INFO] [stdout]     tests::reference::read_ref_rejects_symbolic_file
[INFO] [stdout]     tests::reference::read_symbolic_ref_matches_git
[INFO] [stdout]     tests::reference::update_ref_rejects_non_commit_object
[INFO] [stdout]     tests::reference::write_symbolic_ref_matches_git
[INFO] [stdout]     tests::status::test_load_head_tree_debug
[INFO] [stdout]     tests::status::test_status_basic
[INFO] [stdout]     tests::status::test_status_functionality
[INFO] [stdout]     tests::status::test_status_ignored_files_simple
[INFO] [stdout] 
[INFO] [stdout] test result: FAILED. 36 passed; 44 failed; 0 ignored; 0 measured; 0 filtered out; finished in 0.20s
[INFO] [stdout] 
[INFO] running `Command { std: "docker" "inspect" "4d3c48383746e1012b6fcf8bcb6b18bf54ee39cffd7d0c3f05b6e6f6c309f607", kill_on_drop: false }`
[INFO] running `Command { std: "docker" "rm" "-f" "4d3c48383746e1012b6fcf8bcb6b18bf54ee39cffd7d0c3f05b6e6f6c309f607", kill_on_drop: false }`
[INFO] [stdout] 4d3c48383746e1012b6fcf8bcb6b18bf54ee39cffd7d0c3f05b6e6f6c309f607
