[INFO] cloning repository https://github.com/tumf/agent-exec
[INFO] running `Command { std: "git" "-c" "credential.helper=" "-c" "credential.helper=/workspace/cargo-home/bin/git-credential-null" "clone" "--bare" "https://github.com/tumf/agent-exec" "/workspace/cache/git-repos/https%3A%2F%2Fgithub.com%2Ftumf%2Fagent-exec", kill_on_drop: false }`
[INFO] [stderr] Cloning into bare repository '/workspace/cache/git-repos/https%3A%2F%2Fgithub.com%2Ftumf%2Fagent-exec'...
[INFO] running `Command { std: "git" "rev-parse" "HEAD", kill_on_drop: false }`
[INFO] [stdout] e39835212aa61cf0acc3fefbc05e7d53cfbc869b
[INFO] testing tumf/agent-exec against 1.99.0-beta.8+cargoflags=--release for beta-release-1.100-2
[INFO] running `Command { std: "git" "clone" "/workspace/cache/git-repos/https%3A%2F%2Fgithub.com%2Ftumf%2Fagent-exec" "/workspace/builds/worker-6-tc1/source", kill_on_drop: false }`
[INFO] [stderr] Cloning into '/workspace/builds/worker-6-tc1/source'...
[INFO] [stderr] done.
[INFO] removed /workspace/builds/worker-6-tc1/source/.cargo/config.toml
[INFO] removed /workspace/builds/worker-6-tc1/source/rust-toolchain.toml
[INFO] started tweaking git repo https://github.com/tumf/agent-exec
[INFO] finished tweaking git repo https://github.com/tumf/agent-exec
[INFO] tweaked toml for git repo https://github.com/tumf/agent-exec written to /workspace/builds/worker-6-tc1/source/Cargo.toml
[INFO] validating manifest of git repo https://github.com/tumf/agent-exec on toolchain 1.99.0-beta.8
[INFO] running `Command { std: CARGO_HOME="/workspace/cargo-home" RUSTUP_HOME="/workspace/rustup-home" "/workspace/cargo-home/bin/cargo" "+1.99.0-beta.8" "metadata" "--manifest-path" "Cargo.toml" "--no-deps", kill_on_drop: false }`
[INFO] crate git repo https://github.com/tumf/agent-exec already has a lockfile, it will not be regenerated
[INFO] running `Command { std: CARGO_HOME="/workspace/cargo-home" RUSTUP_HOME="/workspace/rustup-home" "/workspace/cargo-home/bin/cargo" "+1.99.0-beta.8" "fetch" "--manifest-path" "Cargo.toml", kill_on_drop: false }`
[INFO] [stderr]     Updating crates.io index
[INFO] [stderr]  Downloading crates ...
[INFO] [stderr]   Downloaded rmcp-macros v0.8.5
[INFO] [stderr]   Downloaded referencing v0.40.2
[INFO] [stderr]   Downloaded is_executable v1.0.5
[INFO] [stderr]   Downloaded clap_complete v4.6.0
[INFO] [stderr]   Downloaded clap v4.5.59
[INFO] [stderr]   Downloaded clap_builder v4.5.59
[INFO] [stderr]   Downloaded jsonschema v0.40.2
[INFO] [stderr]   Downloaded iri-string v0.7.13
[INFO] [stderr]   Downloaded rmcp v0.8.5
[INFO] running `Command { std: "docker" "create" "-v" "/var/lib/crater-agent-workspace/builds/worker-6-tc1/source:/opt/rustwide/workdir:ro,Z" "-v" "/var/lib/crater-agent-workspace/builds/worker-6-tc1/target:/opt/rustwide/target:rw,Z" "-v" "/var/lib/crater-agent-workspace/cargo-home:/opt/rustwide/cargo-home:ro,Z" "-v" "/var/lib/crater-agent-workspace/rustup-home:/opt/rustwide/rustup-home:ro,Z" "-m" "1610612736" "--network" "none" "ghcr.io/rust-lang/crates-build-env/linux@sha256:77db811e55d90add9212f6832c23229e3de5f1c1f9905e8cb07319ea15df73ac" "sleep" "infinity", kill_on_drop: false }`
[INFO] [stdout] a5ddf7fd52445d7502bb2a6298ce90a73ed451cd96e9c9b0e48ff18f998ae33f
[INFO] running `Command { std: "docker" "start" "a5ddf7fd52445d7502bb2a6298ce90a73ed451cd96e9c9b0e48ff18f998ae33f", kill_on_drop: false }`
[INFO] running `Command { std: "docker" "inspect" "a5ddf7fd52445d7502bb2a6298ce90a73ed451cd96e9c9b0e48ff18f998ae33f", kill_on_drop: false }`
[INFO] running `Command { std: "docker" "exec" "-e" "SOURCE_DIR=/opt/rustwide/workdir" "-e" "CARGO_HOME=/opt/rustwide/cargo-home" "-e" "RUSTUP_HOME=/opt/rustwide/rustup-home" "-e" "CARGO_TARGET_DIR=/opt/rustwide/target" "-w" "/opt/rustwide/workdir" "--user" "0:0" "a5ddf7fd52445d7502bb2a6298ce90a73ed451cd96e9c9b0e48ff18f998ae33f" "/opt/rustwide/cargo-home/bin/cargo" "+1.99.0-beta.8" "metadata" "--no-deps" "--format-version=1", kill_on_drop: false }`
[INFO] running `Command { std: "docker" "inspect" "a5ddf7fd52445d7502bb2a6298ce90a73ed451cd96e9c9b0e48ff18f998ae33f", kill_on_drop: false }`
[INFO] running `Command { std: "docker" "exec" "-e" "SOURCE_DIR=/opt/rustwide/workdir" "-e" "CARGO_HOME=/opt/rustwide/cargo-home" "-e" "RUSTUP_HOME=/opt/rustwide/rustup-home" "-e" "CARGO_TARGET_DIR=/opt/rustwide/target" "-e" "CARGO_INCREMENTAL=0" "-e" "RUST_BACKTRACE=full" "-e" "RUSTFLAGS=--cap-lints=warn" "-e" "RUSTDOCFLAGS=--cap-lints=warn" "-w" "/opt/rustwide/workdir" "--user" "0:0" "a5ddf7fd52445d7502bb2a6298ce90a73ed451cd96e9c9b0e48ff18f998ae33f" "/opt/rustwide/cargo-home/bin/cargo" "+1.99.0-beta.8" "build" "--frozen" "--message-format=json" "--release", kill_on_drop: false }`
[INFO] [stderr]    Compiling syn v2.0.116
[INFO] [stderr]    Compiling socket2 v0.6.3
[INFO] [stderr]    Compiling serde_core v1.0.228
[INFO] [stderr]    Compiling zerocopy v0.8.39
[INFO] [stderr]    Compiling serde_json v1.0.149
[INFO] [stderr]    Compiling getrandom v0.3.4
[INFO] [stderr]    Compiling ref-cast v1.0.25
[INFO] [stderr]    Compiling regex-automata v0.4.14
[INFO] [stderr]    Compiling clap_lex v1.0.0
[INFO] [stderr]    Compiling memchr v2.8.0
[INFO] [stderr]    Compiling rustix v1.1.3
[INFO] [stderr]    Compiling sync_wrapper v1.0.2
[INFO] [stderr]    Compiling anyhow v1.0.101
[INFO] [stderr]    Compiling dyn-clone v1.0.20
[INFO] [stderr]    Compiling dirs-sys v0.4.1
[INFO] [stderr]    Compiling serde_path_to_error v0.1.20
[INFO] [stderr]    Compiling tracing-log v0.2.0
[INFO] [stderr]    Compiling agent-exec v0.2.40 (/opt/rustwide/workdir)
[INFO] [stderr]    Compiling clap_builder v4.5.59
[INFO] [stderr]    Compiling rand_core v0.9.5
[INFO] [stderr]    Compiling is_executable v1.0.5
[INFO] [stderr]    Compiling shlex v1.3.0
[INFO] [stderr]    Compiling unsafe-libyaml v0.2.11
[INFO] [stderr]    Compiling directories v5.0.1
[INFO] [stderr]    Compiling tower-http v0.6.8
[INFO] [stderr]    Compiling tempfile v3.25.0
[INFO] [stderr]    Compiling darling_core v0.21.3
[INFO] [stderr]    Compiling serde_derive_internals v0.29.1
[INFO] [stderr]    Compiling serde_derive v1.0.228
[INFO] [stderr]    Compiling tokio-macros v2.6.1
[INFO] [stderr]    Compiling tracing-attributes v0.1.31
[INFO] [stderr]    Compiling futures-macro v0.3.32
[INFO] [stderr]    Compiling ref-cast-impl v1.0.25
[INFO] [stderr]    Compiling clap_derive v4.5.55
[INFO] [stderr]    Compiling thiserror-impl v2.0.18
[INFO] [stderr]    Compiling matchers v0.2.0
[INFO] [stderr]    Compiling regex v1.12.3
[INFO] [stderr]    Compiling ppv-lite86 v0.2.21
[INFO] [stderr]    Compiling tokio v1.50.0
[INFO] [stderr]    Compiling schemars_derive v1.2.1
[INFO] [stderr]    Compiling futures-util v0.3.32
[INFO] [stderr]    Compiling rand_chacha v0.9.0
[INFO] [stderr]    Compiling rand_chacha v0.3.1
[INFO] [stderr]    Compiling rand v0.9.2
[INFO] [stderr]    Compiling thiserror v2.0.18
[INFO] [stderr]    Compiling rand v0.8.5
[INFO] [stderr]    Compiling tracing v0.1.44
[INFO] [stderr]    Compiling axum-core v0.5.6
[INFO] [stderr]    Compiling tracing-subscriber v0.3.22
[INFO] [stderr]    Compiling ulid v1.2.1
[INFO] [stderr]    Compiling clap v4.5.59
[INFO] [stderr]    Compiling clap_complete v4.6.0
[INFO] [stderr]    Compiling darling_macro v0.21.3
[INFO] [stderr]    Compiling darling v0.21.3
[INFO] [stderr]    Compiling serde v1.0.228
[INFO] [stderr]    Compiling rmcp-macros v0.8.5
[INFO] [stderr]    Compiling toml_datetime v0.6.11
[INFO] [stderr]    Compiling chrono v0.4.45
[INFO] [stderr]    Compiling serde_spanned v0.6.9
[INFO] [stderr]    Compiling serde_urlencoded v0.7.1
[INFO] [stderr]    Compiling serde_yaml v0.9.34+deprecated
[INFO] [stderr]    Compiling toml_edit v0.22.27
[INFO] [stderr]    Compiling futures-executor v0.3.32
[INFO] [stderr]    Compiling futures v0.3.32
[INFO] [stderr]    Compiling schemars v1.2.1
[INFO] [stderr]    Compiling toml v0.8.23
[INFO] [stderr]    Compiling hyper v1.8.1
[INFO] [stderr]    Compiling tokio-util v0.7.18
[INFO] [stderr]    Compiling tower v0.5.3
[INFO] [stderr]    Compiling rmcp v0.8.5
[INFO] [stderr]    Compiling hyper-util v0.1.20
[INFO] [stderr]    Compiling axum v0.8.8
[INFO] [stderr]     Finished `release` profile [optimized] target(s) in 2m 20s
[INFO] running `Command { std: "docker" "inspect" "a5ddf7fd52445d7502bb2a6298ce90a73ed451cd96e9c9b0e48ff18f998ae33f", kill_on_drop: false }`
[INFO] running `Command { std: "docker" "exec" "-e" "SOURCE_DIR=/opt/rustwide/workdir" "-e" "CARGO_HOME=/opt/rustwide/cargo-home" "-e" "RUSTUP_HOME=/opt/rustwide/rustup-home" "-e" "CARGO_TARGET_DIR=/opt/rustwide/target" "-e" "CARGO_INCREMENTAL=0" "-e" "RUST_BACKTRACE=full" "-e" "RUSTFLAGS=--cap-lints=warn" "-e" "RUSTDOCFLAGS=--cap-lints=warn" "-w" "/opt/rustwide/workdir" "--user" "0:0" "a5ddf7fd52445d7502bb2a6298ce90a73ed451cd96e9c9b0e48ff18f998ae33f" "/opt/rustwide/cargo-home/bin/cargo" "+1.99.0-beta.8" "test" "--frozen" "--no-run" "--message-format=json" "--release", kill_on_drop: false }`
[INFO] [stderr]    Compiling foldhash v0.2.0
[INFO] [stderr]    Compiling syn v2.0.116
[INFO] [stderr]    Compiling num-traits v0.2.19
[INFO] [stderr]    Compiling cc v1.2.67
[INFO] [stderr]    Compiling regex-automata v0.4.14
[INFO] [stderr]    Compiling rustls v0.23.42
[INFO] [stderr]    Compiling iri-string v0.7.13
[INFO] [stderr]    Compiling ahash v0.8.12
[INFO] [stderr]    Compiling rustls-native-certs v0.8.4
[INFO] [stderr]    Compiling unicode-general-category v1.1.0
[INFO] [stderr]    Compiling borrow-or-share v0.2.4
[INFO] [stderr]    Compiling vsimd v0.8.0
[INFO] [stderr]    Compiling outref v0.5.2
[INFO] [stderr]    Compiling bit-set v0.8.0
[INFO] [stderr]    Compiling data-encoding v2.11.0
[INFO] [stderr]    Compiling num-cmp v0.1.0
[INFO] [stderr]    Compiling bytecount v0.6.9
[INFO] [stderr]    Compiling hashbrown v0.16.1
[INFO] [stderr]    Compiling uuid-simd v0.8.0
[INFO] [stderr]    Compiling indexmap v2.13.0
[INFO] [stderr]    Compiling num-integer v0.1.46
[INFO] [stderr]    Compiling num-complex v0.4.6
[INFO] [stderr]    Compiling ring v0.17.14
[INFO] [stderr]    Compiling num-bigint v0.4.8
[INFO] [stderr]    Compiling num-iter v0.1.46
[INFO] [stderr]    Compiling num-rational v0.4.2
[INFO] [stderr]    Compiling num v0.4.3
[INFO] [stderr]    Compiling fraction v0.15.4
[INFO] [stderr]    Compiling synstructure v0.13.2
[INFO] [stderr]    Compiling darling_core v0.21.3
[INFO] [stderr]    Compiling serde_derive_internals v0.29.1
[INFO] [stderr]    Compiling regex v1.12.3
[INFO] [stderr]    Compiling matchers v0.2.0
[INFO] [stderr]    Compiling fancy-regex v0.17.0
[INFO] [stderr]    Compiling serde_derive v1.0.228
[INFO] [stderr]    Compiling tracing-attributes v0.1.31
[INFO] [stderr]    Compiling zerofrom-derive v0.1.7
[INFO] [stderr]    Compiling tokio-macros v2.6.1
[INFO] [stderr]    Compiling yoke-derive v0.8.2
[INFO] [stderr]    Compiling futures-macro v0.3.32
[INFO] [stderr]    Compiling zerovec-derive v0.11.3
[INFO] [stderr]    Compiling displaydoc v0.2.6
[INFO] [stderr]    Compiling ref-cast-impl v1.0.25
[INFO] [stderr]    Compiling tokio v1.50.0
[INFO] [stderr]    Compiling schemars_derive v1.2.1
[INFO] [stderr]    Compiling ref-cast v1.0.25
[INFO] [stderr]    Compiling thiserror-impl v2.0.18
[INFO] [stderr]    Compiling clap_derive v4.5.55
[INFO] [stderr]    Compiling zerofrom v0.1.8
[INFO] [stderr]    Compiling yoke v0.8.3
[INFO] [stderr]    Compiling futures-util v0.3.32
[INFO] [stderr]    Compiling tracing v0.1.44
[INFO] [stderr]    Compiling zerotrie v0.2.4
[INFO] [stderr]    Compiling axum-core v0.5.6
[INFO] [stderr]    Compiling thiserror v2.0.18
[INFO] [stderr]    Compiling zerovec v0.11.6
[INFO] [stderr]    Compiling tracing-subscriber v0.3.22
[INFO] [stderr]    Compiling darling_macro v0.21.3
[INFO] [stderr]    Compiling darling v0.21.3
[INFO] [stderr]    Compiling rmcp-macros v0.8.5
[INFO] [stderr]    Compiling tinystr v0.8.3
[INFO] [stderr]    Compiling potential_utf v0.1.5
[INFO] [stderr]    Compiling icu_locale_core v2.2.0
[INFO] [stderr]    Compiling icu_collections v2.2.0
[INFO] [stderr]    Compiling clap v4.5.59
[INFO] [stderr]    Compiling clap_complete v4.6.0
[INFO] [stderr]    Compiling serde v1.0.228
[INFO] [stderr]    Compiling icu_provider v2.2.0
[INFO] [stderr]    Compiling toml_datetime v0.6.11
[INFO] [stderr]    Compiling serde_spanned v0.6.9
[INFO] [stderr]    Compiling chrono v0.4.45
[INFO] [stderr]    Compiling serde_urlencoded v0.7.1
[INFO] [stderr]    Compiling serde_yaml v0.9.34+deprecated
[INFO] [stderr]    Compiling fluent-uri v0.4.1
[INFO] [stderr]    Compiling email_address v0.2.9
[INFO] [stderr]    Compiling icu_properties v2.2.0
[INFO] [stderr]    Compiling icu_normalizer v2.2.0
[INFO] [stderr]    Compiling toml_edit v0.22.27
[INFO] [stderr]    Compiling futures-executor v0.3.32
[INFO] [stderr]    Compiling referencing v0.40.2
[INFO] [stderr]    Compiling futures v0.3.32
[INFO] [stderr]    Compiling idna_adapter v1.2.2
[INFO] [stderr]    Compiling idna v1.1.0
[INFO] [stderr]    Compiling schemars v1.2.1
[INFO] [stderr]    Compiling url v2.5.8
[INFO] [stderr]    Compiling tokio-util v0.7.18
[INFO] [stderr]    Compiling tower v0.5.3
[INFO] [stderr]    Compiling toml v0.8.23
[INFO] [stderr]    Compiling h2 v0.4.15
[INFO] [stderr]    Compiling tower-http v0.6.8
[INFO] [stderr]    Compiling rmcp v0.8.5
[INFO] [stderr]    Compiling rustls-webpki v0.103.13
[INFO] [stderr]    Compiling hyper v1.8.1
[INFO] [stderr]    Compiling hyper-util v0.1.20
[INFO] [stderr]    Compiling tokio-rustls v0.26.4
[INFO] [stderr]    Compiling rustls-platform-verifier v0.7.0
[INFO] [stderr]    Compiling axum v0.8.8
[INFO] [stderr]    Compiling hyper-rustls v0.27.9
[INFO] [stderr]    Compiling reqwest v0.13.4
[INFO] [stderr]    Compiling jsonschema v0.40.2
[INFO] [stderr]    Compiling agent-exec v0.2.40 (/opt/rustwide/workdir)
[INFO] [stderr]     Finished `release` profile [optimized] target(s) in 3m 56s
[INFO] running `Command { std: "docker" "inspect" "a5ddf7fd52445d7502bb2a6298ce90a73ed451cd96e9c9b0e48ff18f998ae33f", kill_on_drop: false }`
[INFO] running `Command { std: "docker" "exec" "-e" "SOURCE_DIR=/opt/rustwide/workdir" "-e" "CARGO_HOME=/opt/rustwide/cargo-home" "-e" "RUSTUP_HOME=/opt/rustwide/rustup-home" "-e" "CARGO_TARGET_DIR=/opt/rustwide/target" "-e" "CARGO_INCREMENTAL=0" "-e" "RUST_BACKTRACE=full" "-e" "RUSTFLAGS=--cap-lints=warn" "-e" "RUSTDOCFLAGS=--cap-lints=warn" "-w" "/opt/rustwide/workdir" "--user" "0:0" "a5ddf7fd52445d7502bb2a6298ce90a73ed451cd96e9c9b0e48ff18f998ae33f" "/opt/rustwide/cargo-home/bin/cargo" "+1.99.0-beta.8" "test" "--frozen" "--release", kill_on_drop: false }`
[INFO] [stderr]     Finished `release` profile [optimized] target(s) in 0.40s
[INFO] [stderr]      Running unittests src/lib.rs (/opt/rustwide/target/release/deps/agent_exec-3dcc2e9c087c14e4)
[INFO] [stdout] 
[INFO] [stdout] running 232 tests
[INFO] [stdout] test abandon::tests::mutable_abandonment_set_acknowledgement_is_required_and_carries_the_warning ... ok
[INFO] [stdout] test abandon::tests::mutable_abandonment_control_record_round_trips_through_json ... ok
[INFO] [stdout] test abandon::tests::mutable_abandonment_restart_rearms_an_update_configured_triggered_control_to_its_due_deadline ... ok
[INFO] [stdout] test abandon::tests::mutable_abandonment_status_projection_clamps_remaining_into_the_configured_range ... ok
[INFO] [stdout] test abandon::tests::mutable_abandonment_restart_preserves_an_update_configured_deadline_and_revision ... ok
[INFO] [stdout] test abandon::tests::mutable_abandonment_launch_without_a_record_authors_revision_one ... ok
[INFO] [stdout] test abandon::tests::mutable_abandonment_status_projection_reports_disabled_control_as_null_durations ... ok
[INFO] [stdout] test abandon::tests::mutable_abandonment_trigger_is_superseded_by_a_clear ... ok
[INFO] [stdout] test abandon::tests::mutable_abandonment_fractional_millis_normalizes_digit_counts ... ok
[INFO] [stdout] test abandon::tests::mutable_abandonment_trigger_is_superseded_by_a_newer_revision ... ok
[INFO] [stdout] test abandon::tests::mutable_abandonment_trigger_commits_a_due_current_revision ... ok
[INFO] [stdout] test abandon::tests::mutable_abandonment_whole_second_timestamps_parse_without_a_fraction ... ok
[INFO] [stdout] test abandon::tests::mutable_abandonment_restart_rearms_a_launch_configured_triggered_control_from_its_duration ... ok
[INFO] [stdout] test abandon::tests::mutable_abandonment_zero_duration_launch_control_is_disabled_and_unattributed ... ok
[INFO] [stdout] test abandon::tests::mutable_abandonment_unparseable_control_reads_as_absent ... ok
[INFO] [stdout] test abandon::tests::mutable_abandonment_trigger_reports_a_deadline_that_moved_out_as_not_due ... ok
[INFO] [stdout] test abandon::tests::mutable_abandonment_duration_control_deadline_is_relative_to_acceptance ... ok
[INFO] [stdout] test abandon::tests::mutable_abandonment_restart_rearms_a_launch_configured_control_from_its_duration ... ok
[INFO] [stdout] test abandon::tests::mutable_abandonment_status_projection_omits_remaining_for_terminal_jobs ... ok
[INFO] [stdout] test abandon::tests::mutable_abandonment_restart_preserves_an_update_configured_clear ... ok
[INFO] [stdout] test abandon::tests::mutable_abandonment_rfc3339_millis_round_trip ... ok
[INFO] [stdout] test abandon::tests::mutable_abandonment_status_projection_is_empty_without_a_control_record ... ok
[INFO] [stdout] test abandon::tests::mutable_abandonment_trigger_is_superseded_without_a_control_record ... ok
[INFO] [stdout] test abandon::tests::mutable_abandonment_cleared_control_attributes_the_clear_to_the_update ... ok
[INFO] [stdout] test completions::tests::test_extract_root_from_comp_line ... ok
[INFO] [stdout] test abandon::tests::mutable_abandonment_due_deadlines_are_recognized_only_while_active ... ok
[INFO] [stdout] test compress::generic::tests::aws_json_omits_policies_secrets_and_keeps_resource_status ... ok
[INFO] [stdout] test compress::generic::tests::curl_wget_progress_is_stripped_but_result_context_remains ... ok
[INFO] [stdout] test abandon::tests::mutable_abandonment_trigger_is_superseded_by_an_earlier_trigger ... ok
[INFO] [stdout] test completions::tests::test_description_includes_state ... ok
[INFO] [stdout] test compress::generic::tests::docker_images_table_keeps_repository_identity_and_size_fallback ... ok
[INFO] [stdout] test completions::tests::test_explicit_root_via_env_var ... ok
[INFO] [stdout] test completions::tests::test_extract_root_from_comp_line_equals_form ... ok
[INFO] [stdout] test compress::generic::tests::docker_compose_table_keeps_service_state_and_ports ... ok
[INFO] [stdout] test compress::generic::tests::aws_representative_json_keeps_identity_status_and_omits_large_values ... ok
[INFO] [stdout] test completions::tests::test_missing_state_json_included_without_filter ... ok
[INFO] [stdout] test completions::tests::test_list_job_candidates_with_explicit_root_path ... ok
[INFO] [stdout] test compress::generic::tests::kubernetes_table_keeps_readiness_status_and_restarts ... ok
[INFO] [stdout] test completions::tests::test_cwd_filter_excludes_jobs_from_other_directories ... ok
[INFO] [stdout] test compress::generic::tests::glab_summary_keeps_issue_identity_and_status ... ok
[INFO] [stdout] test completions::tests::test_list_with_state_filter ... ok
[INFO] [stdout] test compress::generic::tests::gh_glab_summary_keeps_identity_state_checks_and_bounded_body ... ok
[INFO] [stdout] test completions::tests::test_list_all_jobs_returns_all_dirs ... ok
[INFO] [stdout] test compress::route::tests::classifies_git_log ... ok
[INFO] [stdout] test completions::tests::test_waitable_jobs_filter ... ok
[INFO] [stdout] test compress::route::tests::classifies_cargo_test ... ok
[INFO] [stdout] test compress::route::tests::classifies_docker_logs ... ok
[INFO] [stdout] test completions::tests::test_terminal_jobs_filter ... ok
[INFO] [stdout] test completions::tests::test_missing_state_json_excluded_with_filter ... ok
[INFO] [stdout] test completions::tests::test_nonexistent_root_returns_empty ... ok
[INFO] [stdout] test compress::generic::tests::docker_table_keeps_key_columns_and_abnormal_rows_first ... ok
[INFO] [stdout] test compress::route::tests::classifies_container_cloud_and_http_commands ... ok
[INFO] [stdout] test compress::route::tests::classifies_shell_wrapped_command ... ok
[INFO] [stdout] test compress::language::tests::groups_python_and_pip_outputs ... ok
[INFO] [stdout] test compress::route::tests::classifies_python_tooling ... ok
[INFO] [stdout] test compress::route::tests::classifies_system_list_read_json_and_env_commands ... ok
[INFO] [stdout] test compress::route::tests::classifies_stderr_timestamp_normalized_repeated_error_logs_before_errors ... ok
[INFO] [stdout] test compress::language::tests::groups_tsc_and_eslint_diagnostics ... ok
[INFO] [stdout] test compress::route::tests::classifies_repeated_logs ... ok
[INFO] [stdout] test compress::language::tests::summarizes_test_failures_and_go_ndjson ... ok
[INFO] [stdout] test compress::route::tests::classifies_go_tooling ... ok
[INFO] [stdout] test compress::route::tests::output_shape_priority_keeps_repeated_logs_before_errors ... ok
[INFO] [stdout] test compress::tests::conflicting_cli_modes_are_rejected ... ok
[INFO] [stdout] test compress::route::tests::command_family_priority_beats_output_shape_fallback ... ok
[INFO] [stdout] test compress::route::tests::output_shape_priority_keeps_json_before_repeated_logs ... ok
[INFO] [stdout] test compress::route::tests::classifies_timestamp_normalized_repeated_error_logs_before_errors ... ok
[INFO] [stdout] test compress::route::tests::classifies_pytest ... ok
[INFO] [stdout] test compress::route::tests::classifies_single_error_as_errors ... ok
[INFO] [stdout] test compress::util::tests::env_summary_masks_secret_values_and_groups_prefixes ... ok
[INFO] [stdout] test compress::util::tests::diagnostic_extraction_includes_context ... ok
[INFO] [stdout] test compress::route::tests::classifies_unknown_commands_as_summary ... ok
[INFO] [stdout] test compress::tests::expansion_guard_suppresses_larger_candidate ... ok
[INFO] [stdout] test compress::util::tests::guard_rejects_mixed_stream_expansion ... ok
[INFO] [stdout] test compress::util::tests::bounded_summary_keeps_head_and_tail ... ok
[INFO] [stdout] test compress::util::tests::guard_rejects_stderr_expansion ... ok
[INFO] [stdout] test compress::util::tests::guard_rejects_stdout_expansion ... ok
[INFO] [stdout] test compress::util::tests::json_shape_extracts_object_keys ... ok
[INFO] [stdout] test compress::route::tests::classifies_javascript_tooling ... ok
[INFO] [stdout] test compress::route::tests::classifies_search ... ok
[INFO] [stdout] test compress::route::tests::classifies_json_output ... ok
[INFO] [stdout] test compress::generic::tests::test_compressor_extracts_failure_lines ... ok
[INFO] [stdout] test compress::generic::tests::psql_table_keeps_identity_and_status_columns ... ok
[INFO] [stdout] test compress::util::tests::text_summary_keeps_head_tail_and_code_shape ... ok
[INFO] [stdout] test compress::util::tests::list_summary_groups_by_directory_and_caps ... ok
[INFO] [stdout] test compress::util::tests::json_shape_summarizes_arrays_and_ndjson ... ok
[INFO] [stdout] test config::tests::default_wrapper_is_nonempty ... ok
[INFO] [stdout] test config::tests::compression_default_is_route_when_missing ... ok
[INFO] [stdout] test compress::util::tests::line_deduplication_collapses_adjacent_repeats ... ok
[INFO] [stdout] test config::tests::parse_shell_wrapper_str_splits_whitespace ... ok
[INFO] [stdout] test config::tests::resolve_cli_override_takes_precedence ... ok
[INFO] [stdout] test embedded::tests::abandon_job_after_survives_the_private_supervisor_handoff ... ok
[INFO] [stdout] test config::tests::parse_shell_wrapper_str_rejects_empty ... ok
[INFO] [stdout] test config::tests::resolve_missing_config_returns_default ... ok
[INFO] [stdout] test config::tests::load_config_rejects_invalid_compression_mode ... ok
[INFO] [stdout] test compress::language::tests::groups_go_lint_text ... ok
[INFO] [stdout] test config::tests::resolve_config_file_override_is_used ... ok
[INFO] [stdout] test embedded::tests::claimed_invocation_with_duplicate_flag_fails_closed ... ok
[INFO] [stdout] test embedded::tests::claimed_invocation_with_empty_workload_fails_closed ... ok
[INFO] [stdout] test embedded::tests::claimed_invocation_with_malformed_number_fails_closed ... ok
[INFO] [stdout] test embedded::tests::claimed_invocation_with_missing_job_id_fails_closed ... ok
[INFO] [stdout] test compress::util::tests::log_dedup_normalizes_timestamps_and_keeps_errors ... ok
[INFO] [stdout] test embedded::tests::abandon_job_after_zero_omits_the_private_runtime_limit_flag ... ok
[INFO] [stdout] test config::tests::load_config_parses_unix_wrapper ... ok
[INFO] [stdout] test embedded::tests::anyhow_errors_classify_without_message_parsing ... ok
[INFO] [stdout] test embedded::tests::claimed_invocation_with_missing_value_fails_closed ... ok
[INFO] [stdout] test embedded::tests::claimed_invocation_with_positional_before_separator_fails_closed ... ok
[INFO] [stdout] test embedded::tests::claimed_invocation_with_unknown_flag_fails_closed ... ok
[INFO] [stdout] test config::tests::load_config_parses_compression_off_and_route ... ok
[INFO] [stdout] test embedded::tests::claimed_invocation_without_separator_fails_closed ... ok
[INFO] [stdout] test embedded::tests::conflicting_env_inheritance_flags_fail_closed ... ok
[INFO] [stdout] test embedded::tests::error_kinds_expose_stable_codes ... ok
[INFO] [stdout] test embedded::tests::near_miss_marker_is_not_claimed ... ok
[INFO] [stdout] test gc::tests::parse_duration_days ... ok
[INFO] [stdout] test embedded::tests::ordinary_consumer_invocation_is_not_claimed ... ok
[INFO] [stdout] test embedded::tests::empty_command_is_rejected_before_any_job_directory_is_created ... ok
[INFO] [stdout] test compress::generic::tests::logs_routes_deduplicate_repeated_container_logs ... ok
[INFO] [stdout] test compress::util::tests::search_summary_groups_by_file_with_line_numbers ... ok
[INFO] [stdout] test gc::tests::parse_duration_invalid ... ok
[INFO] [stdout] test embedded::tests::run_request_defaults_match_cli_defaults ... ok
[INFO] [stdout] test jobstore::tests::ambiguous_job_id_display_up_to_20_candidates ... ok
[INFO] [stdout] test embedded::tests::workload_flags_after_separator_are_not_parsed_as_supervisor_flags ... ok
[INFO] [stdout] test gc::tests::older_than_logic ... ok
[INFO] [stdout] test embedded::tests::bare_invocation_is_not_claimed ... ok
[INFO] [stdout] test jobstore::tests::ambiguous_job_id_display_truncates_beyond_20 ... ok
[INFO] [stdout] test embedded::tests::marker_is_only_claimed_at_argv1 ... ok
[INFO] [stdout] test embedded::tests::generated_argument_grammar_parses ... ok
[INFO] [stdout] test jobstore::tests::job_dir_open_exact_match ... ok
[INFO] [stdout] test jobstore::tests::job_dir_open_not_found_returns_job_not_found ... ok
[INFO] [stdout] test jobstore::tests::resolve_root_default_contains_agent_exec ... ok
[INFO] [stdout] test jobstore::tests::job_dir_open_unique_prefix_resolves ... ok
[INFO] [stdout] test jobstore::tests::resolve_root_xdg ... ok
[INFO] [stdout] test jobstore::tests::job_dir_open_ambiguous_prefix_returns_ambiguous ... ok
[INFO] [stdout] test jobstore::tests::resolve_root_cli_flag_wins ... ok
[INFO] [stdout] test jobstore::tests::meta_json_atomic_write ... ok
[INFO] [stdout] test jobstore::tests::generate_job_id_fails_after_16_collisions ... ok
[INFO] [stdout] test jobstore::tests::generate_job_id_returns_fixed_length_hex ... ok
[INFO] [stdout] test jobstore::tests::init_state_writes_deterministic_job_name_on_windows ... ok
[INFO] [stdout] test jobstore::tests::job_dir_create_writes_meta_json ... ok
[INFO] [stdout] test jobstore::tests::job_dir_open_unique_prefix_with_mixed_legacy_and_hash_ids ... ok
[INFO] [stdout] test jobstore::tests::state_json_contains_updated_at ... ok
[INFO] [stdout] test mcp::tests::completion_sink_rejects_unusable_values ... ok
[INFO] [stdout] test compress::util::tests::table_parser_extracts_cells ... ok
[INFO] [stdout] test mcp::tests::only_still_observable_states_can_report_armed_notification ... ok
[INFO] [stdout] test mcp::tests::env_vars_rejects_invalid_keys ... ok
[INFO] [stdout] test mcp::tests::run_params_accept_optional_stdin_fields ... ok
[INFO] [stdout] test mcp::tests::run_params_reject_unknown_fields ... ok
[INFO] [stdout] test mcp::tests::until_seconds_selects_then_caps_requested_value ... ok
[INFO] [stdout] test process::tests::wait_observation_errno_classification ... ok
[INFO] [stdout] test mcp::tests::run_params_accept_optional_completion_sinks ... ok
[INFO] [stdout] test reference::tests::root_reference_parses_a_launch_response_body ... ok
[INFO] [stdout] test reference::tests::root_reference_rejection_never_echoes_the_document ... ok
[INFO] [stdout] test mcp::tests::seconds_rejects_invalid_values ... ok
[INFO] [stdout] test mcp::tests::until_environment_values_are_independently_validated ... ok
[INFO] [stdout] test mcp::tests::stdin_source_maps_mcp_fields_without_caller_stdin ... ok
[INFO] [stdout] test process::tests::wait_observation_invalid_pid ... ok
[INFO] [stdout] test reference::tests::root_reference_accepts_a_document_without_schema_version ... ok
[INFO] [stdout] test reference::tests::root_reference_rejects_incompatible_schema_versions ... ok
[INFO] [stdout] test reference::tests::root_reference_rejects_protocol_wrappers ... ok
[INFO] [stdout] test reference::tests::root_reference_rejects_unsafe_job_ids ... ok
[INFO] [stdout] test reference::tests::root_reference_requires_an_absolute_nonempty_root ... ok
[INFO] [stdout] test jobstore::tests::meta_json_env_keys_only_no_values ... ok
[INFO] [stdout] test reference::tests::root_reference_rejects_malformed_and_non_utf8_input ... ok
[INFO] [stdout] test jobstore::tests::resolve_root_env_var ... ok
[INFO] [stdout] test reference::tests::root_reference_rejects_documents_that_are_not_objects ... ok
[INFO] [stdout] test reference::tests::root_reference_accepts_legacy_ulid_and_current_hex_ids ... ok
[INFO] [stdout] test run::tests::abandon_job_after_nonzero_requires_acknowledgement ... ok
[INFO] [stdout] test run::tests::abandon_job_after_legacy_migration_message_names_both_alternatives ... ok
[INFO] [stdout] test reference::tests::root_reference_ignores_unrelated_fields_without_executing_them ... ok
[INFO] [stdout] test run::tests::explicit_run_stdin_options_win_over_implicit_detection ... ok
[INFO] [stdout] test compress::util::tests::repeated_normalized_log_detector_recognizes_timestamp_varied_errors ... ok
[INFO] [stdout] test run::tests::create_style_resolution_never_captures_stdin_implicitly ... ok
[INFO] [stdout] test run::tests::run_stdin_is_implicit_when_caller_stdin_is_piped ... ok
[INFO] [stdout] test run::tests::rfc3339_epoch ... ok
[INFO] [stdout] test run::tests::rfc3339_known_date ... ok
[INFO] [stdout] test run::tests::rfc3339_parser_accepts_tolerated_utc_spellings ... ok
[INFO] [stdout] test run::tests::rfc3339_parser_rejects_malformed_or_non_utc_input ... ok
[INFO] [stdout] test run::tests::rfc3339_round_trips_through_the_parser ... ok
[INFO] [stdout] test reference::tests::root_reference_requires_a_successful_launch ... ok
[INFO] [stdout] test reference::tests::root_reference_takes_the_last_duplicate_key ... ok
[INFO] [stdout] test run::tests::run_stdin_stays_absent_when_caller_stdin_is_a_tty ... ok
[INFO] [stdout] test schema::tests::abandon_job_after_ms_accepts_equal_dual_written_metadata ... ok
[INFO] [stdout] test schema::tests::abandon_job_after_ms_accepts_legacy_only_metadata ... ok
[INFO] [stdout] test schema::tests::abandon_job_after_ms_accepts_new_only_metadata ... ok
[INFO] [stdout] test schema::tests::abandon_job_after_ms_defaults_to_unlimited_when_both_absent ... ok
[INFO] [stdout] test schema::tests::abandon_job_after_ms_rejects_unequal_dual_fields_with_job_and_values ... ok
[INFO] [stdout] test schema::tests::error_detail_includes_details_when_present ... ok
[INFO] [stdout] test schema::tests::error_detail_omits_details_when_none ... ok
[INFO] [stdout] test schema::tests::notification_status_ignores_output_match_only_configuration ... ok
[INFO] [stdout] test schema::tests::run_data_signal_omitted_duration_present ... ok
[INFO] [stdout] test schema::tests::root_reference_job_not_found_error_names_the_requested_id_and_searched_root ... ok
[INFO] [stdout] test schema::tests::root_reference_job_not_found_error_omits_a_non_utf8_root ... ok
[INFO] [stdout] test schema::tests::root_reference_job_not_found_error_omits_an_absent_root ... ok
[INFO] [stdout] test schema::tests::run_data_omits_notification_when_absent ... ok
[INFO] [stdout] test schema::tests::run_data_roundtrip_with_all_fields ... ok
[INFO] [stdout] test schema::tests::run_data_signal_and_duration_omitted_when_none ... ok
[INFO] [stdout] test jobstore::tests::generate_job_id_retries_when_collision_exists ... ok
[INFO] [stdout] test schema::tests::wait_data_terminal_with_progress_hints ... ok
[INFO] [stdout] test serve::tests::exec_request_captures_legacy_launch_inputs_for_migration_errors ... ok
[INFO] [stdout] test serve::tests::exec_request_defaults_when_omitted ... ok
[INFO] [stdout] test serve::tests::exec_request_deserializes_new_fields ... ok
[INFO] [stdout] test schema::tests::run_data_signal_and_duration_present_when_set ... ok
[INFO] [stdout] test schema::tests::wait_data_roundtrip ... ok
[INFO] [stdout] test schema::tests::wait_data_progress_hints_present_when_set ... ok
[INFO] [stdout] test schema::tests::wait_data_omits_only_optional_fields ... ok
[INFO] [stdout] test serve::tests::test_error_json_structure ... ok
[INFO] [stdout] test serve::tests::test_is_loopback_ipv4_127_range ... ok
[INFO] [stdout] test serve::tests::test_is_loopback_ipv4_localhost ... ok
[INFO] [stdout] test serve::tests::test_not_loopback_ipv6_all ... ok
[INFO] [stdout] test serve::tests::test_not_loopback_wildcard ... ok
[INFO] [stdout] test status::tests::elapsed_ms_is_omitted_for_terminal_state ... ok
[INFO] [stdout] test status::tests::elapsed_ms_is_omitted_without_started_at ... ok
[INFO] [stdout] test status::tests::elapsed_ms_never_goes_negative_for_clock_skew ... ok
[INFO] [stdout] test schema::tests::notification_status_arms_only_on_persisted_completion_sinks ... ok
[INFO] [stdout] test status::tests::process_alive_is_omitted_for_created_state ... ok
[INFO] [stdout] test serve::tests::test_auth_middleware_no_token_configured ... ok
[INFO] [stdout] test serve::tests::test_auth_middleware_non_bearer_scheme ... ok
[INFO] [stdout] test status::tests::process_alive_is_omitted_for_terminal_state ... ok
[INFO] [stdout] test serve::tests::test_auth_middleware_valid_token ... ok
[INFO] [stdout] test serve::tests::test_auth_middleware_wrong_token ... ok
[INFO] [stdout] test wait::tests::wait_observation_final_read_precedence ... ok
[INFO] [stdout] test serve::tests::test_auth_middleware_missing_token ... ok
[INFO] [stdout] test wait::tests::wait_observation_streak_resets ... ok
[INFO] [stdout] test wait::tests::wait_observation_threshold_boundaries ... ok
[INFO] [stdout] test serve::tests::test_is_loopback_ipv6 ... ok
[INFO] [stdout] test serve::tests::test_not_loopback_external ... ok
[INFO] [stdout] test status::tests::elapsed_ms_is_response_time_minus_started_at ... ok
[INFO] [stdout] test status::tests::process_alive_is_false_when_running_record_has_no_pid ... ok
[INFO] [stdout] test jobstore::tests::state_json_atomic_write_no_corruption ... ok
[INFO] [stdout] test compress::tests::logs_mode_deduplicates_lines ... ok
[INFO] [stdout] test run::tests::abandon_job_after_zero_needs_no_acknowledgement ... ok
[INFO] [stdout] test reference::tests::root_reference_rejects_oversized_documents ... ok
[INFO] [stdout] test reference::tests::root_reference_reads_a_document_at_the_size_limit ... ok
[INFO] [stdout] 
[INFO] [stdout] test result: ok. 232 passed; 0 failed; 0 ignored; 0 measured; 0 filtered out; finished in 0.21s
[INFO] [stdout] 
[INFO] [stderr]      Running unittests src/main.rs (/opt/rustwide/target/release/deps/agent_exec-0da3141bca713e47)
[INFO] [stdout] 
[INFO] [stdout] running 2 tests
[INFO] [stdout] test tests::list_default_limit_is_50 ... ok
[INFO] [stdout] test tests::list_explicit_zero_means_no_limit ... ok
[INFO] [stdout] 
[INFO] [stdout] test result: ok. 2 passed; 0 failed; 0 ignored; 0 measured; 0 filtered out; finished in 0.00s
[INFO] [stdout] 
[INFO] [stderr]      Running unittests tests/fixtures/embedded_consumer.rs (/opt/rustwide/target/release/deps/agent_exec_embedded_consumer-c46441e08cb6d911)
[INFO] [stdout] 
[INFO] [stdout] running 0 tests
[INFO] [stdout] 
[INFO] [stdout] test result: ok. 0 passed; 0 failed; 0 ignored; 0 measured; 0 filtered out; finished in 0.00s
[INFO] [stdout] 
[INFO] [stderr]      Running tests/embedded_consumer.rs (/opt/rustwide/target/release/deps/embedded_consumer-848baec5c4847f08)
[INFO] [stdout] 
[INFO] [stdout] running 20 tests
[INFO] [stdout] test mutable_abandonment_embedded_unknown_job_is_a_job_domain_error ... ok
[INFO] [stdout] test client_exposes_its_explicit_root_and_supervisor_executable ... ok
[INFO] [stdout] test documented_minimal_consumer_compiles ... ok
[INFO] [stdout] test in_process_delegation_leaves_ordinary_arguments_alone ... ok
[INFO] [stdout] test late_supervisor_acknowledgement_cannot_resurrect_a_failed_launch ... ok
[INFO] [stdout] test malformed_reserved_invocations_fail_closed_in_a_real_consumer ... ok
[INFO] [stdout] test separate_consumer_manages_a_job_that_outlives_the_launching_process ... ok
[INFO] [stdout] test embedded_errors_are_machine_classifiable ... ok
[INFO] [stdout] test mutable_abandonment_embedded_set_reports_the_committed_revision ... ok
[INFO] [stdout] test no_wait_launch_returns_an_acknowledged_running_job ... ok
[INFO] [stdout] test mutable_abandonment_embedded_set_requires_acknowledgement ... ok
[INFO] [stdout] test ordinary_consumer_invocations_are_untouched_by_delegation ... ok
[INFO] [stdout] test missing_startup_delegation_fails_the_launch_closed ... ok
[INFO] [stdout] test supervisor_that_never_acknowledges_fails_on_the_five_second_deadline ... ok
[INFO] [stdout] test typed_run_observes_bounded_initial_output ... ok
[INFO] [stdout] test unusable_supervisor_executable_fails_the_launch_closed ... ok
[INFO] [stdout] test mutable_abandonment_embedded_rejects_a_legacy_supervisor ... ok
[INFO] [stdout] test typed_list_preserves_limit_truncation_and_state_filtering ... ok
[INFO] [stdout] test mutable_abandonment_embedded_set_abandons_an_unlimited_job ... ok
[INFO] [stdout] test mutable_abandonment_embedded_clear_disables_the_control ... ok
[INFO] [stderr]      Running tests/integration.rs (/opt/rustwide/target/release/deps/integration-343c88371bbebfe4)
[INFO] [stdout] 
[INFO] [stdout] test result: ok. 20 passed; 0 failed; 0 ignored; 0 measured; 0 filtered out; finished in 18.46s
[INFO] [stdout] 
[INFO] [stdout] 
[INFO] [stdout] running 340 tests
[INFO] [stdout] test all_commands_use_schema_version_0_2 ... ok
[INFO] [stdout] test abandon_job_after_public_docs_have_no_live_legacy_launch_syntax ... ok
[INFO] [stdout] test abandon_job_after_dual_writes_equal_persisted_fields_for_downgrade ... ok
[INFO] [stdout] test completions_bash_outputs_nonempty_script ... ok
[INFO] [stdout] test abandon_job_after_legacy_timeout_flag_is_rejected_with_migration_guidance ... ok
[INFO] [stdout] test completions_fish_outputs_nonempty_script ... ok
[INFO] [stdout] test completions_powershell_outputs_nonempty_script ... ok
[INFO] [stdout] test completions_invalid_shell_exits_with_code_2 ... ok
[INFO] [stdout] test abandon_job_after_default_is_unlimited ... ok
[INFO] [stdout] test abandon_job_after_help_leads_with_the_result_loss_warning ... ok
[INFO] [stdout] test abandon_job_after_without_acknowledgement_is_rejected_before_job_creation ... ok
[INFO] [stdout] test completions_zsh_outputs_nonempty_script ... ok
[INFO] [stdout] test abandon_job_after_unequal_persisted_fields_fail_closed ... ok
[INFO] [stdout] test argv_mode_completion_aligns_with_workload_boundary_issue5_regression ... ok
[INFO] [stdout] test argv_mode_exec_handoff_completes ... ok
[INFO] [stdout] test abandon_job_after_markers_are_absent_when_the_limit_never_fires ... ok
[INFO] [stdout] test compression_expansion_guard_suppresses_ndjson_tail_payload ... ok
[INFO] [stdout] test ambiguous_prefix_returns_error ... ok
[INFO] [stdout] test compression_default_route_and_off_preserve_raw_fields ... ok
[INFO] [stdout] test compression_config_default_and_cli_precedence ... ok
[INFO] [stdout] test compression_json_expansion_guard ... ok
[INFO] [stdout] test compression_route_preserves_single_error_as_errors ... ok
[INFO] [stdout] test compression_is_wired_for_start_restart_and_tail ... ok
[INFO] [stdout] test compression_git_diff_summarizes_files_hunks_and_keeps_raw_stdout ... ok
[INFO] [stdout] test compression_git_log_stat_is_smaller_and_preserves_commits ... ok
[INFO] [stdout] test compression_git_small_output_uses_expansion_guard_and_preserves_raw ... ok
[INFO] [stdout] test compression_modes_have_behavior_for_errors_logs_and_json ... ok
[INFO] [stdout] test compression_route_small_cargo_version_like_output_is_guarded ... ok
[INFO] [stdout] test compression_schema_and_help_list_modes_without_auto ... ok
[INFO] [stdout] test compression_route_boundary_pairs_output_shape_with_matching_summarizer ... ok
[INFO] [stdout] test conflux_on_merged_hook_bumps_patch_without_release ... ok
[INFO] [stdout] test compression_rtk_alias_and_conflict_behaviour ... ok
[INFO] [stdout] test compression_smaller_output_still_applies ... ok
[INFO] [stdout] test create_help_documents_explicit_only_stdin ... ok
[INFO] [stdout] test compression_route_classifies_timestamp_varied_repeated_error_logs_as_logs ... ok
[INFO] [stdout] test create_no_tags_persists_empty_array ... ok
[INFO] [stdout] test create_does_not_capture_piped_stdin_implicitly ... ok
[INFO] [stdout] test abandon_job_after_emits_markers_in_the_completion_event ... ok
[INFO] [stdout] test compression_expansion_guard_applies_per_stream ... ok
[INFO] [stdout] test abandon_job_after_legacy_only_metadata_still_starts_and_abandons ... ok
[INFO] [stdout] test create_tag_deduplication ... ok
[INFO] [stdout] test abandon_job_after_until_expiry_leaves_the_job_running ... ok
[INFO] [stdout] test compression_cargo_test_synthetic_fixture_keeps_failure_detail ... ok
[INFO] [stdout] test compression_route_reports_search_and_docker_logs_detected_kinds ... ok
[INFO] [stdout] test create_notify_command_persisted_same_shape_as_run ... ok
[INFO] [stdout] test abandon_job_after_terminates_child ... ok
[INFO] [stdout] test create_tag_persisted_same_shape_as_run ... ok
[INFO] [stdout] test create_does_not_trigger_notification_side_effects ... ok
[INFO] [stdout] test create_output_pattern_persisted_same_shape_as_run ... ok
[INFO] [stdout] test create_start_reuses_stdin_definition ... ok
[INFO] [stdout] test delete_nonexistent_job_returns_job_not_found ... ok
[INFO] [stdout] test abandon_job_after_marks_actual_abandonment_in_state_status_and_list ... ok
[INFO] [stdout] test delete_all_skips_terminal_state_with_live_pid ... ok
[INFO] [stdout] test delete_all_deleted_action_implies_directories_absent ... ok
[INFO] [stdout] test delete_all_response_includes_cwd_scope ... ok
[INFO] [stdout] test delete_dry_run_single_preserves_directory ... ok
[INFO] [stdout] test create_with_stdin_dash_materializes_input_for_later_start ... ok
[INFO] [stdout] test documented_schema_version_examples_track_schema_version ... ok
[INFO] [stdout] test delete_all_dry_run_preserves_directories ... ok
[INFO] [stdout] test error_response_has_retryable_field ... ok
[INFO] [stdout] test gc_custom_older_than_flag_reported ... ok
[INFO] [stdout] test gc_deleted_action_implies_directory_absent_and_categorises_skips ... ok
[INFO] [stdout] test gc_dry_run_preserves_directories ... ok
[INFO] [stdout] test gc_empty_root_returns_ok ... ok
[INFO] [stdout] test delete_single_response_omits_cwd_scope ... ok
[INFO] [stdout] test gc_deletes_only_terminal_jobs ... ok
[INFO] [stdout] test gc_skips_unreadable_state ... ok
[INFO] [stdout] test gc_skips_jobs_without_gc_timestamp ... ok
[INFO] [stdout] test compression_system_log_json_env_route_preserves_raw_and_compresses ... ok
[INFO] [stdout] test gc_supports_max_bytes_policy ... ok
[INFO] [stdout] test global_root_flag_gc ... ok
[INFO] [stdout] test gc_uses_default_30d_window ... ok
[INFO] [stdout] test delete_prefix_resolves_unique_match ... ok
[INFO] [stdout] test delete_all_scopes_to_current_cwd ... ok
[INFO] [stdout] test delete_single_removes_finished_job ... ok
[INFO] [stdout] test hermes_notify_hook_reference_has_no_hermes_notify_code_block ... ok
[INFO] [stdout] test delete_single_deleted_action_implies_directory_absent ... ok
[INFO] [stdout] test gc_supports_max_jobs_policy ... ok
[INFO] [stderr] hermes-notify-hook: HERMES_NOTIFY_TARGET is required (platform:chat_id[:thread_id])
[INFO] [stderr] hermes-notify-hook: set it inside notify_command; managed-child --env does not reach this hook
[INFO] [stdout] test hermes_notify_hook_requires_explicit_target ... ok
[INFO] [stderr] hermes-notify-hook: hermes binary not found
[INFO] [stdout] test hermes_notify_hook_fails_closed_without_hermes_binary ... ok
[INFO] [stdout] test hermes_notify_hook_sends_via_hermes_send_with_exact_argv ... ok
[INFO] [stdout] test inherit_env_and_no_inherit_env_are_mutually_exclusive ... ok
[INFO] [stdout] test install_skills_claude_global_succeeds ... ok
[INFO] [stdout] test install_skills_without_claude_uses_agents ... ok
[INFO] [stdout] test install_skills_claude_local_succeeds ... ok
[INFO] [stdout] test install_skills_embedded_source_succeeds ... ok
[INFO] [stdout] test install_skills_repeated_install_updates_single_lock_entry ... ok
[INFO] [stdout] test invalid_subcommand_exits_with_code_2 ... ok
[INFO] [stdout] test global_root_flag_list ... ok
[INFO] [stdout] test global_root_flag_run ... ok
[INFO] [stdout] test global_root_flag_takes_precedence_over_env ... ok
[INFO] [stdout] test kill_error_for_unknown_job ... ok
[INFO] [stdout] test kill_signal_non_listed_value_accepted_by_clap ... ok
[INFO] [stdout] test list_all_and_cwd_conflict_exits_with_code_2 ... ok
[INFO] [stdout] test delete_ambiguous_prefix_returns_error ... ok
[INFO] [stdout] test list_default_limit_truncates_at_50 ... ok
[INFO] [stdout] test full_log_has_timestamp_and_stream_tags ... ok
[INFO] [stdout] test json_default_still_works_without_yaml_flag ... ok
[INFO] [stdout] test global_root_flag_status ... ok
[INFO] [stdout] test list_invalid_tag_pattern_rejected ... ok
[INFO] [stdout] test list_includes_short_job_id ... ok
[INFO] [stdout] test list_cwd_flag_filters_by_specified_directory ... ok
[INFO] [stdout] test list_jobs_include_command ... ok
[INFO] [stdout] test list_limit_zero_returns_all ... ok
[INFO] [stdout] test list_default_filters_by_caller_cwd ... ok
[INFO] [stdout] test compression_route_reports_language_detected_kinds_for_real_commands ... ok
[INFO] [stdout] test list_all_flag_disables_cwd_filter ... ok
[INFO] [stdout] test list_returns_empty_when_root_does_not_exist ... ok
[INFO] [stdout] test list_response_contains_root_field ... ok
[INFO] [stdout] test list_jobs_include_tags ... ok
[INFO] [stdout] test list_state_invalid_value_exits_with_code_2 ... ok
[INFO] [stdout] test abandon_job_after_restart_applies_persisted_limit ... ok
[INFO] [stdout] test list_exact_tag_filter ... ok
[INFO] [stdout] test list_skips_invalid_directories ... ok
[INFO] [stdout] test list_tag_filter_composes_with_cwd ... ok
[INFO] [stdout] test mutable_abandonment_cli_help_documents_the_destructive_boundary ... ok
[INFO] [stdout] test compression_route_reports_specific_detected_kinds ... ok
[INFO] [stdout] test list_returns_jobs_sorted_by_started_at_desc ... ok
[INFO] [stdout] test list_prefix_tag_filter ... ok
[INFO] [stdout] test mask_replaces_env_var_value_with_stars ... ok
[INFO] [stdout] test list_limit_truncates_result ... ok
[INFO] [stdout] test mutable_abandonment_legacy_supervisor_rejects_set_and_clear ... ok
[INFO] [stdout] test mutable_abandonment_fixed_lock_file_survives_a_crashed_holder ... ok
[INFO] [stdout] test mutable_abandonment_concurrent_updaters_return_ordered_revisions ... ok
[INFO] [stdout] test mutable_abandonment_responses_validate_against_the_checked_in_schema ... ok
[INFO] [stdout] test mutable_abandonment_rejects_created_and_terminal_jobs ... ok
[INFO] [stdout] test list_multiple_tag_filters_and_semantics ... ok
[INFO] [stdout] test mutable_abandonment_restart_rearms_a_launch_configured_control ... ok
[INFO] [stdout] test mutable_abandonment_set_requires_result_loss_acknowledgement ... ok
[INFO] [stdout] test mutable_abandonment_restart_resumes_a_triggered_transition ... ok
[INFO] [stdout] test mutable_abandonment_status_reports_the_effective_control ... ok
[INFO] [stdout] test mutable_abandonment_supervisor_authors_a_control_record_before_running ... ok
[INFO] [stdout] test mutable_abandonment_status_validates_against_the_checked_in_schema ... ok
[INFO] [stdout] test mutable_abandonment_unknown_job_is_a_job_domain_error ... ok
[INFO] [stdout] test mutable_abandonment_trigger_wins_against_a_later_update ... ok
[INFO] [stdout] test mutable_abandonment_synchronizes_downgrade_metadata ... ok
[INFO] [stdout] test notify_failure_does_not_change_job_state ... ok
[INFO] [stdout] test notify_command_sink_receives_event_via_stdin ... ok
[INFO] [stdout] test notify_set_completion_and_output_match_coexist ... ok
[INFO] [stdout] test mutable_abandonment_shortens_a_launch_configured_deadline ... ok
[INFO] [stdout] test notify_set_missing_job_returns_job_not_found ... ok
[INFO] [stdout] test notify_set_output_match_missing_job_returns_job_not_found ... ok
[INFO] [stdout] test notify_file_sink_appends_ndjson_on_job_finish ... ok
[INFO] [stdout] test mutable_abandonment_unlimited_job_observes_a_newly_set_deadline ... ok
[INFO] [stdout] test notify_set_output_match_regex_type ... ok
[INFO] [stdout] test notify_set_saves_output_match_config ... ok
[INFO] [stdout] test notify_set_preserves_notify_file ... ok
[INFO] [stdout] test mutable_abandonment_supervisor_cannot_signal_without_the_job_lock ... ok
[INFO] [stdout] test notify_set_terminal_job_succeeds_without_executing_command ... ok
[INFO] [stdout] test notify_set_updates_notify_command_in_meta_json ... ok
[INFO] [stdout] test notify_set_output_match_terminal_job_no_delivery ... ok
[INFO] [stdout] test mutable_abandonment_clear_preserves_the_running_workload ... ok
[INFO] [stdout] test mutable_abandonment_extends_a_deadline_before_the_old_one_fires ... ok
[INFO] [stdout] test output_match_no_replay_of_pre_existing_output ... ok
[INFO] [stdout] test output_match_command_sink_fires_on_matching_line ... ok
[INFO] [stdout] test mutable_abandonment_restart_preserves_a_cleared_deadline ... ok
[INFO] [stdout] test notify_set_updated_command_used_at_completion ... ok
[INFO] [stdout] test output_match_file_sink_appends_per_match ... ok
[INFO] [stdout] test prefix_lookup_resolves ... ok
[INFO] [stdout] test output_match_notification_events_ndjson_written ... ok
[INFO] [stdout] test prefix_lookup_works_with_mixed_hash_and_legacy_ids ... ok
[INFO] [stdout] test output_match_regex_pattern_fires_on_match ... ok
[INFO] [stdout] test ps_does_not_expose_state_flag ... ok
[INFO] [stdout] test ps_excludes_stale_running_job_with_dead_pid ... ok
[INFO] [stdout] test mutable_abandonment_restart_preserves_an_updated_deadline ... ok
[INFO] [stdout] test release_macos_checksum_verifies_after_download ... ignored, heavy: builds the release binary and packages an archive
[INFO] [stdout] test output_match_sink_failure_does_not_change_job_state ... ok
[INFO] [stdout] test restart_help_documents_flags ... ok
[INFO] [stdout] test restart_created_job_behaves_like_start ... ok
[INFO] [stdout] test restart_preserves_metadata_env_mask_and_stdin ... ok
[INFO] [stdout] test output_match_stream_stderr_only ... ok
[INFO] [stdout] test restart_response_fields_and_no_wait_contract ... ok
[INFO] [stdout] test restart_resets_logs_and_completion_event ... ok
[INFO] [stdout] test restart_unknown_job_returns_stable_json_error ... ok
[INFO] [stdout] test output_match_near_future_line_triggers_delivery ... ok
[INFO] [stdout] test restart_terminal_job_preserves_job_id_and_directory ... ok
[INFO] [stdout] test restart_running_job_terminates_old_process_and_launches_replacement ... ok
[INFO] [stdout] test rm_alias_deletes_finished_job ... ok
[INFO] [stdout] test progress_every_supervise_stops_after_child_exits ... ok
[INFO] [stdout] test root_reference_absolutizes_a_relative_root_against_the_caller_cwd ... ok
[INFO] [stdout] test root_reference_keeps_old_launch_responses_deserializable ... ok
[INFO] [stdout] test rm_alias_dry_run_all_matches_delete ... ok
[INFO] [stdout] test root_reference_absence_never_falls_back_or_matches_a_prefix ... ok
[INFO] [stdout] test restart_with_old_terminal_job_keeps_target_inspectable ... ok
[INFO] [stdout] test root_reference_missing_job_diagnostics_report_the_searched_root ... ok
[INFO] [stdout] test delete_all_distinguishes_out_of_scope_from_in_scope_skipped ... ok
[INFO] [stdout] test root_reference_schema_and_docs_declare_version_0_4 ... ok
[INFO] [stdout] test delete_running_job_returns_invalid_state ... ok
[INFO] [stdout] test root_reference_parent_root_failure_reports_the_parent_without_searching_children ... ok
[INFO] [stdout] test delete_all_skips_running_and_created_jobs ... ok
[INFO] [stdout] test root_reference_selector_conflicts_are_usage_errors ... ok
[INFO] [stdout] test root_reference_wait_help_documents_the_reference_input ... ok
[INFO] [stdout] test root_reference_invalid_documents_are_rejected_without_echoing_input ... ok
[INFO] [stdout] test root_reference_launch_builders_publish_the_absolute_root ... ok
[INFO] [stdout] test run_accepts_max_bytes_flag ... ok
[INFO] [stdout] test kill_no_wait_returns_legacy_shape ... ok
[INFO] [stdout] test run_accepts_wait_bool_forms_for_backward_compatibility ... ok
[INFO] [stdout] test run_accepts_wait_flag ... ok
[INFO] [stdout] test kill_returns_json ... ok
[INFO] [stdout] test kill_observes_terminal_state ... ok
[INFO] [stdout] test list_filters_by_state_running ... ok
[INFO] [stdout] test run_creates_all_log_files_immediately ... ok
[INFO] [stdout] test run_and_create_persist_representative_definition_metadata ... ok
[INFO] [stdout] test run_auto_gc_deletes_old_terminal_job_by_default ... ok
[INFO] [stdout] test run_help_documents_implicit_piped_stdin ... ok
[INFO] [stdout] test run_implicit_stdin_respects_stdin_max_bytes ... ok
[INFO] [stdout] test run_and_create_persist_same_stdin_meta_shape ... ok
[INFO] [stdout] test run_creates_full_log ... ok
[INFO] [stdout] test root_reference_mcp_launch_handoff_binds_to_the_producing_root ... ok
[INFO] [stdout] test run_forwards_piped_stdin_without_explicit_option ... ok
[INFO] [stdout] test run_inline_includes_signal_on_signal_terminated_exit ... ok
[INFO] [stdout] test run_explicit_stdin_takes_precedence_over_piped_input ... ok
[INFO] [stdout] test run_invalid_tag_is_rejected ... ok
[INFO] [stdout] test run_inline_returns_exit_code_and_duration_ms_on_short_exit ... ok
[INFO] [stdout] test run_includes_elapsed_ms_log_paths_and_inline_metrics ... ok
[INFO] [stdout] test run_explicit_stdin_file_takes_precedence_over_piped_input ... ok
[INFO] [stdout] test run_no_tags_returns_empty_array ... ok
[INFO] [stdout] test run_no_auto_gc_opt_out_preserves_old_terminal_job ... ok
[INFO] [stdout] test run_json_response_includes_masked_env_vars ... ok
[INFO] [stdout] test root_reference_wait_from_json_file_ignores_environment_and_cwd ... ok
[INFO] [stdout] test run_rejects_removed_tail_lines_flag ... ok
[INFO] [stdout] test root_reference_preserves_positional_id_and_observation_behaviour ... ok
[INFO] [stdout] test run_rejects_removed_snapshot_after_flag ... ok
[INFO] [stdout] test root_reference_wait_from_json_stdin_accepts_the_mcp_text_body ... ok
[INFO] [stdout] test run_env_var_is_applied ... ok
[INFO] [stdout] test run_stdin_dash_with_tty_like_stdin_fails_fast ... ok
[INFO] [stdout] test run_returns_inline_payload_without_legacy_snapshot_fields ... ok
[INFO] [stdout] test run_preserves_child_bare_wait_argument ... ok
[INFO] [stdout] test run_log_path_override ... ok
[INFO] [stdout] test run_returns_json_with_job_id ... ok
[INFO] [stdout] test run_tag_appears_in_response ... ok
[INFO] [stdout] test run_stdin_dash_pipe_materialized_and_visible_in_meta ... ok
[INFO] [stdout] test run_tag_deduplication ... ok
[INFO] [stdout] test run_no_inherit_env_clears_env ... ok
[INFO] [stdout] test run_wildcard_tag_is_rejected ... ok
[INFO] [stdout] test schema_command_matches_checked_in_schema ... ok
[INFO] [stdout] test schema_response_has_generated_at ... ok
[INFO] [stdout] test run_with_tty_stdin_and_no_stdin_option_does_not_read_terminal ... ok
[INFO] [stdout] test run_start_response_uses_inline_output_fields ... ok
[INFO] [stdout] test schema_stdout_is_single_json_object ... ok
[INFO] [stdout] test schema_response_has_schema_object ... ok
[INFO] [stdout] test schema_returns_json_envelope ... ok
[INFO] [stdout] test schema_response_has_schema_format ... ok
[INFO] [stdout] test run_tag_persisted_in_meta ... ok
[INFO] [stdout] test schema_wait_response_matches_wait_output_contract ... ok
[INFO] [stdout] test run_stdin_file_uses_materialized_copy ... ok
[INFO] [stdout] test run_with_double_dash_separator ... ok
[INFO] [stdout] test run_without_stdin_keeps_null_stdin_behavior ... ok
[INFO] [stdout] test run_stdin_inline_preserves_exact_bytes ... ok
[INFO] [stdout] test shell_wrapper_invalid_config_file_fails ... ok
[INFO] [stdout] test run_inline_omits_completion_fields_for_long_jobs ... ok
[INFO] [stdout] test shell_wrapper_argv_fidelity_across_run_supervise ... ok
[INFO] [stdout] test shell_wrapper_applied_to_run_command_string ... ok
[INFO] [stdout] test shell_string_mode_preserved_after_argv_change ... ok
[INFO] [stdout] test start_rejects_removed_snapshot_after_flag ... ok
[INFO] [stdout] test start_accepts_wait_bool_forms_for_backward_compatibility ... ok
[INFO] [stdout] test shell_wrapper_default_behavior ... ok
[INFO] [stdout] test shell_wrapper_config_file_override ... ok
[INFO] [stdout] test shell_wrapper_cli_override_with_notify_command ... ok
[INFO] [stdout] test root_reference_supports_unusual_root_paths ... ok
[INFO] [stdout] test shell_wrapper_cli_takes_precedence_over_config ... ok
[INFO] [stdout] test start_accepts_wait_flag ... ok
[INFO] [stdout] test status_does_not_rewrite_state_json ... ok
[INFO] [stdout] test status_missing_logs_report_zero_bytes ... ok
[INFO] [stdout] test shell_wrapper_shared_between_run_and_notify_command ... ok
[INFO] [stdout] test start_uses_tags_persisted_by_create ... ok
[INFO] [stdout] test status_error_for_unknown_job ... ok
[INFO] [stdout] test status_becomes_terminal_when_root_exits_despite_inherited_stdio ... ok
[INFO] [stdout] test status_large_logs_use_bounded_size_observation ... ok
[INFO] [stdout] test status_reports_process_alive_false_for_absent_pid ... ok
[INFO] [stdout] test state_json_required_fields_present_with_null_for_options ... ok
[INFO] [stdout] test status_reports_process_alive_false_for_dead_pid_fixture ... ok
[INFO] [stdout] test start_auto_gc_deletes_old_terminal_job_by_default ... ok
[INFO] [stdout] test status_reports_process_alive_for_live_pid ... ok
[INFO] [stdout] test status_terminal_reports_persisted_duration_ms ... ok
[INFO] [stdout] test status_unknown_job_exits_with_code_1 ... ok
[INFO] [stdout] test stdin_bin_created_with_0o600_permissions ... ok
[INFO] [stdout] test stderr_contains_no_json_envelope ... ok
[INFO] [stdout] test status_reports_log_paths_and_byte_totals ... ok
[INFO] [stdout] test stdin_option_conflict_is_usage_error_for_run_and_create ... ok
[INFO] [stdout] test stdout_is_single_json_object ... ok
[INFO] [stdout] test subcommand_root_flag_compat_gc ... ok
[INFO] [stdout] test status_omits_process_alive_for_terminal_job ... ok
[INFO] [stdout] test stdin_too_large_rejects_oversized_input ... ok
[INFO] [stdout] test status_returns_json_for_existing_job ... ok
[INFO] [stdout] test supervisor_reaping_collects_owned_child_exit_status ... ok
[INFO] [stdout] test subcommand_root_flag_compat_run ... ok
[INFO] [stdout] test subcommand_root_flag_compat_status ... ok
[INFO] [stdout] test supervisor_reaping_neither_blocks_the_launcher_nor_signals_the_child ... ok
[INFO] [stdout] test subcommand_root_flag_compat_list ... ok
[INFO] [stdout] test tag_set_missing_job_returns_job_not_found ... ok
[INFO] [stdout] test tag_set_deduplicates ... ok
[INFO] [stdout] test status_response_validates_against_checked_in_schema ... ok
[INFO] [stdout] test tail_error_for_unknown_job ... ok
[INFO] [stdout] test tag_set_invalid_tag_rejected ... ok
[INFO] [stdout] test status_remains_running_while_root_alive_despite_success_output_post_0_1_10_issue5 ... ok
[INFO] [stdout] test tag_set_preserves_other_meta_fields ... ok
[INFO] [stdout] test tag_set_replaces_tags ... ok
[INFO] [stdout] test test_completions_fish_outputs_nonempty_script ... ok
[INFO] [stdout] test tag_set_clears_tags ... ok
[INFO] [stdout] test test_completions_bash_outputs_nonempty_script ... ok
[INFO] [stdout] test test_completions_powershell_outputs_nonempty_script ... ok
[INFO] [stdout] test test_completions_invalid_shell_exits_with_code_2 ... ok
[INFO] [stdout] test test_completions_zsh_outputs_nonempty_script ... ok
[INFO] [stdout] test tail_returns_json_with_encoding ... ok
[INFO] [stdout] test test_dynamic_completion_all_jobs_for_status ... ok
[INFO] [stdout] test test_dynamic_completion_empty_when_root_missing ... ok
[INFO] [stdout] test test_dynamic_completion_running_only_for_kill ... ok
[INFO] [stdout] test test_dynamic_completion_excludes_jobs_from_other_cwd ... ok
[INFO] [stdout] test status_omits_env_values_and_stdin_content ... ok
[INFO] [stdout] test test_dynamic_completion_with_root_arg_returns_jobs_from_that_path ... ok
[INFO] [stdout] test version_flag_prints_version_and_exits_zero ... ok
[INFO] [stdout] test wait_error_for_unknown_job ... ok
[INFO] [stdout] test tail_includes_log_paths_and_bytes_metrics ... ok
[INFO] [stdout] test wait_rejects_legacy_timeout_ms_alias ... ok
[INFO] [stdout] test wait_forever_waits_until_terminal ... ok
[INFO] [stdout] test tail_range_reflects_slice_when_over_limit ... ok
[INFO] [stdout] test wait_returns_json_after_job_finishes ... ok
[INFO] [stdout] test start_uses_output_match_notification_persisted_by_create ... ok
[INFO] [stdout] test wait_terminal_returns_progress_hints ... ok
[INFO] [stdout] test yaml_flag_after_subcommand_works ... ok
[INFO] [stdout] test yaml_flag_error_response ... ok
[INFO] [stdout] test yaml_flag_run_envelope_fields ... ok
[INFO] [stdout] test yaml_flag_schema_returns_yaml ... ok
[INFO] [stdout] test yaml_flag_run_returns_yaml ... ok
[INFO] [stdout] test wait_deadline_does_not_return_terminal_state_before_logs_drain ... ok
[INFO] [stdout] test wait_bounds_large_output_and_preserves_full_log ... ok
[INFO] [stdout] test supervise_exits_promptly_after_root_exits_despite_inherited_stdio ... ok
[INFO] [stdout] test wait_returns_output_after_root_process_exits_before_pipe_drain ... ok
[INFO] [stdout] test yaml_flag_status_success ... ok
[INFO] [stdout] test wait_timeout_returns_progress_hints ... ok
[INFO] [stdout] test prefix_lookup_cross_command ... ok
[INFO] [stdout] test run_progress_every_updates_state ... ok
[INFO] [stdout] test ps_returns_only_running_jobs ... ok
[INFO] [stdout] test schema_validates_actual_wait_responses ... ok
[INFO] [stdout] test wait_after_term_returns_drained_output ... ok
[INFO] [stdout] test status_reports_signal_and_logs_drained ... FAILED
[INFO] [stdout] test ps_cwd_flag_scopes_to_directory ... ok
[INFO] [stdout] test ps_all_includes_running_jobs_from_other_cwds ... ok
[INFO] [stdout] test wait_default_until_returns_non_terminal_for_long_running_job ... ok
[INFO] [stderr] error: test failed, to rerun pass `--test integration`
[INFO] [stdout] 
[INFO] [stdout] failures:
[INFO] [stdout] 
[INFO] [stdout] ---- status_reports_signal_and_logs_drained stdout ----
[INFO] [stdout] 
[INFO] [stdout] thread 'status_reports_signal_and_logs_drained' (9319) panicked at tests/integration.rs:9240:5:
[INFO] [stdout] assertion `left == right` failed: kill must terminate the job: {"encoding":"utf-8-lossy","job_id":"0492abde824358aac37c8b33c38f2a97","ok":true,"schema_version":"0.5","state":"running","stderr":"","stderr_range":[0,0],"stderr_total_bytes":0,"stdout":"","stdout_range":[0,0],"stdout_total_bytes":0,"type":"wait","updated_at":"2026-10-18T05:30:56Z"}
[INFO] [stdout]   left: String("running")
[INFO] [stdout]  right: "killed"
[INFO] [stdout] stack backtrace:
[INFO] [stdout]    0:     0x58847f576ec1 - <<std[70759c8f55707aa4]::sys::backtrace::BacktraceLock>::print::DisplayBacktrace as core[df12db4294e9bfd3]::fmt::Display>::fmt
[INFO] [stdout]    1:     0x58847f58f52a - core[df12db4294e9bfd3]::fmt::write
[INFO] [stdout]    2:     0x58847f57c11c - <alloc[2182bb758b4b3781]::vec::Vec<u8> as core[df12db4294e9bfd3]::io::write::Write>::write_fmt
[INFO] [stdout]    3:     0x58847f54cfc6 - std[70759c8f55707aa4]::panicking::default_hook::{closure#0}
[INFO] [stdout]    4:     0x58847f56c239 - std[70759c8f55707aa4]::panicking::default_hook
[INFO] [stdout]    5:     0x58847f4f5a80 - test[9d35eded1c95d3be]::test_main_inner::<test[9d35eded1c95d3be]::test_main_static::{closure#0}>::{closure#0}
[INFO] [stdout]    6:     0x58847f56c562 - std[70759c8f55707aa4]::panicking::panic_with_hook
[INFO] [stdout]    7:     0x58847f54d072 - std[70759c8f55707aa4]::panicking::panic_handler::{closure#0}
[INFO] [stdout]    8:     0x58847f545909 - std[70759c8f55707aa4]::sys::backtrace::__rust_end_short_backtrace::<std[70759c8f55707aa4]::panicking::panic_handler::{closure#0}, !>
[INFO] [stdout]    9:     0x58847f54e0fd - __rustc[8fa7c3cbc660c2b3]::rust_begin_unwind
[INFO] [stdout]   10:     0x58847f58fd0c - core[df12db4294e9bfd3]::panicking::panic_fmt
[INFO] [stdout]   11:     0x58847f58fc83 - core[df12db4294e9bfd3]::panicking::assert_failed_inner
[INFO] [stdout]   12:     0x58847f00bd1a - core[df12db4294e9bfd3]::panicking::assert_failed::<serde_json[194897e8a9ba4af]::value::Value, &str>
[INFO] [stdout]   13:     0x58847ef93b1e - <integration[7e4012097a3936b]::status_reports_signal_and_logs_drained::{closure#0} as core[df12db4294e9bfd3]::ops::function::FnOnce<()>>::call_once
[INFO] [stdout]   14:     0x58847f4e8d6b - test[9d35eded1c95d3be]::__rust_begin_short_backtrace::<core[df12db4294e9bfd3]::result::Result<(), alloc[2182bb758b4b3781]::string::String>, fn() -> core[df12db4294e9bfd3]::result::Result<(), alloc[2182bb758b4b3781]::string::String>>
[INFO] [stdout]   15:     0x58847f4f63d5 - test[9d35eded1c95d3be]::run_test::{closure#0}
[INFO] [stdout]   16:     0x58847f4efc94 - std[70759c8f55707aa4]::sys::backtrace::__rust_begin_short_backtrace::<test[9d35eded1c95d3be]::run_test::{closure#1}, ()>
[INFO] [stdout]   17:     0x58847f4f9532 - <std[70759c8f55707aa4]::thread::lifecycle::spawn_unchecked<test[9d35eded1c95d3be]::run_test::{closure#1}, ()>::{closure#1} as core[df12db4294e9bfd3]::ops::function::FnOnce<()>>::call_once::{shim:vtable#0}
[INFO] [stdout]   18:     0x58847f575aa9 - <std[70759c8f55707aa4]::sys::thread::unix::Thread>::new::thread_start
[INFO] [stdout]   19:     0x71ce83f6edfa - <unknown>
[INFO] [stdout]   20:     0x71ce840023d4 - clone
[INFO] [stdout]   21:                0x0 - <unknown>
[INFO] [stdout] 
[INFO] [stdout] 
[INFO] [stdout] failures:
[INFO] [stdout]     status_reports_signal_and_logs_drained
[INFO] [stdout] 
[INFO] [stdout] test result: FAILED. 338 passed; 1 failed; 1 ignored; 0 measured; 0 filtered out; finished in 55.72s
[INFO] [stdout] 
[INFO] running `Command { std: "docker" "inspect" "a5ddf7fd52445d7502bb2a6298ce90a73ed451cd96e9c9b0e48ff18f998ae33f", kill_on_drop: false }`
[INFO] running `Command { std: "docker" "rm" "-f" "a5ddf7fd52445d7502bb2a6298ce90a73ed451cd96e9c9b0e48ff18f998ae33f", kill_on_drop: false }`
[INFO] [stdout] a5ddf7fd52445d7502bb2a6298ce90a73ed451cd96e9c9b0e48ff18f998ae33f
