[INFO] cloning repository https://github.com/timfjord/any_test
[INFO] running `Command { std: "git" "-c" "credential.helper=" "-c" "credential.helper=/workspace/cargo-home/bin/git-credential-null" "clone" "--bare" "https://github.com/timfjord/any_test" "/workspace/cache/git-repos/https%3A%2F%2Fgithub.com%2Ftimfjord%2Fany_test", kill_on_drop: false }`
[INFO] [stderr] Cloning into bare repository '/workspace/cache/git-repos/https%3A%2F%2Fgithub.com%2Ftimfjord%2Fany_test'...
[INFO] running `Command { std: "git" "rev-parse" "HEAD", kill_on_drop: false }`
[INFO] [stdout] 76ca893ada7271614fb2db6a4791e74e81d8e31a
[INFO] testing timfjord/any_test against 1.99.0-beta.8+cargoflags=--release for beta-release-1.100-2
[INFO] running `Command { std: "git" "clone" "/workspace/cache/git-repos/https%3A%2F%2Fgithub.com%2Ftimfjord%2Fany_test" "/workspace/builds/worker-7-tc1/source", kill_on_drop: false }`
[INFO] [stderr] Cloning into '/workspace/builds/worker-7-tc1/source'...
[INFO] [stderr] done.
[INFO] started tweaking git repo https://github.com/timfjord/any_test
[INFO] finished tweaking git repo https://github.com/timfjord/any_test
[INFO] tweaked toml for git repo https://github.com/timfjord/any_test written to /workspace/builds/worker-7-tc1/source/Cargo.toml
[INFO] validating manifest of git repo https://github.com/timfjord/any_test on toolchain 1.99.0-beta.8
[INFO] running `Command { std: CARGO_HOME="/workspace/cargo-home" RUSTUP_HOME="/workspace/rustup-home" "/workspace/cargo-home/bin/cargo" "+1.99.0-beta.8" "metadata" "--manifest-path" "Cargo.toml" "--no-deps", kill_on_drop: false }`
[INFO] crate git repo https://github.com/timfjord/any_test already has a lockfile, it will not be regenerated
[INFO] running `Command { std: CARGO_HOME="/workspace/cargo-home" RUSTUP_HOME="/workspace/rustup-home" "/workspace/cargo-home/bin/cargo" "+1.99.0-beta.8" "fetch" "--manifest-path" "Cargo.toml", kill_on_drop: false }`
[INFO] [stderr]     Updating crates.io index
[INFO] [stderr]  Downloading crates ...
[INFO] [stderr]   Downloaded rev_buf_reader v0.3.0
[INFO] [stderr]   Downloaded which v6.0.1
[INFO] [stderr]   Downloaded home v0.5.9
[INFO] [stderr]   Downloaded smart-default v0.7.1
[INFO] [stderr]   Downloaded strsim v0.11.0
[INFO] [stderr]   Downloaded winsafe v0.0.19
[INFO] running `Command { std: "docker" "create" "-v" "/var/lib/crater-agent-workspace/builds/worker-7-tc1/source:/opt/rustwide/workdir:ro,Z" "-v" "/var/lib/crater-agent-workspace/builds/worker-7-tc1/target:/opt/rustwide/target:rw,Z" "-v" "/var/lib/crater-agent-workspace/cargo-home:/opt/rustwide/cargo-home:ro,Z" "-v" "/var/lib/crater-agent-workspace/rustup-home:/opt/rustwide/rustup-home:ro,Z" "-m" "1610612736" "--network" "none" "ghcr.io/rust-lang/crates-build-env/linux@sha256:77db811e55d90add9212f6832c23229e3de5f1c1f9905e8cb07319ea15df73ac" "sleep" "infinity", kill_on_drop: false }`
[INFO] [stdout] 50c69b0ad216e0eff725f7aadba8bf0e38fd9733715c67d4d3b479db7fab03f2
[INFO] running `Command { std: "docker" "start" "50c69b0ad216e0eff725f7aadba8bf0e38fd9733715c67d4d3b479db7fab03f2", kill_on_drop: false }`
[INFO] running `Command { std: "docker" "inspect" "50c69b0ad216e0eff725f7aadba8bf0e38fd9733715c67d4d3b479db7fab03f2", kill_on_drop: false }`
[INFO] running `Command { std: "docker" "exec" "-e" "SOURCE_DIR=/opt/rustwide/workdir" "-e" "CARGO_HOME=/opt/rustwide/cargo-home" "-e" "RUSTUP_HOME=/opt/rustwide/rustup-home" "-e" "CARGO_TARGET_DIR=/opt/rustwide/target" "-w" "/opt/rustwide/workdir" "--user" "0:0" "50c69b0ad216e0eff725f7aadba8bf0e38fd9733715c67d4d3b479db7fab03f2" "/opt/rustwide/cargo-home/bin/cargo" "+1.99.0-beta.8" "metadata" "--no-deps" "--format-version=1", kill_on_drop: false }`
[INFO] running `Command { std: "docker" "inspect" "50c69b0ad216e0eff725f7aadba8bf0e38fd9733715c67d4d3b479db7fab03f2", kill_on_drop: false }`
[INFO] running `Command { std: "docker" "exec" "-e" "SOURCE_DIR=/opt/rustwide/workdir" "-e" "CARGO_HOME=/opt/rustwide/cargo-home" "-e" "RUSTUP_HOME=/opt/rustwide/rustup-home" "-e" "CARGO_TARGET_DIR=/opt/rustwide/target" "-e" "CARGO_INCREMENTAL=0" "-e" "RUST_BACKTRACE=full" "-e" "RUSTFLAGS=--cap-lints=warn" "-e" "RUSTDOCFLAGS=--cap-lints=warn" "-w" "/opt/rustwide/workdir" "--user" "0:0" "50c69b0ad216e0eff725f7aadba8bf0e38fd9733715c67d4d3b479db7fab03f2" "/opt/rustwide/cargo-home/bin/cargo" "+1.99.0-beta.8" "build" "--frozen" "--message-format=json" "--release", kill_on_drop: false }`
[INFO] [stderr]    Compiling proc-macro2 v1.0.79
[INFO] [stderr]    Compiling unicode-ident v1.0.12
[INFO] [stderr]    Compiling memchr v2.7.2
[INFO] [stderr]    Compiling utf8parse v0.2.1
[INFO] [stderr]    Compiling regex-syntax v0.8.3
[INFO] [stderr]    Compiling anstyle v1.0.6
[INFO] [stderr]    Compiling colorchoice v1.0.0
[INFO] [stderr]    Compiling anstyle-query v1.0.2
[INFO] [stderr]    Compiling rustix v0.38.32
[INFO] [stderr]    Compiling clap_lex v0.7.0
[INFO] [stderr]    Compiling strsim v0.11.0
[INFO] [stderr]    Compiling bitflags v2.5.0
[INFO] [stderr]    Compiling heck v0.5.0
[INFO] [stderr]    Compiling linux-raw-sys v0.4.13
[INFO] [stderr]    Compiling anstyle-parse v0.2.3
[INFO] [stderr]    Compiling either v1.11.0
[INFO] [stderr]    Compiling home v0.5.9
[INFO] [stderr]    Compiling shlex v1.3.0
[INFO] [stderr]    Compiling anstream v0.6.13
[INFO] [stderr]    Compiling log v0.4.21
[INFO] [stderr]    Compiling clap_builder v4.5.2
[INFO] [stderr]    Compiling aho-corasick v1.1.3
[INFO] [stderr]    Compiling quote v1.0.35
[INFO] [stderr]    Compiling syn v2.0.55
[INFO] [stderr]    Compiling rev_buf_reader v0.3.0
[INFO] [stderr]    Compiling regex-automata v0.4.6
[INFO] [stderr]    Compiling which v6.0.1
[INFO] [stderr]    Compiling clap_derive v4.5.4
[INFO] [stderr]    Compiling smart-default v0.7.1
[INFO] [stderr]    Compiling regex v1.10.4
[INFO] [stderr]    Compiling anytest-derive v0.1.0 (/opt/rustwide/workdir/crates/anytest-derive)
[INFO] [stderr]    Compiling clap v4.5.4
[INFO] [stderr]    Compiling anytest v0.1.0 (/opt/rustwide/workdir)
[INFO] [stdout] warning: trait `Language` is never used
[INFO] [stdout]  --> src/language.rs:1:11
[INFO] [stdout]   |
[INFO] [stdout] 1 | pub trait Language {
[INFO] [stdout]   |           ^^^^^^^^
[INFO] [stdout]   |
[INFO] [stdout]   = note: `#[warn(dead_code)]` (part of `#[warn(unused)]`) on by default
[INFO] [stdout] 
[INFO] [stdout] 
[INFO] [stdout] warning: field `language` is never read
[INFO] [stdout]  --> src/registry/elixir/espec.rs:7:5
[INFO] [stdout]   |
[INFO] [stdout] 6 | pub struct ESpec {
[INFO] [stdout]   |            ----- field in this struct
[INFO] [stdout] 7 |     language: Elixir,
[INFO] [stdout]   |     ^^^^^^^^
[INFO] [stdout] 
[INFO] [stdout] 
[INFO] [stdout] warning: field `language` is never read
[INFO] [stdout]   --> src/registry/elixir/exunit.rs:12:5
[INFO] [stdout]    |
[INFO] [stdout] 11 | pub struct ExUnit {
[INFO] [stdout]    |            ------ field in this struct
[INFO] [stdout] 12 |     language: Elixir,
[INFO] [stdout]    |     ^^^^^^^^
[INFO] [stdout] 
[INFO] [stdout] 
[INFO] [stdout] warning: field `language` is never read
[INFO] [stdout]   --> src/registry/javascript/jest.rs:10:5
[INFO] [stdout]    |
[INFO] [stdout]  9 | pub struct Jest {
[INFO] [stdout]    |            ---- field in this struct
[INFO] [stdout] 10 |     language: JavaScript,
[INFO] [stdout]    |     ^^^^^^^^
[INFO] [stdout] 
[INFO] [stdout] 
[INFO] [stdout] warning: field `language` is never read
[INFO] [stdout]   --> src/registry/python/pytest.rs:14:5
[INFO] [stdout]    |
[INFO] [stdout] 13 | pub struct Pytest {
[INFO] [stdout]    |            ------ field in this struct
[INFO] [stdout] 14 |     language: Python,
[INFO] [stdout]    |     ^^^^^^^^
[INFO] [stdout] 
[INFO] [stdout] 
[INFO] [stdout] warning: field `language` is never read
[INFO] [stdout]   --> src/registry/ruby/rspec.rs:10:5
[INFO] [stdout]    |
[INFO] [stdout]  9 | pub struct RSpec {
[INFO] [stdout]    |            ----- field in this struct
[INFO] [stdout] 10 |     language: Ruby,
[INFO] [stdout]    |     ^^^^^^^^
[INFO] [stdout] 
[INFO] [stdout] 
[INFO] [stdout] warning: field `language` is never read
[INFO] [stdout]   --> src/registry/rust/cargotest.rs:15:5
[INFO] [stdout]    |
[INFO] [stdout] 14 | pub struct Cargotest {
[INFO] [stdout]    |            --------- field in this struct
[INFO] [stdout] 15 |     language: Rust,
[INFO] [stdout]    |     ^^^^^^^^
[INFO] [stdout] 
[INFO] [stdout] 
[INFO] [stdout] warning: field `language` is never read
[INFO] [stdout]   --> src/registry/zig/zigtest.rs:10:5
[INFO] [stdout]    |
[INFO] [stdout]  9 | pub struct Zigtest {
[INFO] [stdout]    |            ------- field in this struct
[INFO] [stdout] 10 |     language: Zig,
[INFO] [stdout]    |     ^^^^^^^^
[INFO] [stdout] 
[INFO] [stdout] 
[INFO] [stdout] warning: methods `language`, `language_name`, and `name` are never used
[INFO] [stdout]   --> src/test_framework.rs:8:8
[INFO] [stdout]    |
[INFO] [stdout]  7 | pub trait TestFrameworkMeta {
[INFO] [stdout]    |           ----------------- methods in this trait
[INFO] [stdout]  8 |     fn language(&self) -> &dyn Language;
[INFO] [stdout]    |        ^^^^^^^^
[INFO] [stdout]  9 |
[INFO] [stdout] 10 |     fn language_name(&self) -> &str {
[INFO] [stdout]    |        ^^^^^^^^^^^^^
[INFO] [stdout] ...
[INFO] [stdout] 14 |     fn name(&self) -> &str;
[INFO] [stdout]    |        ^^^^
[INFO] [stdout] 
[INFO] [stdout] 
[INFO] [stderr]     Finished `release` profile [optimized] target(s) in 44.31s
[INFO] running `Command { std: "docker" "inspect" "50c69b0ad216e0eff725f7aadba8bf0e38fd9733715c67d4d3b479db7fab03f2", kill_on_drop: false }`
[INFO] running `Command { std: "docker" "exec" "-e" "SOURCE_DIR=/opt/rustwide/workdir" "-e" "CARGO_HOME=/opt/rustwide/cargo-home" "-e" "RUSTUP_HOME=/opt/rustwide/rustup-home" "-e" "CARGO_TARGET_DIR=/opt/rustwide/target" "-e" "CARGO_INCREMENTAL=0" "-e" "RUST_BACKTRACE=full" "-e" "RUSTFLAGS=--cap-lints=warn" "-e" "RUSTDOCFLAGS=--cap-lints=warn" "-w" "/opt/rustwide/workdir" "--user" "0:0" "50c69b0ad216e0eff725f7aadba8bf0e38fd9733715c67d4d3b479db7fab03f2" "/opt/rustwide/cargo-home/bin/cargo" "+1.99.0-beta.8" "test" "--frozen" "--no-run" "--message-format=json" "--release", kill_on_drop: false }`
[INFO] [stdout] warning: trait `Language` is never used
[INFO] [stdout]  --> src/language.rs:1:11
[INFO] [stdout]   |
[INFO] [stdout] 1 | pub trait Language {
[INFO] [stdout]   |           ^^^^^^^^
[INFO] [stdout]   |
[INFO] [stdout]   = note: `#[warn(dead_code)]` (part of `#[warn(unused)]`) on by default
[INFO] [stdout] 
[INFO] [stdout] 
[INFO] [stdout] warning: field `language` is never read
[INFO] [stdout]  --> src/registry/elixir/espec.rs:7:5
[INFO] [stdout]   |
[INFO] [stdout] 6 | pub struct ESpec {
[INFO] [stdout]   |            ----- field in this struct
[INFO] [stdout] 7 |     language: Elixir,
[INFO] [stdout]   |     ^^^^^^^^
[INFO] [stdout] 
[INFO] [stdout] 
[INFO] [stdout] warning: field `language` is never read
[INFO] [stdout]   --> src/registry/elixir/exunit.rs:12:5
[INFO] [stdout]    |
[INFO] [stdout] 11 | pub struct ExUnit {
[INFO] [stdout]    |            ------ field in this struct
[INFO] [stdout] 12 |     language: Elixir,
[INFO] [stdout]    |     ^^^^^^^^
[INFO] [stdout] 
[INFO] [stdout] 
[INFO] [stdout] warning: field `language` is never read
[INFO] [stdout]   --> src/registry/javascript/jest.rs:10:5
[INFO] [stdout]    |
[INFO] [stdout]  9 | pub struct Jest {
[INFO] [stdout]    |            ---- field in this struct
[INFO] [stdout] 10 |     language: JavaScript,
[INFO] [stdout]    |     ^^^^^^^^
[INFO] [stdout] 
[INFO] [stdout] 
[INFO] [stdout] warning: field `language` is never read
[INFO] [stdout]   --> src/registry/python/pytest.rs:14:5
[INFO] [stdout]    |
[INFO] [stdout] 13 | pub struct Pytest {
[INFO] [stdout]    |            ------ field in this struct
[INFO] [stdout] 14 |     language: Python,
[INFO] [stdout]    |     ^^^^^^^^
[INFO] [stdout] 
[INFO] [stdout] 
[INFO] [stdout] warning: field `language` is never read
[INFO] [stdout]   --> src/registry/ruby/rspec.rs:10:5
[INFO] [stdout]    |
[INFO] [stdout]  9 | pub struct RSpec {
[INFO] [stdout]    |            ----- field in this struct
[INFO] [stdout] 10 |     language: Ruby,
[INFO] [stdout]    |     ^^^^^^^^
[INFO] [stdout] 
[INFO] [stdout] 
[INFO] [stdout] warning: field `language` is never read
[INFO] [stdout]   --> src/registry/rust/cargotest.rs:15:5
[INFO] [stdout]    |
[INFO] [stdout] 14 | pub struct Cargotest {
[INFO] [stdout]    |            --------- field in this struct
[INFO] [stdout] 15 |     language: Rust,
[INFO] [stdout]    |     ^^^^^^^^
[INFO] [stdout] 
[INFO] [stdout] 
[INFO] [stdout] warning: field `language` is never read
[INFO] [stdout]   --> src/registry/zig/zigtest.rs:10:5
[INFO] [stdout]    |
[INFO] [stdout]  9 | pub struct Zigtest {
[INFO] [stdout]    |            ------- field in this struct
[INFO] [stdout] 10 |     language: Zig,
[INFO] [stdout]    |     ^^^^^^^^
[INFO] [stdout] 
[INFO] [stdout] 
[INFO] [stdout] warning: methods `language`, `language_name`, and `name` are never used
[INFO] [stdout]   --> src/test_framework.rs:8:8
[INFO] [stdout]    |
[INFO] [stdout]  7 | pub trait TestFrameworkMeta {
[INFO] [stdout]    |           ----------------- methods in this trait
[INFO] [stdout]  8 |     fn language(&self) -> &dyn Language;
[INFO] [stdout]    |        ^^^^^^^^
[INFO] [stdout]  9 |
[INFO] [stdout] 10 |     fn language_name(&self) -> &str {
[INFO] [stdout]    |        ^^^^^^^^^^^^^
[INFO] [stdout] ...
[INFO] [stdout] 14 |     fn name(&self) -> &str;
[INFO] [stdout]    |        ^^^^
[INFO] [stdout] 
[INFO] [stdout] 
[INFO] [stderr]    Compiling anytest v0.1.0 (/opt/rustwide/workdir)
[INFO] [stdout] warning: trait `Language` is never used
[INFO] [stdout]  --> src/language.rs:1:11
[INFO] [stdout]   |
[INFO] [stdout] 1 | pub trait Language {
[INFO] [stdout]   |           ^^^^^^^^
[INFO] [stdout]   |
[INFO] [stdout]   = note: `#[warn(dead_code)]` (part of `#[warn(unused)]`) on by default
[INFO] [stdout] 
[INFO] [stdout] 
[INFO] [stdout] warning: field `language` is never read
[INFO] [stdout]  --> src/registry/elixir/espec.rs:7:5
[INFO] [stdout]   |
[INFO] [stdout] 6 | pub struct ESpec {
[INFO] [stdout]   |            ----- field in this struct
[INFO] [stdout] 7 |     language: Elixir,
[INFO] [stdout]   |     ^^^^^^^^
[INFO] [stdout] 
[INFO] [stdout] 
[INFO] [stdout] warning: field `language` is never read
[INFO] [stdout]   --> src/registry/elixir/exunit.rs:12:5
[INFO] [stdout]    |
[INFO] [stdout] 11 | pub struct ExUnit {
[INFO] [stdout]    |            ------ field in this struct
[INFO] [stdout] 12 |     language: Elixir,
[INFO] [stdout]    |     ^^^^^^^^
[INFO] [stdout] 
[INFO] [stdout] 
[INFO] [stdout] warning: field `language` is never read
[INFO] [stdout]   --> src/registry/javascript/jest.rs:10:5
[INFO] [stdout]    |
[INFO] [stdout]  9 | pub struct Jest {
[INFO] [stdout]    |            ---- field in this struct
[INFO] [stdout] 10 |     language: JavaScript,
[INFO] [stdout]    |     ^^^^^^^^
[INFO] [stdout] 
[INFO] [stdout] 
[INFO] [stdout] warning: field `language` is never read
[INFO] [stdout]   --> src/registry/python/pytest.rs:14:5
[INFO] [stdout]    |
[INFO] [stdout] 13 | pub struct Pytest {
[INFO] [stdout]    |            ------ field in this struct
[INFO] [stdout] 14 |     language: Python,
[INFO] [stdout]    |     ^^^^^^^^
[INFO] [stdout] 
[INFO] [stdout] 
[INFO] [stdout] warning: field `language` is never read
[INFO] [stdout]   --> src/registry/ruby/rspec.rs:10:5
[INFO] [stdout]    |
[INFO] [stdout]  9 | pub struct RSpec {
[INFO] [stdout]    |            ----- field in this struct
[INFO] [stdout] 10 |     language: Ruby,
[INFO] [stdout]    |     ^^^^^^^^
[INFO] [stdout] 
[INFO] [stdout] 
[INFO] [stdout] warning: field `language` is never read
[INFO] [stdout]   --> src/registry/rust/cargotest.rs:15:5
[INFO] [stdout]    |
[INFO] [stdout] 14 | pub struct Cargotest {
[INFO] [stdout]    |            --------- field in this struct
[INFO] [stdout] 15 |     language: Rust,
[INFO] [stdout]    |     ^^^^^^^^
[INFO] [stdout] 
[INFO] [stdout] 
[INFO] [stdout] warning: field `language` is never read
[INFO] [stdout]   --> src/registry/zig/zigtest.rs:10:5
[INFO] [stdout]    |
[INFO] [stdout]  9 | pub struct Zigtest {
[INFO] [stdout]    |            ------- field in this struct
[INFO] [stdout] 10 |     language: Zig,
[INFO] [stdout]    |     ^^^^^^^^
[INFO] [stdout] 
[INFO] [stdout] 
[INFO] [stdout] warning: methods `language`, `language_name`, and `name` are never used
[INFO] [stdout]   --> src/test_framework.rs:8:8
[INFO] [stdout]    |
[INFO] [stdout]  7 | pub trait TestFrameworkMeta {
[INFO] [stdout]    |           ----------------- methods in this trait
[INFO] [stdout]  8 |     fn language(&self) -> &dyn Language;
[INFO] [stdout]    |        ^^^^^^^^
[INFO] [stdout]  9 |
[INFO] [stdout] 10 |     fn language_name(&self) -> &str {
[INFO] [stdout]    |        ^^^^^^^^^^^^^
[INFO] [stdout] ...
[INFO] [stdout] 14 |     fn name(&self) -> &str;
[INFO] [stdout]    |        ^^^^
[INFO] [stdout] 
[INFO] [stdout] 
[INFO] [stderr]     Finished `release` profile [optimized] target(s) in 2.78s
[INFO] running `Command { std: "docker" "inspect" "50c69b0ad216e0eff725f7aadba8bf0e38fd9733715c67d4d3b479db7fab03f2", kill_on_drop: false }`
[INFO] running `Command { std: "docker" "exec" "-e" "SOURCE_DIR=/opt/rustwide/workdir" "-e" "CARGO_HOME=/opt/rustwide/cargo-home" "-e" "RUSTUP_HOME=/opt/rustwide/rustup-home" "-e" "CARGO_TARGET_DIR=/opt/rustwide/target" "-e" "CARGO_INCREMENTAL=0" "-e" "RUST_BACKTRACE=full" "-e" "RUSTFLAGS=--cap-lints=warn" "-e" "RUSTDOCFLAGS=--cap-lints=warn" "-w" "/opt/rustwide/workdir" "--user" "0:0" "50c69b0ad216e0eff725f7aadba8bf0e38fd9733715c67d4d3b479db7fab03f2" "/opt/rustwide/cargo-home/bin/cargo" "+1.99.0-beta.8" "test" "--frozen" "--release", kill_on_drop: false }`
[INFO] [stderr] warning: trait `Language` is never used
[INFO] [stdout] 
[INFO] [stderr]  --> src/language.rs:1:11
[INFO] [stdout] running 6 tests
[INFO] [stderr]   |
[INFO] [stdout] test context::tests::test_context_new ... ok
[INFO] [stderr] 1 | pub trait Language {
[INFO] [stdout] test rel_path::tests::test_rel_path_new ... ok
[INFO] [stderr]   |           ^^^^^^^^
[INFO] [stderr]   |
[INFO] [stderr]   = note: `#[warn(dead_code)]` (part of `#[warn(unused)]`) on by default
[INFO] [stderr] 
[INFO] [stderr] warning: field `language` is never read
[INFO] [stderr]  --> src/registry/elixir/espec.rs:7:5
[INFO] [stderr]   |
[INFO] [stderr] 6 | pub struct ESpec {
[INFO] [stderr]   |            ----- field in this struct
[INFO] [stderr] 7 |     language: Elixir,
[INFO] [stderr]   |     ^^^^^^^^
[INFO] [stderr] 
[INFO] [stderr] warning: field `language` is never read
[INFO] [stderr]   --> src/registry/elixir/exunit.rs:12:5
[INFO] [stderr]    |
[INFO] [stderr] 11 | pub struct ExUnit {
[INFO] [stderr]    |            ------ field in this struct
[INFO] [stderr] 12 |     language: Elixir,
[INFO] [stderr]    |     ^^^^^^^^
[INFO] [stderr] 
[INFO] [stderr] warning: field `language` is never read
[INFO] [stderr]   --> src/registry/javascript/jest.rs:10:5
[INFO] [stderr]    |
[INFO] [stderr]  9 | pub struct Jest {
[INFO] [stderr]    |            ---- field in this struct
[INFO] [stderr] 10 |     language: JavaScript,
[INFO] [stderr]    |     ^^^^^^^^
[INFO] [stderr] 
[INFO] [stderr] warning: field `language` is never read
[INFO] [stderr]   --> src/registry/python/pytest.rs:14:5
[INFO] [stderr]    |
[INFO] [stderr] 13 | pub struct Pytest {
[INFO] [stderr]    |            ------ field in this struct
[INFO] [stderr] 14 |     language: Python,
[INFO] [stderr]    |     ^^^^^^^^
[INFO] [stderr] 
[INFO] [stderr] warning: field `language` is never read
[INFO] [stderr]   --> src/registry/ruby/rspec.rs:10:5
[INFO] [stderr]    |
[INFO] [stderr]  9 | pub struct RSpec {
[INFO] [stderr]    |            ----- field in this struct
[INFO] [stderr] 10 |     language: Ruby,
[INFO] [stderr]    |     ^^^^^^^^
[INFO] [stderr] 
[INFO] [stderr] warning: field `language` is never read
[INFO] [stderr]   --> src/registry/rust/cargotest.rs:15:5
[INFO] [stderr]    |
[INFO] [stderr] 14 | pub struct Cargotest {
[INFO] [stderr]    |            --------- field in this struct
[INFO] [stderr] 15 |     language: Rust,
[INFO] [stderr]    |     ^^^^^^^^
[INFO] [stderr] 
[INFO] [stderr] warning: field `language` is never read
[INFO] [stderr]   --> src/registry/zig/zigtest.rs:10:5
[INFO] [stderr]    |
[INFO] [stderr]  9 | pub struct Zigtest {
[INFO] [stderr]    |            ------- field in this struct
[INFO] [stderr] 10 |     language: Zig,
[INFO] [stderr]    |     ^^^^^^^^
[INFO] [stderr] 
[INFO] [stderr] warning: methods `language`, `language_name`, and `name` are never used
[INFO] [stderr]   --> src/test_framework.rs:8:8
[INFO] [stderr]    |
[INFO] [stderr]  7 | pub trait TestFrameworkMeta {
[INFO] [stderr]    |           ----------------- methods in this trait
[INFO] [stderr]  8 |     fn language(&self) -> &dyn Language;
[INFO] [stderr]    |        ^^^^^^^^
[INFO] [stderr]  9 |
[INFO] [stderr] 10 |     fn language_name(&self) -> &str {
[INFO] [stderr]    |        ^^^^^^^^^^^^^
[INFO] [stderr] ...
[INFO] [stderr] 14 |     fn name(&self) -> &str;
[INFO] [stderr]    |        ^^^^
[INFO] [stderr] 
[INFO] [stderr] warning: `anytest` (lib) generated 9 warnings
[INFO] [stderr] warning: `anytest` (lib test) generated 9 warnings (9 duplicates)
[INFO] [stderr]     Finished `release` profile [optimized] target(s) in 0.08s
[INFO] [stderr]      Running unittests src/lib.rs (/opt/rustwide/target/release/deps/anytest-4b348508a75b5c3a)
[INFO] [stdout] test rel_path::tests::test_rel_path_open ... ok
[INFO] [stdout] test tests::test_format_command ... ok
[INFO] [stdout] test rel_path::tests::test_rel_path_lines ... ok
[INFO] [stdout] test context::tests::test_content_find_nearest ... ok
[INFO] [stdout] 
[INFO] [stderr]      Running unittests src/main.rs (/opt/rustwide/target/release/deps/anytest-5253fb6581e87f3e)
[INFO] [stdout] test result: ok. 6 passed; 0 failed; 0 ignored; 0 measured; 0 filtered out; finished in 0.01s
[INFO] [stdout] 
[INFO] [stdout] 
[INFO] [stdout] running 1 test
[INFO] [stdout] test cli::tests::test_args_to_context ... ok
[INFO] [stdout] 
[INFO] [stdout] test result: ok. 1 passed; 0 failed; 0 ignored; 0 measured; 0 filtered out; finished in 0.00s
[INFO] [stdout] 
[INFO] [stderr]      Running tests/test_api.rs (/opt/rustwide/target/release/deps/test_api-e26bc8263fd329a0)
[INFO] [stdout] 
[INFO] [stdout] running 1 test
[INFO] [stdout] test test_build_command ... ok
[INFO] [stdout] 
[INFO] [stdout] test result: ok. 1 passed; 0 failed; 0 ignored; 0 measured; 0 filtered out; finished in 0.00s
[INFO] [stdout] 
[INFO] [stderr]      Running tests/test_elixir.rs (/opt/rustwide/target/release/deps/test_elixir-2d5eee65b42895e9)
[INFO] [stdout] 
[INFO] [stdout] running 10 tests
[INFO] [stdout] test test_espec_line ... ok
[INFO] [stdout] test test_exunit_mix_specific_line ... ok
[INFO] [stdout] test test_exunit_mix_suite ... ok
[INFO] [stdout] test test_exunit_without_mix_line ... ok
[INFO] [stdout] test test_exunit_mix_first_line ... ok
[INFO] [stdout] test test_exunit_without_mix_file ... ok
[INFO] [stdout] test test_espec_suite ... ok
[INFO] [stdout] test test_espec_file ... ok
[INFO] [stdout] test test_exunit_mix_file ... ok
[INFO] [stdout] test test_exunit_without_mix_suite ... ok
[INFO] [stdout] 
[INFO] [stdout] test result: ok. 10 passed; 0 failed; 0 ignored; 0 measured; 0 filtered out; finished in 0.01s
[INFO] [stdout] 
[INFO] [stderr]      Running tests/test_javascript.rs (/opt/rustwide/target/release/deps/test_javascript-e576ca25c3d98bf7)
[INFO] [stdout] 
[INFO] [stdout] running 8 tests
[INFO] [stdout] test test_jest_file_outside_tests_folder ... ok
[INFO] [stdout] test test_jest_line_coffee ... ok
[INFO] [stdout] test test_jest_file ... ok
[INFO] [stdout] test test_jest_line_react ... ok
[INFO] [stdout] test test_jest_line_no_nearest ... ok
[INFO] [stdout] test test_jest_line_context ... ok
[INFO] [stdout] test test_jest_suite ... ok
[INFO] [stdout] test test_jest_line ... ok
[INFO] [stdout] 
[INFO] [stdout] test result: ok. 8 passed; 0 failed; 0 ignored; 0 measured; 0 filtered out; finished in 0.01s
[INFO] [stdout] 
[INFO] [stderr]      Running tests/test_python.rs (/opt/rustwide/target/release/deps/test_python-559376b867adaa70)
[INFO] [stdout] 
[INFO] [stdout] running 14 tests
[INFO] [stdout] test test_pytest_pipenv_suite ... FAILED
[INFO] [stdout] test test_pytest_pdm_suite ... FAILED
[INFO] [stdout] test test_pytest_poetry_file ... FAILED
[INFO] [stdout] test test_pytest_xunit_file ... FAILED
[INFO] [stdout] test test_pytest_pipenv_line ... FAILED
[INFO] [stdout] test test_pytest_line ... FAILED
[INFO] [stdout] test test_pytest_xunit_suite ... FAILED
[INFO] [stdout] test test_pytest_poetry_suite ... FAILED
[INFO] [stdout] test test_pytest_pdm_line ... FAILED
[INFO] [stdout] test test_pytest_pipenv_file ... FAILED
[INFO] [stdout] test test_pytest_xunit_line ... FAILED
[INFO] [stdout] test test_pytest_poetry_line ... FAILED
[INFO] [stdout] test test_pytest_pdm_file ... FAILED
[INFO] [stdout] test test_pytest_xunit_line_no_nearest ... FAILED
[INFO] [stdout] 
[INFO] [stdout] failures:
[INFO] [stdout] 
[INFO] [stdout] ---- test_pytest_pipenv_suite stdout ----
[INFO] [stdout] 
[INFO] [stdout] thread 'test_pytest_pipenv_suite' (1132) panicked at tests/test_python.rs:131:5:
[INFO] [stdout] assertion `left == right` failed
[INFO] [stdout]   left: "pipenv run pytest"
[INFO] [stdout]  right: "pipenv run python -m pytest"
[INFO] [stdout] stack backtrace:
[INFO] [stdout]    0:     0x569c2ce76d61 - <<std[70759c8f55707aa4]::sys::backtrace::BacktraceLock>::print::DisplayBacktrace as core[df12db4294e9bfd3]::fmt::Display>::fmt
[INFO] [stdout]    1:     0x569c2ce8c9ca - core[df12db4294e9bfd3]::fmt::write
[INFO] [stdout]    2:     0x569c2ce7b40c - <alloc[2182bb758b4b3781]::vec::Vec<u8> as core[df12db4294e9bfd3]::io::write::Write>::write_fmt
[INFO] [stdout]    3:     0x569c2ce52c46 - std[70759c8f55707aa4]::panicking::default_hook::{closure#0}
[INFO] [stdout]    4:     0x569c2ce6f4c9 - std[70759c8f55707aa4]::panicking::default_hook
[INFO] [stdout]    5:     0x569c2cd28a60 - test[9d35eded1c95d3be]::test_main_inner::<test[9d35eded1c95d3be]::test_main_static::{closure#0}>::{closure#0}
[INFO] [stdout]    6:     0x569c2ce6f682 - std[70759c8f55707aa4]::panicking::panic_with_hook
[INFO] [stdout]    7:     0x569c2ce52cf2 - std[70759c8f55707aa4]::panicking::panic_handler::{closure#0}
[INFO] [stdout]    8:     0x569c2ce4ba79 - std[70759c8f55707aa4]::sys::backtrace::__rust_end_short_backtrace::<std[70759c8f55707aa4]::panicking::panic_handler::{closure#0}, !>
[INFO] [stdout]    9:     0x569c2ce538ed - __rustc[8fa7c3cbc660c2b3]::rust_begin_unwind
[INFO] [stdout]   10:     0x569c2ce8d1ac - core[df12db4294e9bfd3]::panicking::panic_fmt
[INFO] [stdout]   11:     0x569c2ce8d0c3 - core[df12db4294e9bfd3]::panicking::assert_failed_inner
[INFO] [stdout]   12:     0x569c2cd19f1e - core[df12db4294e9bfd3]::panicking::assert_failed::<alloc[2182bb758b4b3781]::string::String, &str>
[INFO] [stdout]   13:     0x569c2cd1ba5b - <test_python[fbf04de5c54d56f1]::test_pytest_pipenv_suite::{closure#0} as core[df12db4294e9bfd3]::ops::function::FnOnce<()>>::call_once
[INFO] [stdout]   14:     0x569c2cd1bd4b - test[9d35eded1c95d3be]::__rust_begin_short_backtrace::<core[df12db4294e9bfd3]::result::Result<(), alloc[2182bb758b4b3781]::string::String>, fn() -> core[df12db4294e9bfd3]::result::Result<(), alloc[2182bb758b4b3781]::string::String>>
[INFO] [stdout]   15:     0x569c2cd293b5 - test[9d35eded1c95d3be]::run_test::{closure#0}
[INFO] [stdout]   16:     0x569c2cd22c74 - std[70759c8f55707aa4]::sys::backtrace::__rust_begin_short_backtrace::<test[9d35eded1c95d3be]::run_test::{closure#1}, ()>
[INFO] [stdout]   17:     0x569c2cd2c512 - <std[70759c8f55707aa4]::thread::lifecycle::spawn_unchecked<test[9d35eded1c95d3be]::run_test::{closure#1}, ()>::{closure#1} as core[df12db4294e9bfd3]::ops::function::FnOnce<()>>::call_once::{shim:vtable#0}
[INFO] [stdout]   18:     0x569c2ce76639 - <std[70759c8f55707aa4]::sys::thread::unix::Thread>::new::thread_start
[INFO] [stdout]   19:     0x735e0d1a1dfa - <unknown>
[INFO] [stdout]   20:     0x735e0d2353d4 - clone
[INFO] [stdout]   21:                0x0 - <unknown>
[INFO] [stdout] 
[INFO] [stdout] ---- test_pytest_pdm_suite stdout ----
[INFO] [stdout] 
[INFO] [stdout] thread 'test_pytest_pdm_suite' (1129) panicked at tests/test_python.rs:191:5:
[INFO] [stdout] assertion `left == right` failed
[INFO] [stdout]   left: "pdm run pytest"
[INFO] [stdout]  right: "pdm run python -m pytest"
[INFO] [stdout] stack backtrace:
[INFO] [stdout]    0:     0x569c2ce76d61 - <<std[70759c8f55707aa4]::sys::backtrace::BacktraceLock>::print::DisplayBacktrace as core[df12db4294e9bfd3]::fmt::Display>::fmt
[INFO] [stdout]    1:     0x569c2ce8c9ca - core[df12db4294e9bfd3]::fmt::write
[INFO] [stdout]    2:     0x569c2ce7b40c - <alloc[2182bb758b4b3781]::vec::Vec<u8> as core[df12db4294e9bfd3]::io::write::Write>::write_fmt
[INFO] [stdout]    3:     0x569c2ce52c46 - std[70759c8f55707aa4]::panicking::default_hook::{closure#0}
[INFO] [stdout]    4:     0x569c2ce6f4c9 - std[70759c8f55707aa4]::panicking::default_hook
[INFO] [stdout]    5:     0x569c2cd28a60 - test[9d35eded1c95d3be]::test_main_inner::<test[9d35eded1c95d3be]::test_main_static::{closure#0}>::{closure#0}
[INFO] [stdout]    6:     0x569c2ce6f682 - std[70759c8f55707aa4]::panicking::panic_with_hook
[INFO] [stdout]    7:     0x569c2ce52cf2 - std[70759c8f55707aa4]::panicking::panic_handler::{closure#0}
[INFO] [stdout]    8:     0x569c2ce4ba79 - std[70759c8f55707aa4]::sys::backtrace::__rust_end_short_backtrace::<std[70759c8f55707aa4]::panicking::panic_handler::{closure#0}, !>
[INFO] [stdout]    9:     0x569c2ce538ed - __rustc[8fa7c3cbc660c2b3]::rust_begin_unwind
[INFO] [stdout]   10:     0x569c2ce8d1ac - core[df12db4294e9bfd3]::panicking::panic_fmt
[INFO] [stdout]   11:     0x569c2ce8d0c3 - core[df12db4294e9bfd3]::panicking::assert_failed_inner
[INFO] [stdout]   12:     0x569c2cd19f1e - core[df12db4294e9bfd3]::panicking::assert_failed::<alloc[2182bb758b4b3781]::string::String, &str>
[INFO] [stdout]   13:     0x569c2cd1ad7b - <test_python[fbf04de5c54d56f1]::test_pytest_pdm_suite::{closure#0} as core[df12db4294e9bfd3]::ops::function::FnOnce<()>>::call_once
[INFO] [stdout]   14:     0x569c2cd1bd4b - test[9d35eded1c95d3be]::__rust_begin_short_backtrace::<core[df12db4294e9bfd3]::result::Result<(), alloc[2182bb758b4b3781]::string::String>, fn() -> core[df12db4294e9bfd3]::result::Result<(), alloc[2182bb758b4b3781]::string::String>>
[INFO] [stdout]   15:     0x569c2cd293b5 - test[9d35eded1c95d3be]::run_test::{closure#0}
[INFO] [stdout]   16:     0x569c2cd22c74 - std[70759c8f55707aa4]::sys::backtrace::__rust_begin_short_backtrace::<test[9d35eded1c95d3be]::run_test::{closure#1}, ()>
[INFO] [stdout]   17:     0x569c2cd2c512 - <std[70759c8f55707aa4]::thread::lifecycle::spawn_unchecked<test[9d35eded1c95d3be]::run_test::{closure#1}, ()>::{closure#1} as core[df12db4294e9bfd3]::ops::function::FnOnce<()>>::call_once::{shim:vtable#0}
[INFO] [stdout]   18:     0x569c2ce76639 - <std[70759c8f55707aa4]::sys::thread::unix::Thread>::new::thread_start
[INFO] [stdout]   19:     0x735e0d1a1dfa - <unknown>
[INFO] [stdout]   20:     0x735e0d2353d4 - clone
[INFO] [stdout]   21:                0x0 - <unknown>
[INFO] [stdout] 
[INFO] [stdout] ---- test_pytest_poetry_file stdout ----
[INFO] [stdout] 
[INFO] [stdout] thread 'test_pytest_poetry_file' (1133) panicked at tests/test_python.rs:151:5:
[INFO] [stdout] assertion `left == right` failed
[INFO] [stdout]   left: "poetry run pytest test_class.py"
[INFO] [stdout]  right: "poetry run python -m pytest test_class.py"
[INFO] [stdout] stack backtrace:
[INFO] [stdout]    0:     0x569c2ce76d61 - <<std[70759c8f55707aa4]::sys::backtrace::BacktraceLock>::print::DisplayBacktrace as core[df12db4294e9bfd3]::fmt::Display>::fmt
[INFO] [stdout]    1:     0x569c2ce8c9ca - core[df12db4294e9bfd3]::fmt::write
[INFO] [stdout]    2:     0x569c2ce7b40c - <alloc[2182bb758b4b3781]::vec::Vec<u8> as core[df12db4294e9bfd3]::io::write::Write>::write_fmt
[INFO] [stdout]    3:     0x569c2ce52c46 - std[70759c8f55707aa4]::panicking::default_hook::{closure#0}
[INFO] [stdout]    4:     0x569c2ce6f4c9 - std[70759c8f55707aa4]::panicking::default_hook
[INFO] [stdout]    5:     0x569c2cd28a60 - test[9d35eded1c95d3be]::test_main_inner::<test[9d35eded1c95d3be]::test_main_static::{closure#0}>::{closure#0}
[INFO] [stdout]    6:     0x569c2ce6f682 - std[70759c8f55707aa4]::panicking::panic_with_hook
[INFO] [stdout]    7:     0x569c2ce52cf2 - std[70759c8f55707aa4]::panicking::panic_handler::{closure#0}
[INFO] [stdout]    8:     0x569c2ce4ba79 - std[70759c8f55707aa4]::sys::backtrace::__rust_end_short_backtrace::<std[70759c8f55707aa4]::panicking::panic_handler::{closure#0}, !>
[INFO] [stdout]    9:     0x569c2ce538ed - __rustc[8fa7c3cbc660c2b3]::rust_begin_unwind
[INFO] [stdout]   10:     0x569c2ce8d1ac - core[df12db4294e9bfd3]::panicking::panic_fmt
[INFO] [stdout]   11:     0x569c2ce8d0c3 - core[df12db4294e9bfd3]::panicking::assert_failed_inner
[INFO] [stdout]   12:     0x569c2cd19f1e - core[df12db4294e9bfd3]::panicking::assert_failed::<alloc[2182bb758b4b3781]::string::String, &str>
[INFO] [stdout]   13:     0x569c2cd1b703 - <test_python[fbf04de5c54d56f1]::test_pytest_poetry_file::{closure#0} as core[df12db4294e9bfd3]::ops::function::FnOnce<()>>::call_once
[INFO] [stdout]   14:     0x569c2cd1bd4b - test[9d35eded1c95d3be]::__rust_begin_short_backtrace::<core[df12db4294e9bfd3]::result::Result<(), alloc[2182bb758b4b3781]::string::String>, fn() -> core[df12db4294e9bfd3]::result::Result<(), alloc[2182bb758b4b3781]::string::String>>
[INFO] [stdout]   15:     0x569c2cd293b5 - test[9d35eded1c95d3be]::run_test::{closure#0}
[INFO] [stdout]   16:     0x569c2cd22c74 - std[70759c8f55707aa4]::sys::backtrace::__rust_begin_short_backtrace::<test[9d35eded1c95d3be]::run_test::{closure#1}, ()>
[INFO] [stdout]   17:     0x569c2cd2c512 - <std[70759c8f55707aa4]::thread::lifecycle::spawn_unchecked<test[9d35eded1c95d3be]::run_test::{closure#1}, ()>::{closure#1} as core[df12db4294e9bfd3]::ops::function::FnOnce<()>>::call_once::{shim:vtable#0}
[INFO] [stdout]   18:     0x569c2ce76639 - <std[70759c8f55707aa4]::sys::thread::unix::Thread>::new::thread_start
[INFO] [stdout]   19:     0x735e0d1a1dfa - <unknown>
[INFO] [stdout]   20:     0x735e0d2353d4 - clone
[INFO] [stdout]   21:                0x0 - <unknown>
[INFO] [stdout] 
[INFO] [stdout] ---- test_pytest_xunit_file stdout ----
[INFO] [stdout] 
[INFO] [stdout] thread 'test_pytest_xunit_file' (1136) panicked at tests/test_python.rs:94:5:
[INFO] [stdout] assertion `left == right` failed
[INFO] [stdout]   left: "pytest test_class.py"
[INFO] [stdout]  right: "python -m pytest test_class.py"
[INFO] [stdout] stack backtrace:
[INFO] [stdout]    0:     0x569c2ce76d61 - <<std[70759c8f55707aa4]::sys::backtrace::BacktraceLock>::print::DisplayBacktrace as core[df12db4294e9bfd3]::fmt::Display>::fmt
[INFO] [stdout]    1:     0x569c2ce8c9ca - core[df12db4294e9bfd3]::fmt::write
[INFO] [stdout]    2:     0x569c2ce7b40c - <alloc[2182bb758b4b3781]::vec::Vec<u8> as core[df12db4294e9bfd3]::io::write::Write>::write_fmt
[INFO] [stdout]    3:     0x569c2ce52c46 - std[70759c8f55707aa4]::panicking::default_hook::{closure#0}
[INFO] [stdout]    4:     0x569c2ce6f4c9 - std[70759c8f55707aa4]::panicking::default_hook
[INFO] [stdout]    5:     0x569c2cd28a60 - test[9d35eded1c95d3be]::test_main_inner::<test[9d35eded1c95d3be]::test_main_static::{closure#0}>::{closure#0}
[INFO] [stdout]    6:     0x569c2ce6f682 - std[70759c8f55707aa4]::panicking::panic_with_hook
[INFO] [stdout]    7:     0x569c2ce52cf2 - std[70759c8f55707aa4]::panicking::panic_handler::{closure#0}
[INFO] [stdout]    8:     0x569c2ce4ba79 - std[70759c8f55707aa4]::sys::backtrace::__rust_end_short_backtrace::<std[70759c8f55707aa4]::panicking::panic_handler::{closure#0}, !>
[INFO] [stdout]    9:     0x569c2ce538ed - __rustc[8fa7c3cbc660c2b3]::rust_begin_unwind
[INFO] [stdout]   10:     0x569c2ce8d1ac - core[df12db4294e9bfd3]::panicking::panic_fmt
[INFO] [stdout]   11:     0x569c2ce8d0c3 - core[df12db4294e9bfd3]::panicking::assert_failed_inner
[INFO] [stdout]   12:     0x569c2cd19f1e - core[df12db4294e9bfd3]::panicking::assert_failed::<alloc[2182bb758b4b3781]::string::String, &str>
[INFO] [stdout]   13:     0x569c2cd1ae9b - <test_python[fbf04de5c54d56f1]::test_pytest_xunit_file::{closure#0} as core[df12db4294e9bfd3]::ops::function::FnOnce<()>>::call_once
[INFO] [stdout]   14:     0x569c2cd1bd4b - test[9d35eded1c95d3be]::__rust_begin_short_backtrace::<core[df12db4294e9bfd3]::result::Result<(), alloc[2182bb758b4b3781]::string::String>, fn() -> core[df12db4294e9bfd3]::result::Result<(), alloc[2182bb758b4b3781]::string::String>>
[INFO] [stdout]   15:     0x569c2cd293b5 - test[9d35eded1c95d3be]::run_test::{closure#0}
[INFO] [stdout]   16:     0x569c2cd22c74 - std[70759c8f55707aa4]::sys::backtrace::__rust_begin_short_backtrace::<test[9d35eded1c95d3be]::run_test::{closure#1}, ()>
[INFO] [stdout]   17:     0x569c2cd2c512 - <std[70759c8f55707aa4]::thread::lifecycle::spawn_unchecked<test[9d35eded1c95d3be]::run_test::{closure#1}, ()>::{closure#1} as core[df12db4294e9bfd3]::ops::function::FnOnce<()>>::call_once::{shim:vtable#0}
[INFO] [stdout]   18:     0x569c2ce76639 - <std[70759c8f55707aa4]::sys::thread::unix::Thread>::new::thread_start
[INFO] [stdout]   19:     0x735e0d1a1dfa - <unknown>
[INFO] [stdout]   20:     0x735e0d2353d4 - clone
[INFO] [stdout]   21:                0x0 - <unknown>
[INFO] [stdout] 
[INFO] [stdout] ---- test_pytest_pipenv_line stdout ----
[INFO] [stdout] 
[INFO] [stdout] thread 'test_pytest_pipenv_line' (1131) panicked at tests/test_python.rs:111:5:
[INFO] [stdout] assertion `left == right` failed
[INFO] [stdout]   left: "pipenv run pytest test_class.py::TestNumbers"
[INFO] [stdout]  right: "pipenv run python -m pytest test_class.py::TestNumbers"
[INFO] [stdout] stack backtrace:
[INFO] [stdout]    0:     0x569c2ce76d61 - <<std[70759c8f55707aa4]::sys::backtrace::BacktraceLock>::print::DisplayBacktrace as core[df12db4294e9bfd3]::fmt::Display>::fmt
[INFO] [stdout]    1:     0x569c2ce8c9ca - core[df12db4294e9bfd3]::fmt::write
[INFO] [stdout]    2:     0x569c2ce7b40c - <alloc[2182bb758b4b3781]::vec::Vec<u8> as core[df12db4294e9bfd3]::io::write::Write>::write_fmt
[INFO] [stdout]    3:     0x569c2ce52c46 - std[70759c8f55707aa4]::panicking::default_hook::{closure#0}
[INFO] [stdout]    4:     0x569c2ce6f4c9 - std[70759c8f55707aa4]::panicking::default_hook
[INFO] [stdout]    5:     0x569c2cd28a60 - test[9d35eded1c95d3be]::test_main_inner::<test[9d35eded1c95d3be]::test_main_static::{closure#0}>::{closure#0}
[INFO] [stdout]    6:     0x569c2ce6f682 - std[70759c8f55707aa4]::panicking::panic_with_hook
[INFO] [stdout]    7:     0x569c2ce52cf2 - std[70759c8f55707aa4]::panicking::panic_handler::{closure#0}
[INFO] [stdout]    8:     0x569c2ce4ba79 - std[70759c8f55707aa4]::sys::backtrace::__rust_end_short_backtrace::<std[70759c8f55707aa4]::panicking::panic_handler::{closure#0}, !>
[INFO] [stdout]    9:     0x569c2ce538ed - __rustc[8fa7c3cbc660c2b3]::rust_begin_unwind
[INFO] [stdout]   10:     0x569c2ce8d1ac - core[df12db4294e9bfd3]::panicking::panic_fmt
[INFO] [stdout]   11:     0x569c2ce8d0c3 - core[df12db4294e9bfd3]::panicking::assert_failed_inner
[INFO] [stdout]   12:     0x569c2cd19f1e - core[df12db4294e9bfd3]::panicking::assert_failed::<alloc[2182bb758b4b3781]::string::String, &str>
[INFO] [stdout]   13:     0x569c2cd1b5e1 - <test_python[fbf04de5c54d56f1]::test_pytest_pipenv_line::{closure#0} as core[df12db4294e9bfd3]::ops::function::FnOnce<()>>::call_once
[INFO] [stdout]   14:     0x569c2cd1bd4b - test[9d35eded1c95d3be]::__rust_begin_short_backtrace::<core[df12db4294e9bfd3]::result::Result<(), alloc[2182bb758b4b3781]::string::String>, fn() -> core[df12db4294e9bfd3]::result::Result<(), alloc[2182bb758b4b3781]::string::String>>
[INFO] [stdout]   15:     0x569c2cd293b5 - test[9d35eded1c95d3be]::run_test::{closure#0}
[INFO] [stdout]   16:     0x569c2cd22c74 - std[70759c8f55707aa4]::sys::backtrace::__rust_begin_short_backtrace::<test[9d35eded1c95d3be]::run_test::{closure#1}, ()>
[INFO] [stdout]   17:     0x569c2cd2c512 - <std[70759c8f55707aa4]::thread::lifecycle::spawn_unchecked<test[9d35eded1c95d3be]::run_test::{closure#1}, ()>::{closure#1} as core[df12db4294e9bfd3]::ops::function::FnOnce<()>>::call_once::{shim:vtable#0}
[INFO] [stdout]   18:     0x569c2ce76639 - <std[70759c8f55707aa4]::sys::thread::unix::Thread>::new::thread_start
[INFO] [stdout]   19:     0x735e0d1a1dfa - <unknown>
[INFO] [stdout]   20:     0x735e0d2353d4 - clone
[INFO] [stdout]   21:                0x0 - <unknown>
[INFO] [stdout] 
[INFO] [stdout] ---- test_pytest_line stdout ----
[INFO] [stdout] 
[INFO] [stdout] thread 'test_pytest_line' (1126) panicked at tests/test_python.rs:9:5:
[INFO] [stdout] assertion `left == right` failed
[INFO] [stdout]   left: "pytest test_class.py::TestClass"
[INFO] [stdout]  right: "python -m pytest test_class.py::TestClass"
[INFO] [stdout] stack backtrace:
[INFO] [stdout]    0:     0x569c2ce76d61 - <<std[70759c8f55707aa4]::sys::backtrace::BacktraceLock>::print::DisplayBacktrace as core[df12db4294e9bfd3]::fmt::Display>::fmt
[INFO] [stdout]    1:     0x569c2ce8c9ca - core[df12db4294e9bfd3]::fmt::write
[INFO] [stdout]    2:     0x569c2ce7b40c - <alloc[2182bb758b4b3781]::vec::Vec<u8> as core[df12db4294e9bfd3]::io::write::Write>::write_fmt
[INFO] [stdout]    3:     0x569c2ce52c46 - std[70759c8f55707aa4]::panicking::default_hook::{closure#0}
[INFO] [stdout]    4:     0x569c2ce6f4c9 - std[70759c8f55707aa4]::panicking::default_hook
[INFO] [stdout]    5:     0x569c2cd28a60 - test[9d35eded1c95d3be]::test_main_inner::<test[9d35eded1c95d3be]::test_main_static::{closure#0}>::{closure#0}
[INFO] [stdout]    6:     0x569c2ce6f682 - std[70759c8f55707aa4]::panicking::panic_with_hook
[INFO] [stdout]    7:     0x569c2ce52cf2 - std[70759c8f55707aa4]::panicking::panic_handler::{closure#0}
[INFO] [stdout]    8:     0x569c2ce4ba79 - std[70759c8f55707aa4]::sys::backtrace::__rust_end_short_backtrace::<std[70759c8f55707aa4]::panicking::panic_handler::{closure#0}, !>
[INFO] [stdout]    9:     0x569c2ce538ed - __rustc[8fa7c3cbc660c2b3]::rust_begin_unwind
[INFO] [stdout]   10:     0x569c2ce8d1ac - core[df12db4294e9bfd3]::panicking::panic_fmt
[INFO] [stdout]   11:     0x569c2ce8d0c3 - core[df12db4294e9bfd3]::panicking::assert_failed_inner
[INFO] [stdout]   12:     0x569c2cd19f1e - core[df12db4294e9bfd3]::panicking::assert_failed::<alloc[2182bb758b4b3781]::string::String, &str>
[INFO] [stdout]   13:     0x569c2cd1a9a9 - <test_python[fbf04de5c54d56f1]::test_pytest_line::{closure#0} as core[df12db4294e9bfd3]::ops::function::FnOnce<()>>::call_once
[INFO] [stdout]   14:     0x569c2cd1bd4b - test[9d35eded1c95d3be]::__rust_begin_short_backtrace::<core[df12db4294e9bfd3]::result::Result<(), alloc[2182bb758b4b3781]::string::String>, fn() -> core[df12db4294e9bfd3]::result::Result<(), alloc[2182bb758b4b3781]::string::String>>
[INFO] [stdout]   15:     0x569c2cd293b5 - test[9d35eded1c95d3be]::run_test::{closure#0}
[INFO] [stdout]   16:     0x569c2cd22c74 - std[70759c8f55707aa4]::sys::backtrace::__rust_begin_short_backtrace::<test[9d35eded1c95d3be]::run_test::{closure#1}, ()>
[INFO] [stdout]   17:     0x569c2cd2c512 - <std[70759c8f55707aa4]::thread::lifecycle::spawn_unchecked<test[9d35eded1c95d3be]::run_test::{closure#1}, ()>::{closure#1} as core[df12db4294e9bfd3]::ops::function::FnOnce<()>>::call_once::{shim:vtable#0}
[INFO] [stdout]   18:     0x569c2ce76639 - <std[70759c8f55707aa4]::sys::thread::unix::Thread>::new::thread_start
[INFO] [stdout]   19:     0x735e0d1a1dfa - <unknown>
[INFO] [stdout]   20:     0x735e0d2353d4 - clone
[INFO] [stdout]   21:                0x0 - <unknown>
[INFO] [stdout] 
[INFO] [stdout] ---- test_pytest_xunit_suite stdout ----
[INFO] [stdout] 
[INFO] [stdout] thread 'test_pytest_xunit_suite' (1139) panicked at tests/test_python.rs:104:5:
[INFO] [stdout] assertion `left == right` failed
[INFO] [stdout]   left: "pytest "
[INFO] [stdout]  right: "python -m pytest"
[INFO] [stdout] stack backtrace:
[INFO] [stdout]    0:     0x569c2ce76d61 - <<std[70759c8f55707aa4]::sys::backtrace::BacktraceLock>::print::DisplayBacktrace as core[df12db4294e9bfd3]::fmt::Display>::fmt
[INFO] [stdout]    1:     0x569c2ce8c9ca - core[df12db4294e9bfd3]::fmt::write
[INFO] [stdout]    2:     0x569c2ce7b40c - <alloc[2182bb758b4b3781]::vec::Vec<u8> as core[df12db4294e9bfd3]::io::write::Write>::write_fmt
[INFO] [stdout]    3:     0x569c2ce52c46 - std[70759c8f55707aa4]::panicking::default_hook::{closure#0}
[INFO] [stdout]    4:     0x569c2ce6f4c9 - std[70759c8f55707aa4]::panicking::default_hook
[INFO] [stdout]    5:     0x569c2cd28a60 - test[9d35eded1c95d3be]::test_main_inner::<test[9d35eded1c95d3be]::test_main_static::{closure#0}>::{closure#0}
[INFO] [stdout]    6:     0x569c2ce6f682 - std[70759c8f55707aa4]::panicking::panic_with_hook
[INFO] [stdout]    7:     0x569c2ce52cf2 - std[70759c8f55707aa4]::panicking::panic_handler::{closure#0}
[INFO] [stdout]    8:     0x569c2ce4ba79 - std[70759c8f55707aa4]::sys::backtrace::__rust_end_short_backtrace::<std[70759c8f55707aa4]::panicking::panic_handler::{closure#0}, !>
[INFO] [stdout]    9:     0x569c2ce538ed - __rustc[8fa7c3cbc660c2b3]::rust_begin_unwind
[INFO] [stdout]   10:     0x569c2ce8d1ac - core[df12db4294e9bfd3]::panicking::panic_fmt
[INFO] [stdout]   11:     0x569c2ce8d0c3 - core[df12db4294e9bfd3]::panicking::assert_failed_inner
[INFO] [stdout]   12:     0x569c2cd19f1e - core[df12db4294e9bfd3]::panicking::assert_failed::<alloc[2182bb758b4b3781]::string::String, &str>
[INFO] [stdout]   13:     0x569c2cd1b93a - <test_python[fbf04de5c54d56f1]::test_pytest_xunit_suite::{closure#0} as core[df12db4294e9bfd3]::ops::function::FnOnce<()>>::call_once
[INFO] [stdout]   14:     0x569c2cd1bd4b - test[9d35eded1c95d3be]::__rust_begin_short_backtrace::<core[df12db4294e9bfd3]::result::Result<(), alloc[2182bb758b4b3781]::string::String>, fn() -> core[df12db4294e9bfd3]::result::Result<(), alloc[2182bb758b4b3781]::string::String>>
[INFO] [stdout]   15:     0x569c2cd293b5 - test[9d35eded1c95d3be]::run_test::{closure#0}
[INFO] [stdout]   16:     0x569c2cd22c74 - std[70759c8f55707aa4]::sys::backtrace::__rust_begin_short_backtrace::<test[9d35eded1c95d3be]::run_test::{closure#1}, ()>
[INFO] [stdout]   17:     0x569c2cd2c512 - <std[70759c8f55707aa4]::thread::lifecycle::spawn_unchecked<test[9d35eded1c95d3be]::run_test::{closure#1}, ()>::{closure#1} as core[df12db4294e9bfd3]::ops::function::FnOnce<()>>::call_once::{shim:vtable#0}
[INFO] [stdout]   18:     0x569c2ce76639 - <std[70759c8f55707aa4]::sys::thread::unix::Thread>::new::thread_start
[INFO] [stdout]   19:     0x735e0d1a1dfa - <unknown>
[INFO] [stdout]   20:     0x735e0d2353d4 - clone
[INFO] [stdout]   21:                0x0 - <unknown>
[INFO] [stdout] 
[INFO] [stdout] ---- test_pytest_poetry_suite stdout ----
[INFO] [stdout] 
[INFO] [stdout] thread 'test_pytest_poetry_suite' (1135) panicked at tests/test_python.rs:161:5:
[INFO] [stdout] assertion `left == right` failed
[INFO] [stdout]   left: "poetry run pytest"
[INFO] [stdout]  right: "poetry run python -m pytest"
[INFO] [stdout] stack backtrace:
[INFO] [stdout]    0:     0x569c2ce76d61 - <<std[70759c8f55707aa4]::sys::backtrace::BacktraceLock>::print::DisplayBacktrace as core[df12db4294e9bfd3]::fmt::Display>::fmt
[INFO] [stdout]    1:     0x569c2ce8c9ca - core[df12db4294e9bfd3]::fmt::write
[INFO] [stdout]    2:     0x569c2ce7b40c - <alloc[2182bb758b4b3781]::vec::Vec<u8> as core[df12db4294e9bfd3]::io::write::Write>::write_fmt
[INFO] [stdout]    3:     0x569c2ce52c46 - std[70759c8f55707aa4]::panicking::default_hook::{closure#0}
[INFO] [stdout]    4:     0x569c2ce6f4c9 - std[70759c8f55707aa4]::panicking::default_hook
[INFO] [stdout]    5:     0x569c2cd28a60 - test[9d35eded1c95d3be]::test_main_inner::<test[9d35eded1c95d3be]::test_main_static::{closure#0}>::{closure#0}
[INFO] [stdout]    6:     0x569c2ce6f682 - std[70759c8f55707aa4]::panicking::panic_with_hook
[INFO] [stdout]    7:     0x569c2ce52cf2 - std[70759c8f55707aa4]::panicking::panic_handler::{closure#0}
[INFO] [stdout]    8:     0x569c2ce4ba79 - std[70759c8f55707aa4]::sys::backtrace::__rust_end_short_backtrace::<std[70759c8f55707aa4]::panicking::panic_handler::{closure#0}, !>
[INFO] [stdout]    9:     0x569c2ce538ed - __rustc[8fa7c3cbc660c2b3]::rust_begin_unwind
[INFO] [stdout]   10:     0x569c2ce8d1ac - core[df12db4294e9bfd3]::panicking::panic_fmt
[INFO] [stdout]   11:     0x569c2ce8d0c3 - core[df12db4294e9bfd3]::panicking::assert_failed_inner
[INFO] [stdout]   12:     0x569c2cd19f1e - core[df12db4294e9bfd3]::panicking::assert_failed::<alloc[2182bb758b4b3781]::string::String, &str>
[INFO] [stdout]   13:     0x569c2cd1bb7b - <test_python[fbf04de5c54d56f1]::test_pytest_poetry_suite::{closure#0} as core[df12db4294e9bfd3]::ops::function::FnOnce<()>>::call_once
[INFO] [stdout]   14:     0x569c2cd1bd4b - test[9d35eded1c95d3be]::__rust_begin_short_backtrace::<core[df12db4294e9bfd3]::result::Result<(), alloc[2182bb758b4b3781]::string::String>, fn() -> core[df12db4294e9bfd3]::result::Result<(), alloc[2182bb758b4b3781]::string::String>>
[INFO] [stdout]   15:     0x569c2cd293b5 - test[9d35eded1c95d3be]::run_test::{closure#0}
[INFO] [stdout]   16:     0x569c2cd22c74 - std[70759c8f55707aa4]::sys::backtrace::__rust_begin_short_backtrace::<test[9d35eded1c95d3be]::run_test::{closure#1}, ()>
[INFO] [stdout]   17:     0x569c2cd2c512 - <std[70759c8f55707aa4]::thread::lifecycle::spawn_unchecked<test[9d35eded1c95d3be]::run_test::{closure#1}, ()>::{closure#1} as core[df12db4294e9bfd3]::ops::function::FnOnce<()>>::call_once::{shim:vtable#0}
[INFO] [stdout]   18:     0x569c2ce76639 - <std[70759c8f55707aa4]::sys::thread::unix::Thread>::new::thread_start
[INFO] [stdout]   19:     0x735e0d1a1dfa - <unknown>
[INFO] [stdout]   20:     0x735e0d2353d4 - clone
[INFO] [stdout]   21:                0x0 - <unknown>
[INFO] [stdout] 
[INFO] [stdout] ---- test_pytest_pdm_line stdout ----
[INFO] [stdout] 
[INFO] [stdout] thread 'test_pytest_pdm_line' (1128) panicked at tests/test_python.rs:171:5:
[INFO] [stdout] assertion `left == right` failed
[INFO] [stdout]   left: "pdm run pytest test_class.py::TestNumbers"
[INFO] [stdout]  right: "pdm run python -m pytest test_class.py::TestNumbers"
[INFO] [stdout] stack backtrace:
[INFO] [stdout]    0:     0x569c2ce76d61 - <<std[70759c8f55707aa4]::sys::backtrace::BacktraceLock>::print::DisplayBacktrace as core[df12db4294e9bfd3]::fmt::Display>::fmt
[INFO] [stdout]    1:     0x569c2ce8c9ca - core[df12db4294e9bfd3]::fmt::write
[INFO] [stdout]    2:     0x569c2ce7b40c - <alloc[2182bb758b4b3781]::vec::Vec<u8> as core[df12db4294e9bfd3]::io::write::Write>::write_fmt
[INFO] [stdout]    3:     0x569c2ce52c46 - std[70759c8f55707aa4]::panicking::default_hook::{closure#0}
[INFO] [stdout]    4:     0x569c2ce6f4c9 - std[70759c8f55707aa4]::panicking::default_hook
[INFO] [stdout]    5:     0x569c2cd28a60 - test[9d35eded1c95d3be]::test_main_inner::<test[9d35eded1c95d3be]::test_main_static::{closure#0}>::{closure#0}
[INFO] [stdout]    6:     0x569c2ce6f682 - std[70759c8f55707aa4]::panicking::panic_with_hook
[INFO] [stdout]    7:     0x569c2ce52cf2 - std[70759c8f55707aa4]::panicking::panic_handler::{closure#0}
[INFO] [stdout]    8:     0x569c2ce4ba79 - std[70759c8f55707aa4]::sys::backtrace::__rust_end_short_backtrace::<std[70759c8f55707aa4]::panicking::panic_handler::{closure#0}, !>
[INFO] [stdout]    9:     0x569c2ce538ed - __rustc[8fa7c3cbc660c2b3]::rust_begin_unwind
[INFO] [stdout]   10:     0x569c2ce8d1ac - core[df12db4294e9bfd3]::panicking::panic_fmt
[INFO] [stdout]   11:     0x569c2ce8d0c3 - core[df12db4294e9bfd3]::panicking::assert_failed_inner
[INFO] [stdout]   12:     0x569c2cd19f1e - core[df12db4294e9bfd3]::panicking::assert_failed::<alloc[2182bb758b4b3781]::string::String, &str>
[INFO] [stdout]   13:     0x569c2cd1ac51 - <test_python[fbf04de5c54d56f1]::test_pytest_pdm_line::{closure#0} as core[df12db4294e9bfd3]::ops::function::FnOnce<()>>::call_once
[INFO] [stdout]   14:     0x569c2cd1bd4b - test[9d35eded1c95d3be]::__rust_begin_short_backtrace::<core[df12db4294e9bfd3]::result::Result<(), alloc[2182bb758b4b3781]::string::String>, fn() -> core[df12db4294e9bfd3]::result::Result<(), alloc[2182bb758b4b3781]::string::String>>
[INFO] [stdout]   15:     0x569c2cd293b5 - test[9d35eded1c95d3be]::run_test::{closure#0}
[INFO] [stdout]   16:     0x569c2cd22c74 - std[70759c8f55707aa4]::sys::backtrace::__rust_begin_short_backtrace::<test[9d35eded1c95d3be]::run_test::{closure#1}, ()>
[INFO] [stdout]   17:     0x569c2cd2c512 - <std[70759c8f55707aa4]::thread::lifecycle::spawn_unchecked<test[9d35eded1c95d3be]::run_test::{closure#1}, ()>::{closure#1} as core[df12db4294e9bfd3]::ops::function::FnOnce<()>>::call_once::{shim:vtable#0}
[INFO] [stdout]   18:     0x569c2ce76639 - <std[70759c8f55707aa4]::sys::thread::unix::Thread>::new::thread_start
[INFO] [stdout]   19:     0x735e0d1a1dfa - <unknown>
[INFO] [stdout]   20:     0x735e0d2353d4 - clone
[INFO] [stdout]   21:                0x0 - <unknown>
[INFO] [stdout] 
[INFO] [stdout] ---- test_pytest_pipenv_file stdout ----
[INFO] [stdout] 
[INFO] [stdout] thread 'test_pytest_pipenv_file' (1130) panicked at tests/test_python.rs:121:5:
[INFO] [stdout] assertion `left == right` failed
[INFO] [stdout]   left: "pipenv run pytest test_class.py"
[INFO] [stdout]  right: "pipenv run python -m pytest test_class.py"
[INFO] [stdout] stack backtrace:
[INFO] [stdout]    0:     0x569c2ce76d61 - <<std[70759c8f55707aa4]::sys::backtrace::BacktraceLock>::print::DisplayBacktrace as core[df12db4294e9bfd3]::fmt::Display>::fmt
[INFO] [stdout]    1:     0x569c2ce8c9ca - core[df12db4294e9bfd3]::fmt::write
[INFO] [stdout]    2:     0x569c2ce7b40c - <alloc[2182bb758b4b3781]::vec::Vec<u8> as core[df12db4294e9bfd3]::io::write::Write>::write_fmt
[INFO] [stdout]    3:     0x569c2ce52c46 - std[70759c8f55707aa4]::panicking::default_hook::{closure#0}
[INFO] [stdout]    4:     0x569c2ce6f4c9 - std[70759c8f55707aa4]::panicking::default_hook
[INFO] [stdout]    5:     0x569c2cd28a60 - test[9d35eded1c95d3be]::test_main_inner::<test[9d35eded1c95d3be]::test_main_static::{closure#0}>::{closure#0}
[INFO] [stdout]    6:     0x569c2ce6f682 - std[70759c8f55707aa4]::panicking::panic_with_hook
[INFO] [stdout]    7:     0x569c2ce52cf2 - std[70759c8f55707aa4]::panicking::panic_handler::{closure#0}
[INFO] [stdout]    8:     0x569c2ce4ba79 - std[70759c8f55707aa4]::sys::backtrace::__rust_end_short_backtrace::<std[70759c8f55707aa4]::panicking::panic_handler::{closure#0}, !>
[INFO] [stdout]    9:     0x569c2ce538ed - __rustc[8fa7c3cbc660c2b3]::rust_begin_unwind
[INFO] [stdout]   10:     0x569c2ce8d1ac - core[df12db4294e9bfd3]::panicking::panic_fmt
[INFO] [stdout]   11:     0x569c2ce8d0c3 - core[df12db4294e9bfd3]::panicking::assert_failed_inner
[INFO] [stdout]   12:     0x569c2cd19f1e - core[df12db4294e9bfd3]::panicking::assert_failed::<alloc[2182bb758b4b3781]::string::String, &str>
[INFO] [stdout]   13:     0x569c2cd1b4c3 - <test_python[fbf04de5c54d56f1]::test_pytest_pipenv_file::{closure#0} as core[df12db4294e9bfd3]::ops::function::FnOnce<()>>::call_once
[INFO] [stdout]   14:     0x569c2cd1bd4b - test[9d35eded1c95d3be]::__rust_begin_short_backtrace::<core[df12db4294e9bfd3]::result::Result<(), alloc[2182bb758b4b3781]::string::String>, fn() -> core[df12db4294e9bfd3]::result::Result<(), alloc[2182bb758b4b3781]::string::String>>
[INFO] [stdout]   15:     0x569c2cd293b5 - test[9d35eded1c95d3be]::run_test::{closure#0}
[INFO] [stdout]   16:     0x569c2cd22c74 - std[70759c8f55707aa4]::sys::backtrace::__rust_begin_short_backtrace::<test[9d35eded1c95d3be]::run_test::{closure#1}, ()>
[INFO] [stdout]   17:     0x569c2cd2c512 - <std[70759c8f55707aa4]::thread::lifecycle::spawn_unchecked<test[9d35eded1c95d3be]::run_test::{closure#1}, ()>::{closure#1} as core[df12db4294e9bfd3]::ops::function::FnOnce<()>>::call_once::{shim:vtable#0}
[INFO] [stdout]   18:     0x569c2ce76639 - <std[70759c8f55707aa4]::sys::thread::unix::Thread>::new::thread_start
[INFO] [stdout]   19:     0x735e0d1a1dfa - <unknown>
[INFO] [stdout]   20:     0x735e0d2353d4 - clone
[INFO] [stdout]   21:                0x0 - <unknown>
[INFO] [stdout] 
[INFO] [stdout] ---- test_pytest_xunit_line stdout ----
[INFO] [stdout] 
[INFO] [stdout] thread 'test_pytest_xunit_line' (1137) panicked at tests/test_python.rs:39:5:
[INFO] [stdout] assertion `left == right` failed
[INFO] [stdout]   left: "pytest test_class.py::TestNumbers"
[INFO] [stdout]  right: "python -m pytest test_class.py::TestNumbers"
[INFO] [stdout] stack backtrace:
[INFO] [stdout]    0:     0x569c2ce76d61 - <<std[70759c8f55707aa4]::sys::backtrace::BacktraceLock>::print::DisplayBacktrace as core[df12db4294e9bfd3]::fmt::Display>::fmt
[INFO] [stdout]    1:     0x569c2ce8c9ca - core[df12db4294e9bfd3]::fmt::write
[INFO] [stdout]    2:     0x569c2ce7b40c - <alloc[2182bb758b4b3781]::vec::Vec<u8> as core[df12db4294e9bfd3]::io::write::Write>::write_fmt
[INFO] [stdout]    3:     0x569c2ce52c46 - std[70759c8f55707aa4]::panicking::default_hook::{closure#0}
[INFO] [stdout]    4:     0x569c2ce6f4c9 - std[70759c8f55707aa4]::panicking::default_hook
[INFO] [stdout]    5:     0x569c2cd28a60 - test[9d35eded1c95d3be]::test_main_inner::<test[9d35eded1c95d3be]::test_main_static::{closure#0}>::{closure#0}
[INFO] [stdout]    6:     0x569c2ce6f682 - std[70759c8f55707aa4]::panicking::panic_with_hook
[INFO] [stdout]    7:     0x569c2ce52cf2 - std[70759c8f55707aa4]::panicking::panic_handler::{closure#0}
[INFO] [stdout]    8:     0x569c2ce4ba79 - std[70759c8f55707aa4]::sys::backtrace::__rust_end_short_backtrace::<std[70759c8f55707aa4]::panicking::panic_handler::{closure#0}, !>
[INFO] [stdout]    9:     0x569c2ce538ed - __rustc[8fa7c3cbc660c2b3]::rust_begin_unwind
[INFO] [stdout]   10:     0x569c2ce8d1ac - core[df12db4294e9bfd3]::panicking::panic_fmt
[INFO] [stdout]   11:     0x569c2ce8d0c3 - core[df12db4294e9bfd3]::panicking::assert_failed_inner
[INFO] [stdout]   12:     0x569c2cd19f1e - core[df12db4294e9bfd3]::panicking::assert_failed::<alloc[2182bb758b4b3781]::string::String, &str>
[INFO] [stdout]   13:     0x569c2cd1b2dc - <test_python[fbf04de5c54d56f1]::test_pytest_xunit_line::{closure#0} as core[df12db4294e9bfd3]::ops::function::FnOnce<()>>::call_once
[INFO] [stdout]   14:     0x569c2cd1bd4b - test[9d35eded1c95d3be]::__rust_begin_short_backtrace::<core[df12db4294e9bfd3]::result::Result<(), alloc[2182bb758b4b3781]::string::String>, fn() -> core[df12db4294e9bfd3]::result::Result<(), alloc[2182bb758b4b3781]::string::String>>
[INFO] [stdout]   15:     0x569c2cd293b5 - test[9d35eded1c95d3be]::run_test::{closure#0}
[INFO] [stdout]   16:     0x569c2cd22c74 - std[70759c8f55707aa4]::sys::backtrace::__rust_begin_short_backtrace::<test[9d35eded1c95d3be]::run_test::{closure#1}, ()>
[INFO] [stdout]   17:     0x569c2cd2c512 - <std[70759c8f55707aa4]::thread::lifecycle::spawn_unchecked<test[9d35eded1c95d3be]::run_test::{closure#1}, ()>::{closure#1} as core[df12db4294e9bfd3]::ops::function::FnOnce<()>>::call_once::{shim:vtable#0}
[INFO] [stdout]   18:     0x569c2ce76639 - <std[70759c8f55707aa4]::sys::thread::unix::Thread>::new::thread_start
[INFO] [stdout]   19:     0x735e0d1a1dfa - <unknown>
[INFO] [stdout]   20:     0x735e0d2353d4 - clone
[INFO] [stdout]   21:                0x0 - <unknown>
[INFO] [stdout] 
[INFO] [stdout] ---- test_pytest_poetry_line stdout ----
[INFO] [stdout] 
[INFO] [stdout] thread 'test_pytest_poetry_line' (1134) panicked at tests/test_python.rs:141:5:
[INFO] [stdout] assertion `left == right` failed
[INFO] [stdout]   left: "poetry run pytest test_class.py::TestNumbers"
[INFO] [stdout]  right: "poetry run python -m pytest test_class.py::TestNumbers"
[INFO] [stdout] stack backtrace:
[INFO] [stdout]    0:     0x569c2ce76d61 - <<std[70759c8f55707aa4]::sys::backtrace::BacktraceLock>::print::DisplayBacktrace as core[df12db4294e9bfd3]::fmt::Display>::fmt
[INFO] [stdout]    1:     0x569c2ce8c9ca - core[df12db4294e9bfd3]::fmt::write
[INFO] [stdout]    2:     0x569c2ce7b40c - <alloc[2182bb758b4b3781]::vec::Vec<u8> as core[df12db4294e9bfd3]::io::write::Write>::write_fmt
[INFO] [stdout]    3:     0x569c2ce52c46 - std[70759c8f55707aa4]::panicking::default_hook::{closure#0}
[INFO] [stdout]    4:     0x569c2ce6f4c9 - std[70759c8f55707aa4]::panicking::default_hook
[INFO] [stdout]    5:     0x569c2cd28a60 - test[9d35eded1c95d3be]::test_main_inner::<test[9d35eded1c95d3be]::test_main_static::{closure#0}>::{closure#0}
[INFO] [stdout]    6:     0x569c2ce6f682 - std[70759c8f55707aa4]::panicking::panic_with_hook
[INFO] [stdout]    7:     0x569c2ce52cf2 - std[70759c8f55707aa4]::panicking::panic_handler::{closure#0}
[INFO] [stdout]    8:     0x569c2ce4ba79 - std[70759c8f55707aa4]::sys::backtrace::__rust_end_short_backtrace::<std[70759c8f55707aa4]::panicking::panic_handler::{closure#0}, !>
[INFO] [stdout]    9:     0x569c2ce538ed - __rustc[8fa7c3cbc660c2b3]::rust_begin_unwind
[INFO] [stdout]   10:     0x569c2ce8d1ac - core[df12db4294e9bfd3]::panicking::panic_fmt
[INFO] [stdout]   11:     0x569c2ce8d0c3 - core[df12db4294e9bfd3]::panicking::assert_failed_inner
[INFO] [stdout]   12:     0x569c2cd19f1e - core[df12db4294e9bfd3]::panicking::assert_failed::<alloc[2182bb758b4b3781]::string::String, &str>
[INFO] [stdout]   13:     0x569c2cd1b821 - <test_python[fbf04de5c54d56f1]::test_pytest_poetry_line::{closure#0} as core[df12db4294e9bfd3]::ops::function::FnOnce<()>>::call_once
[INFO] [stdout]   14:     0x569c2cd1bd4b - test[9d35eded1c95d3be]::__rust_begin_short_backtrace::<core[df12db4294e9bfd3]::result::Result<(), alloc[2182bb758b4b3781]::string::String>, fn() -> core[df12db4294e9bfd3]::result::Result<(), alloc[2182bb758b4b3781]::string::String>>
[INFO] [stdout]   15:     0x569c2cd293b5 - test[9d35eded1c95d3be]::run_test::{closure#0}
[INFO] [stdout]   16:     0x569c2cd22c74 - std[70759c8f55707aa4]::sys::backtrace::__rust_begin_short_backtrace::<test[9d35eded1c95d3be]::run_test::{closure#1}, ()>
[INFO] [stdout]   17:     0x569c2cd2c512 - <std[70759c8f55707aa4]::thread::lifecycle::spawn_unchecked<test[9d35eded1c95d3be]::run_test::{closure#1}, ()>::{closure#1} as core[df12db4294e9bfd3]::ops::function::FnOnce<()>>::call_once::{shim:vtable#0}
[INFO] [stdout]   18:     0x569c2ce76639 - <std[70759c8f55707aa4]::sys::thread::unix::Thread>::new::thread_start
[INFO] [stdout]   19:     0x735e0d1a1dfa - <unknown>
[INFO] [stdout]   20:     0x735e0d2353d4 - clone
[INFO] [stdout]   21:                0x0 - <unknown>
[INFO] [stdout] 
[INFO] [stdout] ---- test_pytest_pdm_file stdout ----
[INFO] [stdout] 
[INFO] [stdout] thread 'test_pytest_pdm_file' (1127) panicked at tests/test_python.rs:181:5:
[INFO] [stdout] assertion `left == right` failed
[INFO] [stdout]   left: "pdm run pytest test_class.py"
[INFO] [stdout]  right: "pdm run python -m pytest test_class.py"
[INFO] [stdout] stack backtrace:
[INFO] [stdout]    0:     0x569c2ce76d61 - <<std[70759c8f55707aa4]::sys::backtrace::BacktraceLock>::print::DisplayBacktrace as core[df12db4294e9bfd3]::fmt::Display>::fmt
[INFO] [stdout]    1:     0x569c2ce8c9ca - core[df12db4294e9bfd3]::fmt::write
[INFO] [stdout]    2:     0x569c2ce7b40c - <alloc[2182bb758b4b3781]::vec::Vec<u8> as core[df12db4294e9bfd3]::io::write::Write>::write_fmt
[INFO] [stdout]    3:     0x569c2ce52c46 - std[70759c8f55707aa4]::panicking::default_hook::{closure#0}
[INFO] [stdout]    4:     0x569c2ce6f4c9 - std[70759c8f55707aa4]::panicking::default_hook
[INFO] [stdout]    5:     0x569c2cd28a60 - test[9d35eded1c95d3be]::test_main_inner::<test[9d35eded1c95d3be]::test_main_static::{closure#0}>::{closure#0}
[INFO] [stdout]    6:     0x569c2ce6f682 - std[70759c8f55707aa4]::panicking::panic_with_hook
[INFO] [stdout]    7:     0x569c2ce52cf2 - std[70759c8f55707aa4]::panicking::panic_handler::{closure#0}
[INFO] [stdout]    8:     0x569c2ce4ba79 - std[70759c8f55707aa4]::sys::backtrace::__rust_end_short_backtrace::<std[70759c8f55707aa4]::panicking::panic_handler::{closure#0}, !>
[INFO] [stdout]    9:     0x569c2ce538ed - __rustc[8fa7c3cbc660c2b3]::rust_begin_unwind
[INFO] [stdout]   10:     0x569c2ce8d1ac - core[df12db4294e9bfd3]::panicking::panic_fmt
[INFO] [stdout]   11:     0x569c2ce8d0c3 - core[df12db4294e9bfd3]::panicking::assert_failed_inner
[INFO] [stdout]   12:     0x569c2cd19f1e - core[df12db4294e9bfd3]::panicking::assert_failed::<alloc[2182bb758b4b3781]::string::String, &str>
[INFO] [stdout]   13:     0x569c2cd1ab33 - <test_python[fbf04de5c54d56f1]::test_pytest_pdm_file::{closure#0} as core[df12db4294e9bfd3]::ops::function::FnOnce<()>>::call_once
[INFO] [stdout]   14:     0x569c2cd1bd4b - test[9d35eded1c95d3be]::__rust_begin_short_backtrace::<core[df12db4294e9bfd3]::result::Result<(), alloc[2182bb758b4b3781]::string::String>, fn() -> core[df12db4294e9bfd3]::result::Result<(), alloc[2182bb758b4b3781]::string::String>>
[INFO] [stdout]   15:     0x569c2cd293b5 - test[9d35eded1c95d3be]::run_test::{closure#0}
[INFO] [stdout]   16:     0x569c2cd22c74 - std[70759c8f55707aa4]::sys::backtrace::__rust_begin_short_backtrace::<test[9d35eded1c95d3be]::run_test::{closure#1}, ()>
[INFO] [stdout]   17:     0x569c2cd2c512 - <std[70759c8f55707aa4]::thread::lifecycle::spawn_unchecked<test[9d35eded1c95d3be]::run_test::{closure#1}, ()>::{closure#1} as core[df12db4294e9bfd3]::ops::function::FnOnce<()>>::call_once::{shim:vtable#0}
[INFO] [stdout]   18:     0x569c2ce76639 - <std[70759c8f55707aa4]::sys::thread::unix::Thread>::new::thread_start
[INFO] [stdout]   19:     0x735e0d1a1dfa - <unknown>
[INFO] [stdout]   20:     0x735e0d2353d4 - clone
[INFO] [stdout]   21:                0x0 - <unknown>
[INFO] [stdout] 
[INFO] [stdout] ---- test_pytest_xunit_line_no_nearest stdout ----
[INFO] [stdout] 
[INFO] [stdout] thread 'test_pytest_xunit_line_no_nearest' (1138) panicked at tests/test_python.rs:84:5:
[INFO] [stdout] assertion `left == right` failed
[INFO] [stdout]   left: "pytest test_method.py"
[INFO] [stdout]  right: "python -m pytest test_method.py"
[INFO] [stdout] stack backtrace:
[INFO] [stdout]    0:     0x569c2ce76d61 - <<std[70759c8f55707aa4]::sys::backtrace::BacktraceLock>::print::DisplayBacktrace as core[df12db4294e9bfd3]::fmt::Display>::fmt
[INFO] [stdout]    1:     0x569c2ce8c9ca - core[df12db4294e9bfd3]::fmt::write
[INFO] [stdout]    2:     0x569c2ce7b40c - <alloc[2182bb758b4b3781]::vec::Vec<u8> as core[df12db4294e9bfd3]::io::write::Write>::write_fmt
[INFO] [stderr] error: test failed, to rerun pass `--test test_python`
[INFO] [stdout]    3:     0x569c2ce52c46 - std[70759c8f55707aa4]::panicking::default_hook::{closure#0}
[INFO] [stdout]    4:     0x569c2ce6f4c9 - std[70759c8f55707aa4]::panicking::default_hook
[INFO] [stdout]    5:     0x569c2cd28a60 - test[9d35eded1c95d3be]::test_main_inner::<test[9d35eded1c95d3be]::test_main_static::{closure#0}>::{closure#0}
[INFO] [stdout]    6:     0x569c2ce6f682 - std[70759c8f55707aa4]::panicking::panic_with_hook
[INFO] [stdout]    7:     0x569c2ce52cf2 - std[70759c8f55707aa4]::panicking::panic_handler::{closure#0}
[INFO] [stdout]    8:     0x569c2ce4ba79 - std[70759c8f55707aa4]::sys::backtrace::__rust_end_short_backtrace::<std[70759c8f55707aa4]::panicking::panic_handler::{closure#0}, !>
[INFO] [stdout]    9:     0x569c2ce538ed - __rustc[8fa7c3cbc660c2b3]::rust_begin_unwind
[INFO] [stdout]   10:     0x569c2ce8d1ac - core[df12db4294e9bfd3]::panicking::panic_fmt
[INFO] [stdout]   11:     0x569c2ce8d0c3 - core[df12db4294e9bfd3]::panicking::assert_failed_inner
[INFO] [stdout]   12:     0x569c2cd19f1e - core[df12db4294e9bfd3]::panicking::assert_failed::<alloc[2182bb758b4b3781]::string::String, &str>
[INFO] [stdout]   13:     0x569c2cd1bc9e - <test_python[fbf04de5c54d56f1]::test_pytest_xunit_line_no_nearest::{closure#0} as core[df12db4294e9bfd3]::ops::function::FnOnce<()>>::call_once
[INFO] [stdout]   14:     0x569c2cd1bd4b - test[9d35eded1c95d3be]::__rust_begin_short_backtrace::<core[df12db4294e9bfd3]::result::Result<(), alloc[2182bb758b4b3781]::string::String>, fn() -> core[df12db4294e9bfd3]::result::Result<(), alloc[2182bb758b4b3781]::string::String>>
[INFO] [stdout]   15:     0x569c2cd293b5 - test[9d35eded1c95d3be]::run_test::{closure#0}
[INFO] [stdout]   16:     0x569c2cd22c74 - std[70759c8f55707aa4]::sys::backtrace::__rust_begin_short_backtrace::<test[9d35eded1c95d3be]::run_test::{closure#1}, ()>
[INFO] [stdout]   17:     0x569c2cd2c512 - <std[70759c8f55707aa4]::thread::lifecycle::spawn_unchecked<test[9d35eded1c95d3be]::run_test::{closure#1}, ()>::{closure#1} as core[df12db4294e9bfd3]::ops::function::FnOnce<()>>::call_once::{shim:vtable#0}
[INFO] [stdout]   18:     0x569c2ce76639 - <std[70759c8f55707aa4]::sys::thread::unix::Thread>::new::thread_start
[INFO] [stdout]   19:     0x735e0d1a1dfa - <unknown>
[INFO] [stdout]   20:     0x735e0d2353d4 - clone
[INFO] [stdout]   21:                0x0 - <unknown>
[INFO] [stdout] 
[INFO] [stdout] 
[INFO] [stdout] failures:
[INFO] [stdout]     test_pytest_line
[INFO] [stdout]     test_pytest_pdm_file
[INFO] [stdout]     test_pytest_pdm_line
[INFO] [stdout]     test_pytest_pdm_suite
[INFO] [stdout]     test_pytest_pipenv_file
[INFO] [stdout]     test_pytest_pipenv_line
[INFO] [stdout]     test_pytest_pipenv_suite
[INFO] [stdout]     test_pytest_poetry_file
[INFO] [stdout]     test_pytest_poetry_line
[INFO] [stdout]     test_pytest_poetry_suite
[INFO] [stdout]     test_pytest_xunit_file
[INFO] [stdout]     test_pytest_xunit_line
[INFO] [stdout]     test_pytest_xunit_line_no_nearest
[INFO] [stdout]     test_pytest_xunit_suite
[INFO] [stdout] 
[INFO] [stdout] test result: FAILED. 0 passed; 14 failed; 0 ignored; 0 measured; 0 filtered out; finished in 0.03s
[INFO] [stdout] 
[INFO] running `Command { std: "docker" "inspect" "50c69b0ad216e0eff725f7aadba8bf0e38fd9733715c67d4d3b479db7fab03f2", kill_on_drop: false }`
[INFO] running `Command { std: "docker" "rm" "-f" "50c69b0ad216e0eff725f7aadba8bf0e38fd9733715c67d4d3b479db7fab03f2", kill_on_drop: false }`
[INFO] [stdout] 50c69b0ad216e0eff725f7aadba8bf0e38fd9733715c67d4d3b479db7fab03f2
