[INFO] cloning repository https://github.com/thomas9911/bash_builder
[INFO] running `Command { std: "git" "-c" "credential.helper=" "-c" "credential.helper=/workspace/cargo-home/bin/git-credential-null" "clone" "--bare" "https://github.com/thomas9911/bash_builder" "/workspace/cache/git-repos/https%3A%2F%2Fgithub.com%2Fthomas9911%2Fbash_builder", kill_on_drop: false }`
[INFO] [stderr] Cloning into bare repository '/workspace/cache/git-repos/https%3A%2F%2Fgithub.com%2Fthomas9911%2Fbash_builder'...
[INFO] running `Command { std: "git" "rev-parse" "HEAD", kill_on_drop: false }`
[INFO] [stdout] 44a5d9fa3bb9279dfedad24ce269c2a94e911ade
[INFO] testing thomas9911/bash_builder against 1.100.0-beta.1+cargoflags=--release for beta-release-1.100-2
[INFO] running `Command { std: "git" "clone" "/workspace/cache/git-repos/https%3A%2F%2Fgithub.com%2Fthomas9911%2Fbash_builder" "/workspace/builds/worker-6-tc2/source", kill_on_drop: false }`
[INFO] [stderr] Cloning into '/workspace/builds/worker-6-tc2/source'...
[INFO] [stderr] done.
[INFO] started tweaking git repo https://github.com/thomas9911/bash_builder
[INFO] finished tweaking git repo https://github.com/thomas9911/bash_builder
[INFO] tweaked toml for git repo https://github.com/thomas9911/bash_builder written to /workspace/builds/worker-6-tc2/source/Cargo.toml
[INFO] validating manifest of git repo https://github.com/thomas9911/bash_builder on toolchain 1.100.0-beta.1
[INFO] running `Command { std: CARGO_HOME="/workspace/cargo-home" RUSTUP_HOME="/workspace/rustup-home" "/workspace/cargo-home/bin/cargo" "+1.100.0-beta.1" "metadata" "--manifest-path" "Cargo.toml" "--no-deps", kill_on_drop: false }`
[INFO] crate git repo https://github.com/thomas9911/bash_builder already has a lockfile, it will not be regenerated
[INFO] running `Command { std: CARGO_HOME="/workspace/cargo-home" RUSTUP_HOME="/workspace/rustup-home" "/workspace/cargo-home/bin/cargo" "+1.100.0-beta.1" "fetch" "--manifest-path" "Cargo.toml", kill_on_drop: false }`
[INFO] running `Command { std: "docker" "create" "-v" "/var/lib/crater-agent-workspace/builds/worker-6-tc2/source:/opt/rustwide/workdir:ro,Z" "-v" "/var/lib/crater-agent-workspace/builds/worker-6-tc2/target:/opt/rustwide/target:rw,Z" "-v" "/var/lib/crater-agent-workspace/cargo-home:/opt/rustwide/cargo-home:ro,Z" "-v" "/var/lib/crater-agent-workspace/rustup-home:/opt/rustwide/rustup-home:ro,Z" "-m" "1610612736" "--network" "none" "ghcr.io/rust-lang/crates-build-env/linux@sha256:77db811e55d90add9212f6832c23229e3de5f1c1f9905e8cb07319ea15df73ac" "sleep" "infinity", kill_on_drop: false }`
[INFO] [stdout] 72fd42e2da85bc1c8f928bcede120cebc8f84008c64179507280b7d083f86d07
[INFO] running `Command { std: "docker" "start" "72fd42e2da85bc1c8f928bcede120cebc8f84008c64179507280b7d083f86d07", kill_on_drop: false }`
[INFO] running `Command { std: "docker" "inspect" "72fd42e2da85bc1c8f928bcede120cebc8f84008c64179507280b7d083f86d07", kill_on_drop: false }`
[INFO] running `Command { std: "docker" "exec" "-e" "SOURCE_DIR=/opt/rustwide/workdir" "-e" "CARGO_HOME=/opt/rustwide/cargo-home" "-e" "RUSTUP_HOME=/opt/rustwide/rustup-home" "-e" "CARGO_TARGET_DIR=/opt/rustwide/target" "-w" "/opt/rustwide/workdir" "--user" "0:0" "72fd42e2da85bc1c8f928bcede120cebc8f84008c64179507280b7d083f86d07" "/opt/rustwide/cargo-home/bin/cargo" "+1.100.0-beta.1" "metadata" "--no-deps" "--format-version=1", kill_on_drop: false }`
[INFO] running `Command { std: "docker" "inspect" "72fd42e2da85bc1c8f928bcede120cebc8f84008c64179507280b7d083f86d07", kill_on_drop: false }`
[INFO] running `Command { std: "docker" "exec" "-e" "SOURCE_DIR=/opt/rustwide/workdir" "-e" "CARGO_HOME=/opt/rustwide/cargo-home" "-e" "RUSTUP_HOME=/opt/rustwide/rustup-home" "-e" "CARGO_TARGET_DIR=/opt/rustwide/target" "-e" "CARGO_INCREMENTAL=0" "-e" "RUST_BACKTRACE=full" "-e" "RUSTFLAGS=--cap-lints=warn" "-e" "RUSTDOCFLAGS=--cap-lints=warn" "-w" "/opt/rustwide/workdir" "--user" "0:0" "72fd42e2da85bc1c8f928bcede120cebc8f84008c64179507280b7d083f86d07" "/opt/rustwide/cargo-home/bin/cargo" "+1.100.0-beta.1" "build" "--frozen" "--message-format=json" "--release", kill_on_drop: false }`
[INFO] [stderr]    Compiling proc-macro2 v1.0.27
[INFO] [stderr]    Compiling syn v1.0.72
[INFO] [stderr]    Compiling bitflags v1.2.1
[INFO] [stderr]    Compiling unicode-segmentation v1.7.1
[INFO] [stderr]    Compiling serde v1.0.126
[INFO] [stderr]    Compiling unicode-width v0.1.8
[INFO] [stderr]    Compiling serde_derive v1.0.126
[INFO] [stderr]    Compiling proc-macro-error-attr v1.0.4
[INFO] [stderr]    Compiling proc-macro-error v1.0.4
[INFO] [stderr]    Compiling textwrap v0.11.0
[INFO] [stderr]    Compiling clap v2.33.3
[INFO] [stderr]    Compiling heck v0.3.2
[INFO] [stderr]    Compiling quote v1.0.9
[INFO] [stderr]    Compiling toml v0.5.8
[INFO] [stderr]    Compiling structopt-derive v0.4.14
[INFO] [stderr]    Compiling structopt v0.3.21
[INFO] [stderr]    Compiling bash_bundler v0.1.1 (/opt/rustwide/workdir)
[INFO] [stdout] warning: fields `line`, `text`, and `style` are never read
[INFO] [stdout]    --> src/main.rs:179:5
[INFO] [stdout]     |
[INFO] [stdout] 177 | pub struct ImportStatement {
[INFO] [stdout]     |            --------------- fields in this struct
[INFO] [stdout] 178 |     line_number: usize,
[INFO] [stdout] 179 |     line: String,
[INFO] [stdout]     |     ^^^^
[INFO] [stdout] 180 |     text: String,
[INFO] [stdout]     |     ^^^^
[INFO] [stdout] 181 |     path: PathBuf,
[INFO] [stdout] 182 |     style: ImportStyle,
[INFO] [stdout]     |     ^^^^^
[INFO] [stdout]     |
[INFO] [stdout]     = note: `ImportStatement` has a derived impl for the trait `Debug`, but this is intentionally ignored during dead code analysis
[INFO] [stdout]     = note: `#[warn(dead_code)]` (part of `#[warn(unused)]`) on by default
[INFO] [stdout] 
[INFO] [stdout] 
[INFO] [stderr]     Finished `release` profile [optimized] target(s) in 18.53s
[INFO] running `Command { std: "docker" "inspect" "72fd42e2da85bc1c8f928bcede120cebc8f84008c64179507280b7d083f86d07", kill_on_drop: false }`
[INFO] running `Command { std: "docker" "exec" "-e" "SOURCE_DIR=/opt/rustwide/workdir" "-e" "CARGO_HOME=/opt/rustwide/cargo-home" "-e" "RUSTUP_HOME=/opt/rustwide/rustup-home" "-e" "CARGO_TARGET_DIR=/opt/rustwide/target" "-e" "CARGO_INCREMENTAL=0" "-e" "RUST_BACKTRACE=full" "-e" "RUSTFLAGS=--cap-lints=warn" "-e" "RUSTDOCFLAGS=--cap-lints=warn" "-w" "/opt/rustwide/workdir" "--user" "0:0" "72fd42e2da85bc1c8f928bcede120cebc8f84008c64179507280b7d083f86d07" "/opt/rustwide/cargo-home/bin/cargo" "+1.100.0-beta.1" "test" "--frozen" "--no-run" "--message-format=json" "--release", kill_on_drop: false }`
[INFO] [stderr]    Compiling bash_bundler v0.1.1 (/opt/rustwide/workdir)
[INFO] [stdout] warning: fields `line`, `text`, and `style` are never read
[INFO] [stdout]    --> src/main.rs:179:5
[INFO] [stdout]     |
[INFO] [stdout] 177 | pub struct ImportStatement {
[INFO] [stdout]     |            --------------- fields in this struct
[INFO] [stdout] 178 |     line_number: usize,
[INFO] [stdout] 179 |     line: String,
[INFO] [stdout]     |     ^^^^
[INFO] [stdout] 180 |     text: String,
[INFO] [stdout]     |     ^^^^
[INFO] [stdout] 181 |     path: PathBuf,
[INFO] [stdout] 182 |     style: ImportStyle,
[INFO] [stdout]     |     ^^^^^
[INFO] [stdout]     |
[INFO] [stdout]     = note: `ImportStatement` has a derived impl for the trait `Debug`, but this is intentionally ignored during dead code analysis
[INFO] [stdout]     = note: `#[warn(dead_code)]` (part of `#[warn(unused)]`) on by default
[INFO] [stdout] 
[INFO] [stdout] 
[INFO] [stdout] warning: fields `line`, `text`, and `style` are never read
[INFO] [stdout]    --> src/main.rs:179:5
[INFO] [stdout]     |
[INFO] [stdout] 177 | pub struct ImportStatement {
[INFO] [stdout]     |            --------------- fields in this struct
[INFO] [stdout] 178 |     line_number: usize,
[INFO] [stdout] 179 |     line: String,
[INFO] [stdout]     |     ^^^^
[INFO] [stdout] 180 |     text: String,
[INFO] [stdout]     |     ^^^^
[INFO] [stdout] 181 |     path: PathBuf,
[INFO] [stdout] 182 |     style: ImportStyle,
[INFO] [stdout]     |     ^^^^^
[INFO] [stdout]     |
[INFO] [stdout]     = note: `ImportStatement` has a derived impl for the trait `Debug`, but this is intentionally ignored during dead code analysis
[INFO] [stdout]     = note: `#[warn(dead_code)]` (part of `#[warn(unused)]`) on by default
[INFO] [stdout] 
[INFO] [stdout] 
[INFO] [stderr]     Finished `release` profile [optimized] target(s) in 0.86s
[INFO] running `Command { std: "docker" "inspect" "72fd42e2da85bc1c8f928bcede120cebc8f84008c64179507280b7d083f86d07", kill_on_drop: false }`
[INFO] running `Command { std: "docker" "exec" "-e" "SOURCE_DIR=/opt/rustwide/workdir" "-e" "CARGO_HOME=/opt/rustwide/cargo-home" "-e" "RUSTUP_HOME=/opt/rustwide/rustup-home" "-e" "CARGO_TARGET_DIR=/opt/rustwide/target" "-e" "CARGO_INCREMENTAL=0" "-e" "RUST_BACKTRACE=full" "-e" "RUSTFLAGS=--cap-lints=warn" "-e" "RUSTDOCFLAGS=--cap-lints=warn" "-w" "/opt/rustwide/workdir" "--user" "0:0" "72fd42e2da85bc1c8f928bcede120cebc8f84008c64179507280b7d083f86d07" "/opt/rustwide/cargo-home/bin/cargo" "+1.100.0-beta.1" "test" "--frozen" "--release", kill_on_drop: false }`
[INFO] [stderr] warning: fields `line`, `text`, and `style` are never read
[INFO] [stderr]    --> src/main.rs:179:5
[INFO] [stderr]     |
[INFO] [stderr] 177 | pub struct ImportStatement {
[INFO] [stderr]     |            --------------- fields in this struct
[INFO] [stderr] 178 |     line_number: usize,
[INFO] [stderr] 179 |     line: String,
[INFO] [stderr]     |     ^^^^
[INFO] [stderr] 180 |     text: String,
[INFO] [stderr]     |     ^^^^
[INFO] [stderr] 181 |     path: PathBuf,
[INFO] [stderr] 182 |     style: ImportStyle,
[INFO] [stderr]     |     ^^^^^
[INFO] [stderr]     |
[INFO] [stderr]     = note: `ImportStatement` has a derived impl for the trait `Debug`, but this is intentionally ignored during dead code analysis
[INFO] [stderr]     = note: `#[warn(dead_code)]` (part of `#[warn(unused)]`) on by default
[INFO] [stderr] 
[INFO] [stderr] warning: `bash_bundler` (bin "bash_bundler") generated 1 warning
[INFO] [stderr] warning: `bash_bundler` (bin "bash_bundler" test) generated 1 warning (1 duplicate)
[INFO] [stderr]     Finished `release` profile [optimized] target(s) in 0.07s
[INFO] [stderr]      Running unittests src/main.rs (/opt/rustwide/target/release/build/bash_bundler/0da45a1cce30c772/out/bash_bundler-0da45a1cce30c772)
[INFO] [stdout] 
[INFO] [stdout] running 4 tests
[INFO] [stdout] test resolving_one_level ... ok
[INFO] [stdout] test resolving_two_level ... ok
[INFO] [stdout] test resolving_source ... ok
[INFO] [stdout] test resolving_circular ... ok
[INFO] [stdout] 
[INFO] [stdout] test result: ok. 4 passed; 0 failed; 0 ignored; 0 measured; 0 filtered out; finished in 0.03s
[INFO] [stdout] 
[INFO] [stderr]      Running tests/cli.rs (/opt/rustwide/target/release/build/bash_bundler/1f61086ba1b2a3f9/out/cli-1f61086ba1b2a3f9)
[INFO] [stdout] 
[INFO] [stdout] running 6 tests
[INFO] [stdout] test file_or_config_required ... FAILED
[INFO] [stdout] test source ... FAILED
[INFO] [stdout] test source_disabled ... FAILED
[INFO] [stdout] test comment_disabled ... FAILED
[INFO] [stdout] test comment ... FAILED
[INFO] [stdout] test config ... FAILED
[INFO] [stdout] 
[INFO] [stdout] failures:
[INFO] [stdout] 
[INFO] [stdout] ---- file_or_config_required stdout ----
[INFO] [stdout] 
[INFO] [stdout] thread 'file_or_config_required' (698) panicked at tests/cli.rs:15:10:
[INFO] [stdout] failed to execute process: Os { code: 2, kind: NotFound, message: "No such file or directory" }
[INFO] [stdout] stack backtrace:
[INFO] [stdout]    0:     0x60d6e29594f1 - <<std[617be2ca0a6fd877]::sys::backtrace::BacktraceLock>::print::DisplayBacktrace as core[a373ad73a504971]::fmt::Display>::fmt
[INFO] [stdout]    1:     0x60d6e296d4ba - core[a373ad73a504971]::fmt::write
[INFO] [stdout]    2:     0x60d6e295d70c - <alloc[2e1b2a31b91974c5]::vec::Vec<u8> as core[a373ad73a504971]::io::write::Write>::write_fmt
[INFO] [stdout]    3:     0x60d6e2935856 - std[617be2ca0a6fd877]::panicking::default_hook::{closure#0}
[INFO] [stdout]    4:     0x60d6e2951b89 - std[617be2ca0a6fd877]::panicking::default_hook
[INFO] [stdout]    5:     0x60d6e28ee130 - test[aada8e7e76ba119b]::test_main_inner::{closure#0}
[INFO] [stdout]    6:     0x60d6e2951d42 - std[617be2ca0a6fd877]::panicking::panic_with_hook
[INFO] [stdout]    7:     0x60d6e2935902 - std[617be2ca0a6fd877]::panicking::panic_handler::{closure#0}
[INFO] [stdout]    8:     0x60d6e292e619 - std[617be2ca0a6fd877]::sys::backtrace::__rust_end_short_backtrace::<std[617be2ca0a6fd877]::panicking::panic_handler::{closure#0}, !>
[INFO] [stdout]    9:     0x60d6e293650d - __rustc[ea4f61d10b84890b]::rust_begin_unwind
[INFO] [stdout]   10:     0x60d6e296dbec - core[a373ad73a504971]::panicking::panic_fmt
[INFO] [stdout]   11:     0x60d6e296d9c2 - core[a373ad73a504971]::result::unwrap_failed
[INFO] [stdout]   12:     0x60d6e28e0d6d - <cli[f1d129fa73e5ff9d]::file_or_config_required::{closure#0} as core[a373ad73a504971]::ops::function::FnOnce<()>>::call_once
[INFO] [stdout]   13:     0x60d6e28e157b - test[aada8e7e76ba119b]::__rust_begin_short_backtrace::<core[a373ad73a504971]::result::Result<(), alloc[2e1b2a31b91974c5]::string::String>, fn() -> core[a373ad73a504971]::result::Result<(), alloc[2e1b2a31b91974c5]::string::String>>
[INFO] [stdout]   14:     0x60d6e28ee755 - test[aada8e7e76ba119b]::run_test::{closure#0}
[INFO] [stdout]   15:     0x60d6e28e8044 - std[617be2ca0a6fd877]::sys::backtrace::__rust_begin_short_backtrace::<test[aada8e7e76ba119b]::run_test::{closure#1}, ()>
[INFO] [stdout]   16:     0x60d6e28f17e2 - <std[617be2ca0a6fd877]::thread::lifecycle::spawn_unchecked<test[aada8e7e76ba119b]::run_test::{closure#1}, ()>::{closure#1} as core[a373ad73a504971]::ops::function::FnOnce<()>>::call_once::{shim:vtable#0}
[INFO] [stdout]   17:     0x60d6e2958d4f - <std[617be2ca0a6fd877]::sys::thread::unix::Thread>::new::thread_start
[INFO] [stdout]   18:     0x7efa368d6dfa - <unknown>
[INFO] [stdout]   19:     0x7efa3696a3d4 - clone
[INFO] [stdout]   20:                0x0 - <unknown>
[INFO] [stdout] 
[INFO] [stdout] ---- source stdout ----
[INFO] [stdout] 
[INFO] [stdout] thread 'source' (699) panicked at tests/cli.rs:15:10:
[INFO] [stdout] failed to execute process: Os { code: 2, kind: NotFound, message: "No such file or directory" }
[INFO] [stdout] stack backtrace:
[INFO] [stdout]    0:     0x60d6e29594f1 - <<std[617be2ca0a6fd877]::sys::backtrace::BacktraceLock>::print::DisplayBacktrace as core[a373ad73a504971]::fmt::Display>::fmt
[INFO] [stdout]    1:     0x60d6e296d4ba - core[a373ad73a504971]::fmt::write
[INFO] [stdout]    2:     0x60d6e295d70c - <alloc[2e1b2a31b91974c5]::vec::Vec<u8> as core[a373ad73a504971]::io::write::Write>::write_fmt
[INFO] [stdout]    3:     0x60d6e2935856 - std[617be2ca0a6fd877]::panicking::default_hook::{closure#0}
[INFO] [stdout]    4:     0x60d6e2951b89 - std[617be2ca0a6fd877]::panicking::default_hook
[INFO] [stdout]    5:     0x60d6e28ee130 - test[aada8e7e76ba119b]::test_main_inner::{closure#0}
[INFO] [stdout]    6:     0x60d6e2951d42 - std[617be2ca0a6fd877]::panicking::panic_with_hook
[INFO] [stdout]    7:     0x60d6e2935902 - std[617be2ca0a6fd877]::panicking::panic_handler::{closure#0}
[INFO] [stdout]    8:     0x60d6e292e619 - std[617be2ca0a6fd877]::sys::backtrace::__rust_end_short_backtrace::<std[617be2ca0a6fd877]::panicking::panic_handler::{closure#0}, !>
[INFO] [stdout]    9:     0x60d6e293650d - __rustc[ea4f61d10b84890b]::rust_begin_unwind
[INFO] [stdout]   10:     0x60d6e296dbec - core[a373ad73a504971]::panicking::panic_fmt
[INFO] [stdout]   11:     0x60d6e296d9c2 - core[a373ad73a504971]::result::unwrap_failed
[INFO] [stdout]   12:     0x60d6e28dfc34 - cli[f1d129fa73e5ff9d]::call_binary_to_string::<&[&str; 2usize], &&str>
[INFO] [stdout]   13:     0x60d6e28e1064 - <cli[f1d129fa73e5ff9d]::source::{closure#0} as core[a373ad73a504971]::ops::function::FnOnce<()>>::call_once
[INFO] [stdout]   14:     0x60d6e28e157b - test[aada8e7e76ba119b]::__rust_begin_short_backtrace::<core[a373ad73a504971]::result::Result<(), alloc[2e1b2a31b91974c5]::string::String>, fn() -> core[a373ad73a504971]::result::Result<(), alloc[2e1b2a31b91974c5]::string::String>>
[INFO] [stdout]   15:     0x60d6e28ee755 - test[aada8e7e76ba119b]::run_test::{closure#0}
[INFO] [stdout]   16:     0x60d6e28e8044 - std[617be2ca0a6fd877]::sys::backtrace::__rust_begin_short_backtrace::<test[aada8e7e76ba119b]::run_test::{closure#1}, ()>
[INFO] [stdout]   17:     0x60d6e28f17e2 - <std[617be2ca0a6fd877]::thread::lifecycle::spawn_unchecked<test[aada8e7e76ba119b]::run_test::{closure#1}, ()>::{closure#1} as core[a373ad73a504971]::ops::function::FnOnce<()>>::call_once::{shim:vtable#0}
[INFO] [stdout]   18:     0x60d6e2958d4f - <std[617be2ca0a6fd877]::sys::thread::unix::Thread>::new::thread_start
[INFO] [stdout]   19:     0x7efa368d6dfa - <unknown>
[INFO] [stdout]   20:     0x7efa3696a3d4 - clone
[INFO] [stdout]   21:                0x0 - <unknown>
[INFO] [stdout] 
[INFO] [stdout] ---- source_disabled stdout ----
[INFO] [stdout] 
[INFO] [stdout] thread 'source_disabled' (700) panicked at tests/cli.rs:15:10:
[INFO] [stdout] failed to execute process: Os { code: 2, kind: NotFound, message: "No such file or directory" }
[INFO] [stdout] stack backtrace:
[INFO] [stdout]    0:     0x60d6e29594f1 - <<std[617be2ca0a6fd877]::sys::backtrace::BacktraceLock>::print::DisplayBacktrace as core[a373ad73a504971]::fmt::Display>::fmt
[INFO] [stdout]    1:     0x60d6e296d4ba - core[a373ad73a504971]::fmt::write
[INFO] [stdout]    2:     0x60d6e295d70c - <alloc[2e1b2a31b91974c5]::vec::Vec<u8> as core[a373ad73a504971]::io::write::Write>::write_fmt
[INFO] [stdout]    3:     0x60d6e2935856 - std[617be2ca0a6fd877]::panicking::default_hook::{closure#0}
[INFO] [stdout]    4:     0x60d6e2951b89 - std[617be2ca0a6fd877]::panicking::default_hook
[INFO] [stdout]    5:     0x60d6e28ee130 - test[aada8e7e76ba119b]::test_main_inner::{closure#0}
[INFO] [stdout]    6:     0x60d6e2951d42 - std[617be2ca0a6fd877]::panicking::panic_with_hook
[INFO] [stdout]    7:     0x60d6e2935902 - std[617be2ca0a6fd877]::panicking::panic_handler::{closure#0}
[INFO] [stdout]    8:     0x60d6e292e619 - std[617be2ca0a6fd877]::sys::backtrace::__rust_end_short_backtrace::<std[617be2ca0a6fd877]::panicking::panic_handler::{closure#0}, !>
[INFO] [stdout]    9:     0x60d6e293650d - __rustc[ea4f61d10b84890b]::rust_begin_unwind
[INFO] [stdout]   10:     0x60d6e296dbec - core[a373ad73a504971]::panicking::panic_fmt
[INFO] [stdout]   11:     0x60d6e296d9c2 - core[a373ad73a504971]::result::unwrap_failed
[INFO] [stdout]   12:     0x60d6e28dfa63 - cli[f1d129fa73e5ff9d]::call_binary_to_string::<&[&str; 1usize], &&str>
[INFO] [stdout]   13:     0x60d6e28e0b1e - <cli[f1d129fa73e5ff9d]::source_disabled::{closure#0} as core[a373ad73a504971]::ops::function::FnOnce<()>>::call_once
[INFO] [stdout]   14:     0x60d6e28e157b - test[aada8e7e76ba119b]::__rust_begin_short_backtrace::<core[a373ad73a504971]::result::Result<(), alloc[2e1b2a31b91974c5]::string::String>, fn() -> core[a373ad73a504971]::result::Result<(), alloc[2e1b2a31b91974c5]::string::String>>
[INFO] [stdout]   15:     0x60d6e28ee755 - test[aada8e7e76ba119b]::run_test::{closure#0}
[INFO] [stdout]   16:     0x60d6e28e8044 - std[617be2ca0a6fd877]::sys::backtrace::__rust_begin_short_backtrace::<test[aada8e7e76ba119b]::run_test::{closure#1}, ()>
[INFO] [stdout]   17:     0x60d6e28f17e2 - <std[617be2ca0a6fd877]::thread::lifecycle::spawn_unchecked<test[aada8e7e76ba119b]::run_test::{closure#1}, ()>::{closure#1} as core[a373ad73a504971]::ops::function::FnOnce<()>>::call_once::{shim:vtable#0}
[INFO] [stdout]   18:     0x60d6e2958d4f - <std[617be2ca0a6fd877]::sys::thread::unix::Thread>::new::thread_start
[INFO] [stdout]   19:     0x7efa368d6dfa - <unknown>
[INFO] [stdout]   20:     0x7efa3696a3d4 - clone
[INFO] [stdout]   21:                0x0 - <unknown>
[INFO] [stdout] 
[INFO] [stdout] ---- comment_disabled stdout ----
[INFO] [stdout] 
[INFO] [stdout] thread 'comment_disabled' (696) panicked at tests/cli.rs:15:10:
[INFO] [stdout] failed to execute process: Os { code: 2, kind: NotFound, message: "No such file or directory" }
[INFO] [stdout] stack backtrace:
[INFO] [stdout]    0:     0x60d6e29594f1 - <<std[617be2ca0a6fd877]::sys::backtrace::BacktraceLock>::print::DisplayBacktrace as core[a373ad73a504971]::fmt::Display>::fmt
[INFO] [stdout]    1:     0x60d6e296d4ba - core[a373ad73a504971]::fmt::write
[INFO] [stdout]    2:     0x60d6e295d70c - <alloc[2e1b2a31b91974c5]::vec::Vec<u8> as core[a373ad73a504971]::io::write::Write>::write_fmt
[INFO] [stdout]    3:     0x60d6e2935856 - std[617be2ca0a6fd877]::panicking::default_hook::{closure#0}
[INFO] [stdout]    4:     0x60d6e2951b89 - std[617be2ca0a6fd877]::panicking::default_hook
[INFO] [stdout]    5:     0x60d6e28ee130 - test[aada8e7e76ba119b]::test_main_inner::{closure#0}
[INFO] [stdout]    6:     0x60d6e2951d42 - std[617be2ca0a6fd877]::panicking::panic_with_hook
[INFO] [stdout]    7:     0x60d6e2935902 - std[617be2ca0a6fd877]::panicking::panic_handler::{closure#0}
[INFO] [stdout]    8:     0x60d6e292e619 - std[617be2ca0a6fd877]::sys::backtrace::__rust_end_short_backtrace::<std[617be2ca0a6fd877]::panicking::panic_handler::{closure#0}, !>
[INFO] [stdout]    9:     0x60d6e293650d - __rustc[ea4f61d10b84890b]::rust_begin_unwind
[INFO] [stdout]   10:     0x60d6e296dbec - core[a373ad73a504971]::panicking::panic_fmt
[INFO] [stdout]   11:     0x60d6e296d9c2 - core[a373ad73a504971]::result::unwrap_failed
[INFO] [stdout]   12:     0x60d6e28dfc34 - cli[f1d129fa73e5ff9d]::call_binary_to_string::<&[&str; 2usize], &&str>
[INFO] [stdout]   13:     0x60d6e28e0bd9 - <cli[f1d129fa73e5ff9d]::comment_disabled::{closure#0} as core[a373ad73a504971]::ops::function::FnOnce<()>>::call_once
[INFO] [stdout]   14:     0x60d6e28e157b - test[aada8e7e76ba119b]::__rust_begin_short_backtrace::<core[a373ad73a504971]::result::Result<(), alloc[2e1b2a31b91974c5]::string::String>, fn() -> core[a373ad73a504971]::result::Result<(), alloc[2e1b2a31b91974c5]::string::String>>
[INFO] [stdout]   15:     0x60d6e28ee755 - test[aada8e7e76ba119b]::run_test::{closure#0}
[INFO] [stdout]   16:     0x60d6e28e8044 - std[617be2ca0a6fd877]::sys::backtrace::__rust_begin_short_backtrace::<test[aada8e7e76ba119b]::run_test::{closure#1}, ()>
[INFO] [stdout]   17:     0x60d6e28f17e2 - <std[617be2ca0a6fd877]::thread::lifecycle::spawn_unchecked<test[aada8e7e76ba119b]::run_test::{closure#1}, ()>::{closure#1} as core[a373ad73a504971]::ops::function::FnOnce<()>>::call_once::{shim:vtable#0}
[INFO] [stdout]   18:     0x60d6e2958d4f - <std[617be2ca0a6fd877]::sys::thread::unix::Thread>::new::thread_start
[INFO] [stdout]   19:     0x7efa368d6dfa - <unknown>
[INFO] [stdout]   20:     0x7efa3696a3d4 - clone
[INFO] [stdout]   21:                0x0 - <unknown>
[INFO] [stdout] 
[INFO] [stdout] ---- comment stdout ----
[INFO] [stdout] 
[INFO] [stdout] thread 'comment' (695) panicked at tests/cli.rs:15:10:
[INFO] [stdout] failed to execute process: Os { code: 2, kind: NotFound, message: "No such file or directory" }
[INFO] [stdout] stack backtrace:
[INFO] [stdout]    0:     0x60d6e29594f1 - <<std[617be2ca0a6fd877]::sys::backtrace::BacktraceLock>::print::DisplayBacktrace as core[a373ad73a504971]::fmt::Display>::fmt
[INFO] [stdout]    1:     0x60d6e296d4ba - core[a373ad73a504971]::fmt::write
[INFO] [stdout]    2:     0x60d6e295d70c - <alloc[2e1b2a31b91974c5]::vec::Vec<u8> as core[a373ad73a504971]::io::write::Write>::write_fmt
[INFO] [stdout]    3:     0x60d6e2935856 - std[617be2ca0a6fd877]::panicking::default_hook::{closure#0}
[INFO] [stdout]    4:     0x60d6e2951b89 - std[617be2ca0a6fd877]::panicking::default_hook
[INFO] [stdout]    5:     0x60d6e28ee130 - test[aada8e7e76ba119b]::test_main_inner::{closure#0}
[INFO] [stdout]    6:     0x60d6e2951d42 - std[617be2ca0a6fd877]::panicking::panic_with_hook
[INFO] [stdout]    7:     0x60d6e2935902 - std[617be2ca0a6fd877]::panicking::panic_handler::{closure#0}
[INFO] [stdout]    8:     0x60d6e292e619 - std[617be2ca0a6fd877]::sys::backtrace::__rust_end_short_backtrace::<std[617be2ca0a6fd877]::panicking::panic_handler::{closure#0}, !>
[INFO] [stdout]    9:     0x60d6e293650d - __rustc[ea4f61d10b84890b]::rust_begin_unwind
[INFO] [stdout]   10:     0x60d6e296dbec - core[a373ad73a504971]::panicking::panic_fmt
[INFO] [stdout]   11:     0x60d6e296d9c2 - core[a373ad73a504971]::result::unwrap_failed
[INFO] [stdout]   12:     0x60d6e28dfa63 - cli[f1d129fa73e5ff9d]::call_binary_to_string::<&[&str; 1usize], &&str>
[INFO] [stdout]   13:     0x60d6e28e12d9 - <cli[f1d129fa73e5ff9d]::comment::{closure#0} as core[a373ad73a504971]::ops::function::FnOnce<()>>::call_once
[INFO] [stdout]   14:     0x60d6e28e157b - test[aada8e7e76ba119b]::__rust_begin_short_backtrace::<core[a373ad73a504971]::result::Result<(), alloc[2e1b2a31b91974c5]::string::String>, fn() -> core[a373ad73a504971]::result::Result<(), alloc[2e1b2a31b91974c5]::string::String>>
[INFO] [stdout]   15:     0x60d6e28ee755 - test[aada8e7e76ba119b]::run_test::{closure#0}
[INFO] [stdout]   16:     0x60d6e28e8044 - std[617be2ca0a6fd877]::sys::backtrace::__rust_begin_short_backtrace::<test[aada8e7e76ba119b]::run_test::{closure#1}, ()>
[INFO] [stdout]   17:     0x60d6e28f17e2 - <std[617be2ca0a6fd877]::thread::lifecycle::spawn_unchecked<test[aada8e7e76ba119b]::run_test::{closure#1}, ()>::{closure#1} as core[a373ad73a504971]::ops::function::FnOnce<()>>::call_once::{shim:vtable#0}
[INFO] [stdout]   18:     0x60d6e2958d4f - <std[617be2ca0a6fd877]::sys::thread::unix::Thread>::new::thread_start
[INFO] [stdout]   19:     0x7efa368d6dfa - <unknown>
[INFO] [stdout]   20:     0x7efa3696a3d4 - clone
[INFO] [stdout]   21:                0x0 - <unknown>
[INFO] [stdout] 
[INFO] [stdout] ---- config stdout ----
[INFO] [stdout] 
[INFO] [stdout] thread 'config' (697) panicked at tests/cli.rs:15:10:
[INFO] [stdout] failed to execute process: Os { code: 2, kind: NotFound, message: "No such file or directory" }
[INFO] [stdout] stack backtrace:
[INFO] [stdout]    0:     0x60d6e29594f1 - <<std[617be2ca0a6fd877]::sys::backtrace::BacktraceLock>::print::DisplayBacktrace as core[a373ad73a504971]::fmt::Display>::fmt
[INFO] [stdout]    1:     0x60d6e296d4ba - core[a373ad73a504971]::fmt::write
[INFO] [stdout]    2:     0x60d6e295d70c - <alloc[2e1b2a31b91974c5]::vec::Vec<u8> as core[a373ad73a504971]::io::write::Write>::write_fmt
[INFO] [stdout]    3:     0x60d6e2935856 - std[617be2ca0a6fd877]::panicking::default_hook::{closure#0}
[INFO] [stdout]    4:     0x60d6e2951b89 - std[617be2ca0a6fd877]::panicking::default_hook
[INFO] [stdout]    5:     0x60d6e28ee130 - test[aada8e7e76ba119b]::test_main_inner::{closure#0}
[INFO] [stdout]    6:     0x60d6e2951d42 - std[617be2ca0a6fd877]::panicking::panic_with_hook
[INFO] [stdout]    7:     0x60d6e2935902 - std[617be2ca0a6fd877]::panicking::panic_handler::{closure#0}
[INFO] [stdout]    8:     0x60d6e292e619 - std[617be2ca0a6fd877]::sys::backtrace::__rust_end_short_backtrace::<std[617be2ca0a6fd877]::panicking::panic_handler::{closure#0}, !>
[INFO] [stdout]    9:     0x60d6e293650d - __rustc[ea4f61d10b84890b]::rust_begin_unwind
[INFO] [stdout]   10:     0x60d6e296dbec - core[a373ad73a504971]::panicking::panic_fmt
[INFO] [stdout]   11:     0x60d6e296d9c2 - core[a373ad73a504971]::result::unwrap_failed
[INFO] [stdout]   12:     0x60d6e28dfc34 - cli[f1d129fa73e5ff9d]::call_binary_to_string::<&[&str; 2usize], &&str>
[INFO] [stdout]   13:     0x60d6e28e0df4 - <cli[f1d129fa73e5ff9d]::config::{closure#0} as core[a373ad73a504971]::ops::function::FnOnce<()>>::call_once
[INFO] [stdout]   14:     0x60d6e28e157b - test[aada8e7e76ba119b]::__rust_begin_short_backtrace::<core[a373ad73a504971]::result::Result<(), alloc[2e1b2a31b91974c5]::string::String>, fn() -> core[a373ad73a504971]::result::Result<(), alloc[2e1b2a31b91974c5]::string::String>>
[INFO] [stdout]   15:     0x60d6e28ee755 - test[aada8e7e76ba119b]::run_test::{closure#0}
[INFO] [stdout]   16:     0x60d6e28e8044 - std[617be2ca0a6fd877]::sys::backtrace::__rust_begin_short_backtrace::<test[aada8e7e76ba119b]::run_test::{closure#1}, ()>
[INFO] [stdout]   17:     0x60d6e28f17e2 - <std[617be2ca0a6fd877]::thread::lifecycle::spawn_unchecked<test[aada8e7e76ba119b]::run_test::{closure#1}, ()>::{closure#1} as core[a373ad73a504971]::ops::function::FnOnce<()>>::call_once::{shim:vtable#0}
[INFO] [stdout]   18:     0x60d6e2958d4f - <std[617be2ca0a6fd877]::sys::thread::unix::Thread>::new::thread_start
[INFO] [stdout]   19:     0x7efa368d6dfa - <unknown>
[INFO] [stdout]   20:     0x7efa3696a3d4 - clone
[INFO] [stdout]   21:                0x0 - <unknown>
[INFO] [stdout] 
[INFO] [stdout] 
[INFO] [stdout] failures:
[INFO] [stdout]     comment
[INFO] [stdout]     comment_disabled
[INFO] [stdout]     config
[INFO] [stdout]     file_or_config_required
[INFO] [stdout]     source
[INFO] [stdout]     source_disabled
[INFO] [stdout] 
[INFO] [stdout] test result: FAILED. 0 passed; 6 failed; 0 ignored; 0 measured; 0 filtered out; finished in 0.00s
[INFO] [stdout] 
[INFO] [stderr] error: test failed, to rerun pass `--test cli`
[INFO] running `Command { std: "docker" "inspect" "72fd42e2da85bc1c8f928bcede120cebc8f84008c64179507280b7d083f86d07", kill_on_drop: false }`
[INFO] running `Command { std: "docker" "rm" "-f" "72fd42e2da85bc1c8f928bcede120cebc8f84008c64179507280b7d083f86d07", kill_on_drop: false }`
[INFO] [stdout] 72fd42e2da85bc1c8f928bcede120cebc8f84008c64179507280b7d083f86d07
