[INFO] cloning repository https://github.com/tghezfs/cksum
[INFO] running `Command { std: "git" "-c" "credential.helper=" "-c" "credential.helper=/workspace/cargo-home/bin/git-credential-null" "clone" "--bare" "https://github.com/tghezfs/cksum" "/workspace/cache/git-repos/https%3A%2F%2Fgithub.com%2Ftghezfs%2Fcksum", kill_on_drop: false }`
[INFO] [stderr] Cloning into bare repository '/workspace/cache/git-repos/https%3A%2F%2Fgithub.com%2Ftghezfs%2Fcksum'...
[INFO] running `Command { std: "git" "rev-parse" "HEAD", kill_on_drop: false }`
[INFO] [stdout] 348eb58833c92cfcec81022c805c254abdea3859
[INFO] testing tghezfs/cksum against 1.100.0-beta.1+cargoflags=--release for beta-release-1.100-2
[INFO] running `Command { std: "git" "clone" "/workspace/cache/git-repos/https%3A%2F%2Fgithub.com%2Ftghezfs%2Fcksum" "/workspace/builds/worker-2-tc2/source", kill_on_drop: false }`
[INFO] [stderr] Cloning into '/workspace/builds/worker-2-tc2/source'...
[INFO] [stderr] done.
[INFO] started tweaking git repo https://github.com/tghezfs/cksum
[INFO] finished tweaking git repo https://github.com/tghezfs/cksum
[INFO] tweaked toml for git repo https://github.com/tghezfs/cksum written to /workspace/builds/worker-2-tc2/source/Cargo.toml
[INFO] validating manifest of git repo https://github.com/tghezfs/cksum on toolchain 1.100.0-beta.1
[INFO] running `Command { std: CARGO_HOME="/workspace/cargo-home" RUSTUP_HOME="/workspace/rustup-home" "/workspace/cargo-home/bin/cargo" "+1.100.0-beta.1" "metadata" "--manifest-path" "Cargo.toml" "--no-deps", kill_on_drop: false }`
[INFO] crate git repo https://github.com/tghezfs/cksum already has a lockfile, it will not be regenerated
[INFO] running `Command { std: CARGO_HOME="/workspace/cargo-home" RUSTUP_HOME="/workspace/rustup-home" "/workspace/cargo-home/bin/cargo" "+1.100.0-beta.1" "fetch" "--manifest-path" "Cargo.toml", kill_on_drop: false }`
[INFO] running `Command { std: "docker" "create" "-v" "/var/lib/crater-agent-workspace/builds/worker-2-tc2/source:/opt/rustwide/workdir:ro,Z" "-v" "/var/lib/crater-agent-workspace/builds/worker-2-tc2/target:/opt/rustwide/target:rw,Z" "-v" "/var/lib/crater-agent-workspace/cargo-home:/opt/rustwide/cargo-home:ro,Z" "-v" "/var/lib/crater-agent-workspace/rustup-home:/opt/rustwide/rustup-home:ro,Z" "-m" "1610612736" "--network" "none" "ghcr.io/rust-lang/crates-build-env/linux@sha256:77db811e55d90add9212f6832c23229e3de5f1c1f9905e8cb07319ea15df73ac" "sleep" "infinity", kill_on_drop: false }`
[INFO] [stdout] 83a64ef3aa70591e211de321ef86f125b598afcc51c7a7562265723f8ba4b635
[INFO] running `Command { std: "docker" "start" "83a64ef3aa70591e211de321ef86f125b598afcc51c7a7562265723f8ba4b635", kill_on_drop: false }`
[INFO] running `Command { std: "docker" "inspect" "83a64ef3aa70591e211de321ef86f125b598afcc51c7a7562265723f8ba4b635", kill_on_drop: false }`
[INFO] running `Command { std: "docker" "exec" "-e" "SOURCE_DIR=/opt/rustwide/workdir" "-e" "CARGO_HOME=/opt/rustwide/cargo-home" "-e" "RUSTUP_HOME=/opt/rustwide/rustup-home" "-e" "CARGO_TARGET_DIR=/opt/rustwide/target" "-w" "/opt/rustwide/workdir" "--user" "0:0" "83a64ef3aa70591e211de321ef86f125b598afcc51c7a7562265723f8ba4b635" "/opt/rustwide/cargo-home/bin/cargo" "+1.100.0-beta.1" "metadata" "--no-deps" "--format-version=1", kill_on_drop: false }`
[INFO] running `Command { std: "docker" "inspect" "83a64ef3aa70591e211de321ef86f125b598afcc51c7a7562265723f8ba4b635", kill_on_drop: false }`
[INFO] running `Command { std: "docker" "exec" "-e" "SOURCE_DIR=/opt/rustwide/workdir" "-e" "CARGO_HOME=/opt/rustwide/cargo-home" "-e" "RUSTUP_HOME=/opt/rustwide/rustup-home" "-e" "CARGO_TARGET_DIR=/opt/rustwide/target" "-e" "CARGO_INCREMENTAL=0" "-e" "RUST_BACKTRACE=full" "-e" "RUSTFLAGS=--cap-lints=warn" "-e" "RUSTDOCFLAGS=--cap-lints=warn" "-w" "/opt/rustwide/workdir" "--user" "0:0" "83a64ef3aa70591e211de321ef86f125b598afcc51c7a7562265723f8ba4b635" "/opt/rustwide/cargo-home/bin/cargo" "+1.100.0-beta.1" "build" "--frozen" "--message-format=json" "--release", kill_on_drop: false }`
[INFO] [stderr]    Compiling typenum v1.19.0
[INFO] [stderr]    Compiling utf8parse v0.2.2
[INFO] [stderr]    Compiling libc v0.2.184
[INFO] [stderr]    Compiling cc v1.2.60
[INFO] [stderr]    Compiling rustix v1.1.4
[INFO] [stderr]    Compiling num-traits v0.2.19
[INFO] [stderr]    Compiling anstyle-query v1.1.5
[INFO] [stderr]    Compiling is_terminal_polyfill v1.70.2
[INFO] [stderr]    Compiling getrandom v0.4.2
[INFO] [stderr]    Compiling anstyle v1.0.14
[INFO] [stderr]    Compiling colorchoice v1.0.5
[INFO] [stderr]    Compiling anstyle-parse v1.0.0
[INFO] [stderr]    Compiling syn v2.0.117
[INFO] [stderr]    Compiling cpufeatures v0.3.0
[INFO] [stderr]    Compiling bitflags v2.11.0
[INFO] [stderr]    Compiling clap_lex v1.1.0
[INFO] [stderr]    Compiling anstream v1.0.0
[INFO] [stderr]    Compiling heck v0.5.0
[INFO] [stderr]    Compiling const-oid v0.10.2
[INFO] [stderr]    Compiling linux-raw-sys v0.12.1
[INFO] [stderr]    Compiling strsim v0.11.1
[INFO] [stderr]    Compiling arrayvec v0.7.6
[INFO] [stderr]    Compiling clap_builder v4.6.0
[INFO] [stderr]    Compiling hybrid-array v0.4.10
[INFO] [stderr]    Compiling fastrand v2.4.1
[INFO] [stderr]    Compiling blake3 v1.8.4
[INFO] [stderr]    Compiling block-buffer v0.12.0
[INFO] [stderr]    Compiling crypto-common v0.2.1
[INFO] [stderr]    Compiling arrayref v0.3.9
[INFO] [stderr]    Compiling same-file v1.0.6
[INFO] [stderr]    Compiling constant_time_eq v0.4.2
[INFO] [stderr]    Compiling iana-time-zone v0.1.65
[INFO] [stderr]    Compiling once_cell v1.21.4
[INFO] [stderr]    Compiling chrono v0.4.44
[INFO] [stderr]    Compiling walkdir v2.5.0
[INFO] [stderr]    Compiling md5 v0.8.0
[INFO] [stderr]    Compiling digest v0.11.2
[INFO] [stderr]    Compiling sha2 v0.11.0
[INFO] [stderr]    Compiling tempfile v3.27.0
[INFO] [stderr]    Compiling clap_derive v4.6.0
[INFO] [stderr]    Compiling clap v4.6.0
[INFO] [stderr]    Compiling cksum v0.1.0 (/opt/rustwide/workdir)
[INFO] [stderr]     Finished `release` profile [optimized] target(s) in 46.07s
[INFO] running `Command { std: "docker" "inspect" "83a64ef3aa70591e211de321ef86f125b598afcc51c7a7562265723f8ba4b635", kill_on_drop: false }`
[INFO] running `Command { std: "docker" "exec" "-e" "SOURCE_DIR=/opt/rustwide/workdir" "-e" "CARGO_HOME=/opt/rustwide/cargo-home" "-e" "RUSTUP_HOME=/opt/rustwide/rustup-home" "-e" "CARGO_TARGET_DIR=/opt/rustwide/target" "-e" "CARGO_INCREMENTAL=0" "-e" "RUST_BACKTRACE=full" "-e" "RUSTFLAGS=--cap-lints=warn" "-e" "RUSTDOCFLAGS=--cap-lints=warn" "-w" "/opt/rustwide/workdir" "--user" "0:0" "83a64ef3aa70591e211de321ef86f125b598afcc51c7a7562265723f8ba4b635" "/opt/rustwide/cargo-home/bin/cargo" "+1.100.0-beta.1" "test" "--frozen" "--no-run" "--message-format=json" "--release", kill_on_drop: false }`
[INFO] [stderr]    Compiling cksum v0.1.0 (/opt/rustwide/workdir)
[INFO] [stderr]     Finished `release` profile [optimized] target(s) in 3.34s
[INFO] running `Command { std: "docker" "inspect" "83a64ef3aa70591e211de321ef86f125b598afcc51c7a7562265723f8ba4b635", kill_on_drop: false }`
[INFO] running `Command { std: "docker" "exec" "-e" "SOURCE_DIR=/opt/rustwide/workdir" "-e" "CARGO_HOME=/opt/rustwide/cargo-home" "-e" "RUSTUP_HOME=/opt/rustwide/rustup-home" "-e" "CARGO_TARGET_DIR=/opt/rustwide/target" "-e" "CARGO_INCREMENTAL=0" "-e" "RUST_BACKTRACE=full" "-e" "RUSTFLAGS=--cap-lints=warn" "-e" "RUSTDOCFLAGS=--cap-lints=warn" "-w" "/opt/rustwide/workdir" "--user" "0:0" "83a64ef3aa70591e211de321ef86f125b598afcc51c7a7562265723f8ba4b635" "/opt/rustwide/cargo-home/bin/cargo" "+1.100.0-beta.1" "test" "--frozen" "--release", kill_on_drop: false }`
[INFO] [stderr]     Finished `release` profile [optimized] target(s) in 0.11s
[INFO] [stderr]      Running unittests src/main.rs (/opt/rustwide/target/release/build/cksum/a17afa9035a7e8fc/out/cksum-a17afa9035a7e8fc)
[INFO] [stdout] 
[INFO] [stdout] running 19 tests
[INFO] [stdout] test cli::tests::test_parse_algo_invalid ... ok
[INFO] [stdout] test cli::tests::test_parse_algo_blake3_mixed_case ... ok
[INFO] [stdout] test cli::tests::test_parse_algo_md5_lowercase ... ok
[INFO] [stdout] test fs_op::tests::test_create_temp_file_location ... ok
[INFO] [stdout] test fs_op::tests::test_finalize_checksum_file ... ok
[INFO] [stdout] test cli::tests::test_parse_algo_sha256_uppercase ... ok
[INFO] [stdout] test fs_op::tests::test_create_temp_file_in_nonexistent_directory ... ok
[INFO] [stdout] test fs_op::tests::test_finalize_checksum_file_nonexistent_parent ... ok
[INFO] [stdout] test hash::tests::test_blake3_empty_string ... ok
[INFO] [stdout] test hash::tests::test_md5_known_string ... ok
[INFO] [stdout] test fs_op::tests::test_get_parent_for_dir ... ok
[INFO] [stdout] test hash::tests::test_large_content ... ok
[INFO] [stdout] test hash::tests::test_output_format ... ok
[INFO] [stdout] test hash::tests::test_blake3_known_string ... ok
[INFO] [stdout] test fs_op::tests::test_get_parent_for_file ... ok
[INFO] [stdout] test hash::tests::test_sha256_empty_string ... ok
[INFO] [stderr]      Running tests/integration_tests.rs (/opt/rustwide/target/release/build/cksum/8ff34d538f80b892/out/integration_tests-8ff34d538f80b892)
[INFO] [stdout] test hash::tests::test_sha256_known_string ... ok
[INFO] [stdout] test hash::tests::test_md5_empty_string ... ok
[INFO] [stdout] test hash::tests::test_small_buffer ... ok
[INFO] [stdout] 
[INFO] [stdout] test result: ok. 19 passed; 0 failed; 0 ignored; 0 measured; 0 filtered out; finished in 0.01s
[INFO] [stdout] 
[INFO] [stdout] 
[INFO] [stdout] running 12 tests
[INFO] [stdout] test test_main_md5_valid_directory ... FAILED
[INFO] [stdout] test test_fails_on_invalid_algorithm ... FAILED
[INFO] [stdout] test test_main_blake3_valid_directory ... FAILED
[INFO] [stdout] test test_empty_directory_no_files ... FAILED
[INFO] [stdout] test test_relative_path_current_directory ... FAILED
[INFO] [stdout] test test_fails_on_nonexistent_path ... FAILED
[INFO] [stdout] test test_file_permissions_on_checksum ... FAILED
[INFO] [stdout] test test_skip_temp_and_final_prefixes ... FAILED
[INFO] [stdout] test test_relative_path_parent_directory ... FAILED
[INFO] [stdout] test test_nested_directories_processed ... FAILED
[INFO] [stdout] test test_main_sha256_valid_directory ... FAILED
[INFO] [stdout] test test_case_insensitive_algorithm_input ... FAILED
[INFO] [stdout] 
[INFO] [stdout] failures:
[INFO] [stdout] 
[INFO] [stdout] ---- test_main_md5_valid_directory stdout ----
[INFO] [stdout] Error: "Binary not found. Run 'cargo build' first."
[INFO] [stdout] 
[INFO] [stdout] ---- test_fails_on_invalid_algorithm stdout ----
[INFO] [stdout] 
[INFO] [stdout] thread 'test_fails_on_invalid_algorithm' (883) panicked at tests/integration_tests.rs:200:8:
[INFO] [stdout] Failed to run binary: "Binary not found. Run 'cargo build' first."
[INFO] [stdout] stack backtrace:
[INFO] [stdout]    0:     0x5c0e16bba441 - <<std[617be2ca0a6fd877]::sys::backtrace::BacktraceLock>::print::DisplayBacktrace as core[a373ad73a504971]::fmt::Display>::fmt
[INFO] [stdout]    1:     0x5c0e16bce9fa - core[a373ad73a504971]::fmt::write
[INFO] [stdout]    2:     0x5c0e16bbe9bc - <alloc[2e1b2a31b91974c5]::vec::Vec<u8> as core[a373ad73a504971]::io::write::Write>::write_fmt
[INFO] [stdout]    3:     0x5c0e16b944c6 - std[617be2ca0a6fd877]::panicking::default_hook::{closure#0}
[INFO] [stdout]    4:     0x5c0e16bb18b9 - std[617be2ca0a6fd877]::panicking::default_hook
[INFO] [stdout]    5:     0x5c0e16b477c0 - test[aada8e7e76ba119b]::test_main_inner::{closure#0}
[INFO] [stdout]    6:     0x5c0e16bb1a72 - std[617be2ca0a6fd877]::panicking::panic_with_hook
[INFO] [stdout]    7:     0x5c0e16b94572 - std[617be2ca0a6fd877]::panicking::panic_handler::{closure#0}
[INFO] [stdout]    8:     0x5c0e16b8cea9 - std[617be2ca0a6fd877]::sys::backtrace::__rust_end_short_backtrace::<std[617be2ca0a6fd877]::panicking::panic_handler::{closure#0}, !>
[INFO] [stdout]    9:     0x5c0e16b9517d - __rustc[ea4f61d10b84890b]::rust_begin_unwind
[INFO] [stdout]   10:     0x5c0e16bcf12c - core[a373ad73a504971]::panicking::panic_fmt
[INFO] [stdout]   11:     0x5c0e16bcef02 - core[a373ad73a504971]::result::unwrap_failed
[INFO] [stdout]   12:     0x5c0e16b31935 - <integration_tests[50b625aec37818bf]::test_fails_on_invalid_algorithm::{closure#0} as core[a373ad73a504971]::ops::function::FnOnce<()>>::call_once
[INFO] [stdout]   13:     0x5c0e16b3ac0b - test[aada8e7e76ba119b]::__rust_begin_short_backtrace::<core[a373ad73a504971]::result::Result<(), alloc[2e1b2a31b91974c5]::string::String>, fn() -> core[a373ad73a504971]::result::Result<(), alloc[2e1b2a31b91974c5]::string::String>>
[INFO] [stdout]   14:     0x5c0e16b47de5 - test[aada8e7e76ba119b]::run_test::{closure#0}
[INFO] [stdout]   15:     0x5c0e16b416d4 - std[617be2ca0a6fd877]::sys::backtrace::__rust_begin_short_backtrace::<test[aada8e7e76ba119b]::run_test::{closure#1}, ()>
[INFO] [stdout]   16:     0x5c0e16b4ae72 - <std[617be2ca0a6fd877]::thread::lifecycle::spawn_unchecked<test[aada8e7e76ba119b]::run_test::{closure#1}, ()>::{closure#1} as core[a373ad73a504971]::ops::function::FnOnce<()>>::call_once::{shim:vtable#0}
[INFO] [stdout]   17:     0x5c0e16bb975f - <std[617be2ca0a6fd877]::sys::thread::unix::Thread>::new::thread_start
[INFO] [stdout]   18:     0x770f81045dfa - <unknown>
[INFO] [stdout]   19:     0x770f810d93d4 - clone
[INFO] [stdout]   20:                0x0 - <unknown>
[INFO] [stdout] 
[INFO] [stdout] ---- test_main_blake3_valid_directory stdout ----
[INFO] [stdout] Error: "Binary not found. Run 'cargo build' first."
[INFO] [stdout] 
[INFO] [stdout] ---- test_empty_directory_no_files stdout ----
[INFO] [stdout] Error: "Binary not found. Run 'cargo build' first."
[INFO] [stdout] 
[INFO] [stdout] ---- test_relative_path_current_directory stdout ----
[INFO] [stdout] Error: "Binary not found. Run 'cargo build' first."
[INFO] [stdout] 
[INFO] [stdout] ---- test_fails_on_nonexistent_path stdout ----
[INFO] [stdout] 
[INFO] [stdout] thread 'test_fails_on_nonexistent_path' (884) panicked at tests/integration_tests.rs:189:19:
[INFO] [stdout] Failed to run command: Binary not found. Run 'cargo build' first.
[INFO] [stdout] stack backtrace:
[INFO] [stdout]    0:     0x5c0e16bba441 - <<std[617be2ca0a6fd877]::sys::backtrace::BacktraceLock>::print::DisplayBacktrace as core[a373ad73a504971]::fmt::Display>::fmt
[INFO] [stdout]    1:     0x5c0e16bce9fa - core[a373ad73a504971]::fmt::write
[INFO] [stdout]    2:     0x5c0e16bbe9bc - <alloc[2e1b2a31b91974c5]::vec::Vec<u8> as core[a373ad73a504971]::io::write::Write>::write_fmt
[INFO] [stdout]    3:     0x5c0e16b944c6 - std[617be2ca0a6fd877]::panicking::default_hook::{closure#0}
[INFO] [stdout]    4:     0x5c0e16bb18b9 - std[617be2ca0a6fd877]::panicking::default_hook
[INFO] [stdout]    5:     0x5c0e16b477c0 - test[aada8e7e76ba119b]::test_main_inner::{closure#0}
[INFO] [stdout]    6:     0x5c0e16bb1a72 - std[617be2ca0a6fd877]::panicking::panic_with_hook
[INFO] [stdout]    7:     0x5c0e16b94572 - std[617be2ca0a6fd877]::panicking::panic_handler::{closure#0}
[INFO] [stdout]    8:     0x5c0e16b8cea9 - std[617be2ca0a6fd877]::sys::backtrace::__rust_end_short_backtrace::<std[617be2ca0a6fd877]::panicking::panic_handler::{closure#0}, !>
[INFO] [stdout]    9:     0x5c0e16b9517d - __rustc[ea4f61d10b84890b]::rust_begin_unwind
[INFO] [stdout]   10:     0x5c0e16bcf12c - core[a373ad73a504971]::panicking::panic_fmt
[INFO] [stdout]   11:     0x5c0e16b315c4 - <integration_tests[50b625aec37818bf]::test_fails_on_nonexistent_path::{closure#0} as core[a373ad73a504971]::ops::function::FnOnce<()>>::call_once
[INFO] [stdout]   12:     0x5c0e16b3ac0b - test[aada8e7e76ba119b]::__rust_begin_short_backtrace::<core[a373ad73a504971]::result::Result<(), alloc[2e1b2a31b91974c5]::string::String>, fn() -> core[a373ad73a504971]::result::Result<(), alloc[2e1b2a31b91974c5]::string::String>>
[INFO] [stdout]   13:     0x5c0e16b47de5 - test[aada8e7e76ba119b]::run_test::{closure#0}
[INFO] [stdout]   14:     0x5c0e16b416d4 - std[617be2ca0a6fd877]::sys::backtrace::__rust_begin_short_backtrace::<test[aada8e7e76ba119b]::run_test::{closure#1}, ()>
[INFO] [stdout]   15:     0x5c0e16b4ae72 - <std[617be2ca0a6fd877]::thread::lifecycle::spawn_unchecked<test[aada8e7e76ba119b]::run_test::{closure#1}, ()>::{closure#1} as core[a373ad73a504971]::ops::function::FnOnce<()>>::call_once::{shim:vtable#0}
[INFO] [stdout]   16:     0x5c0e16bb975f - <std[617be2ca0a6fd877]::sys::thread::unix::Thread>::new::thread_start
[INFO] [stdout]   17:     0x770f81045dfa - <unknown>
[INFO] [stdout]   18:     0x770f810d93d4 - clone
[INFO] [stdout]   19:                0x0 - <unknown>
[INFO] [stdout] 
[INFO] [stdout] ---- test_file_permissions_on_checksum stdout ----
[INFO] [stdout] Error: "Binary not found. Run 'cargo build' first."
[INFO] [stdout] 
[INFO] [stdout] ---- test_skip_temp_and_final_prefixes stdout ----
[INFO] [stdout] Error: "Binary not found. Run 'cargo build' first."
[INFO] [stdout] 
[INFO] [stdout] ---- test_relative_path_parent_directory stdout ----
[INFO] [stdout] Error: "Binary not found. Run 'cargo build' first."
[INFO] [stdout] 
[INFO] [stdout] ---- test_nested_directories_processed stdout ----
[INFO] [stdout] Error: "Binary not found. Run 'cargo build' first."
[INFO] [stdout] 
[INFO] [stdout] ---- test_main_sha256_valid_directory stdout ----
[INFO] [stdout] Error: "Binary not found. Run 'cargo build' first."
[INFO] [stdout] 
[INFO] [stdout] ---- test_case_insensitive_algorithm_input stdout ----
[INFO] [stdout] 
[INFO] [stdout] thread 'test_case_insensitive_algorithm_input' (881) panicked at tests/integration_tests.rs:339:12:
[INFO] [stdout] Failed to run: "Binary not found. Run 'cargo build' first."
[INFO] [stdout] stack backtrace:
[INFO] [stdout]    0:     0x5c0e16bba441 - <<std[617be2ca0a6fd877]::sys::backtrace::BacktraceLock>::print::DisplayBacktrace as core[a373ad73a504971]::fmt::Display>::fmt
[INFO] [stdout]    1:     0x5c0e16bce9fa - core[a373ad73a504971]::fmt::write
[INFO] [stdout]    2:     0x5c0e16bbe9bc - <alloc[2e1b2a31b91974c5]::vec::Vec<u8> as core[a373ad73a504971]::io::write::Write>::write_fmt
[INFO] [stdout]    3:     0x5c0e16b944c6 - std[617be2ca0a6fd877]::panicking::default_hook::{closure#0}
[INFO] [stdout]    4:     0x5c0e16bb18b9 - std[617be2ca0a6fd877]::panicking::default_hook
[INFO] [stdout]    5:     0x5c0e16b477c0 - test[aada8e7e76ba119b]::test_main_inner::{closure#0}
[INFO] [stdout]    6:     0x5c0e16bb1a72 - std[617be2ca0a6fd877]::panicking::panic_with_hook
[INFO] [stdout]    7:     0x5c0e16b94572 - std[617be2ca0a6fd877]::panicking::panic_handler::{closure#0}
[INFO] [stdout]    8:     0x5c0e16b8cea9 - std[617be2ca0a6fd877]::sys::backtrace::__rust_end_short_backtrace::<std[617be2ca0a6fd877]::panicking::panic_handler::{closure#0}, !>
[INFO] [stdout]    9:     0x5c0e16b9517d - __rustc[ea4f61d10b84890b]::rust_begin_unwind
[INFO] [stdout]   10:     0x5c0e16bcf12c - core[a373ad73a504971]::panicking::panic_fmt
[INFO] [stdout]   11:     0x5c0e16bcef02 - core[a373ad73a504971]::result::unwrap_failed
[INFO] [stdout]   12:     0x5c0e16b35b3e - <integration_tests[50b625aec37818bf]::test_case_insensitive_algorithm_input::{closure#0} as core[a373ad73a504971]::ops::function::FnOnce<()>>::call_once
[INFO] [stdout]   13:     0x5c0e16b3ac0b - test[aada8e7e76ba119b]::__rust_begin_short_backtrace::<core[a373ad73a504971]::result::Result<(), alloc[2e1b2a31b91974c5]::string::String>, fn() -> core[a373ad73a504971]::result::Result<(), alloc[2e1b2a31b91974c5]::string::String>>
[INFO] [stdout]   14:     0x5c0e16b47de5 - test[aada8e7e76ba119b]::run_test::{closure#0}
[INFO] [stdout]   15:     0x5c0e16b416d4 - std[617be2ca0a6fd877]::sys::backtrace::__rust_begin_short_backtrace::<test[aada8e7e76ba119b]::run_test::{closure#1}, ()>
[INFO] [stdout]   16:     0x5c0e16b4ae72 - <std[617be2ca0a6fd877]::thread::lifecycle::spawn_unchecked<test[aada8e7e76ba119b]::run_test::{closure#1}, ()>::{closure#1} as core[a373ad73a504971]::ops::function::FnOnce<()>>::call_once::{shim:vtable#0}
[INFO] [stdout]   17:     0x5c0e16bb975f - <std[617be2ca0a6fd877]::sys::thread::unix::Thread>::new::thread_start
[INFO] [stdout]   18:     0x770f81045dfa - <unknown>
[INFO] [stdout]   19:     0x770f810d93d4 - clone
[INFO] [stdout]   20:                0x0 - <unknown>
[INFO] [stdout] 
[INFO] [stdout] 
[INFO] [stdout] failures:
[INFO] [stdout]     test_case_insensitive_algorithm_input
[INFO] [stdout]     test_empty_directory_no_files
[INFO] [stdout]     test_fails_on_invalid_algorithm
[INFO] [stdout]     test_fails_on_nonexistent_path
[INFO] [stdout]     test_file_permissions_on_checksum
[INFO] [stdout]     test_main_blake3_valid_directory
[INFO] [stdout]     test_main_md5_valid_directory
[INFO] [stdout]     test_main_sha256_valid_directory
[INFO] [stdout]     test_nested_directories_processed
[INFO] [stdout]     test_relative_path_current_directory
[INFO] [stdout]     test_relative_path_parent_directory
[INFO] [stdout]     test_skip_temp_and_final_prefixes
[INFO] [stdout] 
[INFO] [stdout] test result: FAILED. 0 passed; 12 failed; 0 ignored; 0 measured; 0 filtered out; finished in 0.01s
[INFO] [stdout] 
[INFO] [stderr] error: test failed, to rerun pass `--test integration_tests`
[INFO] running `Command { std: "docker" "inspect" "83a64ef3aa70591e211de321ef86f125b598afcc51c7a7562265723f8ba4b635", kill_on_drop: false }`
[INFO] running `Command { std: "docker" "rm" "-f" "83a64ef3aa70591e211de321ef86f125b598afcc51c7a7562265723f8ba4b635", kill_on_drop: false }`
[INFO] [stdout] 83a64ef3aa70591e211de321ef86f125b598afcc51c7a7562265723f8ba4b635
