[INFO] cloning repository https://github.com/tars-cloud/actions
[INFO] running `Command { std: "git" "-c" "credential.helper=" "-c" "credential.helper=/workspace/cargo-home/bin/git-credential-null" "clone" "--bare" "https://github.com/tars-cloud/actions" "/workspace/cache/git-repos/https%3A%2F%2Fgithub.com%2Ftars-cloud%2Factions", kill_on_drop: false }`
[INFO] [stderr] Cloning into bare repository '/workspace/cache/git-repos/https%3A%2F%2Fgithub.com%2Ftars-cloud%2Factions'...
[INFO] running `Command { std: "git" "rev-parse" "HEAD", kill_on_drop: false }`
[INFO] [stdout] 11dd65d58364939416a05d3f446c435ca2a62a2d
[INFO] testing tars-cloud/actions against 1.100.0-beta.1+cargoflags=--release for beta-release-1.100-2
[INFO] running `Command { std: "git" "clone" "/workspace/cache/git-repos/https%3A%2F%2Fgithub.com%2Ftars-cloud%2Factions" "/workspace/builds/worker-1-tc2/source", kill_on_drop: false }`
[INFO] [stderr] Cloning into '/workspace/builds/worker-1-tc2/source'...
[INFO] [stderr] done.
[INFO] removed /workspace/builds/worker-1-tc2/source/rust-toolchain.toml
[INFO] started tweaking git repo https://github.com/tars-cloud/actions
[INFO] finished tweaking git repo https://github.com/tars-cloud/actions
[INFO] tweaked toml for git repo https://github.com/tars-cloud/actions written to /workspace/builds/worker-1-tc2/source/Cargo.toml
[INFO] validating manifest of git repo https://github.com/tars-cloud/actions on toolchain 1.100.0-beta.1
[INFO] running `Command { std: CARGO_HOME="/workspace/cargo-home" RUSTUP_HOME="/workspace/rustup-home" "/workspace/cargo-home/bin/cargo" "+1.100.0-beta.1" "metadata" "--manifest-path" "Cargo.toml" "--no-deps", kill_on_drop: false }`
[INFO] crate git repo https://github.com/tars-cloud/actions already has a lockfile, it will not be regenerated
[INFO] running `Command { std: CARGO_HOME="/workspace/cargo-home" RUSTUP_HOME="/workspace/rustup-home" "/workspace/cargo-home/bin/cargo" "+1.100.0-beta.1" "fetch" "--manifest-path" "Cargo.toml", kill_on_drop: false }`
[INFO] running `Command { std: "docker" "create" "-v" "/var/lib/crater-agent-workspace/builds/worker-1-tc2/source:/opt/rustwide/workdir:ro,Z" "-v" "/var/lib/crater-agent-workspace/builds/worker-1-tc2/target:/opt/rustwide/target:rw,Z" "-v" "/var/lib/crater-agent-workspace/cargo-home:/opt/rustwide/cargo-home:ro,Z" "-v" "/var/lib/crater-agent-workspace/rustup-home:/opt/rustwide/rustup-home:ro,Z" "-m" "1610612736" "--network" "none" "ghcr.io/rust-lang/crates-build-env/linux@sha256:77db811e55d90add9212f6832c23229e3de5f1c1f9905e8cb07319ea15df73ac" "sleep" "infinity", kill_on_drop: false }`
[INFO] [stdout] 012aeb0bc5fc01597398f6700fa1497ce66444011526c4408f3118f35aca9e7d
[INFO] running `Command { std: "docker" "start" "012aeb0bc5fc01597398f6700fa1497ce66444011526c4408f3118f35aca9e7d", kill_on_drop: false }`
[INFO] running `Command { std: "docker" "inspect" "012aeb0bc5fc01597398f6700fa1497ce66444011526c4408f3118f35aca9e7d", kill_on_drop: false }`
[INFO] running `Command { std: "docker" "exec" "-e" "SOURCE_DIR=/opt/rustwide/workdir" "-e" "CARGO_HOME=/opt/rustwide/cargo-home" "-e" "RUSTUP_HOME=/opt/rustwide/rustup-home" "-e" "CARGO_TARGET_DIR=/opt/rustwide/target" "-w" "/opt/rustwide/workdir" "--user" "0:0" "012aeb0bc5fc01597398f6700fa1497ce66444011526c4408f3118f35aca9e7d" "/opt/rustwide/cargo-home/bin/cargo" "+1.100.0-beta.1" "metadata" "--no-deps" "--format-version=1", kill_on_drop: false }`
[INFO] running `Command { std: "docker" "inspect" "012aeb0bc5fc01597398f6700fa1497ce66444011526c4408f3118f35aca9e7d", kill_on_drop: false }`
[INFO] running `Command { std: "docker" "exec" "-e" "SOURCE_DIR=/opt/rustwide/workdir" "-e" "CARGO_HOME=/opt/rustwide/cargo-home" "-e" "RUSTUP_HOME=/opt/rustwide/rustup-home" "-e" "CARGO_TARGET_DIR=/opt/rustwide/target" "-e" "CARGO_INCREMENTAL=0" "-e" "RUST_BACKTRACE=full" "-e" "RUSTFLAGS=--cap-lints=warn" "-e" "RUSTDOCFLAGS=--cap-lints=warn" "-w" "/opt/rustwide/workdir" "--user" "0:0" "012aeb0bc5fc01597398f6700fa1497ce66444011526c4408f3118f35aca9e7d" "/opt/rustwide/cargo-home/bin/cargo" "+1.100.0-beta.1" "build" "--frozen" "--message-format=json" "--release", kill_on_drop: false }`
[INFO] [stderr]    Compiling proc-macro2 v1.0.107
[INFO] [stderr]    Compiling unicode-ident v1.0.26
[INFO] [stderr]    Compiling quote v1.0.47
[INFO] [stderr]    Compiling libc v0.2.189
[INFO] [stderr]    Compiling serde_core v1.0.229
[INFO] [stderr]    Compiling cfg-if v1.0.5
[INFO] [stderr]    Compiling serde v1.0.229
[INFO] [stderr]    Compiling num-traits v0.2.19
[INFO] [stderr]    Compiling memchr v2.8.3
[INFO] [stderr]    Compiling zmij v1.0.23
[INFO] [stderr]    Compiling hashbrown v0.17.1
[INFO] [stderr]    Compiling heck v0.5.0
[INFO] [stderr]    Compiling once_cell v1.21.4
[INFO] [stderr]    Compiling zerocopy v0.8.57
[INFO] [stderr]    Compiling serde_json v1.0.151
[INFO] [stderr]    Compiling ahash v0.8.12
[INFO] [stderr]    Compiling ref-cast v1.0.27
[INFO] [stderr]    Compiling regex-syntax v0.8.11
[INFO] [stderr]    Compiling bitflags v2.13.2
[INFO] [stderr]    Compiling syn v3.0.6
[INFO] [stderr]    Compiling num-integer v0.1.47
[INFO] [stderr]    Compiling num-bigint v0.4.8
[INFO] [stderr]    Compiling num-iter v0.1.46
[INFO] [stderr]    Compiling num-complex v0.4.6
[INFO] [stderr]    Compiling aho-corasick v1.1.5
[INFO] [stderr]    Compiling smallvec v1.16.1
[INFO] [stderr]    Compiling rustix v1.1.5
[INFO] [stderr]    Compiling getrandom v0.4.3
[INFO] [stderr]    Compiling utf8parse v0.2.2
[INFO] [stderr]    Compiling anstyle-parse v1.0.0
[INFO] [stderr]    Compiling syn v2.0.119
[INFO] [stderr]    Compiling getrandom v0.3.4
[INFO] [stderr]    Compiling parking_lot_core v0.9.12
[INFO] [stderr]    Compiling indexmap v2.14.2
[INFO] [stderr]    Compiling num-rational v0.4.2
[INFO] [stderr]    Compiling serde_derive v1.0.229
[INFO] [stderr]    Compiling ref-cast-impl v1.0.27
[INFO] [stderr]    Compiling num v0.4.3
[INFO] [stderr]    Compiling regex-automata v0.4.18
[INFO] [stderr]    Compiling jsonschema-value v0.58.6
[INFO] [stderr]    Compiling anstyle-query v1.1.5
[INFO] [stderr]    Compiling anyhow v1.0.104
[INFO] [stderr]    Compiling colorchoice v1.0.5
[INFO] [stderr]    Compiling is_terminal_polyfill v1.70.2
[INFO] [stderr]    Compiling bit-vec v0.8.0
[INFO] [stderr]    Compiling unicode-general-category v1.1.0
[INFO] [stderr]    Compiling borrow-or-share v0.2.4
[INFO] [stderr]    Compiling linux-raw-sys v0.12.1
[INFO] [stderr]    Compiling anstyle v1.0.14
[INFO] [stderr]    Compiling anstream v1.0.0
[INFO] [stderr]    Compiling bit-set v0.8.0
[INFO] [stderr]    Compiling fraction v0.17.0
[INFO] [stderr]    Compiling strum_macros v0.28.0
[INFO] [stderr]    Compiling parking_lot v0.12.5
[INFO] [stderr]    Compiling micromap v0.3.0
[INFO] [stderr]    Compiling fluent-uri v0.4.1
[INFO] [stderr]    Compiling num-cmp v0.1.0
[INFO] [stderr]    Compiling strsim v0.11.1
[INFO] [stderr]    Compiling clap_lex v1.1.1
[INFO] [stderr]    Compiling fastrand v2.5.0
[INFO] [stderr]    Compiling outref v0.5.2
[INFO] [stderr]    Compiling cfg_aliases v0.2.2
[INFO] [stderr]    Compiling winnow v1.0.4
[INFO] [stderr]    Compiling vsimd v0.8.0
[INFO] [stderr]    Compiling bytecount v0.6.9
[INFO] [stderr]    Compiling strum v0.28.0
[INFO] [stderr]    Compiling fancy-regex v0.19.2
[INFO] [stderr]    Compiling regex v1.13.1
[INFO] [stderr]    Compiling uuid-simd v0.8.0
[INFO] [stderr]    Compiling referencing v0.58.6
[INFO] [stderr]    Compiling tempfile v3.27.0
[INFO] [stderr]    Compiling nix v0.31.3
[INFO] [stderr]    Compiling toml_parser v1.1.3+spec-1.1.0
[INFO] [stderr]    Compiling clap_builder v4.6.7
[INFO] [stderr]    Compiling email_address v0.2.9
[INFO] [stderr]    Compiling clap_derive v4.6.7
[INFO] [stderr]    Compiling jsonschema-regex v0.58.6
[INFO] [stderr]    Compiling toml_writer v1.1.2+spec-1.1.0
[INFO] [stderr]    Compiling pulldown-cmark v0.13.4
[INFO] [stderr]    Compiling unsafe-libyaml-norway v0.2.15
[INFO] [stderr]    Compiling toml_datetime v1.1.1+spec-1.1.0
[INFO] [stderr]    Compiling data-encoding v2.11.1
[INFO] [stderr]    Compiling serde_norway v0.9.42
[INFO] [stderr]    Compiling jsonschema v0.58.6
[INFO] [stderr]    Compiling clap v4.6.7
[INFO] [stderr]    Compiling toml_edit v0.25.15+spec-1.1.0
[INFO] [stderr]    Compiling unicase v2.9.0
[INFO] [stderr]    Compiling semver v1.0.28
[INFO] [stderr]    Compiling actions-release v3.6.0 (/opt/rustwide/workdir/crates/actions-release)
[INFO] [stderr]    Compiling actions-crap v3.6.0 (/opt/rustwide/workdir/crates/actions-crap)
[INFO] [stderr]    Compiling tact v3.6.0 (/opt/rustwide/workdir/crates/tact)
[INFO] [stderr] warning: unused dependency `tempfile`
[INFO] [stderr]   --> crates/actions-crap/Cargo.toml:12:1
[INFO] [stderr]    |
[INFO] [stderr] 12 | tempfile.workspace = true
[INFO] [stderr]    | ^^^^^^^^
[INFO] [stderr]    |
[INFO] [stderr]    = note: `cargo::unused_dependencies` is set to `warn` by default
[INFO] [stderr] help: consider removing the dependency on `tempfile`
[INFO] [stderr] warning: `actions-crap` (manifest) generated 1 warning
[INFO] [stderr]     Finished `release` profile [optimized] target(s) in 4m 30s
[INFO] running `Command { std: "docker" "inspect" "012aeb0bc5fc01597398f6700fa1497ce66444011526c4408f3118f35aca9e7d", kill_on_drop: false }`
[INFO] running `Command { std: "docker" "exec" "-e" "SOURCE_DIR=/opt/rustwide/workdir" "-e" "CARGO_HOME=/opt/rustwide/cargo-home" "-e" "RUSTUP_HOME=/opt/rustwide/rustup-home" "-e" "CARGO_TARGET_DIR=/opt/rustwide/target" "-e" "CARGO_INCREMENTAL=0" "-e" "RUST_BACKTRACE=full" "-e" "RUSTFLAGS=--cap-lints=warn" "-e" "RUSTDOCFLAGS=--cap-lints=warn" "-w" "/opt/rustwide/workdir" "--user" "0:0" "012aeb0bc5fc01597398f6700fa1497ce66444011526c4408f3118f35aca9e7d" "/opt/rustwide/cargo-home/bin/cargo" "+1.100.0-beta.1" "test" "--frozen" "--no-run" "--message-format=json" "--release", kill_on_drop: false }`
[INFO] [stderr]    Compiling actions-crap v3.6.0 (/opt/rustwide/workdir/crates/actions-crap)
[INFO] [stderr]    Compiling actions-release v3.6.0 (/opt/rustwide/workdir/crates/actions-release)
[INFO] [stderr]    Compiling tact v3.6.0 (/opt/rustwide/workdir/crates/tact)
[INFO] [stderr]     Finished `release` profile [optimized] target(s) in 45.14s
[INFO] running `Command { std: "docker" "inspect" "012aeb0bc5fc01597398f6700fa1497ce66444011526c4408f3118f35aca9e7d", kill_on_drop: false }`
[INFO] running `Command { std: "docker" "exec" "-e" "SOURCE_DIR=/opt/rustwide/workdir" "-e" "CARGO_HOME=/opt/rustwide/cargo-home" "-e" "RUSTUP_HOME=/opt/rustwide/rustup-home" "-e" "CARGO_TARGET_DIR=/opt/rustwide/target" "-e" "CARGO_INCREMENTAL=0" "-e" "RUST_BACKTRACE=full" "-e" "RUSTFLAGS=--cap-lints=warn" "-e" "RUSTDOCFLAGS=--cap-lints=warn" "-w" "/opt/rustwide/workdir" "--user" "0:0" "012aeb0bc5fc01597398f6700fa1497ce66444011526c4408f3118f35aca9e7d" "/opt/rustwide/cargo-home/bin/cargo" "+1.100.0-beta.1" "test" "--frozen" "--release", kill_on_drop: false }`
[INFO] [stderr]     Finished `release` profile [optimized] target(s) in 0.13s
[INFO] [stderr]      Running unittests src/main.rs (/opt/rustwide/target/release/build/actions-crap/a892056398ae6de4/out/actions_crap-a892056398ae6de4)
[INFO] [stdout] 
[INFO] [stdout] running 12 tests
[INFO] [stdout] test tests::ci_policy_preserves_scoring_but_removes_gate_and_display_controls ... ok
[INFO] [stdout] test tests::configuration_search_selects_nearest_scoring_and_all_cargo_ancestors ... ok
[INFO] [stdout] test tests::existing_debt_and_moves_above_threshold_fail ... ok
[INFO] [stdout] test tests::normalization_is_stable_and_rejects_escape ... ok
[INFO] [stdout] test tests::regressions_below_threshold_warn_and_exact_threshold_passes ... ok
[INFO] [stdout] test tests::rejects_transitive_tools_and_unused_workspace_declarations ... ok
[INFO] [stdout] test tests::rejects_unsupported_or_ambiguous_versions_and_other_sources ... ok
[INFO] [stdout] test tests::selected_cargo_config_replaces_historical_settings_and_absence ... ok
[INFO] [stdout] test tests::threshold_errors_take_priority_over_regressions_and_improvements ... ok
[INFO] [stdout] test tests::smoke_requires_nonempty_matching_supported_report ... ok
[INFO] [stdout] test tests::resolves_locked_direct_tool_including_renamed_dependencies ... ok
[INFO] [stdout] test tests::bootstrap_detection_and_verdict_override_preserve_counts_and_warn ... ok
[INFO] [stdout] 
[INFO] [stdout] test result: ok. 12 passed; 0 failed; 0 ignored; 0 measured; 0 filtered out; finished in 0.14s
[INFO] [stdout] 
[INFO] [stderr]      Running tests/analysis.rs (/opt/rustwide/target/release/build/actions-crap/4f44e1d195934f0c/out/analysis-4f44e1d195934f0c)
[INFO] [stdout] 
[INFO] [stdout] running 8 tests
[INFO] [stdout] test badges_preserve_upstream_counts_and_use_orange_for_minor_debt ... FAILED
[INFO] [stdout] test llvm_merge_policy_reaches_collection_and_invalidates_baselines ... FAILED
[INFO] [stdout] test llvm_merge_flags_are_recorded_and_cannot_override_the_policy ... FAILED
[INFO] [stdout] test tarpaulin_ignores_llvm_policy_and_merge_flags ... FAILED
[INFO] [stdout] test tarpaulin_scope_and_coverage_failures_preserve_the_contract ... FAILED
[INFO] [stdout] test warns_on_regressions_and_compares_exact_or_fresh_baselines ... FAILED
[INFO] [stdout] test merge_policy_validation_and_failed_collection_never_publish_completion ... FAILED
[INFO] [stdout] test strict_bootstrap_enforces_absolute_scores_for_measure_and_compare ... FAILED
[INFO] [stdout] 
[INFO] [stdout] failures:
[INFO] [stdout] 
[INFO] [stdout] ---- badges_preserve_upstream_counts_and_use_orange_for_minor_debt stdout ----
[INFO] [stdout] 
[INFO] [stdout] thread 'badges_preserve_upstream_counts_and_use_orange_for_minor_debt' (2355) panicked at crates/actions-crap/tests/analysis.rs:218:5:
[INFO] [stdout] Error: rustc failed: error: rustup could not choose a version of rustc to run, because one wasn't specified explicitly, and no default is configured.
[INFO] [stdout] help: run 'rustup default stable' to download the latest stable release of Rust and set it as your default toolchain.
[INFO] [stdout] 
[INFO] [stdout] 
[INFO] [stdout] stack backtrace:
[INFO] [stdout]    0:     0x5de32937f3c1 - <<std[617be2ca0a6fd877]::sys::backtrace::BacktraceLock>::print::DisplayBacktrace as core[a373ad73a504971]::fmt::Display>::fmt
[INFO] [stdout]    1:     0x5de32939413a - core[a373ad73a504971]::fmt::write
[INFO] [stderr] error: test failed, to rerun pass `-p actions-crap --test analysis`
[INFO] [stdout]    2:     0x5de32938391c - <alloc[2e1b2a31b91974c5]::vec::Vec<u8> as core[a373ad73a504971]::io::write::Write>::write_fmt
[INFO] [stdout]    3:     0x5de329359786 - std[617be2ca0a6fd877]::panicking::default_hook::{closure#0}
[INFO] [stdout]    4:     0x5de3293769a9 - std[617be2ca0a6fd877]::panicking::default_hook
[INFO] [stdout]    5:     0x5de329308500 - test[aada8e7e76ba119b]::test_main_inner::{closure#0}
[INFO] [stdout]    6:     0x5de329376b62 - std[617be2ca0a6fd877]::panicking::panic_with_hook
[INFO] [stdout]    7:     0x5de329359832 - std[617be2ca0a6fd877]::panicking::panic_handler::{closure#0}
[INFO] [stdout]    8:     0x5de329352299 - std[617be2ca0a6fd877]::sys::backtrace::__rust_end_short_backtrace::<std[617be2ca0a6fd877]::panicking::panic_handler::{closure#0}, !>
[INFO] [stdout]    9:     0x5de32935a4fd - __rustc[ea4f61d10b84890b]::rust_begin_unwind
[INFO] [stdout]   10:     0x5de32939486c - core[a373ad73a504971]::panicking::panic_fmt
[INFO] [stdout]   11:     0x5de3292ddfa2 - <analysis[86a5e622f0282a71]::Fixture>::analyze_with_policy
[INFO] [stdout]   12:     0x5de3292e7c08 - <analysis[86a5e622f0282a71]::badges_preserve_upstream_counts_and_use_orange_for_minor_debt::{closure#0} as core[a373ad73a504971]::ops::function::FnOnce<()>>::call_once
[INFO] [stdout]   13:     0x5de3292fb94b - test[aada8e7e76ba119b]::__rust_begin_short_backtrace::<core[a373ad73a504971]::result::Result<(), alloc[2e1b2a31b91974c5]::string::String>, fn() -> core[a373ad73a504971]::result::Result<(), alloc[2e1b2a31b91974c5]::string::String>>
[INFO] [stdout]   14:     0x5de329308b25 - test[aada8e7e76ba119b]::run_test::{closure#0}
[INFO] [stdout]   15:     0x5de329302414 - std[617be2ca0a6fd877]::sys::backtrace::__rust_begin_short_backtrace::<test[aada8e7e76ba119b]::run_test::{closure#1}, ()>
[INFO] [stdout]   16:     0x5de32930bbb2 - <std[617be2ca0a6fd877]::thread::lifecycle::spawn_unchecked<test[aada8e7e76ba119b]::run_test::{closure#1}, ()>::{closure#1} as core[a373ad73a504971]::ops::function::FnOnce<()>>::call_once::{shim:vtable#0}
[INFO] [stdout]   17:     0x5de32937e3cf - <std[617be2ca0a6fd877]::sys::thread::unix::Thread>::new::thread_start
[INFO] [stdout]   18:     0x702ee1d6fdfa - <unknown>
[INFO] [stdout]   19:     0x702ee1e033d4 - clone
[INFO] [stdout]   20:                0x0 - <unknown>
[INFO] [stdout] 
[INFO] [stdout] ---- llvm_merge_policy_reaches_collection_and_invalidates_baselines stdout ----
[INFO] [stdout] 
[INFO] [stdout] thread 'llvm_merge_policy_reaches_collection_and_invalidates_baselines' (2357) panicked at crates/actions-crap/tests/analysis.rs:218:5:
[INFO] [stdout] Error: rustc failed: error: rustup could not choose a version of rustc to run, because one wasn't specified explicitly, and no default is configured.
[INFO] [stdout] help: run 'rustup default stable' to download the latest stable release of Rust and set it as your default toolchain.
[INFO] [stdout] 
[INFO] [stdout] 
[INFO] [stdout] stack backtrace:
[INFO] [stdout]    0:     0x5de32937f3c1 - <<std[617be2ca0a6fd877]::sys::backtrace::BacktraceLock>::print::DisplayBacktrace as core[a373ad73a504971]::fmt::Display>::fmt
[INFO] [stdout]    1:     0x5de32939413a - core[a373ad73a504971]::fmt::write
[INFO] [stdout]    2:     0x5de32938391c - <alloc[2e1b2a31b91974c5]::vec::Vec<u8> as core[a373ad73a504971]::io::write::Write>::write_fmt
[INFO] [stdout]    3:     0x5de329359786 - std[617be2ca0a6fd877]::panicking::default_hook::{closure#0}
[INFO] [stdout]    4:     0x5de3293769a9 - std[617be2ca0a6fd877]::panicking::default_hook
[INFO] [stdout]    5:     0x5de329308500 - test[aada8e7e76ba119b]::test_main_inner::{closure#0}
[INFO] [stdout]    6:     0x5de329376b62 - std[617be2ca0a6fd877]::panicking::panic_with_hook
[INFO] [stdout]    7:     0x5de329359832 - std[617be2ca0a6fd877]::panicking::panic_handler::{closure#0}
[INFO] [stdout]    8:     0x5de329352299 - std[617be2ca0a6fd877]::sys::backtrace::__rust_end_short_backtrace::<std[617be2ca0a6fd877]::panicking::panic_handler::{closure#0}, !>
[INFO] [stdout]    9:     0x5de32935a4fd - __rustc[ea4f61d10b84890b]::rust_begin_unwind
[INFO] [stdout]   10:     0x5de32939486c - core[a373ad73a504971]::panicking::panic_fmt
[INFO] [stdout]   11:     0x5de3292ddfa2 - <analysis[86a5e622f0282a71]::Fixture>::analyze_with_policy
[INFO] [stdout]   12:     0x5de3292e907d - <analysis[86a5e622f0282a71]::llvm_merge_policy_reaches_collection_and_invalidates_baselines::{closure#0} as core[a373ad73a504971]::ops::function::FnOnce<()>>::call_once
[INFO] [stdout]   13:     0x5de3292fb94b - test[aada8e7e76ba119b]::__rust_begin_short_backtrace::<core[a373ad73a504971]::result::Result<(), alloc[2e1b2a31b91974c5]::string::String>, fn() -> core[a373ad73a504971]::result::Result<(), alloc[2e1b2a31b91974c5]::string::String>>
[INFO] [stdout]   14:     0x5de329308b25 - test[aada8e7e76ba119b]::run_test::{closure#0}
[INFO] [stdout]   15:     0x5de329302414 - std[617be2ca0a6fd877]::sys::backtrace::__rust_begin_short_backtrace::<test[aada8e7e76ba119b]::run_test::{closure#1}, ()>
[INFO] [stdout]   16:     0x5de32930bbb2 - <std[617be2ca0a6fd877]::thread::lifecycle::spawn_unchecked<test[aada8e7e76ba119b]::run_test::{closure#1}, ()>::{closure#1} as core[a373ad73a504971]::ops::function::FnOnce<()>>::call_once::{shim:vtable#0}
[INFO] [stdout]   17:     0x5de32937e3cf - <std[617be2ca0a6fd877]::sys::thread::unix::Thread>::new::thread_start
[INFO] [stdout]   18:     0x702ee1d6fdfa - <unknown>
[INFO] [stdout]   19:     0x702ee1e033d4 - clone
[INFO] [stdout]   20:                0x0 - <unknown>
[INFO] [stdout] 
[INFO] [stdout] ---- llvm_merge_flags_are_recorded_and_cannot_override_the_policy stdout ----
[INFO] [stdout] 
[INFO] [stdout] thread 'llvm_merge_flags_are_recorded_and_cannot_override_the_policy' (2356) panicked at crates/actions-crap/tests/analysis.rs:218:5:
[INFO] [stdout] Error: rustc failed: error: rustup could not choose a version of rustc to run, because one wasn't specified explicitly, and no default is configured.
[INFO] [stdout] help: run 'rustup default stable' to download the latest stable release of Rust and set it as your default toolchain.
[INFO] [stdout] 
[INFO] [stdout] 
[INFO] [stdout] stack backtrace:
[INFO] [stdout]    0:     0x5de32937f3c1 - <<std[617be2ca0a6fd877]::sys::backtrace::BacktraceLock>::print::DisplayBacktrace as core[a373ad73a504971]::fmt::Display>::fmt
[INFO] [stdout]    1:     0x5de32939413a - core[a373ad73a504971]::fmt::write
[INFO] [stdout]    2:     0x5de32938391c - <alloc[2e1b2a31b91974c5]::vec::Vec<u8> as core[a373ad73a504971]::io::write::Write>::write_fmt
[INFO] [stdout]    3:     0x5de329359786 - std[617be2ca0a6fd877]::panicking::default_hook::{closure#0}
[INFO] [stdout]    4:     0x5de3293769a9 - std[617be2ca0a6fd877]::panicking::default_hook
[INFO] [stdout]    5:     0x5de329308500 - test[aada8e7e76ba119b]::test_main_inner::{closure#0}
[INFO] [stdout]    6:     0x5de329376b62 - std[617be2ca0a6fd877]::panicking::panic_with_hook
[INFO] [stdout]    7:     0x5de329359832 - std[617be2ca0a6fd877]::panicking::panic_handler::{closure#0}
[INFO] [stdout]    8:     0x5de329352299 - std[617be2ca0a6fd877]::sys::backtrace::__rust_end_short_backtrace::<std[617be2ca0a6fd877]::panicking::panic_handler::{closure#0}, !>
[INFO] [stdout]    9:     0x5de32935a4fd - __rustc[ea4f61d10b84890b]::rust_begin_unwind
[INFO] [stdout]   10:     0x5de32939486c - core[a373ad73a504971]::panicking::panic_fmt
[INFO] [stdout]   11:     0x5de3292e6db3 - <analysis[86a5e622f0282a71]::llvm_merge_flags_are_recorded_and_cannot_override_the_policy::{closure#0} as core[a373ad73a504971]::ops::function::FnOnce<()>>::call_once
[INFO] [stdout]   12:     0x5de3292fb94b - test[aada8e7e76ba119b]::__rust_begin_short_backtrace::<core[a373ad73a504971]::result::Result<(), alloc[2e1b2a31b91974c5]::string::String>, fn() -> core[a373ad73a504971]::result::Result<(), alloc[2e1b2a31b91974c5]::string::String>>
[INFO] [stdout]   13:     0x5de329308b25 - test[aada8e7e76ba119b]::run_test::{closure#0}
[INFO] [stdout]   14:     0x5de329302414 - std[617be2ca0a6fd877]::sys::backtrace::__rust_begin_short_backtrace::<test[aada8e7e76ba119b]::run_test::{closure#1}, ()>
[INFO] [stdout]   15:     0x5de32930bbb2 - <std[617be2ca0a6fd877]::thread::lifecycle::spawn_unchecked<test[aada8e7e76ba119b]::run_test::{closure#1}, ()>::{closure#1} as core[a373ad73a504971]::ops::function::FnOnce<()>>::call_once::{shim:vtable#0}
[INFO] [stdout]   16:     0x5de32937e3cf - <std[617be2ca0a6fd877]::sys::thread::unix::Thread>::new::thread_start
[INFO] [stdout]   17:     0x702ee1d6fdfa - <unknown>
[INFO] [stdout]   18:     0x702ee1e033d4 - clone
[INFO] [stdout]   19:                0x0 - <unknown>
[INFO] [stdout] 
[INFO] [stdout] ---- tarpaulin_ignores_llvm_policy_and_merge_flags stdout ----
[INFO] [stdout] 
[INFO] [stdout] thread 'tarpaulin_ignores_llvm_policy_and_merge_flags' (2360) panicked at crates/actions-crap/tests/analysis.rs:218:5:
[INFO] [stdout] Error: rustc failed: error: rustup could not choose a version of rustc to run, because one wasn't specified explicitly, and no default is configured.
[INFO] [stdout] help: run 'rustup default stable' to download the latest stable release of Rust and set it as your default toolchain.
[INFO] [stdout] 
[INFO] [stdout] 
[INFO] [stdout] stack backtrace:
[INFO] [stdout]    0:     0x5de32937f3c1 - <<std[617be2ca0a6fd877]::sys::backtrace::BacktraceLock>::print::DisplayBacktrace as core[a373ad73a504971]::fmt::Display>::fmt
[INFO] [stdout]    1:     0x5de32939413a - core[a373ad73a504971]::fmt::write
[INFO] [stdout]    2:     0x5de32938391c - <alloc[2e1b2a31b91974c5]::vec::Vec<u8> as core[a373ad73a504971]::io::write::Write>::write_fmt
[INFO] [stdout]    3:     0x5de329359786 - std[617be2ca0a6fd877]::panicking::default_hook::{closure#0}
[INFO] [stdout]    4:     0x5de3293769a9 - std[617be2ca0a6fd877]::panicking::default_hook
[INFO] [stdout]    5:     0x5de329308500 - test[aada8e7e76ba119b]::test_main_inner::{closure#0}
[INFO] [stdout]    6:     0x5de329376b62 - std[617be2ca0a6fd877]::panicking::panic_with_hook
[INFO] [stdout]    7:     0x5de329359832 - std[617be2ca0a6fd877]::panicking::panic_handler::{closure#0}
[INFO] [stdout]    8:     0x5de329352299 - std[617be2ca0a6fd877]::sys::backtrace::__rust_end_short_backtrace::<std[617be2ca0a6fd877]::panicking::panic_handler::{closure#0}, !>
[INFO] [stdout]    9:     0x5de32935a4fd - __rustc[ea4f61d10b84890b]::rust_begin_unwind
[INFO] [stdout]   10:     0x5de32939486c - core[a373ad73a504971]::panicking::panic_fmt
[INFO] [stdout]   11:     0x5de3292ddfa2 - <analysis[86a5e622f0282a71]::Fixture>::analyze_with_policy
[INFO] [stdout]   12:     0x5de3292e35e8 - <analysis[86a5e622f0282a71]::tarpaulin_ignores_llvm_policy_and_merge_flags::{closure#0} as core[a373ad73a504971]::ops::function::FnOnce<()>>::call_once
[INFO] [stdout]   13:     0x5de3292fb94b - test[aada8e7e76ba119b]::__rust_begin_short_backtrace::<core[a373ad73a504971]::result::Result<(), alloc[2e1b2a31b91974c5]::string::String>, fn() -> core[a373ad73a504971]::result::Result<(), alloc[2e1b2a31b91974c5]::string::String>>
[INFO] [stdout]   14:     0x5de329308b25 - test[aada8e7e76ba119b]::run_test::{closure#0}
[INFO] [stdout]   15:     0x5de329302414 - std[617be2ca0a6fd877]::sys::backtrace::__rust_begin_short_backtrace::<test[aada8e7e76ba119b]::run_test::{closure#1}, ()>
[INFO] [stdout]   16:     0x5de32930bbb2 - <std[617be2ca0a6fd877]::thread::lifecycle::spawn_unchecked<test[aada8e7e76ba119b]::run_test::{closure#1}, ()>::{closure#1} as core[a373ad73a504971]::ops::function::FnOnce<()>>::call_once::{shim:vtable#0}
[INFO] [stdout]   17:     0x5de32937e3cf - <std[617be2ca0a6fd877]::sys::thread::unix::Thread>::new::thread_start
[INFO] [stdout]   18:     0x702ee1d6fdfa - <unknown>
[INFO] [stdout]   19:     0x702ee1e033d4 - clone
[INFO] [stdout]   20:                0x0 - <unknown>
[INFO] [stdout] 
[INFO] [stdout] ---- tarpaulin_scope_and_coverage_failures_preserve_the_contract stdout ----
[INFO] [stdout] 
[INFO] [stdout] thread 'tarpaulin_scope_and_coverage_failures_preserve_the_contract' (2361) panicked at crates/actions-crap/tests/analysis.rs:218:5:
[INFO] [stdout] Error: rustc failed: error: rustup could not choose a version of rustc to run, because one wasn't specified explicitly, and no default is configured.
[INFO] [stdout] help: run 'rustup default stable' to download the latest stable release of Rust and set it as your default toolchain.
[INFO] [stdout] 
[INFO] [stdout] 
[INFO] [stdout] stack backtrace:
[INFO] [stdout]    0:     0x5de32937f3c1 - <<std[617be2ca0a6fd877]::sys::backtrace::BacktraceLock>::print::DisplayBacktrace as core[a373ad73a504971]::fmt::Display>::fmt
[INFO] [stdout]    1:     0x5de32939413a - core[a373ad73a504971]::fmt::write
[INFO] [stdout]    2:     0x5de32938391c - <alloc[2e1b2a31b91974c5]::vec::Vec<u8> as core[a373ad73a504971]::io::write::Write>::write_fmt
[INFO] [stdout]    3:     0x5de329359786 - std[617be2ca0a6fd877]::panicking::default_hook::{closure#0}
[INFO] [stdout]    4:     0x5de3293769a9 - std[617be2ca0a6fd877]::panicking::default_hook
[INFO] [stdout]    5:     0x5de329308500 - test[aada8e7e76ba119b]::test_main_inner::{closure#0}
[INFO] [stdout]    6:     0x5de329376b62 - std[617be2ca0a6fd877]::panicking::panic_with_hook
[INFO] [stdout]    7:     0x5de329359832 - std[617be2ca0a6fd877]::panicking::panic_handler::{closure#0}
[INFO] [stdout]    8:     0x5de329352299 - std[617be2ca0a6fd877]::sys::backtrace::__rust_end_short_backtrace::<std[617be2ca0a6fd877]::panicking::panic_handler::{closure#0}, !>
[INFO] [stdout]    9:     0x5de32935a4fd - __rustc[ea4f61d10b84890b]::rust_begin_unwind
[INFO] [stdout]   10:     0x5de32939486c - core[a373ad73a504971]::panicking::panic_fmt
[INFO] [stdout]   11:     0x5de3292e6161 - <analysis[86a5e622f0282a71]::tarpaulin_scope_and_coverage_failures_preserve_the_contract::{closure#0} as core[a373ad73a504971]::ops::function::FnOnce<()>>::call_once
[INFO] [stdout]   12:     0x5de3292fb94b - test[aada8e7e76ba119b]::__rust_begin_short_backtrace::<core[a373ad73a504971]::result::Result<(), alloc[2e1b2a31b91974c5]::string::String>, fn() -> core[a373ad73a504971]::result::Result<(), alloc[2e1b2a31b91974c5]::string::String>>
[INFO] [stdout]   13:     0x5de329308b25 - test[aada8e7e76ba119b]::run_test::{closure#0}
[INFO] [stdout]   14:     0x5de329302414 - std[617be2ca0a6fd877]::sys::backtrace::__rust_begin_short_backtrace::<test[aada8e7e76ba119b]::run_test::{closure#1}, ()>
[INFO] [stdout]   15:     0x5de32930bbb2 - <std[617be2ca0a6fd877]::thread::lifecycle::spawn_unchecked<test[aada8e7e76ba119b]::run_test::{closure#1}, ()>::{closure#1} as core[a373ad73a504971]::ops::function::FnOnce<()>>::call_once::{shim:vtable#0}
[INFO] [stdout]   16:     0x5de32937e3cf - <std[617be2ca0a6fd877]::sys::thread::unix::Thread>::new::thread_start
[INFO] [stdout]   17:     0x702ee1d6fdfa - <unknown>
[INFO] [stdout]   18:     0x702ee1e033d4 - clone
[INFO] [stdout]   19:                0x0 - <unknown>
[INFO] [stdout] 
[INFO] [stdout] ---- warns_on_regressions_and_compares_exact_or_fresh_baselines stdout ----
[INFO] [stdout] 
[INFO] [stdout] thread 'warns_on_regressions_and_compares_exact_or_fresh_baselines' (2362) panicked at crates/actions-crap/tests/analysis.rs:218:5:
[INFO] [stdout] Error: rustc failed: error: rustup could not choose a version of rustc to run, because one wasn't specified explicitly, and no default is configured.
[INFO] [stdout] help: run 'rustup default stable' to download the latest stable release of Rust and set it as your default toolchain.
[INFO] [stdout] 
[INFO] [stdout] 
[INFO] [stdout] stack backtrace:
[INFO] [stdout]    0:     0x5de32937f3c1 - <<std[617be2ca0a6fd877]::sys::backtrace::BacktraceLock>::print::DisplayBacktrace as core[a373ad73a504971]::fmt::Display>::fmt
[INFO] [stdout]    1:     0x5de32939413a - core[a373ad73a504971]::fmt::write
[INFO] [stdout]    2:     0x5de32938391c - <alloc[2e1b2a31b91974c5]::vec::Vec<u8> as core[a373ad73a504971]::io::write::Write>::write_fmt
[INFO] [stdout]    3:     0x5de329359786 - std[617be2ca0a6fd877]::panicking::default_hook::{closure#0}
[INFO] [stdout]    4:     0x5de3293769a9 - std[617be2ca0a6fd877]::panicking::default_hook
[INFO] [stdout]    5:     0x5de329308500 - test[aada8e7e76ba119b]::test_main_inner::{closure#0}
[INFO] [stdout]    6:     0x5de329376b62 - std[617be2ca0a6fd877]::panicking::panic_with_hook
[INFO] [stdout]    7:     0x5de329359832 - std[617be2ca0a6fd877]::panicking::panic_handler::{closure#0}
[INFO] [stdout]    8:     0x5de329352299 - std[617be2ca0a6fd877]::sys::backtrace::__rust_end_short_backtrace::<std[617be2ca0a6fd877]::panicking::panic_handler::{closure#0}, !>
[INFO] [stdout]    9:     0x5de32935a4fd - __rustc[ea4f61d10b84890b]::rust_begin_unwind
[INFO] [stdout]   10:     0x5de32939486c - core[a373ad73a504971]::panicking::panic_fmt
[INFO] [stdout]   11:     0x5de3292ddfa2 - <analysis[86a5e622f0282a71]::Fixture>::analyze_with_policy
[INFO] [stdout]   12:     0x5de3292e3bcd - <analysis[86a5e622f0282a71]::warns_on_regressions_and_compares_exact_or_fresh_baselines::{closure#0} as core[a373ad73a504971]::ops::function::FnOnce<()>>::call_once
[INFO] [stdout]   13:     0x5de3292fb94b - test[aada8e7e76ba119b]::__rust_begin_short_backtrace::<core[a373ad73a504971]::result::Result<(), alloc[2e1b2a31b91974c5]::string::String>, fn() -> core[a373ad73a504971]::result::Result<(), alloc[2e1b2a31b91974c5]::string::String>>
[INFO] [stdout]   14:     0x5de329308b25 - test[aada8e7e76ba119b]::run_test::{closure#0}
[INFO] [stdout]   15:     0x5de329302414 - std[617be2ca0a6fd877]::sys::backtrace::__rust_begin_short_backtrace::<test[aada8e7e76ba119b]::run_test::{closure#1}, ()>
[INFO] [stdout]   16:     0x5de32930bbb2 - <std[617be2ca0a6fd877]::thread::lifecycle::spawn_unchecked<test[aada8e7e76ba119b]::run_test::{closure#1}, ()>::{closure#1} as core[a373ad73a504971]::ops::function::FnOnce<()>>::call_once::{shim:vtable#0}
[INFO] [stdout]   17:     0x5de32937e3cf - <std[617be2ca0a6fd877]::sys::thread::unix::Thread>::new::thread_start
[INFO] [stdout]   18:     0x702ee1d6fdfa - <unknown>
[INFO] [stdout]   19:     0x702ee1e033d4 - clone
[INFO] [stdout]   20:                0x0 - <unknown>
[INFO] [stdout] 
[INFO] [stdout] ---- merge_policy_validation_and_failed_collection_never_publish_completion stdout ----
[INFO] [stdout] 
[INFO] [stdout] thread 'merge_policy_validation_and_failed_collection_never_publish_completion' (2358) panicked at crates/actions-crap/tests/analysis.rs:340:9:
[INFO] [stdout] assertion failed: String::from_utf8_lossy(&output.stderr).contains("no score gate evaluated")
[INFO] [stdout] stack backtrace:
[INFO] [stdout]    0:     0x5de32937f3c1 - <<std[617be2ca0a6fd877]::sys::backtrace::BacktraceLock>::print::DisplayBacktrace as core[a373ad73a504971]::fmt::Display>::fmt
[INFO] [stdout]    1:     0x5de32939413a - core[a373ad73a504971]::fmt::write
[INFO] [stdout]    2:     0x5de32938391c - <alloc[2e1b2a31b91974c5]::vec::Vec<u8> as core[a373ad73a504971]::io::write::Write>::write_fmt
[INFO] [stdout]    3:     0x5de329359786 - std[617be2ca0a6fd877]::panicking::default_hook::{closure#0}
[INFO] [stdout]    4:     0x5de3293769a9 - std[617be2ca0a6fd877]::panicking::default_hook
[INFO] [stdout]    5:     0x5de329308500 - test[aada8e7e76ba119b]::test_main_inner::{closure#0}
[INFO] [stdout]    6:     0x5de329376b62 - std[617be2ca0a6fd877]::panicking::panic_with_hook
[INFO] [stdout]    7:     0x5de329359864 - std[617be2ca0a6fd877]::panicking::panic_handler::{closure#0}
[INFO] [stdout]    8:     0x5de329352299 - std[617be2ca0a6fd877]::sys::backtrace::__rust_end_short_backtrace::<std[617be2ca0a6fd877]::panicking::panic_handler::{closure#0}, !>
[INFO] [stdout]    9:     0x5de32935a4fd - __rustc[ea4f61d10b84890b]::rust_begin_unwind
[INFO] [stdout]   10:     0x5de32939486c - core[a373ad73a504971]::panicking::panic_fmt
[INFO] [stdout]   11:     0x5de329394832 - core[a373ad73a504971]::panicking::panic
[INFO] [stdout]   12:     0x5de3292ecdb3 - <analysis[86a5e622f0282a71]::merge_policy_validation_and_failed_collection_never_publish_completion::{closure#0} as core[a373ad73a504971]::ops::function::FnOnce<()>>::call_once
[INFO] [stdout]   13:     0x5de3292fb94b - test[aada8e7e76ba119b]::__rust_begin_short_backtrace::<core[a373ad73a504971]::result::Result<(), alloc[2e1b2a31b91974c5]::string::String>, fn() -> core[a373ad73a504971]::result::Result<(), alloc[2e1b2a31b91974c5]::string::String>>
[INFO] [stdout]   14:     0x5de329308b25 - test[aada8e7e76ba119b]::run_test::{closure#0}
[INFO] [stdout]   15:     0x5de329302414 - std[617be2ca0a6fd877]::sys::backtrace::__rust_begin_short_backtrace::<test[aada8e7e76ba119b]::run_test::{closure#1}, ()>
[INFO] [stdout]   16:     0x5de32930bbb2 - <std[617be2ca0a6fd877]::thread::lifecycle::spawn_unchecked<test[aada8e7e76ba119b]::run_test::{closure#1}, ()>::{closure#1} as core[a373ad73a504971]::ops::function::FnOnce<()>>::call_once::{shim:vtable#0}
[INFO] [stdout]   17:     0x5de32937e3cf - <std[617be2ca0a6fd877]::sys::thread::unix::Thread>::new::thread_start
[INFO] [stdout]   18:     0x702ee1d6fdfa - <unknown>
[INFO] [stdout]   19:     0x702ee1e033d4 - clone
[INFO] [stdout]   20:                0x0 - <unknown>
[INFO] [stdout] 
[INFO] [stdout] ---- strict_bootstrap_enforces_absolute_scores_for_measure_and_compare stdout ----
[INFO] [stdout] 
[INFO] [stdout] thread 'strict_bootstrap_enforces_absolute_scores_for_measure_and_compare' (2359) panicked at crates/actions-crap/tests/analysis.rs:218:5:
[INFO] [stdout] Error: rustc failed: error: rustup could not choose a version of rustc to run, because one wasn't specified explicitly, and no default is configured.
[INFO] [stdout] help: run 'rustup default stable' to download the latest stable release of Rust and set it as your default toolchain.
[INFO] [stdout] 
[INFO] [stdout] 
[INFO] [stdout] stack backtrace:
[INFO] [stdout]    0:     0x5de32937f3c1 - <<std[617be2ca0a6fd877]::sys::backtrace::BacktraceLock>::print::DisplayBacktrace as core[a373ad73a504971]::fmt::Display>::fmt
[INFO] [stdout]    1:     0x5de32939413a - core[a373ad73a504971]::fmt::write
[INFO] [stdout]    2:     0x5de32938391c - <alloc[2e1b2a31b91974c5]::vec::Vec<u8> as core[a373ad73a504971]::io::write::Write>::write_fmt
[INFO] [stdout]    3:     0x5de329359786 - std[617be2ca0a6fd877]::panicking::default_hook::{closure#0}
[INFO] [stdout]    4:     0x5de3293769a9 - std[617be2ca0a6fd877]::panicking::default_hook
[INFO] [stdout]    5:     0x5de329308500 - test[aada8e7e76ba119b]::test_main_inner::{closure#0}
[INFO] [stdout]    6:     0x5de329376b62 - std[617be2ca0a6fd877]::panicking::panic_with_hook
[INFO] [stdout]    7:     0x5de329359832 - std[617be2ca0a6fd877]::panicking::panic_handler::{closure#0}
[INFO] [stdout]    8:     0x5de329352299 - std[617be2ca0a6fd877]::sys::backtrace::__rust_end_short_backtrace::<std[617be2ca0a6fd877]::panicking::panic_handler::{closure#0}, !>
[INFO] [stdout]    9:     0x5de32935a4fd - __rustc[ea4f61d10b84890b]::rust_begin_unwind
[INFO] [stdout]   10:     0x5de32939486c - core[a373ad73a504971]::panicking::panic_fmt
[INFO] [stdout]   11:     0x5de3292eb835 - <analysis[86a5e622f0282a71]::strict_bootstrap_enforces_absolute_scores_for_measure_and_compare::{closure#0} as core[a373ad73a504971]::ops::function::FnOnce<()>>::call_once
[INFO] [stdout]   12:     0x5de3292fb94b - test[aada8e7e76ba119b]::__rust_begin_short_backtrace::<core[a373ad73a504971]::result::Result<(), alloc[2e1b2a31b91974c5]::string::String>, fn() -> core[a373ad73a504971]::result::Result<(), alloc[2e1b2a31b91974c5]::string::String>>
[INFO] [stdout]   13:     0x5de329308b25 - test[aada8e7e76ba119b]::run_test::{closure#0}
[INFO] [stdout]   14:     0x5de329302414 - std[617be2ca0a6fd877]::sys::backtrace::__rust_begin_short_backtrace::<test[aada8e7e76ba119b]::run_test::{closure#1}, ()>
[INFO] [stdout]   15:     0x5de32930bbb2 - <std[617be2ca0a6fd877]::thread::lifecycle::spawn_unchecked<test[aada8e7e76ba119b]::run_test::{closure#1}, ()>::{closure#1} as core[a373ad73a504971]::ops::function::FnOnce<()>>::call_once::{shim:vtable#0}
[INFO] [stdout]   16:     0x5de32937e3cf - <std[617be2ca0a6fd877]::sys::thread::unix::Thread>::new::thread_start
[INFO] [stdout]   17:     0x702ee1d6fdfa - <unknown>
[INFO] [stdout]   18:     0x702ee1e033d4 - clone
[INFO] [stdout]   19:                0x0 - <unknown>
[INFO] [stdout] 
[INFO] [stdout] 
[INFO] [stdout] failures:
[INFO] [stdout]     badges_preserve_upstream_counts_and_use_orange_for_minor_debt
[INFO] [stdout]     llvm_merge_flags_are_recorded_and_cannot_override_the_policy
[INFO] [stdout]     llvm_merge_policy_reaches_collection_and_invalidates_baselines
[INFO] [stdout]     merge_policy_validation_and_failed_collection_never_publish_completion
[INFO] [stdout]     strict_bootstrap_enforces_absolute_scores_for_measure_and_compare
[INFO] [stdout]     tarpaulin_ignores_llvm_policy_and_merge_flags
[INFO] [stdout]     tarpaulin_scope_and_coverage_failures_preserve_the_contract
[INFO] [stdout]     warns_on_regressions_and_compares_exact_or_fresh_baselines
[INFO] [stdout] 
[INFO] [stdout] test result: FAILED. 0 passed; 8 failed; 0 ignored; 0 measured; 0 filtered out; finished in 0.33s
[INFO] [stdout] 
[INFO] running `Command { std: "docker" "inspect" "012aeb0bc5fc01597398f6700fa1497ce66444011526c4408f3118f35aca9e7d", kill_on_drop: false }`
[INFO] running `Command { std: "docker" "rm" "-f" "012aeb0bc5fc01597398f6700fa1497ce66444011526c4408f3118f35aca9e7d", kill_on_drop: false }`
[INFO] [stdout] 012aeb0bc5fc01597398f6700fa1497ce66444011526c4408f3118f35aca9e7d
