[INFO] cloning repository https://github.com/tanjib028/currency_cli
[INFO] running `Command { std: "git" "-c" "credential.helper=" "-c" "credential.helper=/workspace/cargo-home/bin/git-credential-null" "clone" "--bare" "https://github.com/tanjib028/currency_cli" "/workspace/cache/git-repos/https%3A%2F%2Fgithub.com%2Ftanjib028%2Fcurrency_cli", kill_on_drop: false }`
[INFO] [stderr] Cloning into bare repository '/workspace/cache/git-repos/https%3A%2F%2Fgithub.com%2Ftanjib028%2Fcurrency_cli'...
[INFO] running `Command { std: "git" "rev-parse" "HEAD", kill_on_drop: false }`
[INFO] [stdout] 2466a219e611231a75a6595546db146412bb6999
[INFO] testing tanjib028/currency_cli against 1.100.0-beta.1+cargoflags=--release for beta-release-1.100-2
[INFO] running `Command { std: "git" "clone" "/workspace/cache/git-repos/https%3A%2F%2Fgithub.com%2Ftanjib028%2Fcurrency_cli" "/workspace/builds/worker-2-tc2/source", kill_on_drop: false }`
[INFO] [stderr] Cloning into '/workspace/builds/worker-2-tc2/source'...
[INFO] [stderr] done.
[INFO] started tweaking git repo https://github.com/tanjib028/currency_cli
[INFO] finished tweaking git repo https://github.com/tanjib028/currency_cli
[INFO] tweaked toml for git repo https://github.com/tanjib028/currency_cli written to /workspace/builds/worker-2-tc2/source/Cargo.toml
[INFO] validating manifest of git repo https://github.com/tanjib028/currency_cli on toolchain 1.100.0-beta.1
[INFO] running `Command { std: CARGO_HOME="/workspace/cargo-home" RUSTUP_HOME="/workspace/rustup-home" "/workspace/cargo-home/bin/cargo" "+1.100.0-beta.1" "metadata" "--manifest-path" "Cargo.toml" "--no-deps", kill_on_drop: false }`
[INFO] crate git repo https://github.com/tanjib028/currency_cli already has a lockfile, it will not be regenerated
[INFO] running `Command { std: CARGO_HOME="/workspace/cargo-home" RUSTUP_HOME="/workspace/rustup-home" "/workspace/cargo-home/bin/cargo" "+1.100.0-beta.1" "fetch" "--manifest-path" "Cargo.toml", kill_on_drop: false }`
[INFO] running `Command { std: "docker" "create" "-v" "/var/lib/crater-agent-workspace/builds/worker-2-tc2/source:/opt/rustwide/workdir:ro,Z" "-v" "/var/lib/crater-agent-workspace/builds/worker-2-tc2/target:/opt/rustwide/target:rw,Z" "-v" "/var/lib/crater-agent-workspace/cargo-home:/opt/rustwide/cargo-home:ro,Z" "-v" "/var/lib/crater-agent-workspace/rustup-home:/opt/rustwide/rustup-home:ro,Z" "-m" "1610612736" "--network" "none" "ghcr.io/rust-lang/crates-build-env/linux@sha256:77db811e55d90add9212f6832c23229e3de5f1c1f9905e8cb07319ea15df73ac" "sleep" "infinity", kill_on_drop: false }`
[INFO] [stdout] ad29df7a4e4dc522eb07ddce0e5cee458672fa4e9b98bb33d6e66dec23603d17
[INFO] running `Command { std: "docker" "start" "ad29df7a4e4dc522eb07ddce0e5cee458672fa4e9b98bb33d6e66dec23603d17", kill_on_drop: false }`
[INFO] running `Command { std: "docker" "inspect" "ad29df7a4e4dc522eb07ddce0e5cee458672fa4e9b98bb33d6e66dec23603d17", kill_on_drop: false }`
[INFO] running `Command { std: "docker" "exec" "-e" "SOURCE_DIR=/opt/rustwide/workdir" "-e" "CARGO_HOME=/opt/rustwide/cargo-home" "-e" "RUSTUP_HOME=/opt/rustwide/rustup-home" "-e" "CARGO_TARGET_DIR=/opt/rustwide/target" "-w" "/opt/rustwide/workdir" "--user" "0:0" "ad29df7a4e4dc522eb07ddce0e5cee458672fa4e9b98bb33d6e66dec23603d17" "/opt/rustwide/cargo-home/bin/cargo" "+1.100.0-beta.1" "metadata" "--no-deps" "--format-version=1", kill_on_drop: false }`
[INFO] running `Command { std: "docker" "inspect" "ad29df7a4e4dc522eb07ddce0e5cee458672fa4e9b98bb33d6e66dec23603d17", kill_on_drop: false }`
[INFO] running `Command { std: "docker" "exec" "-e" "SOURCE_DIR=/opt/rustwide/workdir" "-e" "CARGO_HOME=/opt/rustwide/cargo-home" "-e" "RUSTUP_HOME=/opt/rustwide/rustup-home" "-e" "CARGO_TARGET_DIR=/opt/rustwide/target" "-e" "CARGO_INCREMENTAL=0" "-e" "RUST_BACKTRACE=full" "-e" "RUSTFLAGS=--cap-lints=warn" "-e" "RUSTDOCFLAGS=--cap-lints=warn" "-w" "/opt/rustwide/workdir" "--user" "0:0" "ad29df7a4e4dc522eb07ddce0e5cee458672fa4e9b98bb33d6e66dec23603d17" "/opt/rustwide/cargo-home/bin/cargo" "+1.100.0-beta.1" "build" "--frozen" "--message-format=json" "--release", kill_on_drop: false }`
[INFO] [stderr]    Compiling libc v0.2.177
[INFO] [stderr]    Compiling find-msvc-tools v0.1.5
[INFO] [stderr]    Compiling pin-project-lite v0.2.16
[INFO] [stderr]    Compiling bytes v1.11.0
[INFO] [stderr]    Compiling stable_deref_trait v1.2.1
[INFO] [stderr]    Compiling once_cell v1.21.3
[INFO] [stderr]    Compiling futures-core v0.3.31
[INFO] [stderr]    Compiling itoa v1.0.15
[INFO] [stderr]    Compiling cfg-if v1.0.4
[INFO] [stderr]    Compiling fnv v1.0.7
[INFO] [stderr]    Compiling vcpkg v0.2.15
[INFO] [stderr]    Compiling serde_core v1.0.228
[INFO] [stderr]    Compiling pkg-config v0.3.32
[INFO] [stderr]    Compiling serde v1.0.228
[INFO] [stderr]    Compiling smallvec v1.15.1
[INFO] [stderr]    Compiling syn v2.0.110
[INFO] [stderr]    Compiling equivalent v1.0.2
[INFO] [stderr]    Compiling hashbrown v0.16.0
[INFO] [stderr]    Compiling litemap v0.8.1
[INFO] [stderr]    Compiling writeable v0.6.2
[INFO] [stderr]    Compiling pin-utils v0.1.0
[INFO] [stderr]    Compiling futures-task v0.3.31
[INFO] [stderr]    Compiling icu_normalizer_data v2.1.1
[INFO] [stderr]    Compiling percent-encoding v2.3.2
[INFO] [stderr]    Compiling zeroize v1.8.2
[INFO] [stderr]    Compiling cc v1.2.46
[INFO] [stderr]    Compiling icu_properties_data v2.1.1
[INFO] [stderr]    Compiling httparse v1.10.1
[INFO] [stderr]    Compiling tracing-core v0.1.34
[INFO] [stderr]    Compiling futures-sink v0.3.31
[INFO] [stderr]    Compiling http v1.3.1
[INFO] [stderr]    Compiling rustls-pki-types v1.13.0
[INFO] [stderr]    Compiling futures-util v0.3.31
[INFO] [stderr]    Compiling try-lock v0.2.5
[INFO] [stderr]    Compiling tower-service v0.3.3
[INFO] [stderr]    Compiling atomic-waker v1.1.2
[INFO] [stderr]    Compiling openssl v0.10.75
[INFO] [stderr]    Compiling untrusted v0.9.0
[INFO] [stderr]    Compiling slab v0.4.11
[INFO] [stderr]    Compiling foreign-types-shared v0.1.1
[INFO] [stderr]    Compiling bitflags v2.10.0
[INFO] [stderr]    Compiling want v0.3.1
[INFO] [stderr]    Compiling foreign-types v0.3.2
[INFO] [stderr]    Compiling futures-channel v0.3.31
[INFO] [stderr]    Compiling rustls v0.23.35
[INFO] [stderr]    Compiling native-tls v0.2.14
[INFO] [stderr]    Compiling base64 v0.22.1
[INFO] [stderr]    Compiling subtle v2.6.1
[INFO] [stderr]    Compiling utf8parse v0.2.2
[INFO] [stderr]    Compiling openssl-probe v0.1.6
[INFO] [stderr]    Compiling log v0.4.28
[INFO] [stderr]    Compiling ipnet v2.11.0
[INFO] [stderr]    Compiling anstyle-parse v0.2.7
[INFO] [stderr]    Compiling form_urlencoded v1.2.2
[INFO] [stderr]    Compiling sync_wrapper v1.0.2
[INFO] [stderr]    Compiling colorchoice v1.0.4
[INFO] [stderr]    Compiling ryu v1.0.20
[INFO] [stderr]    Compiling anstyle v1.0.13
[INFO] [stderr]    Compiling tower-layer v0.3.3
[INFO] [stderr]    Compiling is_terminal_polyfill v1.70.2
[INFO] [stderr]    Compiling utf8_iter v1.0.4
[INFO] [stderr]    Compiling indexmap v2.12.0
[INFO] [stderr]    Compiling anstyle-query v1.1.5
[INFO] [stderr]    Compiling serde_json v1.0.145
[INFO] [stderr]    Compiling webpki-roots v1.0.4
[INFO] [stderr]    Compiling num-traits v0.2.19
[INFO] [stderr]    Compiling iri-string v0.7.9
[INFO] [stderr]    Compiling strsim v0.11.1
[INFO] [stderr]    Compiling toml_write v0.1.2
[INFO] [stderr]    Compiling winnow v0.7.13
[INFO] [stderr]    Compiling tracing v0.1.41
[INFO] [stderr]    Compiling anstream v0.6.21
[INFO] [stderr]    Compiling clap_lex v0.7.6
[INFO] [stderr]    Compiling memchr v2.7.6
[INFO] [stderr]    Compiling option-ext v0.2.0
[INFO] [stderr]    Compiling socket2 v0.6.1
[INFO] [stderr]    Compiling mio v1.1.0
[INFO] [stderr]    Compiling getrandom v0.2.16
[INFO] [stderr]    Compiling thiserror v1.0.69
[INFO] [stderr]    Compiling anyhow v1.0.100
[INFO] [stderr]    Compiling http-body v1.0.1
[INFO] [stderr]    Compiling clap_builder v4.5.52
[INFO] [stderr]    Compiling dirs-sys v0.4.1
[INFO] [stderr]    Compiling http-body-util v0.1.3
[INFO] [stderr]    Compiling encoding_rs v0.8.35
[INFO] [stderr]    Compiling mime v0.3.17
[INFO] [stderr]    Compiling iana-time-zone v0.1.64
[INFO] [stderr]    Compiling dirs v5.0.1
[INFO] [stderr]    Compiling openssl-sys v0.9.111
[INFO] [stderr]    Compiling ring v0.17.14
[INFO] [stderr]    Compiling synstructure v0.13.2
[INFO] [stderr]    Compiling zerofrom-derive v0.1.6
[INFO] [stderr]    Compiling yoke-derive v0.8.1
[INFO] [stderr]    Compiling tokio-macros v2.6.0
[INFO] [stderr]    Compiling zerovec-derive v0.11.2
[INFO] [stderr]    Compiling displaydoc v0.2.5
[INFO] [stderr]    Compiling serde_derive v1.0.228
[INFO] [stderr]    Compiling openssl-macros v0.1.1
[INFO] [stderr]    Compiling thiserror-impl v1.0.69
[INFO] [stderr]    Compiling clap_derive v4.5.49
[INFO] [stderr]    Compiling tokio v1.48.0
[INFO] [stderr]    Compiling zerofrom v0.1.6
[INFO] [stderr]    Compiling yoke v0.8.1
[INFO] [stderr]    Compiling zerotrie v0.2.3
[INFO] [stderr]    Compiling zerovec v0.11.5
[INFO] [stderr]    Compiling clap v4.5.52
[INFO] [stderr]    Compiling tinystr v0.8.2
[INFO] [stderr]    Compiling potential_utf v0.1.4
[INFO] [stderr]    Compiling icu_collections v2.1.1
[INFO] [stderr]    Compiling icu_locale_core v2.1.1
[INFO] [stderr]    Compiling serde_spanned v0.6.9
[INFO] [stderr]    Compiling toml_datetime v0.6.11
[INFO] [stderr]    Compiling serde_urlencoded v0.7.1
[INFO] [stderr]    Compiling chrono v0.4.42
[INFO] [stderr]    Compiling toml_edit v0.22.27
[INFO] [stderr]    Compiling rustls-webpki v0.103.8
[INFO] [stderr]    Compiling icu_provider v2.1.1
[INFO] [stderr]    Compiling icu_normalizer v2.1.1
[INFO] [stderr]    Compiling icu_properties v2.1.1
[INFO] [stderr]    Compiling idna_adapter v1.2.1
[INFO] [stderr]    Compiling idna v1.1.0
[INFO] [stderr]    Compiling toml v0.8.23
[INFO] [stderr]    Compiling url v2.5.7
[INFO] [stderr]    Compiling tokio-util v0.7.17
[INFO] [stderr]    Compiling tower v0.5.2
[INFO] [stderr]    Compiling tokio-native-tls v0.3.1
[INFO] [stderr]    Compiling h2 v0.4.12
[INFO] [stderr]    Compiling tower-http v0.6.6
[INFO] [stderr]    Compiling tokio-rustls v0.26.4
[INFO] [stderr]    Compiling hyper v1.8.1
[INFO] [stderr]    Compiling hyper-util v0.1.18
[INFO] [stderr]    Compiling hyper-rustls v0.27.7
[INFO] [stderr]    Compiling hyper-tls v0.6.0
[INFO] [stderr]    Compiling reqwest v0.12.24
[INFO] [stderr]    Compiling currency-cli v0.1.0 (/opt/rustwide/workdir)
[INFO] [stderr] warning: unused dependency `thiserror`
[INFO] [stderr]  --> Cargo.toml:5:1
[INFO] [stderr]   |
[INFO] [stderr] 5 | thiserror = "1.0"
[INFO] [stderr]   | ^^^^^^^^^^^^^^^^^
[INFO] [stderr]   |
[INFO] [stderr]   = note: `cargo::unused_dependencies` is set to `warn` by default
[INFO] [stderr] help: consider removing the dependency on `thiserror`
[INFO] [stderr] warning: `currency-cli` (manifest) generated 1 warning
[INFO] [stderr]     Finished `release` profile [optimized] target(s) in 1m 20s
[INFO] running `Command { std: "docker" "inspect" "ad29df7a4e4dc522eb07ddce0e5cee458672fa4e9b98bb33d6e66dec23603d17", kill_on_drop: false }`
[INFO] running `Command { std: "docker" "exec" "-e" "SOURCE_DIR=/opt/rustwide/workdir" "-e" "CARGO_HOME=/opt/rustwide/cargo-home" "-e" "RUSTUP_HOME=/opt/rustwide/rustup-home" "-e" "CARGO_TARGET_DIR=/opt/rustwide/target" "-e" "CARGO_INCREMENTAL=0" "-e" "RUST_BACKTRACE=full" "-e" "RUSTFLAGS=--cap-lints=warn" "-e" "RUSTDOCFLAGS=--cap-lints=warn" "-w" "/opt/rustwide/workdir" "--user" "0:0" "ad29df7a4e4dc522eb07ddce0e5cee458672fa4e9b98bb33d6e66dec23603d17" "/opt/rustwide/cargo-home/bin/cargo" "+1.100.0-beta.1" "test" "--frozen" "--no-run" "--message-format=json" "--release", kill_on_drop: false }`
[INFO] [stderr]    Compiling bytes v1.11.0
[INFO] [stderr]    Compiling pin-project-lite v0.2.16
[INFO] [stderr]    Compiling libc v0.2.177
[INFO] [stderr]    Compiling stable_deref_trait v1.2.1
[INFO] [stderr]    Compiling zerofrom v0.1.6
[INFO] [stderr]    Compiling once_cell v1.21.3
[INFO] [stderr]    Compiling futures-core v0.3.31
[INFO] [stderr]    Compiling cfg-if v1.0.4
[INFO] [stderr]    Compiling itoa v1.0.15
[INFO] [stderr]    Compiling serde_core v1.0.228
[INFO] [stderr]    Compiling fnv v1.0.7
[INFO] [stderr]    Compiling smallvec v1.15.1
[INFO] [stderr]    Compiling equivalent v1.0.2
[INFO] [stderr]    Compiling hashbrown v0.16.0
[INFO] [stderr]    Compiling memchr v2.7.6
[INFO] [stderr]    Compiling pin-utils v0.1.0
[INFO] [stderr]    Compiling litemap v0.8.1
[INFO] [stderr]    Compiling writeable v0.6.2
[INFO] [stderr]    Compiling percent-encoding v2.3.2
[INFO] [stderr]    Compiling zeroize v1.8.2
[INFO] [stderr]    Compiling futures-task v0.3.31
[INFO] [stderr]    Compiling futures-sink v0.3.31
[INFO] [stderr]    Compiling untrusted v0.9.0
[INFO] [stderr]    Compiling bitflags v2.10.0
[INFO] [stderr]    Compiling yoke v0.8.1
[INFO] [stderr]    Compiling atomic-waker v1.1.2
[INFO] [stderr]    Compiling slab v0.4.11
[INFO] [stderr]    Compiling rustls-pki-types v1.13.0
[INFO] [stderr]    Compiling futures-util v0.3.31
[INFO] [stderr]    Compiling tracing-core v0.1.34
[INFO] [stderr]    Compiling try-lock v0.2.5
[INFO] [stderr]    Compiling foreign-types-shared v0.1.1
[INFO] [stderr]    Compiling tower-service v0.3.3
[INFO] [stderr]    Compiling foreign-types v0.3.2
[INFO] [stderr]    Compiling want v0.3.1
[INFO] [stderr]    Compiling futures-channel v0.3.31
[INFO] [stderr]    Compiling icu_normalizer_data v2.1.1
[INFO] [stderr]    Compiling zerovec v0.11.5
[INFO] [stderr]    Compiling zerotrie v0.2.3
[INFO] [stderr]    Compiling httparse v1.10.1
[INFO] [stderr]    Compiling icu_properties_data v2.1.1
[INFO] [stderr]    Compiling regex-syntax v0.8.8
[INFO] [stderr]    Compiling anstyle v1.0.13
[INFO] [stderr]    Compiling num-traits v0.2.19
[INFO] [stderr]    Compiling utf8parse v0.2.2
[INFO] [stderr]    Compiling subtle v2.6.1
[INFO] [stderr]    Compiling ipnet v2.11.0
[INFO] [stderr]    Compiling aho-corasick v1.1.4
[INFO] [stderr]    Compiling log v0.4.28
[INFO] [stderr]    Compiling openssl-probe v0.1.6
[INFO] [stderr]    Compiling base64 v0.22.1
[INFO] [stderr]    Compiling http v1.3.1
[INFO] [stderr]    Compiling anstyle-parse v0.2.7
[INFO] [stderr]    Compiling tracing v0.1.41
[INFO] [stderr]    Compiling form_urlencoded v1.2.2
[INFO] [stderr]    Compiling indexmap v2.12.0
[INFO] [stderr]    Compiling sync_wrapper v1.0.2
[INFO] [stderr]    Compiling predicates-core v1.0.9
[INFO] [stderr]    Compiling tower-layer v0.3.3
[INFO] [stderr]    Compiling anstyle-query v1.1.5
[INFO] [stderr]    Compiling colorchoice v1.0.4
[INFO] [stderr]    Compiling utf8_iter v1.0.4
[INFO] [stderr]    Compiling ryu v1.0.20
[INFO] [stderr]    Compiling tinystr v0.8.2
[INFO] [stderr]    Compiling potential_utf v0.1.4
[INFO] [stderr]    Compiling is_terminal_polyfill v1.70.2
[INFO] [stderr]    Compiling webpki-roots v1.0.4
[INFO] [stderr]    Compiling normalize-line-endings v0.3.0
[INFO] [stderr]    Compiling anstream v0.6.21
[INFO] [stderr]    Compiling icu_collections v2.1.1
[INFO] [stderr]    Compiling winnow v0.7.13
[INFO] [stderr]    Compiling difflib v0.4.0
[INFO] [stderr]    Compiling termtree v0.5.1
[INFO] [stderr]    Compiling icu_locale_core v2.1.1
[INFO] [stderr]    Compiling toml_write v0.1.2
[INFO] [stderr]    Compiling assert_cmd v2.1.1
[INFO] [stderr]    Compiling float-cmp v0.10.0
[INFO] [stderr]    Compiling socket2 v0.6.1
[INFO] [stderr]    Compiling mio v1.1.0
[INFO] [stderr]    Compiling getrandom v0.2.16
[INFO] [stderr]    Compiling openssl-sys v0.9.111
[INFO] [stderr]    Compiling clap_lex v0.7.6
[INFO] [stderr]    Compiling option-ext v0.2.0
[INFO] [stderr]    Compiling strsim v0.11.1
[INFO] [stderr]    Compiling http-body v1.0.1
[INFO] [stderr]    Compiling ring v0.17.14
[INFO] [stderr]    Compiling http-body-util v0.1.3
[INFO] [stderr]    Compiling iri-string v0.7.9
[INFO] [stderr]    Compiling tokio v1.48.0
[INFO] [stderr]    Compiling clap_builder v4.5.52
[INFO] [stderr]    Compiling dirs-sys v0.4.1
[INFO] [stderr]    Compiling wait-timeout v0.2.1
[INFO] [stderr]    Compiling predicates-tree v1.0.12
[INFO] [stderr]    Compiling encoding_rs v0.8.35
[INFO] [stderr]    Compiling iana-time-zone v0.1.64
[INFO] [stderr]    Compiling mime v0.3.17
[INFO] [stderr]    Compiling dirs v5.0.1
[INFO] [stderr]    Compiling thiserror v1.0.69
[INFO] [stderr]    Compiling icu_provider v2.1.1
[INFO] [stderr]    Compiling anyhow v1.0.100
[INFO] [stderr]    Compiling icu_properties v2.1.1
[INFO] [stderr]    Compiling icu_normalizer v2.1.1
[INFO] [stderr]    Compiling regex-automata v0.4.13
[INFO] [stderr]    Compiling openssl v0.10.75
[INFO] [stderr]    Compiling serde v1.0.228
[INFO] [stderr]    Compiling serde_json v1.0.145
[INFO] [stderr]    Compiling rustls-webpki v0.103.8
[INFO] [stderr]    Compiling serde_spanned v0.6.9
[INFO] [stderr]    Compiling toml_datetime v0.6.11
[INFO] [stderr]    Compiling serde_urlencoded v0.7.1
[INFO] [stderr]    Compiling chrono v0.4.42
[INFO] [stderr]    Compiling toml_edit v0.22.27
[INFO] [stderr]    Compiling idna_adapter v1.2.1
[INFO] [stderr]    Compiling idna v1.1.0
[INFO] [stderr]    Compiling rustls v0.23.35
[INFO] [stderr]    Compiling clap v4.5.52
[INFO] [stderr]    Compiling url v2.5.7
[INFO] [stderr]    Compiling toml v0.8.23
[INFO] [stderr]    Compiling regex v1.12.2
[INFO] [stderr]    Compiling bstr v1.12.1
[INFO] [stderr]    Compiling tokio-util v0.7.17
[INFO] [stderr]    Compiling tower v0.5.2
[INFO] [stderr]    Compiling predicates v3.1.3
[INFO] [stderr]    Compiling h2 v0.4.12
[INFO] [stderr]    Compiling native-tls v0.2.14
[INFO] [stderr]    Compiling tower-http v0.6.6
[INFO] [stderr]    Compiling tokio-native-tls v0.3.1
[INFO] [stderr]    Compiling tokio-rustls v0.26.4
[INFO] [stderr]    Compiling hyper v1.8.1
[INFO] [stderr]    Compiling hyper-util v0.1.18
[INFO] [stderr]    Compiling hyper-tls v0.6.0
[INFO] [stderr]    Compiling hyper-rustls v0.27.7
[INFO] [stderr]    Compiling reqwest v0.12.24
[INFO] [stderr]    Compiling currency-cli v0.1.0 (/opt/rustwide/workdir)
[INFO] [stderr]     Finished `release` profile [optimized] target(s) in 1m 16s
[INFO] running `Command { std: "docker" "inspect" "ad29df7a4e4dc522eb07ddce0e5cee458672fa4e9b98bb33d6e66dec23603d17", kill_on_drop: false }`
[INFO] running `Command { std: "docker" "exec" "-e" "SOURCE_DIR=/opt/rustwide/workdir" "-e" "CARGO_HOME=/opt/rustwide/cargo-home" "-e" "RUSTUP_HOME=/opt/rustwide/rustup-home" "-e" "CARGO_TARGET_DIR=/opt/rustwide/target" "-e" "CARGO_INCREMENTAL=0" "-e" "RUST_BACKTRACE=full" "-e" "RUSTFLAGS=--cap-lints=warn" "-e" "RUSTDOCFLAGS=--cap-lints=warn" "-w" "/opt/rustwide/workdir" "--user" "0:0" "ad29df7a4e4dc522eb07ddce0e5cee458672fa4e9b98bb33d6e66dec23603d17" "/opt/rustwide/cargo-home/bin/cargo" "+1.100.0-beta.1" "test" "--frozen" "--release", kill_on_drop: false }`
[INFO] [stderr]     Finished `release` profile [optimized] target(s) in 0.40s
[INFO] [stderr]      Running unittests src/main.rs (/opt/rustwide/target/release/build/currency-cli/0bb93655ef7179bb/out/currency_cli-0bb93655ef7179bb)
[INFO] [stdout] 
[INFO] [stdout] running 0 tests
[INFO] [stdout] 
[INFO] [stdout] test result: ok. 0 passed; 0 failed; 0 ignored; 0 measured; 0 filtered out; finished in 0.00s
[INFO] [stdout] 
[INFO] [stderr]      Running tests/integration.rs (/opt/rustwide/target/release/build/currency-cli/f82817d326623e30/out/integration-f82817d326623e30)
[INFO] [stdout] 
[INFO] [stdout] running 2 tests
[INFO] [stdout] test shows_help ... ok
[INFO] [stdout] test convert_example ... FAILED
[INFO] [stderr] error: test failed, to rerun pass `--test integration`
[INFO] [stdout] 
[INFO] [stdout] failures:
[INFO] [stdout] 
[INFO] [stdout] ---- convert_example stdout ----
[INFO] [stdout] 
[INFO] [stdout] thread 'convert_example' (2788) panicked at /rustc/e3feeb59cd1bdd011a2bfcc0747b55125d9b8527/library/core/src/ops/function.rs:250:5:
[INFO] [stdout] Unexpected failure.
[INFO] [stdout] code=1
[INFO] [stdout] stderr=``````
[INFO] [stdout] Error: error sending request for url (https://api.apilayer.com/exchangerates_data/convert?from=USD&to=EUR&amount=100)
[INFO] [stdout] 
[INFO] [stdout] Caused by:
[INFO] [stdout]     0: client error (Connect)
[INFO] [stdout]     1: dns error
[INFO] [stdout]     2: failed to lookup address information: Temporary failure in name resolution
[INFO] [stdout] 
[INFO] [stdout] Stack backtrace:
[INFO] [stdout]    0: <anyhow::Error as core::convert::From<reqwest::error::Error>>::from
[INFO] [stdout]    1: <currency_cli::api::RatesApi>::convert::{closure#0}
[INFO] [stdout]    2: currency_cli::main::{closure#0}
[INFO] [stdout]    3: currency_cli::main
[INFO] [stdout]    4: std::sys::backtrace::__rust_begin_short_backtrace::<fn() -> core::result::Result<(), anyhow::Error>, core::result::Result<(), anyhow::Error>>
[INFO] [stdout]    5: main
[INFO] [stdout]    6: <unknown>
[INFO] [stdout]    7: __libc_start_main
[INFO] [stdout]    8: _start
[INFO] [stdout] ```
[INFO] [stdout] ```
[INFO] [stdout] command=`"/opt/rustwide/target/release/currency-cli" "convert" "100" "USD" "EUR"`
[INFO] [stdout] code=1
[INFO] [stdout] stdout=""
[INFO] [stdout] stderr=```
[INFO] [stdout] Error: error sending request for url (https://api.apilayer.com/exchangerates_data/convert?from=USD&to=EUR&amount=100)
[INFO] [stdout] 
[INFO] [stdout] Caused by:
[INFO] [stdout]     0: client error (Connect)
[INFO] [stdout]     1: dns error
[INFO] [stdout]     2: failed to lookup address information: Temporary failure in name resolution
[INFO] [stdout] 
[INFO] [stdout] Stack backtrace:
[INFO] [stdout]    0: <anyhow::Error as core::convert::From<reqwest::error::Error>>::from
[INFO] [stdout]    1: <currency_cli::api::RatesApi>::convert::{closure#0}
[INFO] [stdout]    2: currency_cli::main::{closure#0}
[INFO] [stdout]    3: currency_cli::main
[INFO] [stdout]    4: std::sys::backtrace::__rust_begin_short_backtrace::<fn() -> core::result::Result<(), anyhow::Error>, core::result::Result<(), anyhow::Error>>
[INFO] [stdout]    5: main
[INFO] [stdout]    6: <unknown>
[INFO] [stdout]    7: __libc_start_main
[INFO] [stdout]    8: _start
[INFO] [stdout] ```
[INFO] [stdout] 
[INFO] [stdout] 
[INFO] [stdout] stack backtrace:
[INFO] [stdout]    0:     0x631643c9d517 - <<std[617be2ca0a6fd877]::sys::backtrace::BacktraceLock>::print::DisplayBacktrace as core[a373ad73a504971]::fmt::Display>::fmt
[INFO] [stdout]    1:     0x631643c85974 - core[a373ad73a504971]::fmt::write
[INFO] [stdout]    2:     0x631643c9cadb - <alloc[2e1b2a31b91974c5]::vec::Vec<u8> as core[a373ad73a504971]::io::write::Write>::write_fmt
[INFO] [stdout]    3:     0x631643c9c6d9 - std[617be2ca0a6fd877]::panicking::default_hook::{closure#0}
[INFO] [stdout]    4:     0x631643c9c35a - std[617be2ca0a6fd877]::panicking::default_hook
[INFO] [stdout]    5:     0x631643c9be8b - std[617be2ca0a6fd877]::panicking::panic_with_hook
[INFO] [stdout]    6:     0x631643cc1c51 - std[617be2ca0a6fd877]::panicking::panic_handler::{closure#0}
[INFO] [stdout]    7:     0x631643cc1c09 - std[617be2ca0a6fd877]::sys::backtrace::__rust_end_short_backtrace::<std[617be2ca0a6fd877]::panicking::panic_handler::{closure#0}, !>
[INFO] [stdout]    8:     0x631643cc20fc - __rustc[ea4f61d10b84890b]::rust_begin_unwind
[INFO] [stdout]    9:     0x631643c8580b - core[a373ad73a504971]::panicking::panic_fmt
[INFO] [stdout]   10:     0x631643c81e05 - core[a373ad73a504971]::panicking::panic_display::<assert_cmd[c4489a442870f921]::assert::AssertError>
[INFO] [stdout]   11:     0x631643c81d9f - <assert_cmd[c4489a442870f921]::assert::AssertError>::panic::<assert_cmd[c4489a442870f921]::assert::Assert>
[INFO] [stdout]   12:     0x631643c8559a - <assert_cmd[c4489a442870f921]::assert::Assert>::success
[INFO] [stdout]   13:     0x631643c7eac4 - <integration[cb6a64c03f7f8012]::convert_example::{closure#0} as core[a373ad73a504971]::ops::function::FnOnce<()>>::call_once
[INFO] [stdout]   14:     0x631643cdb33b - test[aada8e7e76ba119b]::__rust_begin_short_backtrace::<core[a373ad73a504971]::result::Result<(), alloc[2e1b2a31b91974c5]::string::String>, fn() -> core[a373ad73a504971]::result::Result<(), alloc[2e1b2a31b91974c5]::string::String>>
[INFO] [stdout]   15:     0x631643cd7076 - test[aada8e7e76ba119b]::run_test::{closure#0}
[INFO] [stdout]   16:     0x631643cd67dc - std[617be2ca0a6fd877]::sys::backtrace::__rust_begin_short_backtrace::<test[aada8e7e76ba119b]::run_test::{closure#1}, ()>
[INFO] [stdout]   17:     0x631643cf4bdc - <std[617be2ca0a6fd877]::thread::lifecycle::spawn_unchecked<test[aada8e7e76ba119b]::run_test::{closure#1}, ()>::{closure#1} as core[a373ad73a504971]::ops::function::FnOnce<()>>::call_once::{shim:vtable#0}
[INFO] [stdout]   18:     0x631643cc3c78 - <std[617be2ca0a6fd877]::sys::thread::unix::Thread>::new::thread_start
[INFO] [stdout]   19:     0x7b1e4b4e7dfa - <unknown>
[INFO] [stdout]   20:     0x7b1e4b57b3d4 - clone
[INFO] [stdout]   21:                0x0 - <unknown>
[INFO] [stdout] 
[INFO] [stdout] 
[INFO] [stdout] failures:
[INFO] [stdout]     convert_example
[INFO] [stdout] 
[INFO] [stdout] test result: FAILED. 1 passed; 1 failed; 0 ignored; 0 measured; 0 filtered out; finished in 0.15s
[INFO] [stdout] 
[INFO] running `Command { std: "docker" "inspect" "ad29df7a4e4dc522eb07ddce0e5cee458672fa4e9b98bb33d6e66dec23603d17", kill_on_drop: false }`
[INFO] running `Command { std: "docker" "rm" "-f" "ad29df7a4e4dc522eb07ddce0e5cee458672fa4e9b98bb33d6e66dec23603d17", kill_on_drop: false }`
[INFO] [stdout] ad29df7a4e4dc522eb07ddce0e5cee458672fa4e9b98bb33d6e66dec23603d17
