[INFO] cloning repository https://github.com/suguruwataru/wgsl-loop
[INFO] running `Command { std: "git" "-c" "credential.helper=" "-c" "credential.helper=/workspace/cargo-home/bin/git-credential-null" "clone" "--bare" "https://github.com/suguruwataru/wgsl-loop" "/workspace/cache/git-repos/https%3A%2F%2Fgithub.com%2Fsuguruwataru%2Fwgsl-loop", kill_on_drop: false }`
[INFO] [stderr] Cloning into bare repository '/workspace/cache/git-repos/https%3A%2F%2Fgithub.com%2Fsuguruwataru%2Fwgsl-loop'...
[INFO] running `Command { std: "git" "rev-parse" "HEAD", kill_on_drop: false }`
[INFO] [stdout] a7e662e1933da60d8460ffad3847aa0aaf49e64d
[INFO] testing suguruwataru/wgsl-loop against 1.100.0-beta.1+cargoflags=--release for beta-release-1.100-2
[INFO] running `Command { std: "git" "clone" "/workspace/cache/git-repos/https%3A%2F%2Fgithub.com%2Fsuguruwataru%2Fwgsl-loop" "/workspace/builds/worker-7-tc2/source", kill_on_drop: false }`
[INFO] [stderr] Cloning into '/workspace/builds/worker-7-tc2/source'...
[INFO] [stderr] done.
[INFO] removed /workspace/builds/worker-7-tc2/source/.cargo/config.toml
[INFO] started tweaking git repo https://github.com/suguruwataru/wgsl-loop
[INFO] finished tweaking git repo https://github.com/suguruwataru/wgsl-loop
[INFO] tweaked toml for git repo https://github.com/suguruwataru/wgsl-loop written to /workspace/builds/worker-7-tc2/source/Cargo.toml
[INFO] validating manifest of git repo https://github.com/suguruwataru/wgsl-loop on toolchain 1.100.0-beta.1
[INFO] running `Command { std: CARGO_HOME="/workspace/cargo-home" RUSTUP_HOME="/workspace/rustup-home" "/workspace/cargo-home/bin/cargo" "+1.100.0-beta.1" "metadata" "--manifest-path" "Cargo.toml" "--no-deps", kill_on_drop: false }`
[INFO] crate git repo https://github.com/suguruwataru/wgsl-loop already has a lockfile, it will not be regenerated
[INFO] running `Command { std: CARGO_HOME="/workspace/cargo-home" RUSTUP_HOME="/workspace/rustup-home" "/workspace/cargo-home/bin/cargo" "+1.100.0-beta.1" "fetch" "--manifest-path" "Cargo.toml", kill_on_drop: false }`
[INFO] [stderr]     Blocking waiting for file lock on package cache
[INFO] [stderr]     Blocking waiting for file lock on package cache
[INFO] running `Command { std: "docker" "create" "-v" "/var/lib/crater-agent-workspace/builds/worker-7-tc2/source:/opt/rustwide/workdir:ro,Z" "-v" "/var/lib/crater-agent-workspace/builds/worker-7-tc2/target:/opt/rustwide/target:rw,Z" "-v" "/var/lib/crater-agent-workspace/cargo-home:/opt/rustwide/cargo-home:ro,Z" "-v" "/var/lib/crater-agent-workspace/rustup-home:/opt/rustwide/rustup-home:ro,Z" "-m" "1610612736" "--network" "none" "ghcr.io/rust-lang/crates-build-env/linux@sha256:77db811e55d90add9212f6832c23229e3de5f1c1f9905e8cb07319ea15df73ac" "sleep" "infinity", kill_on_drop: false }`
[INFO] [stdout] 5d3a4f535fc321614935eaae5a504839eb40d095027e51e76f55eb2e7544451b
[INFO] running `Command { std: "docker" "start" "5d3a4f535fc321614935eaae5a504839eb40d095027e51e76f55eb2e7544451b", kill_on_drop: false }`
[INFO] running `Command { std: "docker" "inspect" "5d3a4f535fc321614935eaae5a504839eb40d095027e51e76f55eb2e7544451b", kill_on_drop: false }`
[INFO] running `Command { std: "docker" "exec" "-e" "SOURCE_DIR=/opt/rustwide/workdir" "-e" "CARGO_HOME=/opt/rustwide/cargo-home" "-e" "RUSTUP_HOME=/opt/rustwide/rustup-home" "-e" "CARGO_TARGET_DIR=/opt/rustwide/target" "-w" "/opt/rustwide/workdir" "--user" "0:0" "5d3a4f535fc321614935eaae5a504839eb40d095027e51e76f55eb2e7544451b" "/opt/rustwide/cargo-home/bin/cargo" "+1.100.0-beta.1" "metadata" "--no-deps" "--format-version=1", kill_on_drop: false }`
[INFO] running `Command { std: "docker" "inspect" "5d3a4f535fc321614935eaae5a504839eb40d095027e51e76f55eb2e7544451b", kill_on_drop: false }`
[INFO] running `Command { std: "docker" "exec" "-e" "SOURCE_DIR=/opt/rustwide/workdir" "-e" "CARGO_HOME=/opt/rustwide/cargo-home" "-e" "RUSTUP_HOME=/opt/rustwide/rustup-home" "-e" "CARGO_TARGET_DIR=/opt/rustwide/target" "-e" "CARGO_INCREMENTAL=0" "-e" "RUST_BACKTRACE=full" "-e" "RUSTFLAGS=--cap-lints=warn" "-e" "RUSTDOCFLAGS=--cap-lints=warn" "-w" "/opt/rustwide/workdir" "--user" "0:0" "5d3a4f535fc321614935eaae5a504839eb40d095027e51e76f55eb2e7544451b" "/opt/rustwide/cargo-home/bin/cargo" "+1.100.0-beta.1" "build" "--frozen" "--message-format=json" "--release", kill_on_drop: false }`
[INFO] [stderr]    Compiling serde v1.0.219
[INFO] [stderr]    Compiling rustversion v1.0.20
[INFO] [stderr]    Compiling libc v0.2.172
[INFO] [stderr]    Compiling thiserror v2.0.12
[INFO] [stderr]    Compiling proc-macro2 v1.0.95
[INFO] [stderr]    Compiling num-traits v0.2.19
[INFO] [stderr]    Compiling hashbrown v0.15.2
[INFO] [stderr]    Compiling naga v25.0.1
[INFO] [stderr]    Compiling log v0.4.27
[INFO] [stderr]    Compiling smallvec v1.15.0
[INFO] [stderr]    Compiling codespan-reporting v0.12.0
[INFO] [stderr]    Compiling wgpu-hal v25.0.1
[INFO] [stderr]    Compiling once_cell v1.21.3
[INFO] [stderr]    Compiling unicode-ident v1.0.18
[INFO] [stderr]    Compiling ash v0.38.0+1.3.281
[INFO] [stderr]    Compiling profiling v1.0.16
[INFO] [stderr]    Compiling glow v0.16.0
[INFO] [stderr]    Compiling wgpu-core v25.0.1
[INFO] [stderr]    Compiling litrs v0.4.1
[INFO] [stderr]    Compiling wgpu v25.0.0
[INFO] [stderr]    Compiling quote v1.0.40
[INFO] [stderr]    Compiling syn v2.0.100
[INFO] [stderr]    Compiling document-features v0.2.11
[INFO] [stderr]    Compiling half v2.6.0
[INFO] [stderr]    Compiling ordered-float v4.6.0
[INFO] [stderr]    Compiling parking_lot_core v0.9.10
[INFO] [stderr]    Compiling khronos-egl v6.0.0
[INFO] [stderr]    Compiling indexmap v2.9.0
[INFO] [stderr]    Compiling parking_lot v0.12.3
[INFO] [stderr]    Compiling bitflags v2.9.0
[INFO] [stderr]    Compiling spirv v0.3.0+sdk-1.3.268.0
[INFO] [stderr]    Compiling gpu-alloc-types v0.3.0
[INFO] [stderr]    Compiling gpu-descriptor-types v0.2.0
[INFO] [stderr]    Compiling gpu-descriptor v0.3.1
[INFO] [stderr]    Compiling gpu-alloc v0.6.0
[INFO] [stderr]    Compiling thiserror-impl v2.0.12
[INFO] [stderr]    Compiling strum_macros v0.26.4
[INFO] [stderr]    Compiling bytemuck_derive v1.9.3
[INFO] [stderr]    Compiling bytemuck v1.22.0
[INFO] [stderr]    Compiling wgpu-types v25.0.0
[INFO] [stderr]    Compiling strum v0.26.3
[INFO] [stderr]    Compiling wgpu-core-deps-windows-linux-android v25.0.0
[INFO] [stderr]    Compiling wgsl-loop v0.1.0 (/opt/rustwide/workdir)
[INFO] [stderr] warning: unused dependency `pollster`
[INFO] [stderr]  --> Cargo.toml:2:1
[INFO] [stderr]   |
[INFO] [stderr] 2 | pollster = "0.4.0"
[INFO] [stderr]   | ^^^^^^^^^^^^^^^^^^
[INFO] [stderr]   |
[INFO] [stderr]   = note: `cargo::unused_dependencies` is set to `warn` by default
[INFO] [stderr] help: consider removing the dependency on `pollster`
[INFO] [stderr] warning: unused dependency `wgpu`
[INFO] [stderr]  --> Cargo.toml:3:1
[INFO] [stderr]   |
[INFO] [stderr] 3 | wgpu = "25.0.0"
[INFO] [stderr]   | ^^^^^^^^^^^^^^^
[INFO] [stderr]   |
[INFO] [stderr] help: consider removing the dependency on `wgpu`
[INFO] [stderr] warning: `wgsl-loop` (manifest) generated 2 warnings
[INFO] [stderr]     Finished `release` profile [optimized] target(s) in 1m 36s
[INFO] [stderr] warning: the following packages contain code that will be rejected by a future version of Rust: naga v25.0.1, wgpu v25.0.0, wgpu-core v25.0.1, wgpu-hal v25.0.1
[INFO] [stderr] note: to see what the problems were, use the option `--future-incompat-report`, or run `cargo report future-incompatibilities --id 6`
[INFO] running `Command { std: "docker" "inspect" "5d3a4f535fc321614935eaae5a504839eb40d095027e51e76f55eb2e7544451b", kill_on_drop: false }`
[INFO] running `Command { std: "docker" "exec" "-e" "SOURCE_DIR=/opt/rustwide/workdir" "-e" "CARGO_HOME=/opt/rustwide/cargo-home" "-e" "RUSTUP_HOME=/opt/rustwide/rustup-home" "-e" "CARGO_TARGET_DIR=/opt/rustwide/target" "-e" "CARGO_INCREMENTAL=0" "-e" "RUST_BACKTRACE=full" "-e" "RUSTFLAGS=--cap-lints=warn" "-e" "RUSTDOCFLAGS=--cap-lints=warn" "-w" "/opt/rustwide/workdir" "--user" "0:0" "5d3a4f535fc321614935eaae5a504839eb40d095027e51e76f55eb2e7544451b" "/opt/rustwide/cargo-home/bin/cargo" "+1.100.0-beta.1" "test" "--frozen" "--no-run" "--message-format=json" "--release", kill_on_drop: false }`
[INFO] [stderr]    Compiling wgsl-loop v0.1.0 (/opt/rustwide/workdir)
[INFO] [stderr] warning: unused dependency `pollster`
[INFO] [stderr]  --> Cargo.toml:2:1
[INFO] [stderr]   |
[INFO] [stderr] 2 | pollster = "0.4.0"
[INFO] [stderr]   | ^^^^^^^^^^^^^^^^^^
[INFO] [stderr]   |
[INFO] [stderr]   = note: `cargo::unused_dependencies` is set to `warn` by default
[INFO] [stderr] help: consider removing the dependency on `pollster`
[INFO] [stderr] help: to still use for development builds, move to `dev-dependencies`
[INFO] [stderr] warning: unused dependency `wgpu`
[INFO] [stderr]  --> Cargo.toml:3:1
[INFO] [stderr]   |
[INFO] [stderr] 3 | wgpu = "25.0.0"
[INFO] [stderr]   | ^^^^^^^^^^^^^^^
[INFO] [stderr]   |
[INFO] [stderr] help: consider removing the dependency on `wgpu`
[INFO] [stderr] help: to still use for development builds, move to `dev-dependencies`
[INFO] [stderr] warning: `wgsl-loop` (manifest) generated 2 warnings
[INFO] [stderr]     Finished `release` profile [optimized] target(s) in 2.28s
[INFO] [stderr] warning: the following packages contain code that will be rejected by a future version of Rust: naga v25.0.1, wgpu v25.0.0, wgpu-core v25.0.1, wgpu-hal v25.0.1
[INFO] [stderr] note: to see what the problems were, use the option `--future-incompat-report`, or run `cargo report future-incompatibilities --id 6`
[INFO] running `Command { std: "docker" "inspect" "5d3a4f535fc321614935eaae5a504839eb40d095027e51e76f55eb2e7544451b", kill_on_drop: false }`
[INFO] running `Command { std: "docker" "exec" "-e" "SOURCE_DIR=/opt/rustwide/workdir" "-e" "CARGO_HOME=/opt/rustwide/cargo-home" "-e" "RUSTUP_HOME=/opt/rustwide/rustup-home" "-e" "CARGO_TARGET_DIR=/opt/rustwide/target" "-e" "CARGO_INCREMENTAL=0" "-e" "RUST_BACKTRACE=full" "-e" "RUSTFLAGS=--cap-lints=warn" "-e" "RUSTDOCFLAGS=--cap-lints=warn" "-w" "/opt/rustwide/workdir" "--user" "0:0" "5d3a4f535fc321614935eaae5a504839eb40d095027e51e76f55eb2e7544451b" "/opt/rustwide/cargo-home/bin/cargo" "+1.100.0-beta.1" "test" "--frozen" "--release", kill_on_drop: false }`
[INFO] [stderr] warning: unused dependency `pollster`
[INFO] [stderr]  --> Cargo.toml:2:1
[INFO] [stderr]   |
[INFO] [stderr] 2 | pollster = "0.4.0"
[INFO] [stderr]   | ^^^^^^^^^^^^^^^^^^
[INFO] [stderr]   |
[INFO] [stderr]   = note: `cargo::unused_dependencies` is set to `warn` by default
[INFO] [stderr] help: consider removing the dependency on `pollster`
[INFO] [stderr] help: to still use for development builds, move to `dev-dependencies`
[INFO] [stderr] warning: unused dependency `wgpu`
[INFO] [stderr]  --> Cargo.toml:3:1
[INFO] [stderr]   |
[INFO] [stderr] 3 | wgpu = "25.0.0"
[INFO] [stderr]   | ^^^^^^^^^^^^^^^
[INFO] [stderr]   |
[INFO] [stderr] help: consider removing the dependency on `wgpu`
[INFO] [stderr] help: to still use for development builds, move to `dev-dependencies`
[INFO] [stderr] warning: `wgsl-loop` (manifest) generated 2 warnings
[INFO] [stderr]     Finished `release` profile [optimized] target(s) in 0.17s
[INFO] [stderr] warning: the following packages contain code that will be rejected by a future version of Rust: naga v25.0.1, wgpu v25.0.0, wgpu-core v25.0.1, wgpu-hal v25.0.1
[INFO] [stderr] note: to see what the problems were, use the option `--future-incompat-report`, or run `cargo report future-incompatibilities --id 6`
[INFO] [stderr]      Running unittests src/lib.rs (/opt/rustwide/target/release/build/wgsl-loop/cdbcf29723b285a2/out/wgsl_loop-cdbcf29723b285a2)
[INFO] [stdout] 
[INFO] [stdout] running 8 tests
[INFO] [stdout] test test::wgsl_loop_break ... ignored, this makes your computer hang
[INFO] [stdout] test test::wgsl_while_other_has_lock ... ignored, this makes your computer hang
[INFO] [stdout] test test::wgsl_while_self_has_not_lock ... ignored, this makes your computer hang
[INFO] [stdout] test test::loop_break ... FAILED
[INFO] [stdout] test test::while_other_has_lock ... FAILED
[INFO] [stdout] test test::while_self_has_not_lock ... FAILED
[INFO] [stdout] test test::loop_continue ... FAILED
[INFO] [stderr] error: XDG_RUNTIME_DIR is invalid or not set in the environment.
[INFO] [stdout] test test::wgsl_loop_continue ... ok
[INFO] [stdout] 
[INFO] [stdout] failures:
[INFO] [stdout] 
[INFO] [stdout] ---- test::loop_break stdout ----
[INFO] [stdout] 
[INFO] [stdout] thread 'test::loop_break' (1117) panicked at src/lib.rs:50:9:
[INFO] [stdout] assertion `left == right` failed
[INFO] [stdout]   left: 0
[INFO] [stdout]  right: 2
[INFO] [stdout] stack backtrace:
[INFO] [stdout]    0:     0x5658be71afe1 - <<std[617be2ca0a6fd877]::sys::backtrace::BacktraceLock>::print::DisplayBacktrace as core[a373ad73a504971]::fmt::Display>::fmt
[INFO] [stdout]    1:     0x5658be73247a - core[a373ad73a504971]::fmt::write
[INFO] [stdout]    2:     0x5658be71f2cc - <alloc[2e1b2a31b91974c5]::vec::Vec<u8> as core[a373ad73a504971]::io::write::Write>::write_fmt
[INFO] [stdout]    3:     0x5658be6f7326 - std[617be2ca0a6fd877]::panicking::default_hook::{closure#0}
[INFO] [stdout]    4:     0x5658be713659 - std[617be2ca0a6fd877]::panicking::default_hook
[INFO] [stdout]    5:     0x5658be3ab5c0 - test[aada8e7e76ba119b]::test_main_inner::{closure#0}
[INFO] [stdout]    6:     0x5658be713812 - std[617be2ca0a6fd877]::panicking::panic_with_hook
[INFO] [stdout]    7:     0x5658be6f73d2 - std[617be2ca0a6fd877]::panicking::panic_handler::{closure#0}
[INFO] [stdout]    8:     0x5658be6f00b9 - std[617be2ca0a6fd877]::sys::backtrace::__rust_end_short_backtrace::<std[617be2ca0a6fd877]::panicking::panic_handler::{closure#0}, !>
[INFO] [stdout]    9:     0x5658be6f7fdd - __rustc[ea4f61d10b84890b]::rust_begin_unwind
[INFO] [stdout]   10:     0x5658be732bac - core[a373ad73a504971]::panicking::panic_fmt
[INFO] [stdout]   11:     0x5658be732ac3 - core[a373ad73a504971]::panicking::assert_failed_inner
[INFO] [stdout]   12:     0x5658be6efc7a - core[a373ad73a504971]::panicking::assert_failed::<u32, u32>
[INFO] [stdout]   13:     0x5658be390064 - <wgsl_loop[a0f063bfab4b9bd1]::test::loop_break::{closure#0} as core[a373ad73a504971]::ops::function::FnOnce<()>>::call_once
[INFO] [stdout]   14:     0x5658be39ea0b - test[aada8e7e76ba119b]::__rust_begin_short_backtrace::<core[a373ad73a504971]::result::Result<(), alloc[2e1b2a31b91974c5]::string::String>, fn() -> core[a373ad73a504971]::result::Result<(), alloc[2e1b2a31b91974c5]::string::String>>
[INFO] [stdout]   15:     0x5658be3abbe5 - test[aada8e7e76ba119b]::run_test::{closure#0}
[INFO] [stdout]   16:     0x5658be3a54d4 - std[617be2ca0a6fd877]::sys::backtrace::__rust_begin_short_backtrace::<test[aada8e7e76ba119b]::run_test::{closure#1}, ()>
[INFO] [stdout]   17:     0x5658be3aec72 - <std[617be2ca0a6fd877]::thread::lifecycle::spawn_unchecked<test[aada8e7e76ba119b]::run_test::{closure#1}, ()>::{closure#1} as core[a373ad73a504971]::ops::function::FnOnce<()>>::call_once::{shim:vtable#0}
[INFO] [stdout]   18:     0x5658be71a83f - <std[617be2ca0a6fd877]::sys::thread::unix::Thread>::new::thread_start
[INFO] [stdout]   19:     0x720e7c16bdfa - <unknown>
[INFO] [stdout]   20:     0x720e7c1ff3d4 - clone
[INFO] [stdout]   21:                0x0 - <unknown>
[INFO] [stdout] 
[INFO] [stdout] ---- test::while_other_has_lock stdout ----
[INFO] [stdout] 
[INFO] [stdout] thread 'test::while_other_has_lock' (1120) panicked at src/lib.rs:69:9:
[INFO] [stdout] assertion `left == right` failed
[INFO] [stdout]   left: 5
[INFO] [stdout]  right: 2
[INFO] [stdout] stack backtrace:
[INFO] [stdout]    0:     0x5658be71afe1 - <<std[617be2ca0a6fd877]::sys::backtrace::BacktraceLock>::print::DisplayBacktrace as core[a373ad73a504971]::fmt::Display>::fmt
[INFO] [stdout]    1:     0x5658be73247a - core[a373ad73a504971]::fmt::write
[INFO] [stdout]    2:     0x5658be71f2cc - <alloc[2e1b2a31b91974c5]::vec::Vec<u8> as core[a373ad73a504971]::io::write::Write>::write_fmt
[INFO] [stdout]    3:     0x5658be6f7326 - std[617be2ca0a6fd877]::panicking::default_hook::{closure#0}
[INFO] [stdout]    4:     0x5658be713659 - std[617be2ca0a6fd877]::panicking::default_hook
[INFO] [stdout]    5:     0x5658be3ab5c0 - test[aada8e7e76ba119b]::test_main_inner::{closure#0}
[INFO] [stdout]    6:     0x5658be713812 - std[617be2ca0a6fd877]::panicking::panic_with_hook
[INFO] [stdout]    7:     0x5658be6f73d2 - std[617be2ca0a6fd877]::panicking::panic_handler::{closure#0}
[INFO] [stdout]    8:     0x5658be6f00b9 - std[617be2ca0a6fd877]::sys::backtrace::__rust_end_short_backtrace::<std[617be2ca0a6fd877]::panicking::panic_handler::{closure#0}, !>
[INFO] [stdout]    9:     0x5658be6f7fdd - __rustc[ea4f61d10b84890b]::rust_begin_unwind
[INFO] [stdout]   10:     0x5658be732bac - core[a373ad73a504971]::panicking::panic_fmt
[INFO] [stdout]   11:     0x5658be732ac3 - core[a373ad73a504971]::panicking::assert_failed_inner
[INFO] [stdout]   12:     0x5658be6efc7a - core[a373ad73a504971]::panicking::assert_failed::<u32, u32>
[INFO] [stdout]   13:     0x5658be390204 - <wgsl_loop[a0f063bfab4b9bd1]::test::while_other_has_lock::{closure#0} as core[a373ad73a504971]::ops::function::FnOnce<()>>::call_once
[INFO] [stdout]   14:     0x5658be39ea0b - test[aada8e7e76ba119b]::__rust_begin_short_backtrace::<core[a373ad73a504971]::result::Result<(), alloc[2e1b2a31b91974c5]::string::String>, fn() -> core[a373ad73a504971]::result::Result<(), alloc[2e1b2a31b91974c5]::string::String>>
[INFO] [stdout]   15:     0x5658be3abbe5 - test[aada8e7e76ba119b]::run_test::{closure#0}
[INFO] [stdout]   16:     0x5658be3a54d4 - std[617be2ca0a6fd877]::sys::backtrace::__rust_begin_short_backtrace::<test[aada8e7e76ba119b]::run_test::{closure#1}, ()>
[INFO] [stdout]   17:     0x5658be3aec72 - <std[617be2ca0a6fd877]::thread::lifecycle::spawn_unchecked<test[aada8e7e76ba119b]::run_test::{closure#1}, ()>::{closure#1} as core[a373ad73a504971]::ops::function::FnOnce<()>>::call_once::{shim:vtable#0}
[INFO] [stdout]   18:     0x5658be71a83f - <std[617be2ca0a6fd877]::sys::thread::unix::Thread>::new::thread_start
[INFO] [stdout]   19:     0x720e7c16bdfa - <unknown>
[INFO] [stdout]   20:     0x720e7c1ff3d4 - clone
[INFO] [stdout]   21:                0x0 - <unknown>
[INFO] [stdout] 
[INFO] [stdout] ---- test::while_self_has_not_lock stdout ----
[INFO] [stdout] 
[INFO] [stdout] thread 'test::while_self_has_not_lock' (1121) panicked at src/lib.rs:88:9:
[INFO] [stdout] assertion `left == right` failed
[INFO] [stdout]   left: 5
[INFO] [stdout]  right: 2
[INFO] [stdout] stack backtrace:
[INFO] [stdout]    0:     0x5658be71afe1 - <<std[617be2ca0a6fd877]::sys::backtrace::BacktraceLock>::print::DisplayBacktrace as core[a373ad73a504971]::fmt::Display>::fmt
[INFO] [stdout]    1:     0x5658be73247a - core[a373ad73a504971]::fmt::write
[INFO] [stdout]    2:     0x5658be71f2cc - <alloc[2e1b2a31b91974c5]::vec::Vec<u8> as core[a373ad73a504971]::io::write::Write>::write_fmt
[INFO] [stdout]    3:     0x5658be6f7326 - std[617be2ca0a6fd877]::panicking::default_hook::{closure#0}
[INFO] [stdout]    4:     0x5658be713659 - std[617be2ca0a6fd877]::panicking::default_hook
[INFO] [stdout]    5:     0x5658be3ab5c0 - test[aada8e7e76ba119b]::test_main_inner::{closure#0}
[INFO] [stdout]    6:     0x5658be713812 - std[617be2ca0a6fd877]::panicking::panic_with_hook
[INFO] [stdout]    7:     0x5658be6f73d2 - std[617be2ca0a6fd877]::panicking::panic_handler::{closure#0}
[INFO] [stdout]    8:     0x5658be6f00b9 - std[617be2ca0a6fd877]::sys::backtrace::__rust_end_short_backtrace::<std[617be2ca0a6fd877]::panicking::panic_handler::{closure#0}, !>
[INFO] [stdout]    9:     0x5658be6f7fdd - __rustc[ea4f61d10b84890b]::rust_begin_unwind
[INFO] [stdout]   10:     0x5658be732bac - core[a373ad73a504971]::panicking::panic_fmt
[INFO] [stdout]   11:     0x5658be732ac3 - core[a373ad73a504971]::panicking::assert_failed_inner
[INFO] [stdout]   12:     0x5658be6efc7a - core[a373ad73a504971]::panicking::assert_failed::<u32, u32>
[INFO] [stdout]   13:     0x5658be3902a4 - <wgsl_loop[a0f063bfab4b9bd1]::test::while_self_has_not_lock::{closure#0} as core[a373ad73a504971]::ops::function::FnOnce<()>>::call_once
[INFO] [stdout]   14:     0x5658be39ea0b - test[aada8e7e76ba119b]::__rust_begin_short_backtrace::<core[a373ad73a504971]::result::Result<(), alloc[2e1b2a31b91974c5]::string::String>, fn() -> core[a373ad73a504971]::result::Result<(), alloc[2e1b2a31b91974c5]::string::String>>
[INFO] [stdout]   15:     0x5658be3abbe5 - test[aada8e7e76ba119b]::run_test::{closure#0}
[INFO] [stdout]   16:     0x5658be3a54d4 - std[617be2ca0a6fd877]::sys::backtrace::__rust_begin_short_backtrace::<test[aada8e7e76ba119b]::run_test::{closure#1}, ()>
[INFO] [stdout]   17:     0x5658be3aec72 - <std[617be2ca0a6fd877]::thread::lifecycle::spawn_unchecked<test[aada8e7e76ba119b]::run_test::{closure#1}, ()>::{closure#1} as core[a373ad73a504971]::ops::function::FnOnce<()>>::call_once::{shim:vtable#0}
[INFO] [stdout]   18:     0x5658be71a83f - <std[617be2ca0a6fd877]::sys::thread::unix::Thread>::new::thread_start
[INFO] [stdout]   19:     0x720e7c16bdfa - <unknown>
[INFO] [stdout]   20:     0x720e7c1ff3d4 - clone
[INFO] [stdout]   21:                0x0 - <unknown>
[INFO] [stdout] 
[INFO] [stdout] ---- test::loop_continue stdout ----
[INFO] [stdout] 
[INFO] [stdout] thread 'test::loop_continue' (1118) panicked at src/lib.rs:28:9:
[INFO] [stdout] assertion `left == right` failed
[INFO] [stdout]   left: 4
[INFO] [stdout]  right: 2
[INFO] [stdout] stack backtrace:
[INFO] [stdout]    0:     0x5658be71afe1 - <<std[617be2ca0a6fd877]::sys::backtrace::BacktraceLock>::print::DisplayBacktrace as core[a373ad73a504971]::fmt::Display>::fmt
[INFO] [stdout]    1:     0x5658be73247a - core[a373ad73a504971]::fmt::write
[INFO] [stdout]    2:     0x5658be71f2cc - <alloc[2e1b2a31b91974c5]::vec::Vec<u8> as core[a373ad73a504971]::io::write::Write>::write_fmt
[INFO] [stdout]    3:     0x5658be6f7326 - std[617be2ca0a6fd877]::panicking::default_hook::{closure#0}
[INFO] [stdout]    4:     0x5658be713659 - std[617be2ca0a6fd877]::panicking::default_hook
[INFO] [stdout]    5:     0x5658be3ab5c0 - test[aada8e7e76ba119b]::test_main_inner::{closure#0}
[INFO] [stdout]    6:     0x5658be713812 - std[617be2ca0a6fd877]::panicking::panic_with_hook
[INFO] [stdout]    7:     0x5658be6f73d2 - std[617be2ca0a6fd877]::panicking::panic_handler::{closure#0}
[INFO] [stdout]    8:     0x5658be6f00b9 - std[617be2ca0a6fd877]::sys::backtrace::__rust_end_short_backtrace::<std[617be2ca0a6fd877]::panicking::panic_handler::{closure#0}, !>
[INFO] [stdout]    9:     0x5658be6f7fdd - __rustc[ea4f61d10b84890b]::rust_begin_unwind
[INFO] [stdout]   10:     0x5658be732bac - core[a373ad73a504971]::panicking::panic_fmt
[INFO] [stdout]   11:     0x5658be732ac3 - core[a373ad73a504971]::panicking::assert_failed_inner
[INFO] [stdout]   12:     0x5658be6efc7a - core[a373ad73a504971]::panicking::assert_failed::<u32, u32>
[INFO] [stdout]   13:     0x5658be390104 - <wgsl_loop[a0f063bfab4b9bd1]::test::loop_continue::{closure#0} as core[a373ad73a504971]::ops::function::FnOnce<()>>::call_once
[INFO] [stdout]   14:     0x5658be39ea0b - test[aada8e7e76ba119b]::__rust_begin_short_backtrace::<core[a373ad73a504971]::result::Result<(), alloc[2e1b2a31b91974c5]::string::String>, fn() -> core[a373ad73a504971]::result::Result<(), alloc[2e1b2a31b91974c5]::string::String>>
[INFO] [stdout]   15:     0x5658be3abbe5 - test[aada8e7e76ba119b]::run_test::{closure#0}
[INFO] [stdout]   16:     0x5658be3a54d4 - std[617be2ca0a6fd877]::sys::backtrace::__rust_begin_short_backtrace::<test[aada8e7e76ba119b]::run_test::{closure#1}, ()>
[INFO] [stdout]   17:     0x5658be3aec72 - <std[617be2ca0a6fd877]::thread::lifecycle::spawn_unchecked<test[aada8e7e76ba119b]::run_test::{closure#1}, ()>::{closure#1} as core[a373ad73a504971]::ops::function::FnOnce<()>>::call_once::{shim:vtable#0}
[INFO] [stdout]   18:     0x5658be71a83f - <std[617be2ca0a6fd877]::sys::thread::unix::Thread>::new::thread_start
[INFO] [stdout]   19:     0x720e7c16bdfa - <unknown>
[INFO] [stdout]   20:     0x720e7c1ff3d4 - clone
[INFO] [stdout]   21:                0x0 - <unknown>
[INFO] [stdout] 
[INFO] [stdout] 
[INFO] [stdout] failures:
[INFO] [stdout]     test::loop_break
[INFO] [stdout]     test::loop_continue
[INFO] [stdout]     test::while_other_has_lock
[INFO] [stdout]     test::while_self_has_not_lock
[INFO] [stdout] 
[INFO] [stdout] test result: FAILED. 1 passed; 4 failed; 3 ignored; 0 measured; 0 filtered out; finished in 0.84s
[INFO] [stdout] 
[INFO] [stderr] error: test failed, to rerun pass `--lib`
[INFO] running `Command { std: "docker" "inspect" "5d3a4f535fc321614935eaae5a504839eb40d095027e51e76f55eb2e7544451b", kill_on_drop: false }`
[INFO] running `Command { std: "docker" "rm" "-f" "5d3a4f535fc321614935eaae5a504839eb40d095027e51e76f55eb2e7544451b", kill_on_drop: false }`
[INFO] [stdout] 5d3a4f535fc321614935eaae5a504839eb40d095027e51e76f55eb2e7544451b
