[INFO] cloning repository https://github.com/speedyleion/gh-difftool
[INFO] running `Command { std: "git" "-c" "credential.helper=" "-c" "credential.helper=/workspace/cargo-home/bin/git-credential-null" "clone" "--bare" "https://github.com/speedyleion/gh-difftool" "/workspace/cache/git-repos/https%3A%2F%2Fgithub.com%2Fspeedyleion%2Fgh-difftool", kill_on_drop: false }`
[INFO] [stderr] Cloning into bare repository '/workspace/cache/git-repos/https%3A%2F%2Fgithub.com%2Fspeedyleion%2Fgh-difftool'...
[INFO] running `Command { std: "git" "rev-parse" "HEAD", kill_on_drop: false }`
[INFO] [stdout] 525e7c5bfde826c07f225dd246cc3b0b557832b6
[INFO] testing speedyleion/gh-difftool against 1.99.0-beta.8+cargoflags=--release for beta-release-1.100-2
[INFO] running `Command { std: "git" "clone" "/workspace/cache/git-repos/https%3A%2F%2Fgithub.com%2Fspeedyleion%2Fgh-difftool" "/workspace/builds/worker-6-tc1/source", kill_on_drop: false }`
[INFO] [stderr] Cloning into '/workspace/builds/worker-6-tc1/source'...
[INFO] [stderr] done.
[INFO] started tweaking git repo https://github.com/speedyleion/gh-difftool
[INFO] finished tweaking git repo https://github.com/speedyleion/gh-difftool
[INFO] tweaked toml for git repo https://github.com/speedyleion/gh-difftool written to /workspace/builds/worker-6-tc1/source/Cargo.toml
[INFO] validating manifest of git repo https://github.com/speedyleion/gh-difftool on toolchain 1.99.0-beta.8
[INFO] running `Command { std: CARGO_HOME="/workspace/cargo-home" RUSTUP_HOME="/workspace/rustup-home" "/workspace/cargo-home/bin/cargo" "+1.99.0-beta.8" "metadata" "--manifest-path" "Cargo.toml" "--no-deps", kill_on_drop: false }`
[INFO] crate git repo https://github.com/speedyleion/gh-difftool already has a lockfile, it will not be regenerated
[INFO] running `Command { std: CARGO_HOME="/workspace/cargo-home" RUSTUP_HOME="/workspace/rustup-home" "/workspace/cargo-home/bin/cargo" "+1.99.0-beta.8" "fetch" "--manifest-path" "Cargo.toml", kill_on_drop: false }`
[INFO] [stderr]     Updating crates.io index
[INFO] [stderr]  Downloading crates ...
[INFO] [stderr]   Downloaded textwrap v0.16.4
[INFO] [stderr]   Downloaded yare v3.0.0
[INFO] [stderr]   Downloaded yare-macro v3.0.0
[INFO] [stderr]   Downloaded async-object-pool v0.2.0
[INFO] [stderr]   Downloaded gix-sec v0.16.0
[INFO] [stderr]   Downloaded temp_testdir v0.2.3
[INFO] [stderr]   Downloaded parse_link_header v0.4.1
[INFO] [stderr]   Downloaded gix-validate v0.13.0
[INFO] [stderr]   Downloaded gix-actor v0.44.0
[INFO] [stderr]   Downloaded serde_regex v1.1.0
[INFO] [stderr]   Downloaded tabwriter v1.4.1
[INFO] [stderr]   Downloaded gix-lock v26.0.0
[INFO] [stderr]   Downloaded gix-hashtable v0.18.0
[INFO] [stderr]   Downloaded stringmetrics v2.2.2
[INFO] [stderr]   Downloaded async-trait v0.1.67
[INFO] [stderr]   Downloaded gix-utils v0.5.0
[INFO] [stderr]   Downloaded gix-tempfile v26.0.0
[INFO] [stderr]   Downloaded gix-fs v0.24.0
[INFO] [stderr]   Downloaded gix-parallel v0.50.0
[INFO] [stderr]   Downloaded gix-date v0.18.0
[INFO] [stderr]   Downloaded gix-glob v0.29.0
[INFO] [stderr]   Downloaded gix-config-value v0.21.0
[INFO] [stderr]   Downloaded predicates v3.0.1
[INFO] [stderr]   Downloaded gix-trace v0.3.0
[INFO] [stderr]   Downloaded gix-path v0.14.0
[INFO] [stderr]   Downloaded gix-hash v0.28.0
[INFO] [stderr]   Downloaded similar v2.4.0
[INFO] [stderr]   Downloaded gix-error v0.5.0
[INFO] [stderr]   Downloaded sha1dc v0.1.5
[INFO] [stderr]   Downloaded gix-config v0.62.0
[INFO] [stderr]   Downloaded gix-ref v0.69.0
[INFO] [stderr]   Downloaded gix-object v0.66.0
[INFO] [stderr]   Downloaded diffy v0.5.2
[INFO] [stderr]   Downloaded prodash v31.0.1
[INFO] [stderr]   Downloaded aho-corasick v1.1.1
[INFO] [stderr]   Downloaded httpmock v0.8.3
[INFO] [stderr]   Downloaded icu_segmenter_data v2.3.0
[INFO] [stderr]   Downloaded icu_segmenter v2.3.0
[INFO] running `Command { std: "docker" "create" "-v" "/var/lib/crater-agent-workspace/builds/worker-6-tc1/source:/opt/rustwide/workdir:ro,Z" "-v" "/var/lib/crater-agent-workspace/builds/worker-6-tc1/target:/opt/rustwide/target:rw,Z" "-v" "/var/lib/crater-agent-workspace/cargo-home:/opt/rustwide/cargo-home:ro,Z" "-v" "/var/lib/crater-agent-workspace/rustup-home:/opt/rustwide/rustup-home:ro,Z" "-m" "1610612736" "--network" "none" "ghcr.io/rust-lang/crates-build-env/linux@sha256:77db811e55d90add9212f6832c23229e3de5f1c1f9905e8cb07319ea15df73ac" "sleep" "infinity", kill_on_drop: false }`
[INFO] [stdout] ed8e840f7b6e31a0a74d72793ebff918fa38482cf84dd5016b1870a42595ccd7
[INFO] running `Command { std: "docker" "start" "ed8e840f7b6e31a0a74d72793ebff918fa38482cf84dd5016b1870a42595ccd7", kill_on_drop: false }`
[INFO] running `Command { std: "docker" "inspect" "ed8e840f7b6e31a0a74d72793ebff918fa38482cf84dd5016b1870a42595ccd7", kill_on_drop: false }`
[INFO] running `Command { std: "docker" "exec" "-e" "SOURCE_DIR=/opt/rustwide/workdir" "-e" "CARGO_HOME=/opt/rustwide/cargo-home" "-e" "RUSTUP_HOME=/opt/rustwide/rustup-home" "-e" "CARGO_TARGET_DIR=/opt/rustwide/target" "-w" "/opt/rustwide/workdir" "--user" "0:0" "ed8e840f7b6e31a0a74d72793ebff918fa38482cf84dd5016b1870a42595ccd7" "/opt/rustwide/cargo-home/bin/cargo" "+1.99.0-beta.8" "metadata" "--no-deps" "--format-version=1", kill_on_drop: false }`
[INFO] running `Command { std: "docker" "inspect" "ed8e840f7b6e31a0a74d72793ebff918fa38482cf84dd5016b1870a42595ccd7", kill_on_drop: false }`
[INFO] running `Command { std: "docker" "exec" "-e" "SOURCE_DIR=/opt/rustwide/workdir" "-e" "CARGO_HOME=/opt/rustwide/cargo-home" "-e" "RUSTUP_HOME=/opt/rustwide/rustup-home" "-e" "CARGO_TARGET_DIR=/opt/rustwide/target" "-e" "CARGO_INCREMENTAL=0" "-e" "RUST_BACKTRACE=full" "-e" "RUSTFLAGS=--cap-lints=warn" "-e" "RUSTDOCFLAGS=--cap-lints=warn" "-w" "/opt/rustwide/workdir" "--user" "0:0" "ed8e840f7b6e31a0a74d72793ebff918fa38482cf84dd5016b1870a42595ccd7" "/opt/rustwide/cargo-home/bin/cargo" "+1.99.0-beta.8" "build" "--frozen" "--message-format=json" "--release", kill_on_drop: false }`
[INFO] [stderr]    Compiling proc-macro2 v1.0.107
[INFO] [stderr]    Compiling unicode-ident v1.0.8
[INFO] [stderr]    Compiling quote v1.0.47
[INFO] [stderr]    Compiling autocfg v1.5.1
[INFO] [stderr]    Compiling libc v0.2.189
[INFO] [stderr]    Compiling memchr v2.7.4
[INFO] [stderr]    Compiling regex-syntax v0.8.2
[INFO] [stderr]    Compiling smallvec v1.15.1
[INFO] [stderr]    Compiling stable_deref_trait v1.2.0
[INFO] [stderr]    Compiling cfg-if v1.0.0
[INFO] [stderr]    Compiling parking_lot_core v0.9.11
[INFO] [stderr]    Compiling scopeguard v1.1.0
[INFO] [stderr]    Compiling getrandom v0.4.3
[INFO] [stderr]    Compiling tinyvec_macros v0.1.1
[INFO] [stderr]    Compiling fastrand v2.5.0
[INFO] [stderr]    Compiling gix-trace v0.3.0
[INFO] [stderr]    Compiling bitflags v2.4.0
[INFO] [stderr]    Compiling tinyvec v1.6.0
[INFO] [stderr]    Compiling byteorder v1.5.0
[INFO] [stderr]    Compiling writeable v0.5.5
[INFO] [stderr]    Compiling litemap v0.7.5
[INFO] [stderr]    Compiling icu_locid_transform_data v1.5.1
[INFO] [stderr]    Compiling heapless v0.8.0
[INFO] [stderr]    Compiling itoa v1.0.17
[INFO] [stderr]    Compiling lock_api v0.4.13
[INFO] [stderr]    Compiling faster-hex v0.10.1
[INFO] [stderr]    Compiling same-file v1.0.6
[INFO] [stderr]    Compiling icu_properties_data v1.5.1
[INFO] [stderr]    Compiling rustix v1.1.4
[INFO] [stderr]    Compiling walkdir v2.3.3
[INFO] [stderr]    Compiling hash32 v0.3.1
[INFO] [stderr]    Compiling gix-parallel v0.50.0
[INFO] [stderr]    Compiling foldhash v0.2.0
[INFO] [stderr]    Compiling jiff-core v0.1.0
[INFO] [stderr]    Compiling icu_normalizer_data v1.5.1
[INFO] [stderr]    Compiling linux-raw-sys v0.12.1
[INFO] [stderr]    Compiling sha1dc v0.1.5
[INFO] [stderr]    Compiling once_cell v1.21.4
[INFO] [stderr]    Compiling hashbrown v0.17.1
[INFO] [stderr]    Compiling slab v0.4.8
[INFO] [stderr]    Compiling write16 v1.0.0
[INFO] [stderr]    Compiling utf8parse v0.2.2
[INFO] [stderr]    Compiling utf8_iter v1.0.4
[INFO] [stderr]    Compiling utf16_iter v1.0.5
[INFO] [stderr]    Compiling serde_core v1.0.229
[INFO] [stderr]    Compiling anstyle-parse v1.0.0
[INFO] [stderr]    Compiling is_terminal_polyfill v1.70.2
[INFO] [stderr]    Compiling anstyle-query v1.0.0
[INFO] [stderr]    Compiling zmij v1.0.21
[INFO] [stderr]    Compiling futures-core v0.3.34
[INFO] [stderr]    Compiling bytes v1.4.0
[INFO] [stderr]    Compiling aho-corasick v1.1.1
[INFO] [stderr]    Compiling colorchoice v1.0.0
[INFO] [stderr]    Compiling anstyle v1.0.14
[INFO] [stderr]    Compiling futures-sink v0.3.34
[INFO] [stderr]    Compiling pin-project-lite v0.2.13
[INFO] [stderr]    Compiling clap_lex v1.0.0
[INFO] [stderr]    Compiling syn v2.0.100
[INFO] [stderr]    Compiling syn v3.0.3
[INFO] [stderr]    Compiling unicode-normalization v0.1.22
[INFO] [stderr]    Compiling anstream v1.0.0
[INFO] [stderr]    Compiling futures-task v0.3.34
[INFO] [stderr]    Compiling serde v1.0.229
[INFO] [stderr]    Compiling percent-encoding v2.3.2
[INFO] [stderr]    Compiling strsim v0.11.1
[INFO] [stderr]    Compiling anyhow v1.0.104
[INFO] [stderr]    Compiling serde_json v1.0.154
[INFO] [stderr]    Compiling fnv v1.0.7
[INFO] [stderr]    Compiling heck v0.5.0
[INFO] [stderr]    Compiling clap_builder v4.6.7
[INFO] [stderr]    Compiling http v1.1.0
[INFO] [stderr]    Compiling futures-util v0.3.34
[INFO] [stderr]    Compiling form_urlencoded v1.2.2
[INFO] [stderr]    Compiling jiff v0.2.35
[INFO] [stderr]    Compiling futures-channel v0.3.34
[INFO] [stderr]    Compiling memmap2 v0.9.11
[INFO] [stderr]    Compiling gix-sec v0.16.0
[INFO] [stderr]    Compiling socket2 v0.6.5
[INFO] [stderr]    Compiling parking_lot v0.12.4
[INFO] [stderr]    Compiling mio v1.2.2
[INFO] [stderr]    Compiling signal-hook-registry v1.4.1
[INFO] [stderr]    Compiling lazy_static v1.4.0
[INFO] [stderr]    Compiling prodash v31.0.1
[INFO] [stderr]    Compiling unicode-bom v2.0.3
[INFO] [stderr]    Compiling futures-io v0.3.34
[INFO] [stderr]    Compiling which v8.0.6
[INFO] [stderr]    Compiling diffy v0.5.2
[INFO] [stderr]    Compiling base64 v0.23.1
[INFO] [stderr]    Compiling shlex v2.0.1
[INFO] [stderr]    Compiling regex-automata v0.4.3
[INFO] [stderr]    Compiling tempfile v3.27.0
[INFO] [stderr]    Compiling synstructure v0.13.2
[INFO] [stderr]    Compiling futures v0.3.34
[INFO] [stderr]    Compiling zerofrom-derive v0.1.6
[INFO] [stderr]    Compiling yoke-derive v0.7.5
[INFO] [stderr]    Compiling zerovec-derive v0.10.3
[INFO] [stderr]    Compiling icu_provider_macros v1.5.0
[INFO] [stderr]    Compiling displaydoc v0.2.7
[INFO] [stderr]    Compiling tokio-macros v2.7.2
[INFO] [stderr]    Compiling clap_derive v4.6.7
[INFO] [stderr]    Compiling serde_derive v1.0.229
[INFO] [stderr]    Compiling tokio v1.53.2
[INFO] [stderr]    Compiling zerofrom v0.1.6
[INFO] [stderr]    Compiling yoke v0.7.5
[INFO] [stderr]    Compiling zerovec v0.10.4
[INFO] [stderr]    Compiling bstr v1.12.0
[INFO] [stderr]    Compiling regex v1.10.2
[INFO] [stderr]    Compiling clap v4.6.7
[INFO] [stderr]    Compiling parse_link_header v0.4.1
[INFO] [stderr]    Compiling gix-error v0.5.0
[INFO] [stderr]    Compiling gix-utils v0.5.0
[INFO] [stderr]    Compiling gix-validate v0.13.0
[INFO] [stderr]    Compiling gix-hash v0.28.0
[INFO] [stderr]    Compiling gix-date v0.18.0
[INFO] [stderr]    Compiling gix-hashtable v0.18.0
[INFO] [stderr]    Compiling tinystr v0.7.6
[INFO] [stderr]    Compiling icu_collections v1.5.0
[INFO] [stderr]    Compiling icu_locid v1.5.0
[INFO] [stderr]    Compiling gix-path v0.14.0
[INFO] [stderr]    Compiling gix-actor v0.44.0
[INFO] [stderr]    Compiling gix-fs v0.24.0
[INFO] [stderr]    Compiling gix-config-value v0.21.0
[INFO] [stderr]    Compiling gix-object v0.66.0
[INFO] [stderr]    Compiling gix-tempfile v26.0.0
[INFO] [stderr]    Compiling gix-glob v0.29.0
[INFO] [stderr]    Compiling icu_provider v1.5.0
[INFO] [stderr]    Compiling gix-lock v26.0.0
[INFO] [stderr]    Compiling icu_locid_transform v1.5.0
[INFO] [stderr]    Compiling gix-ref v0.69.0
[INFO] [stderr]    Compiling icu_properties v1.5.1
[INFO] [stderr]    Compiling gix-config v0.62.0
[INFO] [stderr]    Compiling icu_normalizer v1.5.0
[INFO] [stderr]    Compiling idna_adapter v1.2.0
[INFO] [stderr]    Compiling idna v1.1.0
[INFO] [stderr]    Compiling url v2.5.8
[INFO] [stderr]    Compiling gh-difftool v1.3.0 (/opt/rustwide/workdir)
[INFO] [stderr]     Finished `release` profile [optimized] target(s) in 1m 26s
[INFO] running `Command { std: "docker" "inspect" "ed8e840f7b6e31a0a74d72793ebff918fa38482cf84dd5016b1870a42595ccd7", kill_on_drop: false }`
[INFO] running `Command { std: "docker" "exec" "-e" "SOURCE_DIR=/opt/rustwide/workdir" "-e" "CARGO_HOME=/opt/rustwide/cargo-home" "-e" "RUSTUP_HOME=/opt/rustwide/rustup-home" "-e" "CARGO_TARGET_DIR=/opt/rustwide/target" "-e" "CARGO_INCREMENTAL=0" "-e" "RUST_BACKTRACE=full" "-e" "RUSTFLAGS=--cap-lints=warn" "-e" "RUSTDOCFLAGS=--cap-lints=warn" "-w" "/opt/rustwide/workdir" "--user" "0:0" "ed8e840f7b6e31a0a74d72793ebff918fa38482cf84dd5016b1870a42595ccd7" "/opt/rustwide/cargo-home/bin/cargo" "+1.99.0-beta.8" "test" "--frozen" "--no-run" "--message-format=json" "--release", kill_on_drop: false }`
[INFO] [stderr]    Compiling syn v3.0.3
[INFO] [stderr]    Compiling syn v2.0.100
[INFO] [stderr]    Compiling cfg-if v1.0.0
[INFO] [stderr]    Compiling stable_deref_trait v1.2.0
[INFO] [stderr]    Compiling smallvec v1.15.1
[INFO] [stderr]    Compiling serde_core v1.0.229
[INFO] [stderr]    Compiling memchr v2.7.4
[INFO] [stderr]    Compiling regex-syntax v0.8.2
[INFO] [stderr]    Compiling serde v1.0.229
[INFO] [stderr]    Compiling scopeguard v1.1.0
[INFO] [stderr]    Compiling libc v0.2.189
[INFO] [stderr]    Compiling itoa v1.0.17
[INFO] [stderr]    Compiling pin-project-lite v0.2.13
[INFO] [stderr]    Compiling tinyvec_macros v0.1.1
[INFO] [stderr]    Compiling slab v0.4.8
[INFO] [stderr]    Compiling fastrand v2.5.0
[INFO] [stderr]    Compiling tinyvec v1.6.0
[INFO] [stderr]    Compiling lock_api v0.4.13
[INFO] [stderr]    Compiling once_cell v1.21.4
[INFO] [stderr]    Compiling fnv v1.0.7
[INFO] [stderr]    Compiling writeable v0.5.5
[INFO] [stderr]    Compiling bitflags v2.4.0
[INFO] [stderr]    Compiling typenum v1.18.0
[INFO] [stderr]    Compiling futures-core v0.3.34
[INFO] [stderr]    Compiling parking_lot_core v0.9.11
[INFO] [stderr]    Compiling litemap v0.7.5
[INFO] [stderr]    Compiling gix-trace v0.3.0
[INFO] [stderr]    Compiling version_check v0.9.4
[INFO] [stderr]    Compiling futures-sink v0.3.34
[INFO] [stderr]    Compiling crossbeam-utils v0.8.15
[INFO] [stderr]    Compiling utf8_iter v1.0.4
[INFO] [stderr]    Compiling byteorder v1.5.0
[INFO] [stderr]    Compiling parking_lot v0.12.4
[INFO] [stderr]    Compiling icu_locid_transform_data v1.5.1
[INFO] [stderr]    Compiling same-file v1.0.6
[INFO] [stderr]    Compiling writeable v0.6.4
[INFO] [stderr]    Compiling hash32 v0.3.1
[INFO] [stderr]    Compiling prodash v31.0.1
[INFO] [stderr]    Compiling walkdir v2.3.3
[INFO] [stderr]    Compiling heapless v0.8.0
[INFO] [stderr]    Compiling generic-array v0.14.7
[INFO] [stderr]    Compiling aho-corasick v1.1.1
[INFO] [stderr]    Compiling gix-parallel v0.50.0
[INFO] [stderr]    Compiling icu_properties_data v1.5.1
[INFO] [stderr]    Compiling foldhash v0.2.0
[INFO] [stderr]    Compiling jiff-core v0.1.0
[INFO] [stderr]    Compiling log v0.4.27
[INFO] [stderr]    Compiling linux-raw-sys v0.12.1
[INFO] [stderr]    Compiling gix-utils v0.5.0
[INFO] [stderr]    Compiling faster-hex v0.10.1
[INFO] [stderr]    Compiling hashbrown v0.17.1
[INFO] [stderr]    Compiling getrandom v0.4.3
[INFO] [stderr]    Compiling unicode-normalization v0.1.22
[INFO] [stderr]    Compiling socket2 v0.6.5
[INFO] [stderr]    Compiling signal-hook-registry v1.4.1
[INFO] [stderr]    Compiling mio v1.2.2
[INFO] [stderr]    Compiling gix-fs v0.24.0
[INFO] [stderr]    Compiling rustix v1.1.4
[INFO] [stderr]    Compiling concurrent-queue v2.5.0
[INFO] [stderr]    Compiling jiff v0.2.35
[INFO] [stderr]    Compiling tracing-core v0.1.30
[INFO] [stderr]    Compiling icu_normalizer_data v1.5.1
[INFO] [stderr]    Compiling utf16_iter v1.0.5
[INFO] [stderr]    Compiling sha1dc v0.1.5
[INFO] [stderr]    Compiling equivalent v1.0.2
[INFO] [stderr]    Compiling litemap v0.8.3
[INFO] [stderr]    Compiling httparse v1.10.1
[INFO] [stderr]    Compiling icu_locale_fallback_data v2.3.0
[INFO] [stderr]    Compiling write16 v1.0.0
[INFO] [stderr]    Compiling parking v2.0.0
[INFO] [stderr]    Compiling hashbrown v0.16.0
[INFO] [stderr]    Compiling gix-hash v0.28.0
[INFO] [stderr]    Compiling block-buffer v0.10.4
[INFO] [stderr]    Compiling event-listener v5.4.1
[INFO] [stderr]    Compiling regex-automata v0.4.3
[INFO] [stderr]    Compiling crypto-common v0.1.6
[INFO] [stderr]    Compiling futures-channel v0.3.34
[INFO] [stderr]    Compiling futures-task v0.3.34
[INFO] [stderr]    Compiling atomic-waker v1.1.2
[INFO] [stderr]    Compiling anstyle v1.0.14
[INFO] [stderr]    Compiling httpdate v1.0.2
[INFO] [stderr]    Compiling try-lock v0.2.4
[INFO] [stderr]    Compiling utf8parse v0.2.2
[INFO] [stderr]    Compiling icu_segmenter_data v2.3.0
[INFO] [stderr]    Compiling want v0.3.0
[INFO] [stderr]    Compiling anstyle-parse v1.0.0
[INFO] [stderr]    Compiling event-listener-strategy v0.5.4
[INFO] [stderr]    Compiling indexmap v2.11.4
[INFO] [stderr]    Compiling gix-hashtable v0.18.0
[INFO] [stderr]    Compiling digest v0.10.7
[INFO] [stderr]    Compiling gix-tempfile v26.0.0
[INFO] [stderr]    Compiling zmij v1.0.21
[INFO] [stderr]    Compiling anstyle-query v1.0.0
[INFO] [stderr]    Compiling thiserror v2.0.18
[INFO] [stderr]    Compiling is_terminal_polyfill v1.70.2
[INFO] [stderr]    Compiling async-trait v0.1.67
[INFO] [stderr]    Compiling percent-encoding v2.3.2
[INFO] [stderr]    Compiling cpufeatures v0.2.17
[INFO] [stderr]    Compiling either v1.9.0
[INFO] [stderr]    Compiling tempfile v3.27.0
[INFO] [stderr]    Compiling synstructure v0.14.0
[INFO] [stderr]    Compiling colorchoice v1.0.0
[INFO] [stderr]    Compiling unicode-width v0.2.0
[INFO] [stderr]    Compiling pin-utils v0.1.0
[INFO] [stderr]    Compiling predicates-core v1.0.6
[INFO] [stderr]    Compiling anstream v1.0.0
[INFO] [stderr]    Compiling itertools v0.10.5
[INFO] [stderr]    Compiling form_urlencoded v1.2.2
[INFO] [stderr]    Compiling sha1 v0.10.6
[INFO] [stderr]    Compiling gix-lock v26.0.0
[INFO] [stderr]    Compiling gix-object v0.66.0
[INFO] [stderr]    Compiling async-lock v3.4.1
[INFO] [stderr]    Compiling memmap2 v0.9.11
[INFO] [stderr]    Compiling anstyle v0.3.5
[INFO] [stderr]    Compiling serde_json v1.0.154
[INFO] [stderr]    Compiling base64 v0.22.1
[INFO] [stderr]    Compiling strsim v0.11.1
[INFO] [stderr]    Compiling assert_cmd v2.2.2
[INFO] [stderr]    Compiling clap_lex v1.0.0
[INFO] [stderr]    Compiling mime v0.3.17
[INFO] [stderr]    Compiling difflib v0.4.0
[INFO] [stderr]    Compiling termtree v0.4.1
[INFO] [stderr]    Compiling tabwriter v1.4.1
[INFO] [stderr]    Compiling predicates-tree v1.0.9
[INFO] [stderr]    Compiling gix-glob v0.29.0
[INFO] [stderr]    Compiling gix-config-value v0.21.0
[INFO] [stderr]    Compiling wait-timeout v0.2.0
[INFO] [stderr]    Compiling gix-sec v0.16.0
[INFO] [stderr]    Compiling clap_builder v4.6.7
[INFO] [stderr]    Compiling path-tree v0.8.3
[INFO] [stderr]    Compiling async-object-pool v0.2.0
[INFO] [stderr]    Compiling unicode-bom v2.0.3
[INFO] [stderr]    Compiling stringmetrics v2.2.2
[INFO] [stderr]    Compiling smawk v0.3.2
[INFO] [stderr]    Compiling futures-io v0.3.34
[INFO] [stderr]    Compiling futures-timer v3.0.3
[INFO] [stderr]    Compiling similar v2.4.0
[INFO] [stderr]    Compiling lazy_static v1.4.0
[INFO] [stderr]    Compiling anyhow v1.0.104
[INFO] [stderr]    Compiling diffy v0.5.2
[INFO] [stderr]    Compiling which v8.0.6
[INFO] [stderr]    Compiling temp_testdir v0.2.3
[INFO] [stderr]    Compiling shlex v2.0.1
[INFO] [stderr]    Compiling gix-ref v0.69.0
[INFO] [stderr]    Compiling base64 v0.23.1
[INFO] [stderr]    Compiling predicates v3.0.1
[INFO] [stderr]    Compiling displaydoc v0.2.7
[INFO] [stderr]    Compiling serde_derive v1.0.229
[INFO] [stderr]    Compiling yoke-derive v0.8.4
[INFO] [stderr]    Compiling zerovec-derive v0.11.6
[INFO] [stderr]    Compiling tokio-macros v2.7.2
[INFO] [stderr]    Compiling futures-macro v0.3.34
[INFO] [stderr]    Compiling synstructure v0.13.2
[INFO] [stderr]    Compiling zerotrie v0.2.5
[INFO] [stderr]    Compiling bstr v1.12.0
[INFO] [stderr]    Compiling regex v1.10.2
[INFO] [stderr]    Compiling futures-util v0.3.34
[INFO] [stderr]    Compiling clap_derive v4.6.7
[INFO] [stderr]    Compiling gix-config v0.62.0
[INFO] [stderr]    Compiling gix-error v0.5.0
[INFO] [stderr]    Compiling zerofrom-derive v0.1.6
[INFO] [stderr]    Compiling yoke-derive v0.7.5
[INFO] [stderr]    Compiling zerovec-derive v0.10.3
[INFO] [stderr]    Compiling icu_provider_macros v1.5.0
[INFO] [stderr]    Compiling gix-validate v0.13.0
[INFO] [stderr]    Compiling tracing-attributes v0.1.30
[INFO] [stderr]    Compiling gix-date v0.18.0
[INFO] [stderr]    Compiling gix-path v0.14.0
[INFO] [stderr]    Compiling gix-actor v0.44.0
[INFO] [stderr]    Compiling thiserror-impl v2.0.18
[INFO] [stderr]    Compiling yare-macro v3.0.0
[INFO] [stderr]    Compiling zerofrom v0.1.6
[INFO] [stderr]    Compiling yoke v0.7.5
[INFO] [stderr]    Compiling yoke v0.8.3
[INFO] [stderr]    Compiling zerovec v0.10.4
[INFO] [stderr]    Compiling tracing v0.1.37
[INFO] [stderr]    Compiling zerovec v0.11.8
[INFO] [stderr]    Compiling yare v3.0.0
[INFO] [stderr]    Compiling futures v0.3.34
[INFO] [stderr]    Compiling clap v4.6.7
[INFO] [stderr]    Compiling tinystr v0.8.4
[INFO] [stderr]    Compiling potential_utf v0.1.6
[INFO] [stderr]    Compiling tinystr v0.7.6
[INFO] [stderr]    Compiling icu_collections v1.5.0
[INFO] [stderr]    Compiling icu_collections v2.3.0
[INFO] [stderr]    Compiling icu_locid v1.5.0
[INFO] [stderr]    Compiling bytes v1.4.0
[INFO] [stderr]    Compiling serde_regex v1.1.0
[INFO] [stderr]    Compiling assert-json-diff v2.0.2
[INFO] [stderr]    Compiling icu_locale_core v2.3.0
[INFO] [stderr]    Compiling http v1.1.0
[INFO] [stderr]    Compiling tokio v1.53.2
[INFO] [stderr]    Compiling icu_provider v1.5.0
[INFO] [stderr]    Compiling icu_locid_transform v1.5.0
[INFO] [stderr]    Compiling http-body v1.0.1
[INFO] [stderr]    Compiling headers-core v0.3.0
[INFO] [stderr]    Compiling parse_link_header v0.4.1
[INFO] [stderr]    Compiling headers v0.4.1
[INFO] [stderr]    Compiling http-body-util v0.1.3
[INFO] [stderr]    Compiling icu_provider v2.3.1
[INFO] [stderr]    Compiling icu_properties v1.5.1
[INFO] [stderr]    Compiling icu_locale_fallback v2.3.0
[INFO] [stderr]    Compiling icu_segmenter v2.3.0
[INFO] [stderr]    Compiling textwrap v0.16.4
[INFO] [stderr]    Compiling icu_normalizer v1.5.0
[INFO] [stderr]    Compiling idna_adapter v1.2.0
[INFO] [stderr]    Compiling idna v1.1.0
[INFO] [stderr]    Compiling url v2.5.8
[INFO] [stderr]    Compiling tokio-util v0.7.13
[INFO] [stderr]    Compiling h2 v0.4.12
[INFO] [stderr]    Compiling gh-difftool v1.3.0 (/opt/rustwide/workdir)
[INFO] [stderr]    Compiling hyper v1.7.0
[INFO] [stderr]    Compiling hyper-util v0.1.7
[INFO] [stderr]    Compiling httpmock v0.8.3
[INFO] [stderr]     Finished `release` profile [optimized] target(s) in 2m 55s
[INFO] running `Command { std: "docker" "inspect" "ed8e840f7b6e31a0a74d72793ebff918fa38482cf84dd5016b1870a42595ccd7", kill_on_drop: false }`
[INFO] running `Command { std: "docker" "exec" "-e" "SOURCE_DIR=/opt/rustwide/workdir" "-e" "CARGO_HOME=/opt/rustwide/cargo-home" "-e" "RUSTUP_HOME=/opt/rustwide/rustup-home" "-e" "CARGO_TARGET_DIR=/opt/rustwide/target" "-e" "CARGO_INCREMENTAL=0" "-e" "RUST_BACKTRACE=full" "-e" "RUSTFLAGS=--cap-lints=warn" "-e" "RUSTDOCFLAGS=--cap-lints=warn" "-w" "/opt/rustwide/workdir" "--user" "0:0" "ed8e840f7b6e31a0a74d72793ebff918fa38482cf84dd5016b1870a42595ccd7" "/opt/rustwide/cargo-home/bin/cargo" "+1.99.0-beta.8" "test" "--frozen" "--release", kill_on_drop: false }`
[INFO] [stderr]     Finished `release` profile [optimized] target(s) in 0.50s
[INFO] [stderr]      Running unittests src/main.rs (/opt/rustwide/target/release/deps/gh_difftool-2ca3d6f1e1426af3)
[INFO] [stdout] 
[INFO] [stdout] running 76 tests
[INFO] [stdout] test change_set::tests::no_patch ... ok
[INFO] [stdout] test change_set::tests::only_deleting_lines ... ok
[INFO] [stdout] test change_set::tests::rotate_to_files::middle ... ok
[INFO] [stdout] test change_set::tests::malformed_patch ... ok
[INFO] [stdout] test change_set::tests::skip_to_files::middle ... ok
[INFO] [stdout] test change_set::tests::reverse_apply ... ok
[INFO] [stdout] test change_set::tests::skip_to_non_existent_file_is_an_error ... ok
[INFO] [stdout] test change_set::tests::no_newline_at_end_of_file ... ok
[INFO] [stdout] test change_set::tests::rotate_to_non_existent_file_is_an_error ... ok
[INFO] [stdout] test change_set::tests::skip_to_files::last ... ok
[INFO] [stdout] test change_set::tests::submodule ... ok
[INFO] [stdout] test change_set::tests::fail_to_apply ... ok
[INFO] [stdout] test change_set::tests::file_removed ... ok
[INFO] [stdout] test change_set::tests::filter_files_from_changeset ... ok
[INFO] [stdout] test change_set::tests::skip_to_files::first ... ok
[INFO] [stdout] test gh_interface::tests::bad_json_for_current_pr ... ok
[INFO] [stdout] test change_set::tests::non_utf8_contents ... ok
[INFO] [stdout] test change_set::tests::one_change_parses ... ok
[INFO] [stdout] test gh_interface::tests::bad_json_for_current_repo ... ok
[INFO] [stdout] test gh_interface::tests::change_set_available ... ok
[INFO] [stdout] test change_set::tests::rotate_to_files::first ... ok
[INFO] [stdout] test change_set::tests::multiple_changes_parsed ... ok
[INFO] [stdout] test change_set::tests::bad_json_errors ... ok
[INFO] [stdout] test change_set::tests::rotate_to_files::last ... ok
[INFO] [stdout] test gh_interface::tests::current_pr_number_is_10 ... ok
[INFO] [stdout] test gh_interface::tests::bad_json ... ok
[INFO] [stdout] test gh_interface::tests::failure_running_gh_pr_command ... ok
[INFO] [stdout] test change_set::tests::empty_changeset_parses ... ok
[INFO] [stdout] test gh_interface::tests::failure_running_gh_repo_command ... ok
[INFO] [stdout] test gh_interface::tests::no_pr_change_set_available ... ok
[INFO] [stdout] test gh_interface::tests::repo_name_is_this_repo ... ok
[INFO] [stdout] test gh_interface::tests::single_change_available ... ok
[INFO] [stdout] test git_config::tests::finding_program::first_found ... ok
[INFO] [stdout] test gh_interface::tests::current_pr_number_is_8 ... ok
[INFO] [stdout] test gh_interface::tests::repo_name_is_foo_bar ... ok
[INFO] [stdout] test git_config::tests::found_git_dir_in_current_dir ... ok
[INFO] [stdout] test git_config::tests::found_git_dir_in_nested_dir ... ok
[INFO] [stdout] test git_config::tests::finding_program::second_found ... ok
[INFO] [stdout] test git_config::tests::finding_program::none_found_defaults_to_first ... ok
[INFO] [stdout] test git_config::tests::finding_program::last_found ... ok
[INFO] [stdout] test git_config::tests::lookup_known_tool::meld ... ok
[INFO] [stdout] test git_config::tests::lookup_known_tool::gvimdiff ... ok
[INFO] [stdout] test git_config::tests::relative_path ... ok
[INFO] [stdout] test gh_interface::tests::contents_of_cargo_toml ... FAILED
[INFO] [stdout] test gh_interface::tests::contents_of_submodule ... FAILED
[INFO] [stdout] test gh_interface::tests::contents_of_main ... FAILED
[INFO] [stdout] test report::tests::shortstat_formats_changes::aggregated ... ok
[INFO] [stdout] test report::tests::shortstat_formats_changes::deletions_only ... ok
[INFO] [stdout] test report::tests::name_only_writes_each_filename_on_its_own_line ... ok
[INFO] [stdout] test report::tests::shortstat_formats_changes::additions_only ... ok
[INFO] [stdout] test report::tests::shortstat_formats_changes::no_line_changes ... ok
[INFO] [stdout] test report::tests::shortstat_formats_changes::singular ... ok
[INFO] [stdout] test tests::name_only_and_shortstat_conflict ... ok
[INFO] [stdout] test report::tests::shortstat_formats_changes::empty ... ok
[INFO] [stdout] test tests::parse_pr_from_url::custom_1 ... ok
[INFO] [stdout] test tests::parse_pr_from_a_number::five ... FAILED
[INFO] [stdout] test tests::parse_pr_from_url::gh_difftool ... ok
[INFO] [stdout] test tests::pr_url_parsing_errors::domain_only ... ok
[INFO] [stdout] test tests::parse_pr_from_a_number::twelve ... FAILED
[INFO] [stdout] test tests::pr_url_parsing_errors::empty ... ok
[INFO] [stdout] test tests::pr_url_parsing_errors::not_a_url ... ok
[INFO] [stdout] test tests::pr_url_parsing_errors::pr_location_is_not_a_number ... ok
[INFO] [stdout] test tests::parse_pr_from_url::custom_2 ... ok
[INFO] [stdout] test tests::parse_pr_from_a_number::ten ... FAILED
[INFO] [stdout] test git_config::tests::getting_git_config ... ok
[INFO] [stdout] test git_config::tests::difftool_program_from_config_with_quotes ... ok
[INFO] [stdout] test git_config::tests::new_difftool::bc ... ok
[INFO] [stdout] test diff::tests::create_temp ... ok
[INFO] [stdout] test git_config::tests::difftool_program_from_config ... ok
[INFO] [stdout] test git_config::tests::new_difftool::madeup ... ok
[INFO] [stdout] test diff::tests::renamed_diff ... ok
[INFO] [stdout] test git_config::tests::difftool_from_config_overrides_local ... ok
[INFO] [stdout] test git_config::tests::difftool_cmd_from_config ... ok
[INFO] [stdout] test git_config::tests::found_difftool_in_config ... ok
[INFO] [stdout] test diff::tests::get_new_content ... FAILED
[INFO] [stdout] test diff::tests::getting_a_second_set_of_new_content ... FAILED
[INFO] [stdout] 
[INFO] [stdout] failures:
[INFO] [stdout] 
[INFO] [stdout] ---- gh_interface::tests::contents_of_cargo_toml stdout ----
[INFO] [stdout] 
[INFO] [stdout] thread 'gh_interface::tests::contents_of_cargo_toml' (4662) panicked at src/gh_interface.rs:672:42:
[INFO] [stdout] called `Result::unwrap()` on an `Err` value: No such file or directory (os error 2)
[INFO] [stdout] 
[INFO] [stdout] Stack backtrace:
[INFO] [stdout]    0: <unknown>
[INFO] [stdout]    1: <unknown>
[INFO] [stdout]    2: <unknown>
[INFO] [stdout]    3: <unknown>
[INFO] [stdout]    4: <unknown>
[INFO] [stdout]    5: <unknown>
[INFO] [stdout]    6: <unknown>
[INFO] [stdout]    7: <unknown>
[INFO] [stdout]    8: <unknown>
[INFO] [stdout]    9: <unknown>
[INFO] [stdout]   10: <unknown>
[INFO] [stdout]   11: clone
[INFO] [stdout] stack backtrace:
[INFO] [stderr] error: test failed, to rerun pass `--bin gh-difftool`
[INFO] [stdout]    0:     0x58eed88f7e25 - <unknown>
[INFO] [stdout]    1:     0x58eed87c1a44 - <unknown>
[INFO] [stdout]    2:     0x58eed88f74cb - <unknown>
[INFO] [stdout]    3:     0x58eed88f70c9 - <unknown>
[INFO] [stdout]    4:     0x58eed88f6d4a - <unknown>
[INFO] [stdout]    5:     0x58eed88f6883 - <unknown>
[INFO] [stdout]    6:     0x58eed891c8b1 - <unknown>
[INFO] [stdout]    7:     0x58eed891c869 - <unknown>
[INFO] [stdout]    8:     0x58eed891cd6c - <unknown>
[INFO] [stdout]    9:     0x58eed87c18db - <unknown>
[INFO] [stdout]   10:     0x58eed87c6301 - <unknown>
[INFO] [stdout]   11:     0x58eed875fd83 - <unknown>
[INFO] [stdout]   12:     0x58eed874ef5c - <unknown>
[INFO] [stdout]   13:     0x58eed87746e0 - <unknown>
[INFO] [stdout]   14:     0x58eed893baeb - <unknown>
[INFO] [stdout]   15:     0x58eed8937fd2 - <unknown>
[INFO] [stdout]   16:     0x58eed89377fc - <unknown>
[INFO] [stdout]   17:     0x58eed89507ec - <unknown>
[INFO] [stdout]   18:     0x58eed891e46a - <unknown>
[INFO] [stdout]   19:     0x73479b9fddfa - <unknown>
[INFO] [stdout]   20:     0x73479ba913d4 - clone
[INFO] [stdout]   21:                0x0 - <unknown>
[INFO] [stdout] 
[INFO] [stdout] ---- gh_interface::tests::contents_of_submodule stdout ----
[INFO] [stdout] 
[INFO] [stdout] thread 'gh_interface::tests::contents_of_submodule' (4664) panicked at /opt/rustwide/cargo-home/registry/src/index.crates.io-1949cf8c6b5b557f/httpmock-0.8.3/src/api/output.rs:21:17:
[INFO] [stdout] No request has been received by the mock server.
[INFO] [stdout] stack backtrace:
[INFO] [stdout]    0:     0x58eed88f7e25 - <unknown>
[INFO] [stdout]    1:     0x58eed87c1a44 - <unknown>
[INFO] [stdout]    2:     0x58eed88f74cb - <unknown>
[INFO] [stdout]    3:     0x58eed88f70c9 - <unknown>
[INFO] [stdout]    4:     0x58eed88f6d4a - <unknown>
[INFO] [stdout]    5:     0x58eed88f6883 - <unknown>
[INFO] [stdout]    6:     0x58eed891c8e2 - <unknown>
[INFO] [stdout]    7:     0x58eed891c869 - <unknown>
[INFO] [stdout]    8:     0x58eed891cd6c - <unknown>
[INFO] [stdout]    9:     0x58eed87c18db - <unknown>
[INFO] [stdout]   10:     0x58eed885fd88 - <unknown>
[INFO] [stdout]   11:     0x58eed8861242 - <unknown>
[INFO] [stdout]   12:     0x58eed875f236 - <unknown>
[INFO] [stdout]   13:     0x58eed874ef5c - <unknown>
[INFO] [stdout]   14:     0x58eed87745fd - <unknown>
[INFO] [stdout]   15:     0x58eed893baeb - <unknown>
[INFO] [stdout]   16:     0x58eed8937fd2 - <unknown>
[INFO] [stdout]   17:     0x58eed89377fc - <unknown>
[INFO] [stdout]   18:     0x58eed89507ec - <unknown>
[INFO] [stdout]   19:     0x58eed891e46a - <unknown>
[INFO] [stdout]   20:     0x73479b9fddfa - <unknown>
[INFO] [stdout]   21:     0x73479ba913d4 - clone
[INFO] [stdout]   22:                0x0 - <unknown>
[INFO] [stdout] 
[INFO] [stdout] ---- gh_interface::tests::contents_of_main stdout ----
[INFO] [stdout] 
[INFO] [stdout] thread 'gh_interface::tests::contents_of_main' (4663) panicked at src/gh_interface.rs:700:42:
[INFO] [stdout] called `Result::unwrap()` on an `Err` value: No such file or directory (os error 2)
[INFO] [stdout] 
[INFO] [stdout] Stack backtrace:
[INFO] [stdout]    0: <unknown>
[INFO] [stdout]    1: <unknown>
[INFO] [stdout]    2: <unknown>
[INFO] [stdout]    3: <unknown>
[INFO] [stdout]    4: <unknown>
[INFO] [stdout]    5: <unknown>
[INFO] [stdout]    6: <unknown>
[INFO] [stdout]    7: <unknown>
[INFO] [stdout]    8: <unknown>
[INFO] [stdout]    9: <unknown>
[INFO] [stdout]   10: <unknown>
[INFO] [stdout]   11: clone
[INFO] [stdout] stack backtrace:
[INFO] [stdout]    0:     0x58eed88f7e25 - <unknown>
[INFO] [stdout]    1:     0x58eed87c1a44 - <unknown>
[INFO] [stdout]    2:     0x58eed88f74cb - <unknown>
[INFO] [stdout]    3:     0x58eed88f70c9 - <unknown>
[INFO] [stdout]    4:     0x58eed88f6d4a - <unknown>
[INFO] [stdout]    5:     0x58eed88f6883 - <unknown>
[INFO] [stdout]    6:     0x58eed891c8b1 - <unknown>
[INFO] [stdout]    7:     0x58eed891c869 - <unknown>
[INFO] [stdout]    8:     0x58eed891cd6c - <unknown>
[INFO] [stdout]    9:     0x58eed87c18db - <unknown>
[INFO] [stdout]   10:     0x58eed87c6301 - <unknown>
[INFO] [stdout]   11:     0x58eed875e8b9 - <unknown>
[INFO] [stdout]   12:     0x58eed874ef5c - <unknown>
[INFO] [stdout]   13:     0x58eed8773e10 - <unknown>
[INFO] [stdout]   14:     0x58eed893baeb - <unknown>
[INFO] [stdout]   15:     0x58eed8937fd2 - <unknown>
[INFO] [stdout]   16:     0x58eed89377fc - <unknown>
[INFO] [stdout]   17:     0x58eed89507ec - <unknown>
[INFO] [stdout]   18:     0x58eed891e46a - <unknown>
[INFO] [stdout]   19:     0x73479b9fddfa - <unknown>
[INFO] [stdout]   20:     0x73479ba913d4 - clone
[INFO] [stdout]   21:                0x0 - <unknown>
[INFO] [stdout] 
[INFO] [stdout] ---- tests::parse_pr_from_a_number::five stdout ----
[INFO] [stdout] 
[INFO] [stdout] thread 'tests::parse_pr_from_a_number::five' (4705) panicked at src/main.rs:257:43:
[INFO] [stdout] called `Result::unwrap()` on an `Err` value: No such file or directory (os error 2)
[INFO] [stdout] 
[INFO] [stdout] Stack backtrace:
[INFO] [stdout]    0: <unknown>
[INFO] [stdout]    1: <unknown>
[INFO] [stdout]    2: <unknown>
[INFO] [stdout]    3: <unknown>
[INFO] [stdout]    4: <unknown>
[INFO] [stdout]    5: <unknown>
[INFO] [stdout]    6: <unknown>
[INFO] [stdout]    7: <unknown>
[INFO] [stdout]    8: <unknown>
[INFO] [stdout]    9: clone
[INFO] [stdout] stack backtrace:
[INFO] [stdout]    0:     0x58eed88f7e25 - <unknown>
[INFO] [stdout]    1:     0x58eed87c1a44 - <unknown>
[INFO] [stdout]    2:     0x58eed88f74cb - <unknown>
[INFO] [stdout]    3:     0x58eed88f70c9 - <unknown>
[INFO] [stdout]    4:     0x58eed88f6d4a - <unknown>
[INFO] [stdout]    5:     0x58eed88f6883 - <unknown>
[INFO] [stdout]    6:     0x58eed891c8b1 - <unknown>
[INFO] [stdout]    7:     0x58eed891c869 - <unknown>
[INFO] [stdout]    8:     0x58eed891cd6c - <unknown>
[INFO] [stdout]    9:     0x58eed87c18db - <unknown>
[INFO] [stdout]   10:     0x58eed87c6301 - <unknown>
[INFO] [stdout]   11:     0x58eed8776be5 - <unknown>
[INFO] [stdout]   12:     0x58eed893baeb - <unknown>
[INFO] [stdout]   13:     0x58eed8937fd2 - <unknown>
[INFO] [stdout]   14:     0x58eed89377fc - <unknown>
[INFO] [stdout]   15:     0x58eed89507ec - <unknown>
[INFO] [stdout]   16:     0x58eed891e46a - <unknown>
[INFO] [stdout]   17:     0x73479b9fddfa - <unknown>
[INFO] [stdout]   18:     0x73479ba913d4 - clone
[INFO] [stdout]   19:                0x0 - <unknown>
[INFO] [stdout] 
[INFO] [stdout] ---- tests::parse_pr_from_a_number::twelve stdout ----
[INFO] [stdout] 
[INFO] [stdout] thread 'tests::parse_pr_from_a_number::twelve' (4708) panicked at src/main.rs:257:43:
[INFO] [stdout] called `Result::unwrap()` on an `Err` value: No such file or directory (os error 2)
[INFO] [stdout] 
[INFO] [stdout] Stack backtrace:
[INFO] [stdout]    0: <unknown>
[INFO] [stdout]    1: <unknown>
[INFO] [stdout]    2: <unknown>
[INFO] [stdout]    3: <unknown>
[INFO] [stdout]    4: <unknown>
[INFO] [stdout]    5: <unknown>
[INFO] [stdout]    6: <unknown>
[INFO] [stdout]    7: <unknown>
[INFO] [stdout]    8: <unknown>
[INFO] [stdout]    9: clone
[INFO] [stdout] stack backtrace:
[INFO] [stdout]    0:     0x58eed88f7e25 - <unknown>
[INFO] [stdout]    1:     0x58eed87c1a44 - <unknown>
[INFO] [stdout]    2:     0x58eed88f74cb - <unknown>
[INFO] [stdout]    3:     0x58eed88f70c9 - <unknown>
[INFO] [stdout]    4:     0x58eed88f6d4a - <unknown>
[INFO] [stdout]    5:     0x58eed88f6883 - <unknown>
[INFO] [stdout]    6:     0x58eed891c8b1 - <unknown>
[INFO] [stdout]    7:     0x58eed891c869 - <unknown>
[INFO] [stdout]    8:     0x58eed891cd6c - <unknown>
[INFO] [stdout]    9:     0x58eed87c18db - <unknown>
[INFO] [stdout]   10:     0x58eed87c6301 - <unknown>
[INFO] [stdout]   11:     0x58eed8776d09 - <unknown>
[INFO] [stdout]   12:     0x58eed893baeb - <unknown>
[INFO] [stdout]   13:     0x58eed8937fd2 - <unknown>
[INFO] [stdout]   14:     0x58eed89377fc - <unknown>
[INFO] [stdout]   15:     0x58eed89507ec - <unknown>
[INFO] [stdout]   16:     0x58eed891e46a - <unknown>
[INFO] [stdout]   17:     0x73479b9fddfa - <unknown>
[INFO] [stdout]   18:     0x73479ba913d4 - clone
[INFO] [stdout]   19:                0x0 - <unknown>
[INFO] [stdout] 
[INFO] [stdout] ---- tests::parse_pr_from_a_number::ten stdout ----
[INFO] [stdout] 
[INFO] [stdout] thread 'tests::parse_pr_from_a_number::ten' (4706) panicked at src/main.rs:257:43:
[INFO] [stdout] called `Result::unwrap()` on an `Err` value: No such file or directory (os error 2)
[INFO] [stdout] 
[INFO] [stdout] Stack backtrace:
[INFO] [stdout]    0: <unknown>
[INFO] [stdout]    1: <unknown>
[INFO] [stdout]    2: <unknown>
[INFO] [stdout]    3: <unknown>
[INFO] [stdout]    4: <unknown>
[INFO] [stdout]    5: <unknown>
[INFO] [stdout]    6: <unknown>
[INFO] [stdout]    7: <unknown>
[INFO] [stdout]    8: <unknown>
[INFO] [stdout]    9: clone
[INFO] [stdout] stack backtrace:
[INFO] [stdout]    0:     0x58eed88f7e25 - <unknown>
[INFO] [stdout]    1:     0x58eed87c1a44 - <unknown>
[INFO] [stdout]    2:     0x58eed88f74cb - <unknown>
[INFO] [stdout]    3:     0x58eed88f70c9 - <unknown>
[INFO] [stdout]    4:     0x58eed88f6d4a - <unknown>
[INFO] [stdout]    5:     0x58eed88f6883 - <unknown>
[INFO] [stdout]    6:     0x58eed891c8b1 - <unknown>
[INFO] [stdout]    7:     0x58eed891c869 - <unknown>
[INFO] [stdout]    8:     0x58eed891cd6c - <unknown>
[INFO] [stdout]    9:     0x58eed87c18db - <unknown>
[INFO] [stdout]   10:     0x58eed87c6301 - <unknown>
[INFO] [stdout]   11:     0x58eed8776ac1 - <unknown>
[INFO] [stdout]   12:     0x58eed893baeb - <unknown>
[INFO] [stdout]   13:     0x58eed8937fd2 - <unknown>
[INFO] [stdout]   14:     0x58eed89377fc - <unknown>
[INFO] [stdout]   15:     0x58eed89507ec - <unknown>
[INFO] [stdout]   16:     0x58eed891e46a - <unknown>
[INFO] [stdout]   17:     0x73479b9fddfa - <unknown>
[INFO] [stdout]   18:     0x73479ba913d4 - clone
[INFO] [stdout]   19:                0x0 - <unknown>
[INFO] [stdout] 
[INFO] [stdout] ---- diff::tests::get_new_content stdout ----
[INFO] [stdout] 
[INFO] [stdout] thread 'diff::tests::get_new_content' (4654) panicked at src/diff.rs:200:62:
[INFO] [stdout] called `Result::unwrap()` on an `Err` value: No such file or directory (os error 2)
[INFO] [stdout] 
[INFO] [stdout] Stack backtrace:
[INFO] [stdout]    0: <unknown>
[INFO] [stdout]    1: <unknown>
[INFO] [stdout]    2: <unknown>
[INFO] [stdout]    3: <unknown>
[INFO] [stdout]    4: <unknown>
[INFO] [stdout]    5: <unknown>
[INFO] [stdout]    6: <unknown>
[INFO] [stdout]    7: <unknown>
[INFO] [stdout]    8: <unknown>
[INFO] [stdout]    9: <unknown>
[INFO] [stdout]   10: <unknown>
[INFO] [stdout]   11: <unknown>
[INFO] [stdout]   12: clone
[INFO] [stdout] stack backtrace:
[INFO] [stdout]    0:     0x58eed88f7e25 - <unknown>
[INFO] [stdout]    1:     0x58eed87c1a44 - <unknown>
[INFO] [stdout]    2:     0x58eed88f74cb - <unknown>
[INFO] [stdout]    3:     0x58eed88f70c9 - <unknown>
[INFO] [stdout]    4:     0x58eed88f6d4a - <unknown>
[INFO] [stdout]    5:     0x58eed88f6883 - <unknown>
[INFO] [stdout]    6:     0x58eed891c8b1 - <unknown>
[INFO] [stdout]    7:     0x58eed891c869 - <unknown>
[INFO] [stdout]    8:     0x58eed891cd6c - <unknown>
[INFO] [stdout]    9:     0x58eed87c18db - <unknown>
[INFO] [stdout]   10:     0x58eed87c6301 - <unknown>
[INFO] [stdout]   11:     0x58eed87609fd - <unknown>
[INFO] [stdout]   12:     0x58eed874ef5c - <unknown>
[INFO] [stdout]   13:     0x58eed87763c5 - <unknown>
[INFO] [stdout]   14:     0x58eed893baeb - <unknown>
[INFO] [stdout]   15:     0x58eed8937fd2 - <unknown>
[INFO] [stdout]   16:     0x58eed89377fc - <unknown>
[INFO] [stdout]   17:     0x58eed89507ec - <unknown>
[INFO] [stdout]   18:     0x58eed891e46a - <unknown>
[INFO] [stdout]   19:     0x73479b9fddfa - <unknown>
[INFO] [stdout]   20:     0x73479ba913d4 - clone
[INFO] [stdout]   21:                0x0 - <unknown>
[INFO] [stdout] 
[INFO] [stdout] ---- diff::tests::getting_a_second_set_of_new_content stdout ----
[INFO] [stdout] 
[INFO] [stdout] thread 'diff::tests::getting_a_second_set_of_new_content' (4655) panicked at src/diff.rs:235:62:
[INFO] [stdout] called `Result::unwrap()` on an `Err` value: No such file or directory (os error 2)
[INFO] [stdout] 
[INFO] [stdout] Stack backtrace:
[INFO] [stdout]    0: <unknown>
[INFO] [stdout]    1: <unknown>
[INFO] [stdout]    2: <unknown>
[INFO] [stdout]    3: <unknown>
[INFO] [stdout]    4: <unknown>
[INFO] [stdout]    5: <unknown>
[INFO] [stdout]    6: <unknown>
[INFO] [stdout]    7: <unknown>
[INFO] [stdout]    8: <unknown>
[INFO] [stdout]    9: <unknown>
[INFO] [stdout]   10: <unknown>
[INFO] [stdout]   11: <unknown>
[INFO] [stdout]   12: clone
[INFO] [stdout] stack backtrace:
[INFO] [stdout]    0:     0x58eed88f7e25 - <unknown>
[INFO] [stdout]    1:     0x58eed87c1a44 - <unknown>
[INFO] [stdout]    2:     0x58eed88f74cb - <unknown>
[INFO] [stdout]    3:     0x58eed88f70c9 - <unknown>
[INFO] [stdout]    4:     0x58eed88f6d4a - <unknown>
[INFO] [stdout]    5:     0x58eed88f6883 - <unknown>
[INFO] [stdout]    6:     0x58eed891c8b1 - <unknown>
[INFO] [stdout]    7:     0x58eed891c869 - <unknown>
[INFO] [stdout]    8:     0x58eed891cd6c - <unknown>
[INFO] [stdout]    9:     0x58eed87c18db - <unknown>
[INFO] [stdout]   10:     0x58eed87c6301 - <unknown>
[INFO] [stdout]   11:     0x58eed87617ed - <unknown>
[INFO] [stdout]   12:     0x58eed874ef5c - <unknown>
[INFO] [stdout]   13:     0x58eed87764a8 - <unknown>
[INFO] [stdout]   14:     0x58eed893baeb - <unknown>
[INFO] [stdout]   15:     0x58eed8937fd2 - <unknown>
[INFO] [stdout]   16:     0x58eed89377fc - <unknown>
[INFO] [stdout]   17:     0x58eed89507ec - <unknown>
[INFO] [stdout]   18:     0x58eed891e46a - <unknown>
[INFO] [stdout]   19:     0x73479b9fddfa - <unknown>
[INFO] [stdout]   20:     0x73479ba913d4 - clone
[INFO] [stdout]   21:                0x0 - <unknown>
[INFO] [stdout] 
[INFO] [stdout] 
[INFO] [stdout] failures:
[INFO] [stdout]     diff::tests::get_new_content
[INFO] [stdout]     diff::tests::getting_a_second_set_of_new_content
[INFO] [stdout]     gh_interface::tests::contents_of_cargo_toml
[INFO] [stdout]     gh_interface::tests::contents_of_main
[INFO] [stdout]     gh_interface::tests::contents_of_submodule
[INFO] [stdout]     tests::parse_pr_from_a_number::five
[INFO] [stdout]     tests::parse_pr_from_a_number::ten
[INFO] [stdout]     tests::parse_pr_from_a_number::twelve
[INFO] [stdout] 
[INFO] [stdout] test result: FAILED. 68 passed; 8 failed; 0 ignored; 0 measured; 0 filtered out; finished in 0.03s
[INFO] [stdout] 
[INFO] running `Command { std: "docker" "inspect" "ed8e840f7b6e31a0a74d72793ebff918fa38482cf84dd5016b1870a42595ccd7", kill_on_drop: false }`
[INFO] running `Command { std: "docker" "rm" "-f" "ed8e840f7b6e31a0a74d72793ebff918fa38482cf84dd5016b1870a42595ccd7", kill_on_drop: false }`
[INFO] [stdout] ed8e840f7b6e31a0a74d72793ebff918fa38482cf84dd5016b1870a42595ccd7
