[INFO] cloning repository https://github.com/sovereign-shovels/claude-vault
[INFO] running `Command { std: "git" "-c" "credential.helper=" "-c" "credential.helper=/workspace/cargo-home/bin/git-credential-null" "clone" "--bare" "https://github.com/sovereign-shovels/claude-vault" "/workspace/cache/git-repos/https%3A%2F%2Fgithub.com%2Fsovereign-shovels%2Fclaude-vault", kill_on_drop: false }`
[INFO] [stderr] Cloning into bare repository '/workspace/cache/git-repos/https%3A%2F%2Fgithub.com%2Fsovereign-shovels%2Fclaude-vault'...
[INFO] running `Command { std: "git" "rev-parse" "HEAD", kill_on_drop: false }`
[INFO] [stdout] dabeba80051346bb61fd6f37a57109928f2c7441
[INFO] testing sovereign-shovels/claude-vault against 1.100.0-beta.1+cargoflags=--release for beta-release-1.100-2
[INFO] running `Command { std: "git" "clone" "/workspace/cache/git-repos/https%3A%2F%2Fgithub.com%2Fsovereign-shovels%2Fclaude-vault" "/workspace/builds/worker-6-tc2/source", kill_on_drop: false }`
[INFO] [stderr] Cloning into '/workspace/builds/worker-6-tc2/source'...
[INFO] [stderr] done.
[INFO] started tweaking git repo https://github.com/sovereign-shovels/claude-vault
[INFO] finished tweaking git repo https://github.com/sovereign-shovels/claude-vault
[INFO] tweaked toml for git repo https://github.com/sovereign-shovels/claude-vault written to /workspace/builds/worker-6-tc2/source/Cargo.toml
[INFO] validating manifest of git repo https://github.com/sovereign-shovels/claude-vault on toolchain 1.100.0-beta.1
[INFO] running `Command { std: CARGO_HOME="/workspace/cargo-home" RUSTUP_HOME="/workspace/rustup-home" "/workspace/cargo-home/bin/cargo" "+1.100.0-beta.1" "metadata" "--manifest-path" "Cargo.toml" "--no-deps", kill_on_drop: false }`
[INFO] crate git repo https://github.com/sovereign-shovels/claude-vault already has a lockfile, it will not be regenerated
[INFO] running `Command { std: CARGO_HOME="/workspace/cargo-home" RUSTUP_HOME="/workspace/rustup-home" "/workspace/cargo-home/bin/cargo" "+1.100.0-beta.1" "fetch" "--manifest-path" "Cargo.toml", kill_on_drop: false }`
[INFO] running `Command { std: "docker" "create" "-v" "/var/lib/crater-agent-workspace/builds/worker-6-tc2/source:/opt/rustwide/workdir:ro,Z" "-v" "/var/lib/crater-agent-workspace/builds/worker-6-tc2/target:/opt/rustwide/target:rw,Z" "-v" "/var/lib/crater-agent-workspace/cargo-home:/opt/rustwide/cargo-home:ro,Z" "-v" "/var/lib/crater-agent-workspace/rustup-home:/opt/rustwide/rustup-home:ro,Z" "-m" "1610612736" "--network" "none" "ghcr.io/rust-lang/crates-build-env/linux@sha256:77db811e55d90add9212f6832c23229e3de5f1c1f9905e8cb07319ea15df73ac" "sleep" "infinity", kill_on_drop: false }`
[INFO] [stdout] e943e501f5289e31ff56b6a00999fea9571123246e62056fed471b409a0b395b
[INFO] running `Command { std: "docker" "start" "e943e501f5289e31ff56b6a00999fea9571123246e62056fed471b409a0b395b", kill_on_drop: false }`
[INFO] running `Command { std: "docker" "inspect" "e943e501f5289e31ff56b6a00999fea9571123246e62056fed471b409a0b395b", kill_on_drop: false }`
[INFO] running `Command { std: "docker" "exec" "-e" "SOURCE_DIR=/opt/rustwide/workdir" "-e" "CARGO_HOME=/opt/rustwide/cargo-home" "-e" "RUSTUP_HOME=/opt/rustwide/rustup-home" "-e" "CARGO_TARGET_DIR=/opt/rustwide/target" "-w" "/opt/rustwide/workdir" "--user" "0:0" "e943e501f5289e31ff56b6a00999fea9571123246e62056fed471b409a0b395b" "/opt/rustwide/cargo-home/bin/cargo" "+1.100.0-beta.1" "metadata" "--no-deps" "--format-version=1", kill_on_drop: false }`
[INFO] running `Command { std: "docker" "inspect" "e943e501f5289e31ff56b6a00999fea9571123246e62056fed471b409a0b395b", kill_on_drop: false }`
[INFO] running `Command { std: "docker" "exec" "-e" "SOURCE_DIR=/opt/rustwide/workdir" "-e" "CARGO_HOME=/opt/rustwide/cargo-home" "-e" "RUSTUP_HOME=/opt/rustwide/rustup-home" "-e" "CARGO_TARGET_DIR=/opt/rustwide/target" "-e" "CARGO_INCREMENTAL=0" "-e" "RUST_BACKTRACE=full" "-e" "RUSTFLAGS=--cap-lints=warn" "-e" "RUSTDOCFLAGS=--cap-lints=warn" "-w" "/opt/rustwide/workdir" "--user" "0:0" "e943e501f5289e31ff56b6a00999fea9571123246e62056fed471b409a0b395b" "/opt/rustwide/cargo-home/bin/cargo" "+1.100.0-beta.1" "build" "--frozen" "--message-format=json" "--release", kill_on_drop: false }`
[INFO] [stderr]    Compiling proc-macro2 v1.0.106
[INFO] [stderr]    Compiling quote v1.0.45
[INFO] [stderr]    Compiling unicode-ident v1.0.24
[INFO] [stderr]    Compiling serde_core v1.0.228
[INFO] [stderr]    Compiling zerocopy v0.8.48
[INFO] [stderr]    Compiling serde v1.0.228
[INFO] [stderr]    Compiling cfg-if v1.0.4
[INFO] [stderr]    Compiling version_check v0.9.5
[INFO] [stderr]    Compiling libc v0.2.186
[INFO] [stderr]    Compiling shlex v1.3.0
[INFO] [stderr]    Compiling find-msvc-tools v0.1.9
[INFO] [stderr]    Compiling autocfg v1.5.0
[INFO] [stderr]    Compiling utf8parse v0.2.2
[INFO] [stderr]    Compiling vcpkg v0.2.15
[INFO] [stderr]    Compiling pkg-config v0.3.33
[INFO] [stderr]    Compiling once_cell v1.21.4
[INFO] [stderr]    Compiling anstyle-parse v1.0.0
[INFO] [stderr]    Compiling equivalent v1.0.2
[INFO] [stderr]    Compiling anstyle-query v1.1.5
[INFO] [stderr]    Compiling is_terminal_polyfill v1.70.2
[INFO] [stderr]    Compiling hashbrown v0.17.1
[INFO] [stderr]    Compiling anstyle v1.0.14
[INFO] [stderr]    Compiling colorchoice v1.0.5
[INFO] [stderr]    Compiling cc v1.2.62
[INFO] [stderr]    Compiling getrandom v0.4.2
[INFO] [stderr]    Compiling zmij v1.0.21
[INFO] [stderr]    Compiling option-ext v0.2.0
[INFO] [stderr]    Compiling heck v0.5.0
[INFO] [stderr]    Compiling anyhow v1.0.102
[INFO] [stderr]    Compiling ahash v0.8.12
[INFO] [stderr]    Compiling clap_lex v1.1.0
[INFO] [stderr]    Compiling toml_write v0.1.2
[INFO] [stderr]    Compiling num-traits v0.2.19
[INFO] [stderr]    Compiling strsim v0.11.1
[INFO] [stderr]    Compiling serde_json v1.0.149
[INFO] [stderr]    Compiling winnow v0.7.15
[INFO] [stderr]    Compiling anstream v1.0.0
[INFO] [stderr]    Compiling fallible-iterator v0.3.0
[INFO] [stderr]    Compiling memchr v2.8.0
[INFO] [stderr]    Compiling smallvec v1.15.1
[INFO] [stderr]    Compiling clap_builder v4.6.0
[INFO] [stderr]    Compiling iana-time-zone v0.1.65
[INFO] [stderr]    Compiling itoa v1.0.18
[INFO] [stderr]    Compiling bitflags v2.11.1
[INFO] [stderr]    Compiling fallible-streaming-iterator v0.1.9
[INFO] [stderr]    Compiling indexmap v2.14.0
[INFO] [stderr]    Compiling syn v2.0.117
[INFO] [stderr]    Compiling libsqlite3-sys v0.30.1
[INFO] [stderr]    Compiling chrono v0.4.44
[INFO] [stderr]    Compiling dirs-sys v0.4.1
[INFO] [stderr]    Compiling uuid v1.23.1
[INFO] [stderr]    Compiling dirs v5.0.1
[INFO] [stderr]    Compiling serde_derive v1.0.228
[INFO] [stderr]    Compiling clap_derive v4.6.1
[INFO] [stderr]    Compiling clap v4.6.1
[INFO] [stderr]    Compiling hashbrown v0.14.5
[INFO] [stderr]    Compiling serde_spanned v0.6.9
[INFO] [stderr]    Compiling toml_datetime v0.6.11
[INFO] [stderr]    Compiling hashlink v0.9.1
[INFO] [stderr]    Compiling toml_edit v0.22.27
[INFO] [stderr]    Compiling toml v0.8.23
[INFO] [stderr]    Compiling rusqlite v0.32.1
[INFO] [stderr]    Compiling claude-vault v0.1.0 (/opt/rustwide/workdir)
[INFO] [stderr]     Finished `release` profile [optimized] target(s) in 1m 55s
[INFO] running `Command { std: "docker" "inspect" "e943e501f5289e31ff56b6a00999fea9571123246e62056fed471b409a0b395b", kill_on_drop: false }`
[INFO] running `Command { std: "docker" "exec" "-e" "SOURCE_DIR=/opt/rustwide/workdir" "-e" "CARGO_HOME=/opt/rustwide/cargo-home" "-e" "RUSTUP_HOME=/opt/rustwide/rustup-home" "-e" "CARGO_TARGET_DIR=/opt/rustwide/target" "-e" "CARGO_INCREMENTAL=0" "-e" "RUST_BACKTRACE=full" "-e" "RUSTFLAGS=--cap-lints=warn" "-e" "RUSTDOCFLAGS=--cap-lints=warn" "-w" "/opt/rustwide/workdir" "--user" "0:0" "e943e501f5289e31ff56b6a00999fea9571123246e62056fed471b409a0b395b" "/opt/rustwide/cargo-home/bin/cargo" "+1.100.0-beta.1" "test" "--frozen" "--no-run" "--message-format=json" "--release", kill_on_drop: false }`
[INFO] [stderr]    Compiling claude-vault v0.1.0 (/opt/rustwide/workdir)
[INFO] [stdout] warning: unused import: `std::path::PathBuf`
[INFO] [stdout]    --> src/db.rs:201:9
[INFO] [stdout]     |
[INFO] [stdout] 201 |     use std::path::PathBuf;
[INFO] [stdout]     |         ^^^^^^^^^^^^^^^^^^
[INFO] [stdout]     |
[INFO] [stdout]     = note: `#[warn(unused_imports)]` (part of `#[warn(unused)]`) on by default
[INFO] [stdout] 
[INFO] [stdout] 
[INFO] [stderr]     Finished `release` profile [optimized] target(s) in 11.44s
[INFO] running `Command { std: "docker" "inspect" "e943e501f5289e31ff56b6a00999fea9571123246e62056fed471b409a0b395b", kill_on_drop: false }`
[INFO] running `Command { std: "docker" "exec" "-e" "SOURCE_DIR=/opt/rustwide/workdir" "-e" "CARGO_HOME=/opt/rustwide/cargo-home" "-e" "RUSTUP_HOME=/opt/rustwide/rustup-home" "-e" "CARGO_TARGET_DIR=/opt/rustwide/target" "-e" "CARGO_INCREMENTAL=0" "-e" "RUST_BACKTRACE=full" "-e" "RUSTFLAGS=--cap-lints=warn" "-e" "RUSTDOCFLAGS=--cap-lints=warn" "-w" "/opt/rustwide/workdir" "--user" "0:0" "e943e501f5289e31ff56b6a00999fea9571123246e62056fed471b409a0b395b" "/opt/rustwide/cargo-home/bin/cargo" "+1.100.0-beta.1" "test" "--frozen" "--release", kill_on_drop: false }`
[INFO] [stderr] warning: unused import: `std::path::PathBuf`
[INFO] [stderr]    --> src/db.rs:201:9
[INFO] [stderr]     |
[INFO] [stderr] 201 |     use std::path::PathBuf;
[INFO] [stderr]     |         ^^^^^^^^^^^^^^^^^^
[INFO] [stderr]     |
[INFO] [stderr]     = note: `#[warn(unused_imports)]` (part of `#[warn(unused)]`) on by default
[INFO] [stderr] 
[INFO] [stderr] warning: `claude-vault` (bin "claude-vault" test) generated 1 warning (run `cargo fix --bin "claude-vault" -p claude-vault --tests` to apply 1 suggestion)
[INFO] [stderr]     Finished `release` profile [optimized] target(s) in 0.15s
[INFO] [stderr]      Running unittests src/main.rs (/opt/rustwide/target/release/build/claude-vault/e334f593fa9b5162/out/claude_vault-e334f593fa9b5162)
[INFO] [stdout] 
[INFO] [stdout] running 2 tests
[INFO] [stdout] test db::tests::test_tags ... FAILED
[INFO] [stderr] error: test failed, to rerun pass `--bin claude-vault`
[INFO] [stdout] test db::tests::test_insert_and_search ... FAILED
[INFO] [stdout] 
[INFO] [stdout] failures:
[INFO] [stdout] 
[INFO] [stdout] ---- db::tests::test_tags stdout ----
[INFO] [stdout] 
[INFO] [stdout] thread 'db::tests::test_tags' (1200) panicked at src/db.rs:206:27:
[INFO] [stdout] called `Result::unwrap()` on an `Err` value: attempt to write a readonly database
[INFO] [stdout] 
[INFO] [stdout] Caused by:
[INFO] [stdout]     Error code 1032: Database cannot be modified because database file has moved
[INFO] [stdout] 
[INFO] [stdout] Stack backtrace:
[INFO] [stdout]    0: <unknown>
[INFO] [stdout]    1: <unknown>
[INFO] [stdout]    2: <unknown>
[INFO] [stdout]    3: <unknown>
[INFO] [stdout]    4: <unknown>
[INFO] [stdout]    5: <unknown>
[INFO] [stdout]    6: <unknown>
[INFO] [stdout]    7: <unknown>
[INFO] [stdout]    8: <unknown>
[INFO] [stdout]    9: clone
[INFO] [stdout] stack backtrace:
[INFO] [stdout]    0:     0x620b06869ef5 - <unknown>
[INFO] [stdout]    1:     0x620b0685009a - <unknown>
[INFO] [stdout]    2:     0x620b0686958b - <unknown>
[INFO] [stdout]    3:     0x620b0686906f - <unknown>
[INFO] [stdout]    4:     0x620b06868c9a - <unknown>
[INFO] [stdout]    5:     0x620b068687d5 - <unknown>
[INFO] [stdout]    6:     0x620b0688f601 - <unknown>
[INFO] [stdout]    7:     0x620b0688f5b9 - <unknown>
[INFO] [stdout]    8:     0x620b0688fabc - <unknown>
[INFO] [stdout]    9:     0x620b0684ff2b - <unknown>
[INFO] [stdout]   10:     0x620b068533d1 - <unknown>
[INFO] [stdout]   11:     0x620b0684e0b5 - <unknown>
[INFO] [stdout]   12:     0x620b0684e9b1 - <unknown>
[INFO] [stdout]   13:     0x620b068a880b - <unknown>
[INFO] [stdout]   14:     0x620b068a3c6f - <unknown>
[INFO] [stdout]   15:     0x620b068a36ec - <unknown>
[INFO] [stdout]   16:     0x620b068c3c5c - <unknown>
[INFO] [stdout]   17:     0x620b068911d4 - <unknown>
[INFO] [stdout]   18:     0x7ab301cf6dfa - <unknown>
[INFO] [stdout]   19:     0x7ab301d8a3d4 - clone
[INFO] [stdout]   20:                0x0 - <unknown>
[INFO] [stdout] 
[INFO] [stdout] ---- db::tests::test_insert_and_search stdout ----
[INFO] [stdout] 
[INFO] [stdout] thread 'db::tests::test_insert_and_search' (1199) panicked at src/db.rs:206:27:
[INFO] [stdout] called `Result::unwrap()` on an `Err` value: disk I/O error
[INFO] [stdout] 
[INFO] [stdout] Caused by:
[INFO] [stdout]     Error code 5898: File being deleted does not exist
[INFO] [stdout] 
[INFO] [stdout] Stack backtrace:
[INFO] [stdout]    0: <unknown>
[INFO] [stdout]    1: <unknown>
[INFO] [stdout]    2: <unknown>
[INFO] [stdout]    3: <unknown>
[INFO] [stdout]    4: <unknown>
[INFO] [stdout]    5: <unknown>
[INFO] [stdout]    6: <unknown>
[INFO] [stdout]    7: <unknown>
[INFO] [stdout]    8: <unknown>
[INFO] [stdout]    9: clone
[INFO] [stdout] stack backtrace:
[INFO] [stdout]    0:     0x620b06869ef5 - <unknown>
[INFO] [stdout]    1:     0x620b0685009a - <unknown>
[INFO] [stdout]    2:     0x620b0686958b - <unknown>
[INFO] [stdout]    3:     0x620b0686906f - <unknown>
[INFO] [stdout]    4:     0x620b06868c9a - <unknown>
[INFO] [stdout]    5:     0x620b068687d5 - <unknown>
[INFO] [stdout]    6:     0x620b0688f601 - <unknown>
[INFO] [stdout]    7:     0x620b0688f5b9 - <unknown>
[INFO] [stdout]    8:     0x620b0688fabc - <unknown>
[INFO] [stdout]    9:     0x620b0684ff2b - <unknown>
[INFO] [stdout]   10:     0x620b068533d1 - <unknown>
[INFO] [stdout]   11:     0x620b0684e0b5 - <unknown>
[INFO] [stdout]   12:     0x620b0684b3f1 - <unknown>
[INFO] [stdout]   13:     0x620b068a880b - <unknown>
[INFO] [stdout]   14:     0x620b068a3c6f - <unknown>
[INFO] [stdout]   15:     0x620b068a36ec - <unknown>
[INFO] [stdout]   16:     0x620b068c3c5c - <unknown>
[INFO] [stdout]   17:     0x620b068911d4 - <unknown>
[INFO] [stdout]   18:     0x7ab301cf6dfa - <unknown>
[INFO] [stdout]   19:     0x7ab301d8a3d4 - clone
[INFO] [stdout]   20:                0x0 - <unknown>
[INFO] [stdout] 
[INFO] [stdout] 
[INFO] [stdout] failures:
[INFO] [stdout]     db::tests::test_insert_and_search
[INFO] [stdout]     db::tests::test_tags
[INFO] [stdout] 
[INFO] [stdout] test result: FAILED. 0 passed; 2 failed; 0 ignored; 0 measured; 0 filtered out; finished in 0.02s
[INFO] [stdout] 
[INFO] running `Command { std: "docker" "inspect" "e943e501f5289e31ff56b6a00999fea9571123246e62056fed471b409a0b395b", kill_on_drop: false }`
[INFO] running `Command { std: "docker" "rm" "-f" "e943e501f5289e31ff56b6a00999fea9571123246e62056fed471b409a0b395b", kill_on_drop: false }`
[INFO] [stdout] e943e501f5289e31ff56b6a00999fea9571123246e62056fed471b409a0b395b
