[INFO] cloning repository https://github.com/somnus4214/weatherMail
[INFO] running `Command { std: "git" "-c" "credential.helper=" "-c" "credential.helper=/workspace/cargo-home/bin/git-credential-null" "clone" "--bare" "https://github.com/somnus4214/weatherMail" "/workspace/cache/git-repos/https%3A%2F%2Fgithub.com%2Fsomnus4214%2FweatherMail", kill_on_drop: false }`
[INFO] [stderr] Cloning into bare repository '/workspace/cache/git-repos/https%3A%2F%2Fgithub.com%2Fsomnus4214%2FweatherMail'...
[INFO] running `Command { std: "git" "rev-parse" "HEAD", kill_on_drop: false }`
[INFO] [stdout] a71a92068dfbc3494f6155dfc7e823519660476a
[INFO] testing somnus4214/weatherMail against 1.100.0-beta.1+cargoflags=--release for beta-release-1.100-2
[INFO] running `Command { std: "git" "clone" "/workspace/cache/git-repos/https%3A%2F%2Fgithub.com%2Fsomnus4214%2FweatherMail" "/workspace/builds/worker-2-tc2/source", kill_on_drop: false }`
[INFO] [stderr] Cloning into '/workspace/builds/worker-2-tc2/source'...
[INFO] [stderr] done.
[INFO] started tweaking git repo https://github.com/somnus4214/weatherMail
[INFO] finished tweaking git repo https://github.com/somnus4214/weatherMail
[INFO] tweaked toml for git repo https://github.com/somnus4214/weatherMail written to /workspace/builds/worker-2-tc2/source/Cargo.toml
[INFO] validating manifest of git repo https://github.com/somnus4214/weatherMail on toolchain 1.100.0-beta.1
[INFO] running `Command { std: CARGO_HOME="/workspace/cargo-home" RUSTUP_HOME="/workspace/rustup-home" "/workspace/cargo-home/bin/cargo" "+1.100.0-beta.1" "metadata" "--manifest-path" "Cargo.toml" "--no-deps", kill_on_drop: false }`
[INFO] crate git repo https://github.com/somnus4214/weatherMail already has a lockfile, it will not be regenerated
[INFO] running `Command { std: CARGO_HOME="/workspace/cargo-home" RUSTUP_HOME="/workspace/rustup-home" "/workspace/cargo-home/bin/cargo" "+1.100.0-beta.1" "fetch" "--manifest-path" "Cargo.toml", kill_on_drop: false }`
[INFO] running `Command { std: "docker" "create" "-v" "/var/lib/crater-agent-workspace/builds/worker-2-tc2/source:/opt/rustwide/workdir:ro,Z" "-v" "/var/lib/crater-agent-workspace/builds/worker-2-tc2/target:/opt/rustwide/target:rw,Z" "-v" "/var/lib/crater-agent-workspace/cargo-home:/opt/rustwide/cargo-home:ro,Z" "-v" "/var/lib/crater-agent-workspace/rustup-home:/opt/rustwide/rustup-home:ro,Z" "-m" "1610612736" "--network" "none" "ghcr.io/rust-lang/crates-build-env/linux@sha256:77db811e55d90add9212f6832c23229e3de5f1c1f9905e8cb07319ea15df73ac" "sleep" "infinity", kill_on_drop: false }`
[INFO] [stdout] 0c42a3cd465569f9140a285fcdfc3896a110c0f32c2babcc8638a8ec6afe1217
[INFO] running `Command { std: "docker" "start" "0c42a3cd465569f9140a285fcdfc3896a110c0f32c2babcc8638a8ec6afe1217", kill_on_drop: false }`
[INFO] running `Command { std: "docker" "inspect" "0c42a3cd465569f9140a285fcdfc3896a110c0f32c2babcc8638a8ec6afe1217", kill_on_drop: false }`
[INFO] running `Command { std: "docker" "exec" "-e" "SOURCE_DIR=/opt/rustwide/workdir" "-e" "CARGO_HOME=/opt/rustwide/cargo-home" "-e" "RUSTUP_HOME=/opt/rustwide/rustup-home" "-e" "CARGO_TARGET_DIR=/opt/rustwide/target" "-w" "/opt/rustwide/workdir" "--user" "0:0" "0c42a3cd465569f9140a285fcdfc3896a110c0f32c2babcc8638a8ec6afe1217" "/opt/rustwide/cargo-home/bin/cargo" "+1.100.0-beta.1" "metadata" "--no-deps" "--format-version=1", kill_on_drop: false }`
[INFO] running `Command { std: "docker" "inspect" "0c42a3cd465569f9140a285fcdfc3896a110c0f32c2babcc8638a8ec6afe1217", kill_on_drop: false }`
[INFO] running `Command { std: "docker" "exec" "-e" "SOURCE_DIR=/opt/rustwide/workdir" "-e" "CARGO_HOME=/opt/rustwide/cargo-home" "-e" "RUSTUP_HOME=/opt/rustwide/rustup-home" "-e" "CARGO_TARGET_DIR=/opt/rustwide/target" "-e" "CARGO_INCREMENTAL=0" "-e" "RUST_BACKTRACE=full" "-e" "RUSTFLAGS=--cap-lints=warn" "-e" "RUSTDOCFLAGS=--cap-lints=warn" "-w" "/opt/rustwide/workdir" "--user" "0:0" "0c42a3cd465569f9140a285fcdfc3896a110c0f32c2babcc8638a8ec6afe1217" "/opt/rustwide/cargo-home/bin/cargo" "+1.100.0-beta.1" "build" "--frozen" "--message-format=json" "--release", kill_on_drop: false }`
[INFO] [stderr]    Compiling proc-macro2 v1.0.103
[INFO] [stderr]    Compiling quote v1.0.42
[INFO] [stderr]    Compiling libc v0.2.178
[INFO] [stderr]    Compiling memchr v2.7.6
[INFO] [stderr]    Compiling shlex v1.3.0
[INFO] [stderr]    Compiling find-msvc-tools v0.1.5
[INFO] [stderr]    Compiling smallvec v1.15.1
[INFO] [stderr]    Compiling bytes v1.11.0
[INFO] [stderr]    Compiling pin-project-lite v0.2.16
[INFO] [stderr]    Compiling cc v1.2.49
[INFO] [stderr]    Compiling stable_deref_trait v1.2.1
[INFO] [stderr]    Compiling parking_lot_core v0.9.12
[INFO] [stderr]    Compiling scopeguard v1.2.0
[INFO] [stderr]    Compiling once_cell v1.21.3
[INFO] [stderr]    Compiling futures-core v0.3.31
[INFO] [stderr]    Compiling lock_api v0.4.14
[INFO] [stderr]    Compiling itoa v1.0.15
[INFO] [stderr]    Compiling pkg-config v0.3.32
[INFO] [stderr]    Compiling vcpkg v0.2.15
[INFO] [stderr]    Compiling bitflags v2.10.0
[INFO] [stderr]    Compiling syn v2.0.111
[INFO] [stderr]    Compiling zerocopy v0.8.31
[INFO] [stderr]    Compiling serde_core v1.0.228
[INFO] [stderr]    Compiling siphasher v1.0.1
[INFO] [stderr]    Compiling litemap v0.8.1
[INFO] [stderr]    Compiling writeable v0.6.2
[INFO] [stderr]    Compiling slab v0.4.11
[INFO] [stderr]    Compiling phf_shared v0.11.3
[INFO] [stderr]    Compiling http v1.4.0
[INFO] [stderr]    Compiling icu_properties_data v2.1.1
[INFO] [stderr]    Compiling socket2 v0.6.1
[INFO] [stderr]    Compiling signal-hook-registry v1.4.7
[INFO] [stderr]    Compiling parking_lot v0.12.5
[INFO] [stderr]    Compiling mio v1.1.1
[INFO] [stderr]    Compiling openssl-sys v0.9.111
[INFO] [stderr]    Compiling regex-syntax v0.8.8
[INFO] [stderr]    Compiling icu_normalizer_data v2.1.1
[INFO] [stderr]    Compiling percent-encoding v2.3.2
[INFO] [stderr]    Compiling rand_core v0.6.4
[INFO] [stderr]    Compiling object v0.32.2
[INFO] [stderr]    Compiling crossbeam-utils v0.8.21
[INFO] [stderr]    Compiling rand v0.8.5
[INFO] [stderr]    Compiling futures-task v0.3.31
[INFO] [stderr]    Compiling serde v1.0.228
[INFO] [stderr]    Compiling futures-sink v0.3.31
[INFO] [stderr]    Compiling futures-io v0.3.31
[INFO] [stderr]    Compiling crc32fast v1.5.0
[INFO] [stderr]    Compiling openssl v0.10.75
[INFO] [stderr]    Compiling foreign-types-shared v0.1.1
[INFO] [stderr]    Compiling foreign-types v0.3.2
[INFO] [stderr]    Compiling phf_generator v0.11.3
[INFO] [stderr]    Compiling futures-util v0.3.31
[INFO] [stderr]    Compiling http-body v1.0.1
[INFO] [stderr]    Compiling aho-corasick v1.1.4
[INFO] [stderr]    Compiling tracing-core v0.1.35
[INFO] [stderr]    Compiling regex-automata v0.4.13
[INFO] [stderr]    Compiling httparse v1.10.1
[INFO] [stderr]    Compiling simd-adler32 v0.3.7
[INFO] [stderr]    Compiling native-tls v0.2.14
[INFO] [stderr]    Compiling indexmap v2.12.1
[INFO] [stderr]    Compiling synstructure v0.13.2
[INFO] [stderr]    Compiling miniz_oxide v0.8.9
[INFO] [stderr]    Compiling num-traits v0.2.19
[INFO] [stderr]    Compiling ahash v0.8.12
[INFO] [stderr]    Compiling regex v1.12.2
[INFO] [stderr]    Compiling ar_archive_writer v0.2.0
[INFO] [stderr]    Compiling parse-zoneinfo v0.3.1
[INFO] [stderr]    Compiling tracing v0.1.43
[INFO] [stderr]    Compiling psm v0.1.28
[INFO] [stderr]    Compiling phf_codegen v0.11.3
[INFO] [stderr]    Compiling phf v0.11.3
[INFO] [stderr]    Compiling fnv v1.0.7
[INFO] [stderr]    Compiling atomic-waker v1.1.2
[INFO] [stderr]    Compiling tower-service v0.3.3
[INFO] [stderr]    Compiling zerofrom-derive v0.1.6
[INFO] [stderr]    Compiling yoke-derive v0.8.1
[INFO] [stderr]    Compiling zerovec-derive v0.11.2
[INFO] [stderr]    Compiling displaydoc v0.2.5
[INFO] [stderr]    Compiling tokio-macros v2.6.0
[INFO] [stderr]    Compiling openssl-macros v0.1.1
[INFO] [stderr]    Compiling serde_derive v1.0.228
[INFO] [stderr]    Compiling tokio v1.48.0
[INFO] [stderr]    Compiling zerofrom v0.1.6
[INFO] [stderr]    Compiling yoke v0.8.1
[INFO] [stderr]    Compiling openssl-probe v0.1.6
[INFO] [stderr]    Compiling zerovec v0.11.5
[INFO] [stderr]    Compiling zerotrie v0.2.3
[INFO] [stderr]    Compiling ucd-trie v0.1.7
[INFO] [stderr]    Compiling ryu v1.0.20
[INFO] [stderr]    Compiling tinystr v0.8.2
[INFO] [stderr]    Compiling icu_locale_core v2.1.1
[INFO] [stderr]    Compiling potential_utf v0.1.4
[INFO] [stderr]    Compiling icu_collections v2.1.1
[INFO] [stderr]    Compiling icu_provider v2.1.1
[INFO] [stderr]    Compiling try-lock v0.2.5
[INFO] [stderr]    Compiling want v0.3.1
[INFO] [stderr]    Compiling pest v2.8.4
[INFO] [stderr]    Compiling icu_properties v2.1.1
[INFO] [stderr]    Compiling icu_normalizer v2.1.1
[INFO] [stderr]    Compiling idna_adapter v1.2.1
[INFO] [stderr]    Compiling crossbeam-epoch v0.9.18
[INFO] [stderr]    Compiling chrono-tz-build v0.3.0
[INFO] [stderr]    Compiling flate2 v1.1.5
[INFO] [stderr]    Compiling form_urlencoded v1.2.2
[INFO] [stderr]    Compiling stacker v0.1.22
[INFO] [stderr]    Compiling getrandom v0.2.16
[INFO] [stderr]    Compiling bstr v1.12.1
[INFO] [stderr]    Compiling futures-channel v0.3.31
[INFO] [stderr]    Compiling compression-core v0.4.31
[INFO] [stderr]    Compiling libm v0.2.15
[INFO] [stderr]    Compiling serde_json v1.0.145
[INFO] [stderr]    Compiling utf8_iter v1.0.4
[INFO] [stderr]    Compiling same-file v1.0.6
[INFO] [stderr]    Compiling idna v1.1.0
[INFO] [stderr]    Compiling globset v0.4.18
[INFO] [stderr]    Compiling walkdir v2.5.0
[INFO] [stderr]    Compiling compression-codecs v0.4.34
[INFO] [stderr]    Compiling chrono-tz v0.9.0
[INFO] [stderr]    Compiling crossbeam-deque v0.8.6
[INFO] [stderr]    Compiling pest_meta v2.8.4
[INFO] [stderr]    Compiling http-body-util v0.1.3
[INFO] [stderr]    Compiling tokio-util v0.7.17
[INFO] [stderr]    Compiling tokio-native-tls v0.3.1
[INFO] [stderr]    Compiling ppv-lite86 v0.2.21
[INFO] [stderr]    Compiling sync_wrapper v1.0.2
[INFO] [stderr]    Compiling allocator-api2 v0.2.21
[INFO] [stderr]    Compiling h2 v0.4.12
[INFO] [stderr]    Compiling tower-layer v0.3.3
[INFO] [stderr]    Compiling ipnet v2.11.0
[INFO] [stderr]    Compiling iana-time-zone v0.1.64
[INFO] [stderr]    Compiling chrono v0.4.42
[INFO] [stderr]    Compiling tower v0.5.2
[INFO] [stderr]    Compiling hashbrown v0.14.5
[INFO] [stderr]    Compiling rand_chacha v0.3.1
[INFO] [stderr]    Compiling pest_generator v2.8.4
[INFO] [stderr]    Compiling async-compression v0.4.35
[INFO] [stderr]    Compiling ignore v0.4.25
[INFO] [stderr]    Compiling url v2.5.7
[INFO] [stderr]    Compiling hyper v1.8.1
[INFO] [stderr]    Compiling iri-string v0.7.9
[INFO] [stderr]    Compiling deunicode v1.6.2
[INFO] [stderr]    Compiling unicode-width v0.2.2
[INFO] [stderr]    Compiling pulldown-cmark v0.13.0
[INFO] [stderr]    Compiling zeroize v1.8.2
[INFO] [stderr]    Compiling mime v0.3.17
[INFO] [stderr]    Compiling rustls-pki-types v1.13.1
[INFO] [stderr]    Compiling slug v0.1.6
[INFO] [stderr]    Compiling getopts v0.2.24
[INFO] [stderr]    Compiling hyper-util v0.1.19
[INFO] [stderr]    Compiling tower-http v0.6.8
[INFO] [stderr]    Compiling humansize v2.1.3
[INFO] [stderr]    Compiling globwalk v0.9.1
[INFO] [stderr]    Compiling pest_derive v2.8.4
[INFO] [stderr]    Compiling chumsky v0.9.3
[INFO] [stderr]    Compiling serde_urlencoded v0.7.1
[INFO] [stderr]    Compiling async-trait v0.1.89
[INFO] [stderr]    Compiling hyper-tls v0.6.0
[INFO] [stderr]    Compiling email-encoding v0.4.1
[INFO] [stderr]    Compiling hostname v0.4.2
[INFO] [stderr]    Compiling csv-core v0.1.13
[INFO] [stderr]    Compiling nom v8.0.0
[INFO] [stderr]    Compiling encoding_rs v0.8.35
[INFO] [stderr]    Compiling unicase v2.8.1
[INFO] [stderr]    Compiling httpdate v1.0.3
[INFO] [stderr]    Compiling email_address v0.2.9
[INFO] [stderr]    Compiling unicode-segmentation v1.12.0
[INFO] [stderr]    Compiling quoted_printable v0.5.1
[INFO] [stderr]    Compiling pulldown-cmark-escape v0.11.0
[INFO] [stderr]    Compiling csv v1.4.0
[INFO] [stderr]    Compiling tera v1.20.1
[INFO] [stderr]    Compiling dotenv v0.15.0
[INFO] [stderr]    Compiling reqwest v0.12.25
[INFO] [stderr]    Compiling lettre v0.11.19
[INFO] [stderr]    Compiling weatherMail v0.1.0 (/opt/rustwide/workdir)
[INFO] [stdout] warning: unused import: `super::*`
[INFO] [stdout]    --> src/analyse/local.rs:143:9
[INFO] [stdout]     |
[INFO] [stdout] 143 |     use super::*;
[INFO] [stdout]     |         ^^^^^^^^
[INFO] [stdout]     |
[INFO] [stdout]     = note: `#[warn(unused_imports)]` (part of `#[warn(unused)]`) on by default
[INFO] [stdout] 
[INFO] [stdout] 
[INFO] [stdout] warning: use of deprecated constant `std::f32::NEG_INFINITY`: replaced by the `NEG_INFINITY` associated constant on `f32`
[INFO] [stdout]   --> src/analyse.rs:24:43
[INFO] [stdout]    |
[INFO] [stdout] 24 |     let max = today_temp.iter().fold(f32::NEG_INFINITY, |a, &b| a.max(b));
[INFO] [stdout]    |                                           ^^^^^^^^^^^^
[INFO] [stdout]    |
[INFO] [stdout]    = note: `#[warn(deprecated)]` on by default
[INFO] [stdout] 
[INFO] [stdout] 
[INFO] [stdout] warning: use of deprecated constant `std::f32::INFINITY`: replaced by the `INFINITY` associated constant on `f32`
[INFO] [stdout]   --> src/analyse.rs:25:43
[INFO] [stdout]    |
[INFO] [stdout] 25 |     let min = today_temp.iter().fold(f32::INFINITY, |a, &b| a.min(b));
[INFO] [stdout]    |                                           ^^^^^^^^
[INFO] [stdout] 
[INFO] [stdout] 
[INFO] [stdout] warning: use of deprecated constant `std::f32::NEG_INFINITY`: replaced by the `NEG_INFINITY` associated constant on `f32`
[INFO] [stdout]   --> src/analyse.rs:90:47
[INFO] [stdout]    |
[INFO] [stdout] 90 |         let max_temp = temps.iter().fold(f32::NEG_INFINITY, |a, &b| a.max(b));
[INFO] [stdout]    |                                               ^^^^^^^^^^^^
[INFO] [stdout] 
[INFO] [stdout] 
[INFO] [stdout] warning: use of deprecated constant `std::f32::INFINITY`: replaced by the `INFINITY` associated constant on `f32`
[INFO] [stdout]   --> src/analyse.rs:91:47
[INFO] [stdout]    |
[INFO] [stdout] 91 |         let min_temp = temps.iter().fold(f32::INFINITY, |a, &b| a.min(b));
[INFO] [stdout]    |                                               ^^^^^^^^
[INFO] [stdout] 
[INFO] [stdout] 
[INFO] [stdout] warning: function `save_temperature_record` is never used
[INFO] [stdout]   --> src/analyse/local.rs:26:8
[INFO] [stdout]    |
[INFO] [stdout] 26 | pub fn save_temperature_record(
[INFO] [stdout]    |        ^^^^^^^^^^^^^^^^^^^^^^^
[INFO] [stdout]    |
[INFO] [stdout]    = note: `#[warn(dead_code)]` (part of `#[warn(unused)]`) on by default
[INFO] [stdout] 
[INFO] [stdout] 
[INFO] [stderr]     Finished `release` profile [optimized] target(s) in 4m 45s
[INFO] running `Command { std: "docker" "inspect" "0c42a3cd465569f9140a285fcdfc3896a110c0f32c2babcc8638a8ec6afe1217", kill_on_drop: false }`
[INFO] running `Command { std: "docker" "exec" "-e" "SOURCE_DIR=/opt/rustwide/workdir" "-e" "CARGO_HOME=/opt/rustwide/cargo-home" "-e" "RUSTUP_HOME=/opt/rustwide/rustup-home" "-e" "CARGO_TARGET_DIR=/opt/rustwide/target" "-e" "CARGO_INCREMENTAL=0" "-e" "RUST_BACKTRACE=full" "-e" "RUSTFLAGS=--cap-lints=warn" "-e" "RUSTDOCFLAGS=--cap-lints=warn" "-w" "/opt/rustwide/workdir" "--user" "0:0" "0c42a3cd465569f9140a285fcdfc3896a110c0f32c2babcc8638a8ec6afe1217" "/opt/rustwide/cargo-home/bin/cargo" "+1.100.0-beta.1" "test" "--frozen" "--no-run" "--message-format=json" "--release", kill_on_drop: false }`
[INFO] [stderr]    Compiling weatherMail v0.1.0 (/opt/rustwide/workdir)
[INFO] [stdout] warning: use of deprecated constant `std::f32::NEG_INFINITY`: replaced by the `NEG_INFINITY` associated constant on `f32`
[INFO] [stdout]   --> src/analyse.rs:24:43
[INFO] [stdout]    |
[INFO] [stdout] 24 |     let max = today_temp.iter().fold(f32::NEG_INFINITY, |a, &b| a.max(b));
[INFO] [stdout]    |                                           ^^^^^^^^^^^^
[INFO] [stdout]    |
[INFO] [stdout]    = note: `#[warn(deprecated)]` on by default
[INFO] [stdout] 
[INFO] [stdout] 
[INFO] [stdout] warning: use of deprecated constant `std::f32::INFINITY`: replaced by the `INFINITY` associated constant on `f32`
[INFO] [stdout]   --> src/analyse.rs:25:43
[INFO] [stdout]    |
[INFO] [stdout] 25 |     let min = today_temp.iter().fold(f32::INFINITY, |a, &b| a.min(b));
[INFO] [stdout]    |                                           ^^^^^^^^
[INFO] [stdout] 
[INFO] [stdout] 
[INFO] [stdout] warning: use of deprecated constant `std::f32::NEG_INFINITY`: replaced by the `NEG_INFINITY` associated constant on `f32`
[INFO] [stdout]   --> src/analyse.rs:90:47
[INFO] [stdout]    |
[INFO] [stdout] 90 |         let max_temp = temps.iter().fold(f32::NEG_INFINITY, |a, &b| a.max(b));
[INFO] [stdout]    |                                               ^^^^^^^^^^^^
[INFO] [stdout] 
[INFO] [stdout] 
[INFO] [stdout] warning: use of deprecated constant `std::f32::INFINITY`: replaced by the `INFINITY` associated constant on `f32`
[INFO] [stdout]   --> src/analyse.rs:91:47
[INFO] [stdout]    |
[INFO] [stdout] 91 |         let min_temp = temps.iter().fold(f32::INFINITY, |a, &b| a.min(b));
[INFO] [stdout]    |                                               ^^^^^^^^
[INFO] [stdout] 
[INFO] [stdout] 
[INFO] [stderr]     Finished `release` profile [optimized] target(s) in 11.30s
[INFO] running `Command { std: "docker" "inspect" "0c42a3cd465569f9140a285fcdfc3896a110c0f32c2babcc8638a8ec6afe1217", kill_on_drop: false }`
[INFO] running `Command { std: "docker" "exec" "-e" "SOURCE_DIR=/opt/rustwide/workdir" "-e" "CARGO_HOME=/opt/rustwide/cargo-home" "-e" "RUSTUP_HOME=/opt/rustwide/rustup-home" "-e" "CARGO_TARGET_DIR=/opt/rustwide/target" "-e" "CARGO_INCREMENTAL=0" "-e" "RUST_BACKTRACE=full" "-e" "RUSTFLAGS=--cap-lints=warn" "-e" "RUSTDOCFLAGS=--cap-lints=warn" "-w" "/opt/rustwide/workdir" "--user" "0:0" "0c42a3cd465569f9140a285fcdfc3896a110c0f32c2babcc8638a8ec6afe1217" "/opt/rustwide/cargo-home/bin/cargo" "+1.100.0-beta.1" "test" "--frozen" "--release", kill_on_drop: false }`
[INFO] [stderr] warning: use of deprecated constant `std::f32::NEG_INFINITY`: replaced by the `NEG_INFINITY` associated constant on `f32`
[INFO] [stderr]   --> src/analyse.rs:24:43
[INFO] [stderr]    |
[INFO] [stderr] 24 |     let max = today_temp.iter().fold(f32::NEG_INFINITY, |a, &b| a.max(b));
[INFO] [stderr]    |                                           ^^^^^^^^^^^^
[INFO] [stderr]    |
[INFO] [stderr]    = note: `#[warn(deprecated)]` on by default
[INFO] [stderr] 
[INFO] [stderr] warning: use of deprecated constant `std::f32::INFINITY`: replaced by the `INFINITY` associated constant on `f32`
[INFO] [stderr]   --> src/analyse.rs:25:43
[INFO] [stderr]    |
[INFO] [stderr] 25 |     let min = today_temp.iter().fold(f32::INFINITY, |a, &b| a.min(b));
[INFO] [stderr]    |                                           ^^^^^^^^
[INFO] [stderr] 
[INFO] [stderr] warning: use of deprecated constant `std::f32::NEG_INFINITY`: replaced by the `NEG_INFINITY` associated constant on `f32`
[INFO] [stderr]   --> src/analyse.rs:90:47
[INFO] [stderr]    |
[INFO] [stderr] 90 |         let max_temp = temps.iter().fold(f32::NEG_INFINITY, |a, &b| a.max(b));
[INFO] [stderr]    |                                               ^^^^^^^^^^^^
[INFO] [stderr] 
[INFO] [stderr] warning: use of deprecated constant `std::f32::INFINITY`: replaced by the `INFINITY` associated constant on `f32`
[INFO] [stderr]   --> src/analyse.rs:91:47
[INFO] [stderr]    |
[INFO] [stderr] 91 |         let min_temp = temps.iter().fold(f32::INFINITY, |a, &b| a.min(b));
[INFO] [stderr]    |                                               ^^^^^^^^
[INFO] [stderr] 
[INFO] [stderr] warning: `weatherMail` (bin "weatherMail" test) generated 4 warnings
[INFO] [stderr]     Finished `release` profile [optimized] target(s) in 0.23s
[INFO] [stderr]      Running unittests src/main.rs (/opt/rustwide/target/release/build/weatherMail/abd87e3629e83088/out/weatherMail-abd87e3629e83088)
[INFO] [stdout] 
[INFO] [stdout] running 7 tests
[INFO] [stdout] test analyse::test::test_show_analyse ... ok
[INFO] [stdout] test analyse::test::test_show_description ... ok
[INFO] [stdout] test analyse::dsanal::test::test_weather_description ... ok
[INFO] [stdout] test mailserv::test::test_html_mail_send ... FAILED
[INFO] [stdout] test analyse::dsanal::test::test_deepseek_analysis ... FAILED
[INFO] [stdout] test analyse::local::tests::test_save_temperature_record ... FAILED
[INFO] [stdout] test analyse::local::tests::test_count_temperature_change ... FAILED
[INFO] [stdout] 
[INFO] [stdout] failures:
[INFO] [stdout] 
[INFO] [stdout] ---- mailserv::test::test_html_mail_send stdout ----
[INFO] [stdout] 
[INFO] [stdout] thread 'mailserv::test::test_html_mail_send' (3145) panicked at src/staticconfig.rs:17:41:
[INFO] [stdout] SMTP_SERVER 未设置: NotPresent
[INFO] [stdout] stack backtrace:
[INFO] [stdout]    0:     0x625ddca80271 - <<std[617be2ca0a6fd877]::sys::backtrace::BacktraceLock>::print::DisplayBacktrace as core[a373ad73a504971]::fmt::Display>::fmt
[INFO] [stdout]    1:     0x625ddca99c4a - core[a373ad73a504971]::fmt::write
[INFO] [stdout]    2:     0x625ddca8509c - <alloc[2e1b2a31b91974c5]::vec::Vec<u8> as core[a373ad73a504971]::io::write::Write>::write_fmt
[INFO] [stdout]    3:     0x625ddca5a006 - std[617be2ca0a6fd877]::panicking::default_hook::{closure#0}
[INFO] [stdout]    4:     0x625ddca774f9 - std[617be2ca0a6fd877]::panicking::default_hook
[INFO] [stdout]    5:     0x625ddc66da30 - test[aada8e7e76ba119b]::test_main_inner::{closure#0}
[INFO] [stdout]    6:     0x625ddca77822 - std[617be2ca0a6fd877]::panicking::panic_with_hook
[INFO] [stdout]    7:     0x625ddca5a0b2 - std[617be2ca0a6fd877]::panicking::panic_handler::{closure#0}
[INFO] [stdout]    8:     0x625ddca52879 - std[617be2ca0a6fd877]::sys::backtrace::__rust_end_short_backtrace::<std[617be2ca0a6fd877]::panicking::panic_handler::{closure#0}, !>
[INFO] [stdout]    9:     0x625ddca5af4d - __rustc[ea4f61d10b84890b]::rust_begin_unwind
[INFO] [stdout]   10:     0x625ddca9a46c - core[a373ad73a504971]::panicking::panic_fmt
[INFO] [stdout]   11:     0x625ddca9a242 - core[a373ad73a504971]::result::unwrap_failed
[INFO] [stdout]   12:     0x625ddc62aac6 - <weatherMail[300c7269880554aa]::staticconfig::SMTP_CONFIG::{closure#0} as core[a373ad73a504971]::ops::function::FnOnce<()>>::call_once
[INFO] [stdout]   13:     0x625ddc64c7b1 - <once_cell[c9c31ee6b5ed511a]::imp::OnceCell<weatherMail[300c7269880554aa]::staticconfig::SmtpConfig>>::initialize::<<once_cell[c9c31ee6b5ed511a]::sync::OnceCell<weatherMail[300c7269880554aa]::staticconfig::SmtpConfig>>::get_or_init<<once_cell[c9c31ee6b5ed511a]::sync::Lazy<weatherMail[300c7269880554aa]::staticconfig::SmtpConfig>>::force::{closure#0}>::{closure#0}, <once_cell[c9c31ee6b5ed511a]::sync::OnceCell<_>>::get_or_init::Void>::{closure#0}
[INFO] [stdout]   14:     0x625ddc9d662f - once_cell[c9c31ee6b5ed511a]::imp::initialize_or_wait
[INFO] [stdout]   15:     0x625ddc64a5d2 - <once_cell[c9c31ee6b5ed511a]::imp::OnceCell<weatherMail[300c7269880554aa]::staticconfig::SmtpConfig>>::initialize::<<once_cell[c9c31ee6b5ed511a]::sync::OnceCell<weatherMail[300c7269880554aa]::staticconfig::SmtpConfig>>::get_or_init<<once_cell[c9c31ee6b5ed511a]::sync::Lazy<weatherMail[300c7269880554aa]::staticconfig::SmtpConfig>>::force::{closure#0}>::{closure#0}, <once_cell[c9c31ee6b5ed511a]::sync::OnceCell<_>>::get_or_init::Void>
[INFO] [stdout]   16:     0x625ddc632a9e - weatherMail[300c7269880554aa]::mailserv::test::test_html_mail_send::{closure#0}
[INFO] [stdout]   17:     0x625ddc6260d3 - <tokio[7b3902c1ccef4ffa]::runtime::scheduler::current_thread::Context>::enter::<core[a373ad73a504971]::task::poll::Poll<()>, <tokio[7b3902c1ccef4ffa]::runtime::scheduler::current_thread::CoreGuard>::block_on<core[a373ad73a504971]::pin::Pin<&mut core[a373ad73a504971]::pin::Pin<&mut dyn core[a373ad73a504971]::future::future::Future<Output = ()>>>>::{closure#0}::{closure#0}>
[INFO] [stdout]   18:     0x625ddc65676c - <tokio[7b3902c1ccef4ffa]::runtime::context::scoped::Scoped<tokio[7b3902c1ccef4ffa]::runtime::scheduler::Context>>::set::<<tokio[7b3902c1ccef4ffa]::runtime::scheduler::current_thread::CoreGuard>::enter<<tokio[7b3902c1ccef4ffa]::runtime::scheduler::current_thread::CoreGuard>::block_on<core[a373ad73a504971]::pin::Pin<&mut core[a373ad73a504971]::pin::Pin<&mut dyn core[a373ad73a504971]::future::future::Future<Output = ()>>>>::{closure#0}, core[a373ad73a504971]::option::Option<()>>::{closure#0}, (alloc[2e1b2a31b91974c5]::boxed::Box<tokio[7b3902c1ccef4ffa]::runtime::scheduler::current_thread::Core>, core[a373ad73a504971]::option::Option<()>)>
[INFO] [stdout]   19:     0x625ddc626627 - <tokio[7b3902c1ccef4ffa]::runtime::scheduler::current_thread::CoreGuard>::block_on::<core[a373ad73a504971]::pin::Pin<&mut core[a373ad73a504971]::pin::Pin<&mut dyn core[a373ad73a504971]::future::future::Future<Output = ()>>>>
[INFO] [stdout]   20:     0x625ddc63729d - tokio[7b3902c1ccef4ffa]::runtime::context::runtime::enter_runtime::<<tokio[7b3902c1ccef4ffa]::runtime::scheduler::current_thread::CurrentThread>::block_on<core[a373ad73a504971]::pin::Pin<&mut dyn core[a373ad73a504971]::future::future::Future<Output = ()>>>::{closure#0}, ()>
[INFO] [stdout]   21:     0x625ddc63403e - <tokio[7b3902c1ccef4ffa]::runtime::runtime::Runtime>::block_on::<core[a373ad73a504971]::pin::Pin<&mut dyn core[a373ad73a504971]::future::future::Future<Output = ()>>>
[INFO] [stdout]   22:     0x625ddc633bfe - <weatherMail[300c7269880554aa]::mailserv::test::test_html_mail_send::{closure#0} as core[a373ad73a504971]::ops::function::FnOnce<()>>::call_once
[INFO] [stdout]   23:     0x625ddc660e7b - test[aada8e7e76ba119b]::__rust_begin_short_backtrace::<core[a373ad73a504971]::result::Result<(), alloc[2e1b2a31b91974c5]::string::String>, fn() -> core[a373ad73a504971]::result::Result<(), alloc[2e1b2a31b91974c5]::string::String>>
[INFO] [stdout]   24:     0x625ddc66e055 - test[aada8e7e76ba119b]::run_test::{closure#0}
[INFO] [stdout]   25:     0x625ddc667944 - std[617be2ca0a6fd877]::sys::backtrace::__rust_begin_short_backtrace::<test[aada8e7e76ba119b]::run_test::{closure#1}, ()>
[INFO] [stdout]   26:     0x625ddc6710e2 - <std[617be2ca0a6fd877]::thread::lifecycle::spawn_unchecked<test[aada8e7e76ba119b]::run_test::{closure#1}, ()>::{closure#1} as core[a373ad73a504971]::ops::function::FnOnce<()>>::call_once::{shim:vtable#0}
[INFO] [stdout]   27:     0x625ddca7f0af - <std[617be2ca0a6fd877]::sys::thread::unix::Thread>::new::thread_start
[INFO] [stdout]   28:     0x74fb20169dfa - <unknown>
[INFO] [stdout]   29:     0x74fb201fd3d4 - clone
[INFO] [stdout]   30:                0x0 - <unknown>
[INFO] [stdout] 
[INFO] [stdout] ---- analyse::dsanal::test::test_deepseek_analysis stdout ----
[INFO] [stdout] 
[INFO] [stdout] thread 'analyse::dsanal::test::test_deepseek_analysis' (3139) panicked at src/staticconfig.rs:39:44:
[INFO] [stdout] QWEATHER_KEY未设置: NotPresent
[INFO] [stdout] stack backtrace:
[INFO] [stdout]    0:     0x625ddca80271 - <<std[617be2ca0a6fd877]::sys::backtrace::BacktraceLock>::print::DisplayBacktrace as core[a373ad73a504971]::fmt::Display>::fmt
[INFO] [stdout]    1:     0x625ddca99c4a - core[a373ad73a504971]::fmt::write
[INFO] [stdout]    2:     0x625ddca8509c - <alloc[2e1b2a31b91974c5]::vec::Vec<u8> as core[a373ad73a504971]::io::write::Write>::write_fmt
[INFO] [stdout]    3:     0x625ddca5a006 - std[617be2ca0a6fd877]::panicking::default_hook::{closure#0}
[INFO] [stdout]    4:     0x625ddca774f9 - std[617be2ca0a6fd877]::panicking::default_hook
[INFO] [stdout]    5:     0x625ddc66da30 - test[aada8e7e76ba119b]::test_main_inner::{closure#0}
[INFO] [stdout]    6:     0x625ddca77822 - std[617be2ca0a6fd877]::panicking::panic_with_hook
[INFO] [stdout]    7:     0x625ddca5a0b2 - std[617be2ca0a6fd877]::panicking::panic_handler::{closure#0}
[INFO] [stdout]    8:     0x625ddca52879 - std[617be2ca0a6fd877]::sys::backtrace::__rust_end_short_backtrace::<std[617be2ca0a6fd877]::panicking::panic_handler::{closure#0}, !>
[INFO] [stdout]    9:     0x625ddca5af4d - __rustc[ea4f61d10b84890b]::rust_begin_unwind
[INFO] [stdout]   10:     0x625ddca9a46c - core[a373ad73a504971]::panicking::panic_fmt
[INFO] [stdout]   11:     0x625ddca9a242 - core[a373ad73a504971]::result::unwrap_failed
[INFO] [stdout]   12:     0x625ddc62a682 - <weatherMail[300c7269880554aa]::staticconfig::API_CONFIG::{closure#0} as core[a373ad73a504971]::ops::function::FnOnce<()>>::call_once
[INFO] [stdout]   13:     0x625ddc64c8af - <once_cell[c9c31ee6b5ed511a]::imp::OnceCell<weatherMail[300c7269880554aa]::staticconfig::ApiConfig>>::initialize::<<once_cell[c9c31ee6b5ed511a]::sync::OnceCell<weatherMail[300c7269880554aa]::staticconfig::ApiConfig>>::get_or_init<<once_cell[c9c31ee6b5ed511a]::sync::Lazy<weatherMail[300c7269880554aa]::staticconfig::ApiConfig>>::force::{closure#0}>::{closure#0}, <once_cell[c9c31ee6b5ed511a]::sync::OnceCell<_>>::get_or_init::Void>::{closure#0}
[INFO] [stdout]   14:     0x625ddc9d662f - once_cell[c9c31ee6b5ed511a]::imp::initialize_or_wait
[INFO] [stdout]   15:     0x625ddc64a622 - <once_cell[c9c31ee6b5ed511a]::imp::OnceCell<weatherMail[300c7269880554aa]::staticconfig::ApiConfig>>::initialize::<<once_cell[c9c31ee6b5ed511a]::sync::OnceCell<weatherMail[300c7269880554aa]::staticconfig::ApiConfig>>::get_or_init<<once_cell[c9c31ee6b5ed511a]::sync::Lazy<weatherMail[300c7269880554aa]::staticconfig::ApiConfig>>::force::{closure#0}>::{closure#0}, <once_cell[c9c31ee6b5ed511a]::sync::OnceCell<_>>::get_or_init::Void>
[INFO] [stdout]   16:     0x625ddc623b6c - weatherMail[300c7269880554aa]::analyse::dsanal::test::test_deepseek_analysis::{closure#0}
[INFO] [stdout]   17:     0x625ddc6260d3 - <tokio[7b3902c1ccef4ffa]::runtime::scheduler::current_thread::Context>::enter::<core[a373ad73a504971]::task::poll::Poll<()>, <tokio[7b3902c1ccef4ffa]::runtime::scheduler::current_thread::CoreGuard>::block_on<core[a373ad73a504971]::pin::Pin<&mut core[a373ad73a504971]::pin::Pin<&mut dyn core[a373ad73a504971]::future::future::Future<Output = ()>>>>::{closure#0}::{closure#0}>
[INFO] [stdout]   18:     0x625ddc65676c - <tokio[7b3902c1ccef4ffa]::runtime::context::scoped::Scoped<tokio[7b3902c1ccef4ffa]::runtime::scheduler::Context>>::set::<<tokio[7b3902c1ccef4ffa]::runtime::scheduler::current_thread::CoreGuard>::enter<<tokio[7b3902c1ccef4ffa]::runtime::scheduler::current_thread::CoreGuard>::block_on<core[a373ad73a504971]::pin::Pin<&mut core[a373ad73a504971]::pin::Pin<&mut dyn core[a373ad73a504971]::future::future::Future<Output = ()>>>>::{closure#0}, core[a373ad73a504971]::option::Option<()>>::{closure#0}, (alloc[2e1b2a31b91974c5]::boxed::Box<tokio[7b3902c1ccef4ffa]::runtime::scheduler::current_thread::Core>, core[a373ad73a504971]::option::Option<()>)>
[INFO] [stdout]   19:     0x625ddc626627 - <tokio[7b3902c1ccef4ffa]::runtime::scheduler::current_thread::CoreGuard>::block_on::<core[a373ad73a504971]::pin::Pin<&mut core[a373ad73a504971]::pin::Pin<&mut dyn core[a373ad73a504971]::future::future::Future<Output = ()>>>>
[INFO] [stdout]   20:     0x625ddc63729d - tokio[7b3902c1ccef4ffa]::runtime::context::runtime::enter_runtime::<<tokio[7b3902c1ccef4ffa]::runtime::scheduler::current_thread::CurrentThread>::block_on<core[a373ad73a504971]::pin::Pin<&mut dyn core[a373ad73a504971]::future::future::Future<Output = ()>>>::{closure#0}, ()>
[INFO] [stdout]   21:     0x625ddc63403e - <tokio[7b3902c1ccef4ffa]::runtime::runtime::Runtime>::block_on::<core[a373ad73a504971]::pin::Pin<&mut dyn core[a373ad73a504971]::future::future::Future<Output = ()>>>
[INFO] [stdout]   22:     0x625ddc625d6e - <weatherMail[300c7269880554aa]::analyse::dsanal::test::test_deepseek_analysis::{closure#0} as core[a373ad73a504971]::ops::function::FnOnce<()>>::call_once
[INFO] [stdout]   23:     0x625ddc660e7b - test[aada8e7e76ba119b]::__rust_begin_short_backtrace::<core[a373ad73a504971]::result::Result<(), alloc[2e1b2a31b91974c5]::string::String>, fn() -> core[a373ad73a504971]::result::Result<(), alloc[2e1b2a31b91974c5]::string::String>>
[INFO] [stdout]   24:     0x625ddc66e055 - test[aada8e7e76ba119b]::run_test::{closure#0}
[INFO] [stdout]   25:     0x625ddc667944 - std[617be2ca0a6fd877]::sys::backtrace::__rust_begin_short_backtrace::<test[aada8e7e76ba119b]::run_test::{closure#1}, ()>
[INFO] [stdout]   26:     0x625ddc6710e2 - <std[617be2ca0a6fd877]::thread::lifecycle::spawn_unchecked<test[aada8e7e76ba119b]::run_test::{closure#1}, ()>::{closure#1} as core[a373ad73a504971]::ops::function::FnOnce<()>>::call_once::{shim:vtable#0}
[INFO] [stdout]   27:     0x625ddca7f0af - <std[617be2ca0a6fd877]::sys::thread::unix::Thread>::new::thread_start
[INFO] [stdout]   28:     0x74fb20169dfa - <unknown>
[INFO] [stdout]   29:     0x74fb201fd3d4 - clone
[INFO] [stdout]   30:                0x0 - <unknown>
[INFO] [stdout] 
[INFO] [stdout] ---- analyse::local::tests::test_save_temperature_record stdout ----
[INFO] [stdout] 
[INFO] [stdout] thread 'analyse::local::tests::test_save_temperature_record' (3142) panicked at src/analyse/local.rs:155:9:
[INFO] [stdout] assertion failed: result.is_ok()
[INFO] [stdout] stack backtrace:
[INFO] [stdout]    0:     0x625ddca80271 - <<std[617be2ca0a6fd877]::sys::backtrace::BacktraceLock>::print::DisplayBacktrace as core[a373ad73a504971]::fmt::Display>::fmt
[INFO] [stdout]    1:     0x625ddca99c4a - core[a373ad73a504971]::fmt::write
[INFO] [stdout]    2:     0x625ddca8509c - <alloc[2e1b2a31b91974c5]::vec::Vec<u8> as core[a373ad73a504971]::io::write::Write>::write_fmt
[INFO] [stdout]    3:     0x625ddca5a006 - std[617be2ca0a6fd877]::panicking::default_hook::{closure#0}
[INFO] [stdout]    4:     0x625ddca774f9 - std[617be2ca0a6fd877]::panicking::default_hook
[INFO] [stdout]    5:     0x625ddc66da30 - test[aada8e7e76ba119b]::test_main_inner::{closure#0}
[INFO] [stdout]    6:     0x625ddca77822 - std[617be2ca0a6fd877]::panicking::panic_with_hook
[INFO] [stdout]    7:     0x625ddca5a0e4 - std[617be2ca0a6fd877]::panicking::panic_handler::{closure#0}
[INFO] [stdout]    8:     0x625ddca52879 - std[617be2ca0a6fd877]::sys::backtrace::__rust_end_short_backtrace::<std[617be2ca0a6fd877]::panicking::panic_handler::{closure#0}, !>
[INFO] [stdout]    9:     0x625ddca5af4d - __rustc[ea4f61d10b84890b]::rust_begin_unwind
[INFO] [stdout]   10:     0x625ddca9a46c - core[a373ad73a504971]::panicking::panic_fmt
[INFO] [stdout]   11:     0x625ddca9a432 - core[a373ad73a504971]::panicking::panic
[INFO] [stdout]   12:     0x625ddc63d7ca - <weatherMail[300c7269880554aa]::analyse::local::tests::test_save_temperature_record::{closure#0} as core[a373ad73a504971]::ops::function::FnOnce<()>>::call_once
[INFO] [stdout]   13:     0x625ddc660e7b - test[aada8e7e76ba119b]::__rust_begin_short_backtrace::<core[a373ad73a504971]::result::Result<(), alloc[2e1b2a31b91974c5]::string::String>, fn() -> core[a373ad73a504971]::result::Result<(), alloc[2e1b2a31b91974c5]::string::String>>
[INFO] [stdout]   14:     0x625ddc66e055 - test[aada8e7e76ba119b]::run_test::{closure#0}
[INFO] [stdout]   15:     0x625ddc667944 - std[617be2ca0a6fd877]::sys::backtrace::__rust_begin_short_backtrace::<test[aada8e7e76ba119b]::run_test::{closure#1}, ()>
[INFO] [stdout]   16:     0x625ddc6710e2 - <std[617be2ca0a6fd877]::thread::lifecycle::spawn_unchecked<test[aada8e7e76ba119b]::run_test::{closure#1}, ()>::{closure#1} as core[a373ad73a504971]::ops::function::FnOnce<()>>::call_once::{shim:vtable#0}
[INFO] [stdout]   17:     0x625ddca7f0af - <std[617be2ca0a6fd877]::sys::thread::unix::Thread>::new::thread_start
[INFO] [stdout]   18:     0x74fb20169dfa - <unknown>
[INFO] [stdout]   19:     0x74fb201fd3d4 - clone
[INFO] [stdout]   20:                0x0 - <unknown>
[INFO] [stdout] 
[INFO] [stdout] ---- analyse::local::tests::test_count_temperature_change stdout ----
[INFO] [stdout] 
[INFO] [stdout] thread 'analyse::local::tests::test_count_temperature_change' (3141) panicked at src/analyse/local.rs:168:9:
[INFO] [stdout] assertion failed: result.is_ok()
[INFO] [stdout] stack backtrace:
[INFO] [stdout]    0:     0x625ddca80271 - <<std[617be2ca0a6fd877]::sys::backtrace::BacktraceLock>::print::DisplayBacktrace as core[a373ad73a504971]::fmt::Display>::fmt
[INFO] [stdout]    1:     0x625ddca99c4a - core[a373ad73a504971]::fmt::write
[INFO] [stdout]    2:     0x625ddca8509c - <alloc[2e1b2a31b91974c5]::vec::Vec<u8> as core[a373ad73a504971]::io::write::Write>::write_fmt
[INFO] [stdout]    3:     0x625ddca5a006 - std[617be2ca0a6fd877]::panicking::default_hook::{closure#0}
[INFO] [stdout]    4:     0x625ddca774f9 - std[617be2ca0a6fd877]::panicking::default_hook
[INFO] [stdout]    5:     0x625ddc66da30 - test[aada8e7e76ba119b]::test_main_inner::{closure#0}
[INFO] [stdout]    6:     0x625ddca77822 - std[617be2ca0a6fd877]::panicking::panic_with_hook
[INFO] [stdout]    7:     0x625ddca5a0e4 - std[617be2ca0a6fd877]::panicking::panic_handler::{closure#0}
[INFO] [stdout]    8:     0x625ddca52879 - std[617be2ca0a6fd877]::sys::backtrace::__rust_end_short_backtrace::<std[617be2ca0a6fd877]::panicking::panic_handler::{closure#0}, !>
[INFO] [stdout]    9:     0x625ddca5af4d - __rustc[ea4f61d10b84890b]::rust_begin_unwind
[INFO] [stdout]   10:     0x625ddca9a46c - core[a373ad73a504971]::panicking::panic_fmt
[INFO] [stdout]   11:     0x625ddca9a432 - core[a373ad73a504971]::panicking::panic
[INFO] [stdout]   12:     0x625ddc63eaeb - <weatherMail[300c7269880554aa]::analyse::local::tests::test_count_temperature_change::{closure#0} as core[a373ad73a504971]::ops::function::FnOnce<()>>::call_once
[INFO] [stdout]   13:     0x625ddc660e7b - test[aada8e7e76ba119b]::__rust_begin_short_backtrace::<core[a373ad73a504971]::result::Result<(), alloc[2e1b2a31b91974c5]::string::String>, fn() -> core[a373ad73a504971]::result::Result<(), alloc[2e1b2a31b91974c5]::string::String>>
[INFO] [stdout]   14:     0x625ddc66e055 - test[aada8e7e76ba119b]::run_test::{closure#0}
[INFO] [stdout]   15:     0x625ddc667944 - std[617be2ca0a6fd877]::sys::backtrace::__rust_begin_short_backtrace::<test[aada8e7e76ba119b]::run_test::{closure#1}, ()>
[INFO] [stdout]   16:     0x625ddc6710e2 - <std[617be2ca0a6fd877]::thread::lifecycle::spawn_unchecked<test[aada8e7e76ba119b]::run_test::{closure#1}, ()>::{closure#1} as core[a373ad73a504971]::ops::function::FnOnce<()>>::call_once::{shim:vtable#0}
[INFO] [stdout]   17:     0x625ddca7f0af - <std[617be2ca0a6fd877]::sys::thread::unix::Thread>::new::thread_start
[INFO] [stdout]   18:     0x74fb20169dfa - <unknown>
[INFO] [stdout]   19:     0x74fb201fd3d4 - clone
[INFO] [stdout]   20:                0x0 - <unknown>
[INFO] [stdout] 
[INFO] [stdout] 
[INFO] [stdout] failures:
[INFO] [stdout]     analyse::dsanal::test::test_deepseek_analysis
[INFO] [stdout]     analyse::local::tests::test_count_temperature_change
[INFO] [stdout]     analyse::local::tests::test_save_temperature_record
[INFO] [stdout]     mailserv::test::test_html_mail_send
[INFO] [stdout] 
[INFO] [stdout] test result: FAILED. 3 passed; 4 failed; 0 ignored; 0 measured; 0 filtered out; finished in 0.01s
[INFO] [stdout] 
[INFO] [stderr] error: test failed, to rerun pass `--bin weatherMail`
[INFO] running `Command { std: "docker" "inspect" "0c42a3cd465569f9140a285fcdfc3896a110c0f32c2babcc8638a8ec6afe1217", kill_on_drop: false }`
[INFO] running `Command { std: "docker" "rm" "-f" "0c42a3cd465569f9140a285fcdfc3896a110c0f32c2babcc8638a8ec6afe1217", kill_on_drop: false }`
[INFO] [stdout] 0c42a3cd465569f9140a285fcdfc3896a110c0f32c2babcc8638a8ec6afe1217
