[INFO] cloning repository https://github.com/sebmendoza/key-value-rust
[INFO] running `Command { std: "git" "-c" "credential.helper=" "-c" "credential.helper=/workspace/cargo-home/bin/git-credential-null" "clone" "--bare" "https://github.com/sebmendoza/key-value-rust" "/workspace/cache/git-repos/https%3A%2F%2Fgithub.com%2Fsebmendoza%2Fkey-value-rust", kill_on_drop: false }`
[INFO] [stderr] Cloning into bare repository '/workspace/cache/git-repos/https%3A%2F%2Fgithub.com%2Fsebmendoza%2Fkey-value-rust'...
[INFO] running `Command { std: "git" "rev-parse" "HEAD", kill_on_drop: false }`
[INFO] [stdout] 801692769630d628c2646617483d78cf22f25295
[INFO] testing sebmendoza/key-value-rust against 1.100.0-beta.1+cargoflags=--release for beta-release-1.100-2
[INFO] running `Command { std: "git" "clone" "/workspace/cache/git-repos/https%3A%2F%2Fgithub.com%2Fsebmendoza%2Fkey-value-rust" "/workspace/builds/worker-1-tc2/source", kill_on_drop: false }`
[INFO] [stderr] Cloning into '/workspace/builds/worker-1-tc2/source'...
[INFO] [stderr] done.
[INFO] started tweaking git repo https://github.com/sebmendoza/key-value-rust
[INFO] finished tweaking git repo https://github.com/sebmendoza/key-value-rust
[INFO] tweaked toml for git repo https://github.com/sebmendoza/key-value-rust written to /workspace/builds/worker-1-tc2/source/Cargo.toml
[INFO] validating manifest of git repo https://github.com/sebmendoza/key-value-rust on toolchain 1.100.0-beta.1
[INFO] running `Command { std: CARGO_HOME="/workspace/cargo-home" RUSTUP_HOME="/workspace/rustup-home" "/workspace/cargo-home/bin/cargo" "+1.100.0-beta.1" "metadata" "--manifest-path" "Cargo.toml" "--no-deps", kill_on_drop: false }`
[INFO] crate git repo https://github.com/sebmendoza/key-value-rust already has a lockfile, it will not be regenerated
[INFO] running `Command { std: CARGO_HOME="/workspace/cargo-home" RUSTUP_HOME="/workspace/rustup-home" "/workspace/cargo-home/bin/cargo" "+1.100.0-beta.1" "fetch" "--manifest-path" "Cargo.toml", kill_on_drop: false }`
[INFO] running `Command { std: "docker" "create" "-v" "/var/lib/crater-agent-workspace/builds/worker-1-tc2/source:/opt/rustwide/workdir:ro,Z" "-v" "/var/lib/crater-agent-workspace/builds/worker-1-tc2/target:/opt/rustwide/target:rw,Z" "-v" "/var/lib/crater-agent-workspace/cargo-home:/opt/rustwide/cargo-home:ro,Z" "-v" "/var/lib/crater-agent-workspace/rustup-home:/opt/rustwide/rustup-home:ro,Z" "-m" "1610612736" "--network" "none" "ghcr.io/rust-lang/crates-build-env/linux@sha256:77db811e55d90add9212f6832c23229e3de5f1c1f9905e8cb07319ea15df73ac" "sleep" "infinity", kill_on_drop: false }`
[INFO] [stdout] 587911c4e1bfe1653b718c1fdf3bc849046c21c4803373896e57827d3063397e
[INFO] running `Command { std: "docker" "start" "587911c4e1bfe1653b718c1fdf3bc849046c21c4803373896e57827d3063397e", kill_on_drop: false }`
[INFO] running `Command { std: "docker" "inspect" "587911c4e1bfe1653b718c1fdf3bc849046c21c4803373896e57827d3063397e", kill_on_drop: false }`
[INFO] running `Command { std: "docker" "exec" "-e" "SOURCE_DIR=/opt/rustwide/workdir" "-e" "CARGO_HOME=/opt/rustwide/cargo-home" "-e" "RUSTUP_HOME=/opt/rustwide/rustup-home" "-e" "CARGO_TARGET_DIR=/opt/rustwide/target" "-w" "/opt/rustwide/workdir" "--user" "0:0" "587911c4e1bfe1653b718c1fdf3bc849046c21c4803373896e57827d3063397e" "/opt/rustwide/cargo-home/bin/cargo" "+1.100.0-beta.1" "metadata" "--no-deps" "--format-version=1", kill_on_drop: false }`
[INFO] running `Command { std: "docker" "inspect" "587911c4e1bfe1653b718c1fdf3bc849046c21c4803373896e57827d3063397e", kill_on_drop: false }`
[INFO] running `Command { std: "docker" "exec" "-e" "SOURCE_DIR=/opt/rustwide/workdir" "-e" "CARGO_HOME=/opt/rustwide/cargo-home" "-e" "RUSTUP_HOME=/opt/rustwide/rustup-home" "-e" "CARGO_TARGET_DIR=/opt/rustwide/target" "-e" "CARGO_INCREMENTAL=0" "-e" "RUST_BACKTRACE=full" "-e" "RUSTFLAGS=--cap-lints=warn" "-e" "RUSTDOCFLAGS=--cap-lints=warn" "-w" "/opt/rustwide/workdir" "--user" "0:0" "587911c4e1bfe1653b718c1fdf3bc849046c21c4803373896e57827d3063397e" "/opt/rustwide/cargo-home/bin/cargo" "+1.100.0-beta.1" "build" "--frozen" "--message-format=json" "--release", kill_on_drop: false }`
[INFO] [stderr]    Compiling proc-macro2 v1.0.93
[INFO] [stderr]    Compiling unicode-ident v1.0.16
[INFO] [stderr]    Compiling libc v0.2.169
[INFO] [stderr]    Compiling colorchoice v1.0.3
[INFO] [stderr]    Compiling serde v1.0.217
[INFO] [stderr]    Compiling anstyle v1.0.10
[INFO] [stderr]    Compiling anstyle-query v1.1.2
[INFO] [stderr]    Compiling num-traits v0.2.19
[INFO] [stderr]    Compiling anstyle-parse v0.2.6
[INFO] [stderr]    Compiling instant v0.1.13
[INFO] [stderr]    Compiling clap_lex v0.7.4
[INFO] [stderr]    Compiling anyhow v1.0.95
[INFO] [stderr]    Compiling log v0.4.25
[INFO] [stderr]    Compiling crossbeam-epoch v0.9.18
[INFO] [stderr]    Compiling itoa v0.3.4
[INFO] [stderr]    Compiling anstream v0.6.18
[INFO] [stderr]    Compiling clap_builder v4.5.27
[INFO] [stderr]    Compiling quote v1.0.38
[INFO] [stderr]    Compiling syn v2.0.98
[INFO] [stderr]    Compiling parking_lot_core v0.8.6
[INFO] [stderr]    Compiling fs2 v0.4.3
[INFO] [stderr]    Compiling is-terminal v0.4.15
[INFO] [stderr]    Compiling num-traits v0.1.43
[INFO] [stderr]    Compiling env_logger v0.10.2
[INFO] [stderr]    Compiling parking_lot v0.11.2
[INFO] [stderr]    Compiling sled v0.34.7
[INFO] [stderr]    Compiling serde_derive v1.0.217
[INFO] [stderr]    Compiling clap_derive v4.5.24
[INFO] [stderr]    Compiling thiserror-impl v1.0.69
[INFO] [stderr]    Compiling thiserror v1.0.69
[INFO] [stderr]    Compiling clap v4.5.27
[INFO] [stderr]    Compiling serde_json v1.0.1
[INFO] [stderr]    Compiling kvs v0.1.0 (/opt/rustwide/workdir)
[INFO] [stderr] warning: unused dependency `anyhow`
[INFO] [stderr]  --> Cargo.toml:6:1
[INFO] [stderr]   |
[INFO] [stderr] 6 | anyhow = "1.0.89"
[INFO] [stderr]   | ^^^^^^^^^^^^^^^^^
[INFO] [stderr]   |
[INFO] [stderr]   = note: `cargo::unused_dependencies` is set to `warn` by default
[INFO] [stderr] help: consider removing the dependency on `anyhow`
[INFO] [stderr] warning: `kvs` (manifest) generated 1 warning
[INFO] [stderr]     Finished `release` profile [optimized] target(s) in 40.72s
[INFO] running `Command { std: "docker" "inspect" "587911c4e1bfe1653b718c1fdf3bc849046c21c4803373896e57827d3063397e", kill_on_drop: false }`
[INFO] running `Command { std: "docker" "exec" "-e" "SOURCE_DIR=/opt/rustwide/workdir" "-e" "CARGO_HOME=/opt/rustwide/cargo-home" "-e" "RUSTUP_HOME=/opt/rustwide/rustup-home" "-e" "CARGO_TARGET_DIR=/opt/rustwide/target" "-e" "CARGO_INCREMENTAL=0" "-e" "RUST_BACKTRACE=full" "-e" "RUSTFLAGS=--cap-lints=warn" "-e" "RUSTDOCFLAGS=--cap-lints=warn" "-w" "/opt/rustwide/workdir" "--user" "0:0" "587911c4e1bfe1653b718c1fdf3bc849046c21c4803373896e57827d3063397e" "/opt/rustwide/cargo-home/bin/cargo" "+1.100.0-beta.1" "test" "--frozen" "--no-run" "--message-format=json" "--release", kill_on_drop: false }`
[INFO] [stderr]    Compiling autocfg v0.1.8
[INFO] [stderr]    Compiling rand_core v0.4.2
[INFO] [stderr]    Compiling regex-automata v0.4.9
[INFO] [stderr]    Compiling rayon-core v1.12.1
[INFO] [stderr]    Compiling crossbeam-deque v0.8.6
[INFO] [stderr]    Compiling rustix v0.38.44
[INFO] [stderr]    Compiling predicates-core v1.0.9
[INFO] [stderr]    Compiling getrandom v0.3.1
[INFO] [stderr]    Compiling escargot v0.4.0
[INFO] [stderr]    Compiling plotters-backend v0.3.7
[INFO] [stderr]    Compiling itertools v0.10.5
[INFO] [stderr]    Compiling float-cmp v0.8.0
[INFO] [stderr]    Compiling csv-core v0.1.11
[INFO] [stderr]    Compiling textwrap v0.11.0
[INFO] [stderr]    Compiling itoa v1.0.14
[INFO] [stderr]    Compiling bitflags v2.8.0
[INFO] [stderr]    Compiling rand_pcg v0.1.2
[INFO] [stderr]    Compiling rand_chacha v0.1.1
[INFO] [stderr]    Compiling rand v0.6.5
[INFO] [stderr]    Compiling difference v2.0.0
[INFO] [stderr]    Compiling termtree v0.5.1
[INFO] [stderr]    Compiling ryu v1.0.19
[INFO] [stderr]    Compiling cast v0.3.0
[INFO] [stderr]    Compiling half v1.8.3
[INFO] [stderr]    Compiling rand_core v0.3.1
[INFO] [stderr]    Compiling normalize-line-endings v0.3.0
[INFO] [stderr]    Compiling plotters-svg v0.3.7
[INFO] [stderr]    Compiling rand_hc v0.1.0
[INFO] [stderr]    Compiling rand_isaac v0.1.1
[INFO] [stderr]    Compiling csv v1.3.1
[INFO] [stderr]    Compiling plotters v0.3.7
[INFO] [stderr]    Compiling rand_xorshift v0.1.1
[INFO] [stderr]    Compiling clap v2.34.0
[INFO] [stderr]    Compiling predicates-tree v1.0.12
[INFO] [stderr]    Compiling serde_cbor v0.11.2
[INFO] [stderr]    Compiling rand_os v0.1.3
[INFO] [stderr]    Compiling rand_jitter v0.1.4
[INFO] [stderr]    Compiling tinytemplate v1.2.1
[INFO] [stderr]    Compiling atty v0.2.14
[INFO] [stderr]    Compiling fastrand v2.3.0
[INFO] [stderr]    Compiling oorandom v11.1.4
[INFO] [stderr]    Compiling once_cell v1.20.2
[INFO] [stderr]    Compiling rayon v1.10.0
[INFO] [stderr]    Compiling criterion-plot v0.4.5
[INFO] [stderr]    Compiling tempfile v3.16.0
[INFO] [stderr]    Compiling regex v1.11.1
[INFO] [stderr]    Compiling env_logger v0.10.2
[INFO] [stderr]    Compiling predicates v1.0.8
[INFO] [stderr]    Compiling criterion v0.3.6
[INFO] [stderr]    Compiling kvs v0.1.0 (/opt/rustwide/workdir)
[INFO] [stderr]    Compiling assert_cmd v0.11.1
[INFO] [stderr]     Finished `release` profile [optimized] target(s) in 55.20s
[INFO] running `Command { std: "docker" "inspect" "587911c4e1bfe1653b718c1fdf3bc849046c21c4803373896e57827d3063397e", kill_on_drop: false }`
[INFO] running `Command { std: "docker" "exec" "-e" "SOURCE_DIR=/opt/rustwide/workdir" "-e" "CARGO_HOME=/opt/rustwide/cargo-home" "-e" "RUSTUP_HOME=/opt/rustwide/rustup-home" "-e" "CARGO_TARGET_DIR=/opt/rustwide/target" "-e" "CARGO_INCREMENTAL=0" "-e" "RUST_BACKTRACE=full" "-e" "RUSTFLAGS=--cap-lints=warn" "-e" "RUSTDOCFLAGS=--cap-lints=warn" "-w" "/opt/rustwide/workdir" "--user" "0:0" "587911c4e1bfe1653b718c1fdf3bc849046c21c4803373896e57827d3063397e" "/opt/rustwide/cargo-home/bin/cargo" "+1.100.0-beta.1" "test" "--frozen" "--release", kill_on_drop: false }`
[INFO] [stderr]     Finished `release` profile [optimized] target(s) in 0.16s
[INFO] [stderr]      Running unittests src/lib.rs (/opt/rustwide/target/release/build/kvs/735b2c6f81b20ef3/out/kvs-735b2c6f81b20ef3)
[INFO] [stderr]      Running unittests src/bin/kvs-client.rs (/opt/rustwide/target/release/build/kvs/aedee3745195bafb/out/kvs_client-aedee3745195bafb)
[INFO] [stdout] 
[INFO] [stdout] running 0 tests
[INFO] [stdout] 
[INFO] [stdout] test result: ok. 0 passed; 0 failed; 0 ignored; 0 measured; 0 filtered out; finished in 0.00s
[INFO] [stdout] 
[INFO] [stdout] 
[INFO] [stdout] running 0 tests
[INFO] [stdout] 
[INFO] [stdout] test result: ok. 0 passed; 0 failed; 0 ignored; 0 measured; 0 filtered out; finished in 0.00s
[INFO] [stdout] 
[INFO] [stderr]      Running unittests src/bin/kvs-server.rs (/opt/rustwide/target/release/build/kvs/c38d36683fbf77dd/out/kvs_server-c38d36683fbf77dd)
[INFO] [stdout] 
[INFO] [stderr]      Running tests/cli_test.rs (/opt/rustwide/target/release/build/kvs/90e90851b93f3a9f/out/cli_test-90e90851b93f3a9f)
[INFO] [stdout] running 0 tests
[INFO] [stdout] 
[INFO] [stdout] test result: ok. 0 passed; 0 failed; 0 ignored; 0 measured; 0 filtered out; finished in 0.00s
[INFO] [stdout] 
[INFO] [stdout] 
[INFO] [stdout] running 11 tests
[INFO] [stdout] test cli_access_server_kvs_engine ... FAILED
[INFO] [stdout] test cli_log_configuration ... FAILED
[INFO] [stdout] test cli_wrong_engine ... FAILED
[INFO] [stdout] test cli_access_server_sled_engine ... FAILED
[INFO] [stdout] test client_cli_invalid_get ... FAILED
[INFO] [stdout] test client_cli_no_args ... FAILED
[INFO] [stdout] test client_cli_version ... FAILED
[INFO] [stdout] test server_cli_version ... FAILED
[INFO] [stdout] test client_cli_invalid_subcommand ... FAILED
[INFO] [stdout] test client_cli_invalid_rm ... FAILED
[INFO] [stdout] test client_cli_invalid_set ... FAILED
[INFO] [stdout] 
[INFO] [stdout] failures:
[INFO] [stdout] 
[INFO] [stdout] ---- cli_access_server_kvs_engine stdout ----
[INFO] [stdout] 
[INFO] [stdout] thread 'cli_access_server_kvs_engine' (1939) panicked at tests/cli_test.rs:218:55:
[INFO] [stdout] called `Result::unwrap()` on an `Err` value: CargoError { cause: Some(NotFoundError { path: "/opt/rustwide/target/release/build/kvs/90e90851b93f3a9f/out/kvs-server" }) }
[INFO] [stdout] stack backtrace:
[INFO] [stdout]    0:     0x609801f2f9b1 - <<std[617be2ca0a6fd877]::sys::backtrace::BacktraceLock>::print::DisplayBacktrace as core[a373ad73a504971]::fmt::Display>::fmt
[INFO] [stdout]    1:     0x609801f451ea - core[a373ad73a504971]::fmt::write
[INFO] [stdout]    2:     0x609801f350dc - <alloc[2e1b2a31b91974c5]::vec::Vec<u8> as core[a373ad73a504971]::io::write::Write>::write_fmt
[INFO] [stdout]    3:     0x609801f0a116 - std[617be2ca0a6fd877]::panicking::default_hook::{closure#0}
[INFO] [stdout]    4:     0x609801f27489 - std[617be2ca0a6fd877]::panicking::default_hook
[INFO] [stdout]    5:     0x609801eb81c0 - test[aada8e7e76ba119b]::test_main_inner::{closure#0}
[INFO] [stdout]    6:     0x609801f27642 - std[617be2ca0a6fd877]::panicking::panic_with_hook
[INFO] [stdout]    7:     0x609801f0a1c2 - std[617be2ca0a6fd877]::panicking::panic_handler::{closure#0}
[INFO] [stdout]    8:     0x609801f02c29 - std[617be2ca0a6fd877]::sys::backtrace::__rust_end_short_backtrace::<std[617be2ca0a6fd877]::panicking::panic_handler::{closure#0}, !>
[INFO] [stdout]    9:     0x609801f0adcd - __rustc[ea4f61d10b84890b]::rust_begin_unwind
[INFO] [stdout]   10:     0x609801f4591c - core[a373ad73a504971]::panicking::panic_fmt
[INFO] [stdout]   11:     0x609801f456f2 - core[a373ad73a504971]::result::unwrap_failed
[INFO] [stdout]   12:     0x609801e9de6c - cli_test[dfd23328255aa5ca]::cli_access_server
[INFO] [stdout]   13:     0x609801ea1aac - <cli_test[dfd23328255aa5ca]::cli_access_server_kvs_engine::{closure#0} as core[a373ad73a504971]::ops::function::FnOnce<()>>::call_once
[INFO] [stdout]   14:     0x609801eab60b - test[aada8e7e76ba119b]::__rust_begin_short_backtrace::<core[a373ad73a504971]::result::Result<(), alloc[2e1b2a31b91974c5]::string::String>, fn() -> core[a373ad73a504971]::result::Result<(), alloc[2e1b2a31b91974c5]::string::String>>
[INFO] [stdout]   15:     0x609801eb87e5 - test[aada8e7e76ba119b]::run_test::{closure#0}
[INFO] [stdout]   16:     0x609801eb20d4 - std[617be2ca0a6fd877]::sys::backtrace::__rust_begin_short_backtrace::<test[aada8e7e76ba119b]::run_test::{closure#1}, ()>
[INFO] [stdout]   17:     0x609801ebb872 - <std[617be2ca0a6fd877]::thread::lifecycle::spawn_unchecked<test[aada8e7e76ba119b]::run_test::{closure#1}, ()>::{closure#1} as core[a373ad73a504971]::ops::function::FnOnce<()>>::call_once::{shim:vtable#0}
[INFO] [stdout]   18:     0x609801f2ee2f - <std[617be2ca0a6fd877]::sys::thread::unix::Thread>::new::thread_start
[INFO] [stdout]   19:     0x724851402dfa - <unknown>
[INFO] [stdout]   20:     0x7248514963d4 - clone
[INFO] [stdout]   21:                0x0 - <unknown>
[INFO] [stdout] 
[INFO] [stdout] ---- cli_log_configuration stdout ----
[INFO] [stdout] 
[INFO] [stdout] thread 'cli_log_configuration' (1941) panicked at tests/cli_test.rs:158:52:
[INFO] [stdout] called `Result::unwrap()` on an `Err` value: CargoError { cause: Some(NotFoundError { path: "/opt/rustwide/target/release/build/kvs/90e90851b93f3a9f/out/kvs-server" }) }
[INFO] [stdout] stack backtrace:
[INFO] [stdout]    0:     0x609801f2f9b1 - <<std[617be2ca0a6fd877]::sys::backtrace::BacktraceLock>::print::DisplayBacktrace as core[a373ad73a504971]::fmt::Display>::fmt
[INFO] [stdout]    1:     0x609801f451ea - core[a373ad73a504971]::fmt::write
[INFO] [stdout]    2:     0x609801f350dc - <alloc[2e1b2a31b91974c5]::vec::Vec<u8> as core[a373ad73a504971]::io::write::Write>::write_fmt
[INFO] [stdout]    3:     0x609801f0a116 - std[617be2ca0a6fd877]::panicking::default_hook::{closure#0}
[INFO] [stdout]    4:     0x609801f27489 - std[617be2ca0a6fd877]::panicking::default_hook
[INFO] [stdout]    5:     0x609801eb81c0 - test[aada8e7e76ba119b]::test_main_inner::{closure#0}
[INFO] [stdout]    6:     0x609801f27642 - std[617be2ca0a6fd877]::panicking::panic_with_hook
[INFO] [stdout]    7:     0x609801f0a1c2 - std[617be2ca0a6fd877]::panicking::panic_handler::{closure#0}
[INFO] [stdout]    8:     0x609801f02c29 - std[617be2ca0a6fd877]::sys::backtrace::__rust_end_short_backtrace::<std[617be2ca0a6fd877]::panicking::panic_handler::{closure#0}, !>
[INFO] [stdout]    9:     0x609801f0adcd - __rustc[ea4f61d10b84890b]::rust_begin_unwind
[INFO] [stdout]   10:     0x609801f4591c - core[a373ad73a504971]::panicking::panic_fmt
[INFO] [stdout]   11:     0x609801f456f2 - core[a373ad73a504971]::result::unwrap_failed
[INFO] [stdout]   12:     0x609801ea05c1 - <cli_test[dfd23328255aa5ca]::cli_log_configuration::{closure#0} as core[a373ad73a504971]::ops::function::FnOnce<()>>::call_once
[INFO] [stdout]   13:     0x609801eab60b - test[aada8e7e76ba119b]::__rust_begin_short_backtrace::<core[a373ad73a504971]::result::Result<(), alloc[2e1b2a31b91974c5]::string::String>, fn() -> core[a373ad73a504971]::result::Result<(), alloc[2e1b2a31b91974c5]::string::String>>
[INFO] [stdout]   14:     0x609801eb87e5 - test[aada8e7e76ba119b]::run_test::{closure#0}
[INFO] [stdout]   15:     0x609801eb20d4 - std[617be2ca0a6fd877]::sys::backtrace::__rust_begin_short_backtrace::<test[aada8e7e76ba119b]::run_test::{closure#1}, ()>
[INFO] [stdout]   16:     0x609801ebb872 - <std[617be2ca0a6fd877]::thread::lifecycle::spawn_unchecked<test[aada8e7e76ba119b]::run_test::{closure#1}, ()>::{closure#1} as core[a373ad73a504971]::ops::function::FnOnce<()>>::call_once::{shim:vtable#0}
[INFO] [stdout]   17:     0x609801f2ee2f - <std[617be2ca0a6fd877]::sys::thread::unix::Thread>::new::thread_start
[INFO] [stdout]   18:     0x724851402dfa - <unknown>
[INFO] [stdout]   19:     0x7248514963d4 - clone
[INFO] [stdout]   20:                0x0 - <unknown>
[INFO] [stdout] 
[INFO] [stdout] ---- cli_wrong_engine stdout ----
[INFO] [stdout] 
[INFO] [stdout] thread 'cli_wrong_engine' (1942) panicked at tests/cli_test.rs:179:56:
[INFO] [stdout] called `Result::unwrap()` on an `Err` value: CargoError { cause: Some(NotFoundError { path: "/opt/rustwide/target/release/build/kvs/90e90851b93f3a9f/out/kvs-server" }) }
[INFO] [stdout] stack backtrace:
[INFO] [stdout]    0:     0x609801f2f9b1 - <<std[617be2ca0a6fd877]::sys::backtrace::BacktraceLock>::print::DisplayBacktrace as core[a373ad73a504971]::fmt::Display>::fmt
[INFO] [stdout]    1:     0x609801f451ea - core[a373ad73a504971]::fmt::write
[INFO] [stdout]    2:     0x609801f350dc - <alloc[2e1b2a31b91974c5]::vec::Vec<u8> as core[a373ad73a504971]::io::write::Write>::write_fmt
[INFO] [stdout]    3:     0x609801f0a116 - std[617be2ca0a6fd877]::panicking::default_hook::{closure#0}
[INFO] [stdout]    4:     0x609801f27489 - std[617be2ca0a6fd877]::panicking::default_hook
[INFO] [stdout]    5:     0x609801eb81c0 - test[aada8e7e76ba119b]::test_main_inner::{closure#0}
[INFO] [stdout]    6:     0x609801f27642 - std[617be2ca0a6fd877]::panicking::panic_with_hook
[INFO] [stdout]    7:     0x609801f0a1c2 - std[617be2ca0a6fd877]::panicking::panic_handler::{closure#0}
[INFO] [stdout]    8:     0x609801f02c29 - std[617be2ca0a6fd877]::sys::backtrace::__rust_end_short_backtrace::<std[617be2ca0a6fd877]::panicking::panic_handler::{closure#0}, !>
[INFO] [stdout]    9:     0x609801f0adcd - __rustc[ea4f61d10b84890b]::rust_begin_unwind
[INFO] [stdout]   10:     0x609801f4591c - core[a373ad73a504971]::panicking::panic_fmt
[INFO] [stdout]   11:     0x609801f456f2 - core[a373ad73a504971]::result::unwrap_failed
[INFO] [stdout]   12:     0x609801e9f6d1 - <cli_test[dfd23328255aa5ca]::cli_wrong_engine::{closure#0} as core[a373ad73a504971]::ops::function::FnOnce<()>>::call_once
[INFO] [stdout]   13:     0x609801eab60b - test[aada8e7e76ba119b]::__rust_begin_short_backtrace::<core[a373ad73a504971]::result::Result<(), alloc[2e1b2a31b91974c5]::string::String>, fn() -> core[a373ad73a504971]::result::Result<(), alloc[2e1b2a31b91974c5]::string::String>>
[INFO] [stdout]   14:     0x609801eb87e5 - test[aada8e7e76ba119b]::run_test::{closure#0}
[INFO] [stdout]   15:     0x609801eb20d4 - std[617be2ca0a6fd877]::sys::backtrace::__rust_begin_short_backtrace::<test[aada8e7e76ba119b]::run_test::{closure#1}, ()>
[INFO] [stdout]   16:     0x609801ebb872 - <std[617be2ca0a6fd877]::thread::lifecycle::spawn_unchecked<test[aada8e7e76ba119b]::run_test::{closure#1}, ()>::{closure#1} as core[a373ad73a504971]::ops::function::FnOnce<()>>::call_once::{shim:vtable#0}
[INFO] [stdout]   17:     0x609801f2ee2f - <std[617be2ca0a6fd877]::sys::thread::unix::Thread>::new::thread_start
[INFO] [stdout]   18:     0x724851402dfa - <unknown>
[INFO] [stdout]   19:     0x7248514963d4 - clone
[INFO] [stdout]   20:                0x0 - <unknown>
[INFO] [stdout] 
[INFO] [stdout] ---- cli_access_server_sled_engine stdout ----
[INFO] [stdout] 
[INFO] [stdout] thread 'cli_access_server_sled_engine' (1940) panicked at tests/cli_test.rs:218:55:
[INFO] [stdout] called `Result::unwrap()` on an `Err` value: CargoError { cause: Some(NotFoundError { path: "/opt/rustwide/target/release/build/kvs/90e90851b93f3a9f/out/kvs-server" }) }
[INFO] [stdout] stack backtrace:
[INFO] [stdout]    0:     0x609801f2f9b1 - <<std[617be2ca0a6fd877]::sys::backtrace::BacktraceLock>::print::DisplayBacktrace as core[a373ad73a504971]::fmt::Display>::fmt
[INFO] [stdout]    1:     0x609801f451ea - core[a373ad73a504971]::fmt::write
[INFO] [stdout]    2:     0x609801f350dc - <alloc[2e1b2a31b91974c5]::vec::Vec<u8> as core[a373ad73a504971]::io::write::Write>::write_fmt
[INFO] [stdout]    3:     0x609801f0a116 - std[617be2ca0a6fd877]::panicking::default_hook::{closure#0}
[INFO] [stdout]    4:     0x609801f27489 - std[617be2ca0a6fd877]::panicking::default_hook
[INFO] [stdout]    5:     0x609801eb81c0 - test[aada8e7e76ba119b]::test_main_inner::{closure#0}
[INFO] [stdout]    6:     0x609801f27642 - std[617be2ca0a6fd877]::panicking::panic_with_hook
[INFO] [stdout]    7:     0x609801f0a1c2 - std[617be2ca0a6fd877]::panicking::panic_handler::{closure#0}
[INFO] [stdout]    8:     0x609801f02c29 - std[617be2ca0a6fd877]::sys::backtrace::__rust_end_short_backtrace::<std[617be2ca0a6fd877]::panicking::panic_handler::{closure#0}, !>
[INFO] [stdout]    9:     0x609801f0adcd - __rustc[ea4f61d10b84890b]::rust_begin_unwind
[INFO] [stdout]   10:     0x609801f4591c - core[a373ad73a504971]::panicking::panic_fmt
[INFO] [stdout]   11:     0x609801f456f2 - core[a373ad73a504971]::result::unwrap_failed
[INFO] [stdout]   12:     0x609801e9de6c - cli_test[dfd23328255aa5ca]::cli_access_server
[INFO] [stdout]   13:     0x609801ea1adc - <cli_test[dfd23328255aa5ca]::cli_access_server_sled_engine::{closure#0} as core[a373ad73a504971]::ops::function::FnOnce<()>>::call_once
[INFO] [stdout]   14:     0x609801eab60b - test[aada8e7e76ba119b]::__rust_begin_short_backtrace::<core[a373ad73a504971]::result::Result<(), alloc[2e1b2a31b91974c5]::string::String>, fn() -> core[a373ad73a504971]::result::Result<(), alloc[2e1b2a31b91974c5]::string::String>>
[INFO] [stdout]   15:     0x609801eb87e5 - test[aada8e7e76ba119b]::run_test::{closure#0}
[INFO] [stdout]   16:     0x609801eb20d4 - std[617be2ca0a6fd877]::sys::backtrace::__rust_begin_short_backtrace::<test[aada8e7e76ba119b]::run_test::{closure#1}, ()>
[INFO] [stdout]   17:     0x609801ebb872 - <std[617be2ca0a6fd877]::thread::lifecycle::spawn_unchecked<test[aada8e7e76ba119b]::run_test::{closure#1}, ()>::{closure#1} as core[a373ad73a504971]::ops::function::FnOnce<()>>::call_once::{shim:vtable#0}
[INFO] [stdout]   18:     0x609801f2ee2f - <std[617be2ca0a6fd877]::sys::thread::unix::Thread>::new::thread_start
[INFO] [stdout]   19:     0x724851402dfa - <unknown>
[INFO] [stdout]   20:     0x7248514963d4 - clone
[INFO] [stdout]   21:                0x0 - <unknown>
[INFO] [stdout] 
[INFO] [stdout] ---- client_cli_invalid_get stdout ----
[INFO] [stdout] 
[INFO] [stdout] thread 'client_cli_invalid_get' (1943) panicked at tests/cli_test.rs:22:10:
[INFO] [stdout] called `Result::unwrap()` on an `Err` value: CargoError { cause: Some(NotFoundError { path: "/opt/rustwide/target/release/build/kvs/90e90851b93f3a9f/out/kvs-client" }) }
[INFO] [stdout] stack backtrace:
[INFO] [stdout]    0:     0x609801f2f9b1 - <<std[617be2ca0a6fd877]::sys::backtrace::BacktraceLock>::print::DisplayBacktrace as core[a373ad73a504971]::fmt::Display>::fmt
[INFO] [stdout]    1:     0x609801f451ea - core[a373ad73a504971]::fmt::write
[INFO] [stdout]    2:     0x609801f350dc - <alloc[2e1b2a31b91974c5]::vec::Vec<u8> as core[a373ad73a504971]::io::write::Write>::write_fmt
[INFO] [stdout]    3:     0x609801f0a116 - std[617be2ca0a6fd877]::panicking::default_hook::{closure#0}
[INFO] [stdout]    4:     0x609801f27489 - std[617be2ca0a6fd877]::panicking::default_hook
[INFO] [stdout]    5:     0x609801eb81c0 - test[aada8e7e76ba119b]::test_main_inner::{closure#0}
[INFO] [stdout]    6:     0x609801f27642 - std[617be2ca0a6fd877]::panicking::panic_with_hook
[INFO] [stdout]    7:     0x609801f0a1c2 - std[617be2ca0a6fd877]::panicking::panic_handler::{closure#0}
[INFO] [stdout]    8:     0x609801f02c29 - std[617be2ca0a6fd877]::sys::backtrace::__rust_end_short_backtrace::<std[617be2ca0a6fd877]::panicking::panic_handler::{closure#0}, !>
[INFO] [stdout]    9:     0x609801f0adcd - __rustc[ea4f61d10b84890b]::rust_begin_unwind
[INFO] [stdout]   10:     0x609801f4591c - core[a373ad73a504971]::panicking::panic_fmt
[INFO] [stdout]   11:     0x609801f456f2 - core[a373ad73a504971]::result::unwrap_failed
[INFO] [stdout]   12:     0x609801ea11f3 - <cli_test[dfd23328255aa5ca]::client_cli_invalid_get::{closure#0} as core[a373ad73a504971]::ops::function::FnOnce<()>>::call_once
[INFO] [stdout]   13:     0x609801eab60b - test[aada8e7e76ba119b]::__rust_begin_short_backtrace::<core[a373ad73a504971]::result::Result<(), alloc[2e1b2a31b91974c5]::string::String>, fn() -> core[a373ad73a504971]::result::Result<(), alloc[2e1b2a31b91974c5]::string::String>>
[INFO] [stdout]   14:     0x609801eb87e5 - test[aada8e7e76ba119b]::run_test::{closure#0}
[INFO] [stdout]   15:     0x609801eb20d4 - std[617be2ca0a6fd877]::sys::backtrace::__rust_begin_short_backtrace::<test[aada8e7e76ba119b]::run_test::{closure#1}, ()>
[INFO] [stdout]   16:     0x609801ebb872 - <std[617be2ca0a6fd877]::thread::lifecycle::spawn_unchecked<test[aada8e7e76ba119b]::run_test::{closure#1}, ()>::{closure#1} as core[a373ad73a504971]::ops::function::FnOnce<()>>::call_once::{shim:vtable#0}
[INFO] [stdout]   17:     0x609801f2ee2f - <std[617be2ca0a6fd877]::sys::thread::unix::Thread>::new::thread_start
[INFO] [stdout]   18:     0x724851402dfa - <unknown>
[INFO] [stdout]   19:     0x7248514963d4 - clone
[INFO] [stdout]   20:                0x0 - <unknown>
[INFO] [stdout] 
[INFO] [stdout] ---- client_cli_no_args stdout ----
[INFO] [stdout] 
[INFO] [stdout] thread 'client_cli_no_args' (1947) panicked at tests/cli_test.rs:14:52:
[INFO] [stdout] called `Result::unwrap()` on an `Err` value: CargoError { cause: Some(NotFoundError { path: "/opt/rustwide/target/release/build/kvs/90e90851b93f3a9f/out/kvs-client" }) }
[INFO] [stdout] stack backtrace:
[INFO] [stdout]    0:     0x609801f2f9b1 - <<std[617be2ca0a6fd877]::sys::backtrace::BacktraceLock>::print::DisplayBacktrace as core[a373ad73a504971]::fmt::Display>::fmt
[INFO] [stdout]    1:     0x609801f451ea - core[a373ad73a504971]::fmt::write
[INFO] [stdout]    2:     0x609801f350dc - <alloc[2e1b2a31b91974c5]::vec::Vec<u8> as core[a373ad73a504971]::io::write::Write>::write_fmt
[INFO] [stdout]    3:     0x609801f0a116 - std[617be2ca0a6fd877]::panicking::default_hook::{closure#0}
[INFO] [stdout]    4:     0x609801f27489 - std[617be2ca0a6fd877]::panicking::default_hook
[INFO] [stdout]    5:     0x609801eb81c0 - test[aada8e7e76ba119b]::test_main_inner::{closure#0}
[INFO] [stdout]    6:     0x609801f27642 - std[617be2ca0a6fd877]::panicking::panic_with_hook
[INFO] [stdout]    7:     0x609801f0a1c2 - std[617be2ca0a6fd877]::panicking::panic_handler::{closure#0}
[INFO] [stdout]    8:     0x609801f02c29 - std[617be2ca0a6fd877]::sys::backtrace::__rust_end_short_backtrace::<std[617be2ca0a6fd877]::panicking::panic_handler::{closure#0}, !>
[INFO] [stdout]    9:     0x609801f0adcd - __rustc[ea4f61d10b84890b]::rust_begin_unwind
[INFO] [stdout]   10:     0x609801f4591c - core[a373ad73a504971]::panicking::panic_fmt
[INFO] [stdout]   11:     0x609801f456f2 - core[a373ad73a504971]::result::unwrap_failed
[INFO] [stdout]   12:     0x609801e9fba8 - <cli_test[dfd23328255aa5ca]::client_cli_no_args::{closure#0} as core[a373ad73a504971]::ops::function::FnOnce<()>>::call_once
[INFO] [stderr] error: test failed, to rerun pass `--test cli_test`
[INFO] [stdout]   13:     0x609801eab60b - test[aada8e7e76ba119b]::__rust_begin_short_backtrace::<core[a373ad73a504971]::result::Result<(), alloc[2e1b2a31b91974c5]::string::String>, fn() -> core[a373ad73a504971]::result::Result<(), alloc[2e1b2a31b91974c5]::string::String>>
[INFO] [stdout]   14:     0x609801eb87e5 - test[aada8e7e76ba119b]::run_test::{closure#0}
[INFO] [stdout]   15:     0x609801eb20d4 - std[617be2ca0a6fd877]::sys::backtrace::__rust_begin_short_backtrace::<test[aada8e7e76ba119b]::run_test::{closure#1}, ()>
[INFO] [stdout]   16:     0x609801ebb872 - <std[617be2ca0a6fd877]::thread::lifecycle::spawn_unchecked<test[aada8e7e76ba119b]::run_test::{closure#1}, ()>::{closure#1} as core[a373ad73a504971]::ops::function::FnOnce<()>>::call_once::{shim:vtable#0}
[INFO] [stdout]   17:     0x609801f2ee2f - <std[617be2ca0a6fd877]::sys::thread::unix::Thread>::new::thread_start
[INFO] [stdout]   18:     0x724851402dfa - <unknown>
[INFO] [stdout]   19:     0x7248514963d4 - clone
[INFO] [stdout]   20:                0x0 - <unknown>
[INFO] [stdout] 
[INFO] [stdout] ---- client_cli_version stdout ----
[INFO] [stdout] 
[INFO] [stdout] thread 'client_cli_version' (1948) panicked at tests/cli_test.rs:136:52:
[INFO] [stdout] called `Result::unwrap()` on an `Err` value: CargoError { cause: Some(NotFoundError { path: "/opt/rustwide/target/release/build/kvs/90e90851b93f3a9f/out/kvs-client" }) }
[INFO] [stdout] stack backtrace:
[INFO] [stdout]    0:     0x609801f2f9b1 - <<std[617be2ca0a6fd877]::sys::backtrace::BacktraceLock>::print::DisplayBacktrace as core[a373ad73a504971]::fmt::Display>::fmt
[INFO] [stdout]    1:     0x609801f451ea - core[a373ad73a504971]::fmt::write
[INFO] [stdout]    2:     0x609801f350dc - <alloc[2e1b2a31b91974c5]::vec::Vec<u8> as core[a373ad73a504971]::io::write::Write>::write_fmt
[INFO] [stdout]    3:     0x609801f0a116 - std[617be2ca0a6fd877]::panicking::default_hook::{closure#0}
[INFO] [stdout]    4:     0x609801f27489 - std[617be2ca0a6fd877]::panicking::default_hook
[INFO] [stdout]    5:     0x609801eb81c0 - test[aada8e7e76ba119b]::test_main_inner::{closure#0}
[INFO] [stdout]    6:     0x609801f27642 - std[617be2ca0a6fd877]::panicking::panic_with_hook
[INFO] [stdout]    7:     0x609801f0a1c2 - std[617be2ca0a6fd877]::panicking::panic_handler::{closure#0}
[INFO] [stdout]    8:     0x609801f02c29 - std[617be2ca0a6fd877]::sys::backtrace::__rust_end_short_backtrace::<std[617be2ca0a6fd877]::panicking::panic_handler::{closure#0}, !>
[INFO] [stdout]    9:     0x609801f0adcd - __rustc[ea4f61d10b84890b]::rust_begin_unwind
[INFO] [stdout]   10:     0x609801f4591c - core[a373ad73a504971]::panicking::panic_fmt
[INFO] [stdout]   11:     0x609801f456f2 - core[a373ad73a504971]::result::unwrap_failed
[INFO] [stdout]   12:     0x609801e9fe77 - <cli_test[dfd23328255aa5ca]::client_cli_version::{closure#0} as core[a373ad73a504971]::ops::function::FnOnce<()>>::call_once
[INFO] [stdout]   13:     0x609801eab60b - test[aada8e7e76ba119b]::__rust_begin_short_backtrace::<core[a373ad73a504971]::result::Result<(), alloc[2e1b2a31b91974c5]::string::String>, fn() -> core[a373ad73a504971]::result::Result<(), alloc[2e1b2a31b91974c5]::string::String>>
[INFO] [stdout]   14:     0x609801eb87e5 - test[aada8e7e76ba119b]::run_test::{closure#0}
[INFO] [stdout]   15:     0x609801eb20d4 - std[617be2ca0a6fd877]::sys::backtrace::__rust_begin_short_backtrace::<test[aada8e7e76ba119b]::run_test::{closure#1}, ()>
[INFO] [stdout]   16:     0x609801ebb872 - <std[617be2ca0a6fd877]::thread::lifecycle::spawn_unchecked<test[aada8e7e76ba119b]::run_test::{closure#1}, ()>::{closure#1} as core[a373ad73a504971]::ops::function::FnOnce<()>>::call_once::{shim:vtable#0}
[INFO] [stdout]   17:     0x609801f2ee2f - <std[617be2ca0a6fd877]::sys::thread::unix::Thread>::new::thread_start
[INFO] [stdout]   18:     0x724851402dfa - <unknown>
[INFO] [stdout]   19:     0x7248514963d4 - clone
[INFO] [stdout]   20:                0x0 - <unknown>
[INFO] [stdout] 
[INFO] [stdout] ---- server_cli_version stdout ----
[INFO] [stdout] 
[INFO] [stdout] thread 'server_cli_version' (1949) panicked at tests/cli_test.rs:147:52:
[INFO] [stdout] called `Result::unwrap()` on an `Err` value: CargoError { cause: Some(NotFoundError { path: "/opt/rustwide/target/release/build/kvs/90e90851b93f3a9f/out/kvs-server" }) }
[INFO] [stdout] stack backtrace:
[INFO] [stdout]    0:     0x609801f2f9b1 - <<std[617be2ca0a6fd877]::sys::backtrace::BacktraceLock>::print::DisplayBacktrace as core[a373ad73a504971]::fmt::Display>::fmt
[INFO] [stdout]    1:     0x609801f451ea - core[a373ad73a504971]::fmt::write
[INFO] [stdout]    2:     0x609801f350dc - <alloc[2e1b2a31b91974c5]::vec::Vec<u8> as core[a373ad73a504971]::io::write::Write>::write_fmt
[INFO] [stdout]    3:     0x609801f0a116 - std[617be2ca0a6fd877]::panicking::default_hook::{closure#0}
[INFO] [stdout]    4:     0x609801f27489 - std[617be2ca0a6fd877]::panicking::default_hook
[INFO] [stdout]    5:     0x609801eb81c0 - test[aada8e7e76ba119b]::test_main_inner::{closure#0}
[INFO] [stdout]    6:     0x609801f27642 - std[617be2ca0a6fd877]::panicking::panic_with_hook
[INFO] [stdout]    7:     0x609801f0a1c2 - std[617be2ca0a6fd877]::panicking::panic_handler::{closure#0}
[INFO] [stdout]    8:     0x609801f02c29 - std[617be2ca0a6fd877]::sys::backtrace::__rust_end_short_backtrace::<std[617be2ca0a6fd877]::panicking::panic_handler::{closure#0}, !>
[INFO] [stdout]    9:     0x609801f0adcd - __rustc[ea4f61d10b84890b]::rust_begin_unwind
[INFO] [stdout]   10:     0x609801f4591c - core[a373ad73a504971]::panicking::panic_fmt
[INFO] [stdout]   11:     0x609801f456f2 - core[a373ad73a504971]::result::unwrap_failed
[INFO] [stdout]   12:     0x609801ea0187 - <cli_test[dfd23328255aa5ca]::server_cli_version::{closure#0} as core[a373ad73a504971]::ops::function::FnOnce<()>>::call_once
[INFO] [stdout]   13:     0x609801eab60b - test[aada8e7e76ba119b]::__rust_begin_short_backtrace::<core[a373ad73a504971]::result::Result<(), alloc[2e1b2a31b91974c5]::string::String>, fn() -> core[a373ad73a504971]::result::Result<(), alloc[2e1b2a31b91974c5]::string::String>>
[INFO] [stdout]   14:     0x609801eb87e5 - test[aada8e7e76ba119b]::run_test::{closure#0}
[INFO] [stdout]   15:     0x609801eb20d4 - std[617be2ca0a6fd877]::sys::backtrace::__rust_begin_short_backtrace::<test[aada8e7e76ba119b]::run_test::{closure#1}, ()>
[INFO] [stdout]   16:     0x609801ebb872 - <std[617be2ca0a6fd877]::thread::lifecycle::spawn_unchecked<test[aada8e7e76ba119b]::run_test::{closure#1}, ()>::{closure#1} as core[a373ad73a504971]::ops::function::FnOnce<()>>::call_once::{shim:vtable#0}
[INFO] [stdout]   17:     0x609801f2ee2f - <std[617be2ca0a6fd877]::sys::thread::unix::Thread>::new::thread_start
[INFO] [stdout]   18:     0x724851402dfa - <unknown>
[INFO] [stdout]   19:     0x7248514963d4 - clone
[INFO] [stdout]   20:                0x0 - <unknown>
[INFO] [stdout] 
[INFO] [stdout] ---- client_cli_invalid_subcommand stdout ----
[INFO] [stdout] 
[INFO] [stdout] thread 'client_cli_invalid_subcommand' (1946) panicked at tests/cli_test.rs:125:10:
[INFO] [stdout] called `Result::unwrap()` on an `Err` value: CargoError { cause: Some(NotFoundError { path: "/opt/rustwide/target/release/build/kvs/90e90851b93f3a9f/out/kvs-client" }) }
[INFO] [stdout] stack backtrace:
[INFO] [stdout]    0:     0x609801f2f9b1 - <<std[617be2ca0a6fd877]::sys::backtrace::BacktraceLock>::print::DisplayBacktrace as core[a373ad73a504971]::fmt::Display>::fmt
[INFO] [stdout]    1:     0x609801f451ea - core[a373ad73a504971]::fmt::write
[INFO] [stdout]    2:     0x609801f350dc - <alloc[2e1b2a31b91974c5]::vec::Vec<u8> as core[a373ad73a504971]::io::write::Write>::write_fmt
[INFO] [stdout]    3:     0x609801f0a116 - std[617be2ca0a6fd877]::panicking::default_hook::{closure#0}
[INFO] [stdout]    4:     0x609801f27489 - std[617be2ca0a6fd877]::panicking::default_hook
[INFO] [stdout]    5:     0x609801eb81c0 - test[aada8e7e76ba119b]::test_main_inner::{closure#0}
[INFO] [stdout]    6:     0x609801f27642 - std[617be2ca0a6fd877]::panicking::panic_with_hook
[INFO] [stdout]    7:     0x609801f0a1c2 - std[617be2ca0a6fd877]::panicking::panic_handler::{closure#0}
[INFO] [stdout]    8:     0x609801f02c29 - std[617be2ca0a6fd877]::sys::backtrace::__rust_end_short_backtrace::<std[617be2ca0a6fd877]::panicking::panic_handler::{closure#0}, !>
[INFO] [stdout]    9:     0x609801f0adcd - __rustc[ea4f61d10b84890b]::rust_begin_unwind
[INFO] [stdout]   10:     0x609801f4591c - core[a373ad73a504971]::panicking::panic_fmt
[INFO] [stdout]   11:     0x609801f456f2 - core[a373ad73a504971]::result::unwrap_failed
[INFO] [stdout]   12:     0x609801ea1c7b - <cli_test[dfd23328255aa5ca]::client_cli_invalid_subcommand::{closure#0} as core[a373ad73a504971]::ops::function::FnOnce<()>>::call_once
[INFO] [stdout]   13:     0x609801eab60b - test[aada8e7e76ba119b]::__rust_begin_short_backtrace::<core[a373ad73a504971]::result::Result<(), alloc[2e1b2a31b91974c5]::string::String>, fn() -> core[a373ad73a504971]::result::Result<(), alloc[2e1b2a31b91974c5]::string::String>>
[INFO] [stdout]   14:     0x609801eb87e5 - test[aada8e7e76ba119b]::run_test::{closure#0}
[INFO] [stdout]   15:     0x609801eb20d4 - std[617be2ca0a6fd877]::sys::backtrace::__rust_begin_short_backtrace::<test[aada8e7e76ba119b]::run_test::{closure#1}, ()>
[INFO] [stdout]   16:     0x609801ebb872 - <std[617be2ca0a6fd877]::thread::lifecycle::spawn_unchecked<test[aada8e7e76ba119b]::run_test::{closure#1}, ()>::{closure#1} as core[a373ad73a504971]::ops::function::FnOnce<()>>::call_once::{shim:vtable#0}
[INFO] [stdout]   17:     0x609801f2ee2f - <std[617be2ca0a6fd877]::sys::thread::unix::Thread>::new::thread_start
[INFO] [stdout]   18:     0x724851402dfa - <unknown>
[INFO] [stdout]   19:     0x7248514963d4 - clone
[INFO] [stdout]   20:                0x0 - <unknown>
[INFO] [stdout] 
[INFO] [stdout] ---- client_cli_invalid_rm stdout ----
[INFO] [stdout] 
[INFO] [stdout] thread 'client_cli_invalid_rm' (1944) panicked at tests/cli_test.rs:93:10:
[INFO] [stdout] called `Result::unwrap()` on an `Err` value: CargoError { cause: Some(NotFoundError { path: "/opt/rustwide/target/release/build/kvs/90e90851b93f3a9f/out/kvs-client" }) }
[INFO] [stdout] stack backtrace:
[INFO] [stdout]    0:     0x609801f2f9b1 - <<std[617be2ca0a6fd877]::sys::backtrace::BacktraceLock>::print::DisplayBacktrace as core[a373ad73a504971]::fmt::Display>::fmt
[INFO] [stdout]    1:     0x609801f451ea - core[a373ad73a504971]::fmt::write
[INFO] [stdout]    2:     0x609801f350dc - <alloc[2e1b2a31b91974c5]::vec::Vec<u8> as core[a373ad73a504971]::io::write::Write>::write_fmt
[INFO] [stdout]    3:     0x609801f0a116 - std[617be2ca0a6fd877]::panicking::default_hook::{closure#0}
[INFO] [stdout]    4:     0x609801f27489 - std[617be2ca0a6fd877]::panicking::default_hook
[INFO] [stdout]    5:     0x609801eb81c0 - test[aada8e7e76ba119b]::test_main_inner::{closure#0}
[INFO] [stdout]    6:     0x609801f27642 - std[617be2ca0a6fd877]::panicking::panic_with_hook
[INFO] [stdout]    7:     0x609801f0a1c2 - std[617be2ca0a6fd877]::panicking::panic_handler::{closure#0}
[INFO] [stdout]    8:     0x609801f02c29 - std[617be2ca0a6fd877]::sys::backtrace::__rust_end_short_backtrace::<std[617be2ca0a6fd877]::panicking::panic_handler::{closure#0}, !>
[INFO] [stdout]    9:     0x609801f0adcd - __rustc[ea4f61d10b84890b]::rust_begin_unwind
[INFO] [stdout]   10:     0x609801f4591c - core[a373ad73a504971]::panicking::panic_fmt
[INFO] [stdout]   11:     0x609801f456f2 - core[a373ad73a504971]::result::unwrap_failed
[INFO] [stdout]   12:     0x609801ea0c33 - <cli_test[dfd23328255aa5ca]::client_cli_invalid_rm::{closure#0} as core[a373ad73a504971]::ops::function::FnOnce<()>>::call_once
[INFO] [stdout]   13:     0x609801eab60b - test[aada8e7e76ba119b]::__rust_begin_short_backtrace::<core[a373ad73a504971]::result::Result<(), alloc[2e1b2a31b91974c5]::string::String>, fn() -> core[a373ad73a504971]::result::Result<(), alloc[2e1b2a31b91974c5]::string::String>>
[INFO] [stdout]   14:     0x609801eb87e5 - test[aada8e7e76ba119b]::run_test::{closure#0}
[INFO] [stdout]   15:     0x609801eb20d4 - std[617be2ca0a6fd877]::sys::backtrace::__rust_begin_short_backtrace::<test[aada8e7e76ba119b]::run_test::{closure#1}, ()>
[INFO] [stdout]   16:     0x609801ebb872 - <std[617be2ca0a6fd877]::thread::lifecycle::spawn_unchecked<test[aada8e7e76ba119b]::run_test::{closure#1}, ()>::{closure#1} as core[a373ad73a504971]::ops::function::FnOnce<()>>::call_once::{shim:vtable#0}
[INFO] [stdout]   17:     0x609801f2ee2f - <std[617be2ca0a6fd877]::sys::thread::unix::Thread>::new::thread_start
[INFO] [stdout]   18:     0x724851402dfa - <unknown>
[INFO] [stdout]   19:     0x7248514963d4 - clone
[INFO] [stdout]   20:                0x0 - <unknown>
[INFO] [stdout] 
[INFO] [stdout] ---- client_cli_invalid_set stdout ----
[INFO] [stdout] 
[INFO] [stdout] thread 'client_cli_invalid_set' (1945) panicked at tests/cli_test.rs:54:10:
[INFO] [stdout] called `Result::unwrap()` on an `Err` value: CargoError { cause: Some(NotFoundError { path: "/opt/rustwide/target/release/build/kvs/90e90851b93f3a9f/out/kvs-client" }) }
[INFO] [stdout] stack backtrace:
[INFO] [stdout]    0:     0x609801f2f9b1 - <<std[617be2ca0a6fd877]::sys::backtrace::BacktraceLock>::print::DisplayBacktrace as core[a373ad73a504971]::fmt::Display>::fmt
[INFO] [stdout]    1:     0x609801f451ea - core[a373ad73a504971]::fmt::write
[INFO] [stdout]    2:     0x609801f350dc - <alloc[2e1b2a31b91974c5]::vec::Vec<u8> as core[a373ad73a504971]::io::write::Write>::write_fmt
[INFO] [stdout]    3:     0x609801f0a116 - std[617be2ca0a6fd877]::panicking::default_hook::{closure#0}
[INFO] [stdout]    4:     0x609801f27489 - std[617be2ca0a6fd877]::panicking::default_hook
[INFO] [stdout]    5:     0x609801eb81c0 - test[aada8e7e76ba119b]::test_main_inner::{closure#0}
[INFO] [stdout]    6:     0x609801f27642 - std[617be2ca0a6fd877]::panicking::panic_with_hook
[INFO] [stdout]    7:     0x609801f0a1c2 - std[617be2ca0a6fd877]::panicking::panic_handler::{closure#0}
[INFO] [stdout]    8:     0x609801f02c29 - std[617be2ca0a6fd877]::sys::backtrace::__rust_end_short_backtrace::<std[617be2ca0a6fd877]::panicking::panic_handler::{closure#0}, !>
[INFO] [stdout]    9:     0x609801f0adcd - __rustc[ea4f61d10b84890b]::rust_begin_unwind
[INFO] [stdout]   10:     0x609801f4591c - core[a373ad73a504971]::panicking::panic_fmt
[INFO] [stdout]   11:     0x609801f456f2 - core[a373ad73a504971]::result::unwrap_failed
[INFO] [stdout]   12:     0x609801ea18a4 - <cli_test[dfd23328255aa5ca]::client_cli_invalid_set::{closure#0} as core[a373ad73a504971]::ops::function::FnOnce<()>>::call_once
[INFO] [stdout]   13:     0x609801eab60b - test[aada8e7e76ba119b]::__rust_begin_short_backtrace::<core[a373ad73a504971]::result::Result<(), alloc[2e1b2a31b91974c5]::string::String>, fn() -> core[a373ad73a504971]::result::Result<(), alloc[2e1b2a31b91974c5]::string::String>>
[INFO] [stdout]   14:     0x609801eb87e5 - test[aada8e7e76ba119b]::run_test::{closure#0}
[INFO] [stdout]   15:     0x609801eb20d4 - std[617be2ca0a6fd877]::sys::backtrace::__rust_begin_short_backtrace::<test[aada8e7e76ba119b]::run_test::{closure#1}, ()>
[INFO] [stdout]   16:     0x609801ebb872 - <std[617be2ca0a6fd877]::thread::lifecycle::spawn_unchecked<test[aada8e7e76ba119b]::run_test::{closure#1}, ()>::{closure#1} as core[a373ad73a504971]::ops::function::FnOnce<()>>::call_once::{shim:vtable#0}
[INFO] [stdout]   17:     0x609801f2ee2f - <std[617be2ca0a6fd877]::sys::thread::unix::Thread>::new::thread_start
[INFO] [stdout]   18:     0x724851402dfa - <unknown>
[INFO] [stdout]   19:     0x7248514963d4 - clone
[INFO] [stdout]   20:                0x0 - <unknown>
[INFO] [stdout] 
[INFO] [stdout] 
[INFO] [stdout] failures:
[INFO] [stdout]     cli_access_server_kvs_engine
[INFO] [stdout]     cli_access_server_sled_engine
[INFO] [stdout]     cli_log_configuration
[INFO] [stdout]     cli_wrong_engine
[INFO] [stdout]     client_cli_invalid_get
[INFO] [stdout]     client_cli_invalid_rm
[INFO] [stdout]     client_cli_invalid_set
[INFO] [stdout]     client_cli_invalid_subcommand
[INFO] [stdout]     client_cli_no_args
[INFO] [stdout]     client_cli_version
[INFO] [stdout]     server_cli_version
[INFO] [stdout] 
[INFO] [stdout] test result: FAILED. 0 passed; 11 failed; 0 ignored; 0 measured; 0 filtered out; finished in 0.02s
[INFO] [stdout] 
[INFO] running `Command { std: "docker" "inspect" "587911c4e1bfe1653b718c1fdf3bc849046c21c4803373896e57827d3063397e", kill_on_drop: false }`
[INFO] running `Command { std: "docker" "rm" "-f" "587911c4e1bfe1653b718c1fdf3bc849046c21c4803373896e57827d3063397e", kill_on_drop: false }`
[INFO] [stdout] 587911c4e1bfe1653b718c1fdf3bc849046c21c4803373896e57827d3063397e
