[INFO] cloning repository https://github.com/seanodell/supertoml
[INFO] running `Command { std: "git" "-c" "credential.helper=" "-c" "credential.helper=/workspace/cargo-home/bin/git-credential-null" "clone" "--bare" "https://github.com/seanodell/supertoml" "/workspace/cache/git-repos/https%3A%2F%2Fgithub.com%2Fseanodell%2Fsupertoml", kill_on_drop: false }`
[INFO] [stderr] Cloning into bare repository '/workspace/cache/git-repos/https%3A%2F%2Fgithub.com%2Fseanodell%2Fsupertoml'...
[INFO] running `Command { std: "git" "rev-parse" "HEAD", kill_on_drop: false }`
[INFO] [stdout] 4161c072318392b4c4cf802218f7c46392ddddac
[INFO] testing seanodell/supertoml against 1.100.0-beta.1+cargoflags=--release for beta-release-1.100-2
[INFO] running `Command { std: "git" "clone" "/workspace/cache/git-repos/https%3A%2F%2Fgithub.com%2Fseanodell%2Fsupertoml" "/workspace/builds/worker-0-tc2/source", kill_on_drop: false }`
[INFO] [stderr] Cloning into '/workspace/builds/worker-0-tc2/source'...
[INFO] [stderr] done.
[INFO] started tweaking git repo https://github.com/seanodell/supertoml
[INFO] finished tweaking git repo https://github.com/seanodell/supertoml
[INFO] tweaked toml for git repo https://github.com/seanodell/supertoml written to /workspace/builds/worker-0-tc2/source/Cargo.toml
[INFO] validating manifest of git repo https://github.com/seanodell/supertoml on toolchain 1.100.0-beta.1
[INFO] running `Command { std: CARGO_HOME="/workspace/cargo-home" RUSTUP_HOME="/workspace/rustup-home" "/workspace/cargo-home/bin/cargo" "+1.100.0-beta.1" "metadata" "--manifest-path" "Cargo.toml" "--no-deps", kill_on_drop: false }`
[INFO] crate git repo https://github.com/seanodell/supertoml already has a lockfile, it will not be regenerated
[INFO] running `Command { std: CARGO_HOME="/workspace/cargo-home" RUSTUP_HOME="/workspace/rustup-home" "/workspace/cargo-home/bin/cargo" "+1.100.0-beta.1" "fetch" "--manifest-path" "Cargo.toml", kill_on_drop: false }`
[INFO] running `Command { std: "docker" "create" "-v" "/var/lib/crater-agent-workspace/builds/worker-0-tc2/source:/opt/rustwide/workdir:ro,Z" "-v" "/var/lib/crater-agent-workspace/builds/worker-0-tc2/target:/opt/rustwide/target:rw,Z" "-v" "/var/lib/crater-agent-workspace/cargo-home:/opt/rustwide/cargo-home:ro,Z" "-v" "/var/lib/crater-agent-workspace/rustup-home:/opt/rustwide/rustup-home:ro,Z" "-m" "1610612736" "--network" "none" "ghcr.io/rust-lang/crates-build-env/linux@sha256:77db811e55d90add9212f6832c23229e3de5f1c1f9905e8cb07319ea15df73ac" "sleep" "infinity", kill_on_drop: false }`
[INFO] [stdout] f4c1547b78883b26f8a98e5e2f28b13111b8bb7ede377559690492d07320cd9d
[INFO] running `Command { std: "docker" "start" "f4c1547b78883b26f8a98e5e2f28b13111b8bb7ede377559690492d07320cd9d", kill_on_drop: false }`
[INFO] running `Command { std: "docker" "inspect" "f4c1547b78883b26f8a98e5e2f28b13111b8bb7ede377559690492d07320cd9d", kill_on_drop: false }`
[INFO] running `Command { std: "docker" "exec" "-e" "SOURCE_DIR=/opt/rustwide/workdir" "-e" "CARGO_HOME=/opt/rustwide/cargo-home" "-e" "RUSTUP_HOME=/opt/rustwide/rustup-home" "-e" "CARGO_TARGET_DIR=/opt/rustwide/target" "-w" "/opt/rustwide/workdir" "--user" "0:0" "f4c1547b78883b26f8a98e5e2f28b13111b8bb7ede377559690492d07320cd9d" "/opt/rustwide/cargo-home/bin/cargo" "+1.100.0-beta.1" "metadata" "--no-deps" "--format-version=1", kill_on_drop: false }`
[INFO] running `Command { std: "docker" "inspect" "f4c1547b78883b26f8a98e5e2f28b13111b8bb7ede377559690492d07320cd9d", kill_on_drop: false }`
[INFO] running `Command { std: "docker" "exec" "-e" "SOURCE_DIR=/opt/rustwide/workdir" "-e" "CARGO_HOME=/opt/rustwide/cargo-home" "-e" "RUSTUP_HOME=/opt/rustwide/rustup-home" "-e" "CARGO_TARGET_DIR=/opt/rustwide/target" "-e" "CARGO_INCREMENTAL=0" "-e" "RUST_BACKTRACE=full" "-e" "RUSTFLAGS=--cap-lints=warn" "-e" "RUSTDOCFLAGS=--cap-lints=warn" "-w" "/opt/rustwide/workdir" "--user" "0:0" "f4c1547b78883b26f8a98e5e2f28b13111b8bb7ede377559690492d07320cd9d" "/opt/rustwide/cargo-home/bin/cargo" "+1.100.0-beta.1" "build" "--frozen" "--message-format=json" "--release", kill_on_drop: false }`
[INFO] [stderr]    Compiling unicode-ident v1.0.18
[INFO] [stderr]    Compiling serde v1.0.219
[INFO] [stderr]    Compiling rustversion v1.0.22
[INFO] [stderr]    Compiling hashbrown v0.15.5
[INFO] [stderr]    Compiling anstyle-query v1.1.4
[INFO] [stderr]    Compiling anstyle-parse v0.2.7
[INFO] [stderr]    Compiling colorchoice v1.0.4
[INFO] [stderr]    Compiling anstyle v1.0.11
[INFO] [stderr]    Compiling toml_write v0.1.2
[INFO] [stderr]    Compiling proc-macro2 v1.0.101
[INFO] [stderr]    Compiling clap_lex v0.7.5
[INFO] [stderr]    Compiling glob v0.3.3
[INFO] [stderr]    Compiling anstream v0.6.20
[INFO] [stderr]    Compiling serde_json v1.0.143
[INFO] [stderr]    Compiling winnow v0.7.13
[INFO] [stderr]    Compiling memchr v2.7.5
[INFO] [stderr]    Compiling clap_builder v4.5.44
[INFO] [stderr]    Compiling supertoml v0.7.0 (/opt/rustwide/workdir)
[INFO] [stderr]    Compiling quote v1.0.40
[INFO] [stderr]    Compiling syn v2.0.106
[INFO] [stderr]    Compiling indexmap v2.11.0
[INFO] [stderr]    Compiling serde_derive v1.0.219
[INFO] [stderr]    Compiling clap_derive v4.5.45
[INFO] [stderr]    Compiling strum_macros v0.26.4
[INFO] [stderr]    Compiling strum v0.26.3
[INFO] [stderr]    Compiling clap v4.5.45
[INFO] [stderr]    Compiling toml_datetime v0.6.11
[INFO] [stderr]    Compiling serde_spanned v0.6.9
[INFO] [stderr]    Compiling minijinja v1.0.22
[INFO] [stderr]    Compiling toml_edit v0.22.27
[INFO] [stderr]    Compiling toml v0.8.23
[INFO] [stderr]     Finished `release` profile [optimized] target(s) in 1m 24s
[INFO] running `Command { std: "docker" "inspect" "f4c1547b78883b26f8a98e5e2f28b13111b8bb7ede377559690492d07320cd9d", kill_on_drop: false }`
[INFO] running `Command { std: "docker" "exec" "-e" "SOURCE_DIR=/opt/rustwide/workdir" "-e" "CARGO_HOME=/opt/rustwide/cargo-home" "-e" "RUSTUP_HOME=/opt/rustwide/rustup-home" "-e" "CARGO_TARGET_DIR=/opt/rustwide/target" "-e" "CARGO_INCREMENTAL=0" "-e" "RUST_BACKTRACE=full" "-e" "RUSTFLAGS=--cap-lints=warn" "-e" "RUSTDOCFLAGS=--cap-lints=warn" "-w" "/opt/rustwide/workdir" "--user" "0:0" "f4c1547b78883b26f8a98e5e2f28b13111b8bb7ede377559690492d07320cd9d" "/opt/rustwide/cargo-home/bin/cargo" "+1.100.0-beta.1" "test" "--frozen" "--no-run" "--message-format=json" "--release", kill_on_drop: false }`
[INFO] [stderr]    Compiling libc v0.2.175
[INFO] [stderr]    Compiling getrandom v0.3.3
[INFO] [stderr]    Compiling rustix v1.0.8
[INFO] [stderr]    Compiling aho-corasick v1.1.3
[INFO] [stderr]    Compiling linux-raw-sys v0.9.4
[INFO] [stderr]    Compiling regex-syntax v0.8.6
[INFO] [stderr]    Compiling bitflags v2.9.4
[INFO] [stderr]    Compiling once_cell v1.21.3
[INFO] [stderr]    Compiling glob v0.3.3
[INFO] [stderr]    Compiling tempfile v3.21.0
[INFO] [stderr]    Compiling regex-automata v0.4.10
[INFO] [stderr]    Compiling regex v1.11.2
[INFO] [stderr]    Compiling supertoml v0.7.0 (/opt/rustwide/workdir)
[INFO] [stderr]     Finished `release` profile [optimized] target(s) in 45.91s
[INFO] running `Command { std: "docker" "inspect" "f4c1547b78883b26f8a98e5e2f28b13111b8bb7ede377559690492d07320cd9d", kill_on_drop: false }`
[INFO] running `Command { std: "docker" "exec" "-e" "SOURCE_DIR=/opt/rustwide/workdir" "-e" "CARGO_HOME=/opt/rustwide/cargo-home" "-e" "RUSTUP_HOME=/opt/rustwide/rustup-home" "-e" "CARGO_TARGET_DIR=/opt/rustwide/target" "-e" "CARGO_INCREMENTAL=0" "-e" "RUST_BACKTRACE=full" "-e" "RUSTFLAGS=--cap-lints=warn" "-e" "RUSTDOCFLAGS=--cap-lints=warn" "-w" "/opt/rustwide/workdir" "--user" "0:0" "f4c1547b78883b26f8a98e5e2f28b13111b8bb7ede377559690492d07320cd9d" "/opt/rustwide/cargo-home/bin/cargo" "+1.100.0-beta.1" "test" "--frozen" "--release", kill_on_drop: false }`
[INFO] [stderr]     Finished `release` profile [optimized] target(s) in 0.10s
[INFO] [stderr]      Running unittests src/lib.rs (/opt/rustwide/target/release/build/supertoml/94938df4985ddc88/out/supertoml-94938df4985ddc88)
[INFO] [stdout] 
[INFO] [stdout] running 21 tests
[INFO] [stdout] test plugins::before::tests::test_before_plugin ... ok
[INFO] [stdout] test plugins::after::tests::test_after_plugin ... ok
[INFO] [stdout] test plugins::before::tests::test_before_plugin_empty_config ... ok
[INFO] [stdout] test plugins::import::tests::test_import_plugin_with_key_format ... ok
[INFO] [stdout] test plugins::noop::tests::test_noop_plugin ... ok
[INFO] [stdout] test plugins::import::tests::test_import_plugin_multiple_imports ... ok
[INFO] [stdout] test plugins::reference::tests::test_reference_plugin_empty_config ... ok
[INFO] [stdout] test utils::tests::test_custom_env_function_error ... ok
[INFO] [stdout] test utils::tests::test_custom_env_or_function ... ok
[INFO] [stdout] test plugins::reference::tests::test_reference_plugin ... ok
[INFO] [stdout] test utils::tests::test_toml_boolean_to_jinja ... ok
[INFO] [stdout] test utils::tests::test_toml_integer_to_jinja ... ok
[INFO] [stdout] test plugins::import::tests::test_import_plugin_file_not_found ... ok
[INFO] [stdout] test plugins::import::tests::test_import_plugin_table_not_found ... ok
[INFO] [stdout] test utils::tests::test_toml_string_to_jinja ... ok
[INFO] [stdout] test plugins::after::tests::test_after_plugin_empty_config ... ok
[INFO] [stdout] test utils::tests::test_toml_array_to_jinja ... ok
[INFO] [stdout] test utils::tests::test_custom_env_or_function_with_existing_var ... ok
[INFO] [stdout] test plugins::import::tests::test_import_plugin_basic ... ok
[INFO] [stdout] test utils::tests::test_toml_table_to_jinja ... ok
[INFO] [stderr]      Running unittests src/main.rs (/opt/rustwide/target/release/build/supertoml/058f42ce820c734a/out/supertoml-058f42ce820c734a)
[INFO] [stdout] test utils::tests::test_underscore_context ... ok
[INFO] [stdout] 
[INFO] [stdout] test result: ok. 21 passed; 0 failed; 0 ignored; 0 measured; 0 filtered out; finished in 0.01s
[INFO] [stdout] 
[INFO] [stdout] 
[INFO] [stdout] running 0 tests
[INFO] [stdout] 
[INFO] [stdout] test result: ok. 0 passed; 0 failed; 0 ignored; 0 measured; 0 filtered out; finished in 0.00s
[INFO] [stdout] 
[INFO] [stderr]      Running tests/cli_tests.rs (/opt/rustwide/target/release/build/supertoml/50371c2f84d80457/out/cli_tests-50371c2f84d80457)
[INFO] [stdout] 
[INFO] [stdout] running 5 tests
[INFO] [stdout] test cli_import_with_dot_slash ... FAILED
[INFO] [stdout] test cli_import_sibling ... FAILED
[INFO] [stdout] test cli_version ... FAILED
[INFO] [stdout] test cli_import_nested_child ... FAILED
[INFO] [stdout] test cli_import_from_child ... FAILED
[INFO] [stderr] error: test failed, to rerun pass `--test cli_tests`
[INFO] [stdout] 
[INFO] [stdout] failures:
[INFO] [stdout] 
[INFO] [stdout] ---- cli_import_with_dot_slash stdout ----
[INFO] [stdout] mkdir: Read-only file system
[INFO] [stdout] /opt/rustwide/workdir/tests/cli_test_cases/import_with_dot_slash/run.sh: line 11: cd: child: No such file or directory
[INFO] [stdout] /opt/rustwide/workdir/tests/cli_test_cases/import_with_dot_slash/run.sh: line 12: /opt/rustwide/target/release/build/supertoml/50371c2f84d80457/supertoml: No such file or directory
[INFO] [stdout] 
[INFO] [stdout] 
[INFO] [stdout] thread 'cli_import_with_dot_slash' (1198) panicked at /opt/rustwide/target/release/build/supertoml/16f44900b3d02467/out/generated_cli_tests.rs:30:9:
[INFO] [stdout] Test failed: Script exited with non-zero status
[INFO] [stdout] stack backtrace:
[INFO] [stdout]    0:     0x5eecb2aa6021 - <<std[617be2ca0a6fd877]::sys::backtrace::BacktraceLock>::print::DisplayBacktrace as core[a373ad73a504971]::fmt::Display>::fmt
[INFO] [stdout]    1:     0x5eecb2ab9f1a - core[a373ad73a504971]::fmt::write
[INFO] [stdout]    2:     0x5eecb2aaa23c - <alloc[2e1b2a31b91974c5]::vec::Vec<u8> as core[a373ad73a504971]::io::write::Write>::write_fmt
[INFO] [stdout]    3:     0x5eecb2a81f76 - std[617be2ca0a6fd877]::panicking::default_hook::{closure#0}
[INFO] [stdout]    4:     0x5eecb2a9e619 - std[617be2ca0a6fd877]::panicking::default_hook
[INFO] [stdout]    5:     0x5eecb2a3a850 - test[aada8e7e76ba119b]::test_main_inner::{closure#0}
[INFO] [stdout]    6:     0x5eecb2a9e7d2 - std[617be2ca0a6fd877]::panicking::panic_with_hook
[INFO] [stdout]    7:     0x5eecb2a82022 - std[617be2ca0a6fd877]::panicking::panic_handler::{closure#0}
[INFO] [stdout]    8:     0x5eecb2a7ad39 - std[617be2ca0a6fd877]::sys::backtrace::__rust_end_short_backtrace::<std[617be2ca0a6fd877]::panicking::panic_handler::{closure#0}, !>
[INFO] [stdout]    9:     0x5eecb2a82c2d - __rustc[ea4f61d10b84890b]::rust_begin_unwind
[INFO] [stdout]   10:     0x5eecb2aba64c - core[a373ad73a504971]::panicking::panic_fmt
[INFO] [stdout]   11:     0x5eecb2a2dbeb - <cli_tests[8e2c0b3d7952be40]::cli_import_with_dot_slash::{closure#0} as core[a373ad73a504971]::ops::function::FnOnce<()>>::call_once
[INFO] [stdout]   12:     0x5eecb2a2dc9b - test[aada8e7e76ba119b]::__rust_begin_short_backtrace::<core[a373ad73a504971]::result::Result<(), alloc[2e1b2a31b91974c5]::string::String>, fn() -> core[a373ad73a504971]::result::Result<(), alloc[2e1b2a31b91974c5]::string::String>>
[INFO] [stdout]   13:     0x5eecb2a3ae75 - test[aada8e7e76ba119b]::run_test::{closure#0}
[INFO] [stdout]   14:     0x5eecb2a34764 - std[617be2ca0a6fd877]::sys::backtrace::__rust_begin_short_backtrace::<test[aada8e7e76ba119b]::run_test::{closure#1}, ()>
[INFO] [stdout]   15:     0x5eecb2a3df02 - <std[617be2ca0a6fd877]::thread::lifecycle::spawn_unchecked<test[aada8e7e76ba119b]::run_test::{closure#1}, ()>::{closure#1} as core[a373ad73a504971]::ops::function::FnOnce<()>>::call_once::{shim:vtable#0}
[INFO] [stdout]   16:     0x5eecb2aa587f - <std[617be2ca0a6fd877]::sys::thread::unix::Thread>::new::thread_start
[INFO] [stdout]   17:     0x77ffed277dfa - <unknown>
[INFO] [stdout]   18:     0x77ffed30b3d4 - clone
[INFO] [stdout]   19:                0x0 - <unknown>
[INFO] [stdout] 
[INFO] [stdout] ---- cli_import_sibling stdout ----
[INFO] [stdout] mkdir: Read-only file system
[INFO] [stdout] /opt/rustwide/workdir/tests/cli_test_cases/import_sibling/run.sh: line 11: cd: child: No such file or directory
[INFO] [stdout] /opt/rustwide/workdir/tests/cli_test_cases/import_sibling/run.sh: line 12: /opt/rustwide/target/release/build/supertoml/50371c2f84d80457/supertoml: No such file or directory
[INFO] [stdout] 
[INFO] [stdout] 
[INFO] [stdout] thread 'cli_import_sibling' (1197) panicked at /opt/rustwide/target/release/build/supertoml/16f44900b3d02467/out/generated_cli_tests.rs:22:9:
[INFO] [stdout] Test failed: Script exited with non-zero status
[INFO] [stdout] stack backtrace:
[INFO] [stdout]    0:     0x5eecb2aa6021 - <<std[617be2ca0a6fd877]::sys::backtrace::BacktraceLock>::print::DisplayBacktrace as core[a373ad73a504971]::fmt::Display>::fmt
[INFO] [stdout]    1:     0x5eecb2ab9f1a - core[a373ad73a504971]::fmt::write
[INFO] [stdout]    2:     0x5eecb2aaa23c - <alloc[2e1b2a31b91974c5]::vec::Vec<u8> as core[a373ad73a504971]::io::write::Write>::write_fmt
[INFO] [stdout]    3:     0x5eecb2a81f76 - std[617be2ca0a6fd877]::panicking::default_hook::{closure#0}
[INFO] [stdout]    4:     0x5eecb2a9e619 - std[617be2ca0a6fd877]::panicking::default_hook
[INFO] [stdout]    5:     0x5eecb2a3a850 - test[aada8e7e76ba119b]::test_main_inner::{closure#0}
[INFO] [stdout]    6:     0x5eecb2a9e7d2 - std[617be2ca0a6fd877]::panicking::panic_with_hook
[INFO] [stdout]    7:     0x5eecb2a82022 - std[617be2ca0a6fd877]::panicking::panic_handler::{closure#0}
[INFO] [stdout]    8:     0x5eecb2a7ad39 - std[617be2ca0a6fd877]::sys::backtrace::__rust_end_short_backtrace::<std[617be2ca0a6fd877]::panicking::panic_handler::{closure#0}, !>
[INFO] [stdout]    9:     0x5eecb2a82c2d - __rustc[ea4f61d10b84890b]::rust_begin_unwind
[INFO] [stdout]   10:     0x5eecb2aba64c - core[a373ad73a504971]::panicking::panic_fmt
[INFO] [stdout]   11:     0x5eecb2a2d887 - <cli_tests[8e2c0b3d7952be40]::cli_import_sibling::{closure#0} as core[a373ad73a504971]::ops::function::FnOnce<()>>::call_once
[INFO] [stdout]   12:     0x5eecb2a2dc9b - test[aada8e7e76ba119b]::__rust_begin_short_backtrace::<core[a373ad73a504971]::result::Result<(), alloc[2e1b2a31b91974c5]::string::String>, fn() -> core[a373ad73a504971]::result::Result<(), alloc[2e1b2a31b91974c5]::string::String>>
[INFO] [stdout]   13:     0x5eecb2a3ae75 - test[aada8e7e76ba119b]::run_test::{closure#0}
[INFO] [stdout]   14:     0x5eecb2a34764 - std[617be2ca0a6fd877]::sys::backtrace::__rust_begin_short_backtrace::<test[aada8e7e76ba119b]::run_test::{closure#1}, ()>
[INFO] [stdout]   15:     0x5eecb2a3df02 - <std[617be2ca0a6fd877]::thread::lifecycle::spawn_unchecked<test[aada8e7e76ba119b]::run_test::{closure#1}, ()>::{closure#1} as core[a373ad73a504971]::ops::function::FnOnce<()>>::call_once::{shim:vtable#0}
[INFO] [stdout]   16:     0x5eecb2aa587f - <std[617be2ca0a6fd877]::sys::thread::unix::Thread>::new::thread_start
[INFO] [stdout]   17:     0x77ffed277dfa - <unknown>
[INFO] [stdout]   18:     0x77ffed30b3d4 - clone
[INFO] [stdout]   19:                0x0 - <unknown>
[INFO] [stdout] 
[INFO] [stdout] ---- cli_version stdout ----
[INFO] [stdout] /opt/rustwide/workdir/tests/cli_test_cases/version/run.sh: line 9: /opt/rustwide/target/release/build/supertoml/50371c2f84d80457/supertoml: No such file or directory
[INFO] [stdout] 
[INFO] [stdout] 
[INFO] [stdout] thread 'cli_version' (1199) panicked at /opt/rustwide/target/release/build/supertoml/16f44900b3d02467/out/generated_cli_tests.rs:38:9:
[INFO] [stdout] Test failed: Script exited with non-zero status
[INFO] [stdout] stack backtrace:
[INFO] [stdout]    0:     0x5eecb2aa6021 - <<std[617be2ca0a6fd877]::sys::backtrace::BacktraceLock>::print::DisplayBacktrace as core[a373ad73a504971]::fmt::Display>::fmt
[INFO] [stdout]    1:     0x5eecb2ab9f1a - core[a373ad73a504971]::fmt::write
[INFO] [stdout]    2:     0x5eecb2aaa23c - <alloc[2e1b2a31b91974c5]::vec::Vec<u8> as core[a373ad73a504971]::io::write::Write>::write_fmt
[INFO] [stdout]    3:     0x5eecb2a81f76 - std[617be2ca0a6fd877]::panicking::default_hook::{closure#0}
[INFO] [stdout]    4:     0x5eecb2a9e619 - std[617be2ca0a6fd877]::panicking::default_hook
[INFO] [stdout]    5:     0x5eecb2a3a850 - test[aada8e7e76ba119b]::test_main_inner::{closure#0}
[INFO] [stdout]    6:     0x5eecb2a9e7d2 - std[617be2ca0a6fd877]::panicking::panic_with_hook
[INFO] [stdout]    7:     0x5eecb2a82022 - std[617be2ca0a6fd877]::panicking::panic_handler::{closure#0}
[INFO] [stdout]    8:     0x5eecb2a7ad39 - std[617be2ca0a6fd877]::sys::backtrace::__rust_end_short_backtrace::<std[617be2ca0a6fd877]::panicking::panic_handler::{closure#0}, !>
[INFO] [stdout]    9:     0x5eecb2a82c2d - __rustc[ea4f61d10b84890b]::rust_begin_unwind
[INFO] [stdout]   10:     0x5eecb2aba64c - core[a373ad73a504971]::panicking::panic_fmt
[INFO] [stdout]   11:     0x5eecb2a2d770 - <cli_tests[8e2c0b3d7952be40]::cli_version::{closure#0} as core[a373ad73a504971]::ops::function::FnOnce<()>>::call_once
[INFO] [stdout]   12:     0x5eecb2a2dc9b - test[aada8e7e76ba119b]::__rust_begin_short_backtrace::<core[a373ad73a504971]::result::Result<(), alloc[2e1b2a31b91974c5]::string::String>, fn() -> core[a373ad73a504971]::result::Result<(), alloc[2e1b2a31b91974c5]::string::String>>
[INFO] [stdout]   13:     0x5eecb2a3ae75 - test[aada8e7e76ba119b]::run_test::{closure#0}
[INFO] [stdout]   14:     0x5eecb2a34764 - std[617be2ca0a6fd877]::sys::backtrace::__rust_begin_short_backtrace::<test[aada8e7e76ba119b]::run_test::{closure#1}, ()>
[INFO] [stdout]   15:     0x5eecb2a3df02 - <std[617be2ca0a6fd877]::thread::lifecycle::spawn_unchecked<test[aada8e7e76ba119b]::run_test::{closure#1}, ()>::{closure#1} as core[a373ad73a504971]::ops::function::FnOnce<()>>::call_once::{shim:vtable#0}
[INFO] [stdout]   16:     0x5eecb2aa587f - <std[617be2ca0a6fd877]::sys::thread::unix::Thread>::new::thread_start
[INFO] [stdout]   17:     0x77ffed277dfa - <unknown>
[INFO] [stdout]   18:     0x77ffed30b3d4 - clone
[INFO] [stdout]   19:                0x0 - <unknown>
[INFO] [stdout] 
[INFO] [stdout] ---- cli_import_nested_child stdout ----
[INFO] [stdout] mkdir: Read-only file system
[INFO] [stdout] /opt/rustwide/workdir/tests/cli_test_cases/import_nested_child/run.sh: line 11: cd: child/grandchild: No such file or directory
[INFO] [stdout] /opt/rustwide/workdir/tests/cli_test_cases/import_nested_child/run.sh: line 12: /opt/rustwide/target/release/build/supertoml/50371c2f84d80457/supertoml: No such file or directory
[INFO] [stdout] 
[INFO] [stdout] 
[INFO] [stdout] thread 'cli_import_nested_child' (1194) panicked at /opt/rustwide/target/release/build/supertoml/16f44900b3d02467/out/generated_cli_tests.rs:14:9:
[INFO] [stdout] Test failed: Script exited with non-zero status
[INFO] [stdout] stack backtrace:
[INFO] [stdout]    0:     0x5eecb2aa6021 - <<std[617be2ca0a6fd877]::sys::backtrace::BacktraceLock>::print::DisplayBacktrace as core[a373ad73a504971]::fmt::Display>::fmt
[INFO] [stdout]    1:     0x5eecb2ab9f1a - core[a373ad73a504971]::fmt::write
[INFO] [stdout]    2:     0x5eecb2aaa23c - <alloc[2e1b2a31b91974c5]::vec::Vec<u8> as core[a373ad73a504971]::io::write::Write>::write_fmt
[INFO] [stdout]    3:     0x5eecb2a81f76 - std[617be2ca0a6fd877]::panicking::default_hook::{closure#0}
[INFO] [stdout]    4:     0x5eecb2a9e619 - std[617be2ca0a6fd877]::panicking::default_hook
[INFO] [stdout]    5:     0x5eecb2a3a850 - test[aada8e7e76ba119b]::test_main_inner::{closure#0}
[INFO] [stdout]    6:     0x5eecb2a9e7d2 - std[617be2ca0a6fd877]::panicking::panic_with_hook
[INFO] [stdout]    7:     0x5eecb2a82022 - std[617be2ca0a6fd877]::panicking::panic_handler::{closure#0}
[INFO] [stdout]    8:     0x5eecb2a7ad39 - std[617be2ca0a6fd877]::sys::backtrace::__rust_end_short_backtrace::<std[617be2ca0a6fd877]::panicking::panic_handler::{closure#0}, !>
[INFO] [stdout]    9:     0x5eecb2a82c2d - __rustc[ea4f61d10b84890b]::rust_begin_unwind
[INFO] [stdout]   10:     0x5eecb2aba64c - core[a373ad73a504971]::panicking::panic_fmt
[INFO] [stdout]   11:     0x5eecb2a2dace - <cli_tests[8e2c0b3d7952be40]::cli_import_nested_child::{closure#0} as core[a373ad73a504971]::ops::function::FnOnce<()>>::call_once
[INFO] [stdout]   12:     0x5eecb2a2dc9b - test[aada8e7e76ba119b]::__rust_begin_short_backtrace::<core[a373ad73a504971]::result::Result<(), alloc[2e1b2a31b91974c5]::string::String>, fn() -> core[a373ad73a504971]::result::Result<(), alloc[2e1b2a31b91974c5]::string::String>>
[INFO] [stdout]   13:     0x5eecb2a3ae75 - test[aada8e7e76ba119b]::run_test::{closure#0}
[INFO] [stdout]   14:     0x5eecb2a34764 - std[617be2ca0a6fd877]::sys::backtrace::__rust_begin_short_backtrace::<test[aada8e7e76ba119b]::run_test::{closure#1}, ()>
[INFO] [stdout]   15:     0x5eecb2a3df02 - <std[617be2ca0a6fd877]::thread::lifecycle::spawn_unchecked<test[aada8e7e76ba119b]::run_test::{closure#1}, ()>::{closure#1} as core[a373ad73a504971]::ops::function::FnOnce<()>>::call_once::{shim:vtable#0}
[INFO] [stdout]   16:     0x5eecb2aa587f - <std[617be2ca0a6fd877]::sys::thread::unix::Thread>::new::thread_start
[INFO] [stdout]   17:     0x77ffed277dfa - <unknown>
[INFO] [stdout]   18:     0x77ffed30b3d4 - clone
[INFO] [stdout]   19:                0x0 - <unknown>
[INFO] [stdout] 
[INFO] [stdout] ---- cli_import_from_child stdout ----
[INFO] [stdout] mkdir: Read-only file system
[INFO] [stdout] /opt/rustwide/workdir/tests/cli_test_cases/import_from_child/run.sh: line 11: cd: child: No such file or directory
[INFO] [stdout] /opt/rustwide/workdir/tests/cli_test_cases/import_from_child/run.sh: line 12: /opt/rustwide/target/release/build/supertoml/50371c2f84d80457/supertoml: No such file or directory
[INFO] [stdout] 
[INFO] [stdout] 
[INFO] [stdout] thread 'cli_import_from_child' (1193) panicked at /opt/rustwide/target/release/build/supertoml/16f44900b3d02467/out/generated_cli_tests.rs:6:9:
[INFO] [stdout] Test failed: Script exited with non-zero status
[INFO] [stdout] stack backtrace:
[INFO] [stdout]    0:     0x5eecb2aa6021 - <<std[617be2ca0a6fd877]::sys::backtrace::BacktraceLock>::print::DisplayBacktrace as core[a373ad73a504971]::fmt::Display>::fmt
[INFO] [stdout]    1:     0x5eecb2ab9f1a - core[a373ad73a504971]::fmt::write
[INFO] [stdout]    2:     0x5eecb2aaa23c - <alloc[2e1b2a31b91974c5]::vec::Vec<u8> as core[a373ad73a504971]::io::write::Write>::write_fmt
[INFO] [stdout]    3:     0x5eecb2a81f76 - std[617be2ca0a6fd877]::panicking::default_hook::{closure#0}
[INFO] [stdout]    4:     0x5eecb2a9e619 - std[617be2ca0a6fd877]::panicking::default_hook
[INFO] [stdout]    5:     0x5eecb2a3a850 - test[aada8e7e76ba119b]::test_main_inner::{closure#0}
[INFO] [stdout]    6:     0x5eecb2a9e7d2 - std[617be2ca0a6fd877]::panicking::panic_with_hook
[INFO] [stdout]    7:     0x5eecb2a82022 - std[617be2ca0a6fd877]::panicking::panic_handler::{closure#0}
[INFO] [stdout]    8:     0x5eecb2a7ad39 - std[617be2ca0a6fd877]::sys::backtrace::__rust_end_short_backtrace::<std[617be2ca0a6fd877]::panicking::panic_handler::{closure#0}, !>
[INFO] [stdout]    9:     0x5eecb2a82c2d - __rustc[ea4f61d10b84890b]::rust_begin_unwind
[INFO] [stdout]   10:     0x5eecb2aba64c - core[a373ad73a504971]::panicking::panic_fmt
[INFO] [stdout]   11:     0x5eecb2a2d9ae - <cli_tests[8e2c0b3d7952be40]::cli_import_from_child::{closure#0} as core[a373ad73a504971]::ops::function::FnOnce<()>>::call_once
[INFO] [stdout]   12:     0x5eecb2a2dc9b - test[aada8e7e76ba119b]::__rust_begin_short_backtrace::<core[a373ad73a504971]::result::Result<(), alloc[2e1b2a31b91974c5]::string::String>, fn() -> core[a373ad73a504971]::result::Result<(), alloc[2e1b2a31b91974c5]::string::String>>
[INFO] [stdout]   13:     0x5eecb2a3ae75 - test[aada8e7e76ba119b]::run_test::{closure#0}
[INFO] [stdout]   14:     0x5eecb2a34764 - std[617be2ca0a6fd877]::sys::backtrace::__rust_begin_short_backtrace::<test[aada8e7e76ba119b]::run_test::{closure#1}, ()>
[INFO] [stdout]   15:     0x5eecb2a3df02 - <std[617be2ca0a6fd877]::thread::lifecycle::spawn_unchecked<test[aada8e7e76ba119b]::run_test::{closure#1}, ()>::{closure#1} as core[a373ad73a504971]::ops::function::FnOnce<()>>::call_once::{shim:vtable#0}
[INFO] [stdout]   16:     0x5eecb2aa587f - <std[617be2ca0a6fd877]::sys::thread::unix::Thread>::new::thread_start
[INFO] [stdout]   17:     0x77ffed277dfa - <unknown>
[INFO] [stdout]   18:     0x77ffed30b3d4 - clone
[INFO] [stdout]   19:                0x0 - <unknown>
[INFO] [stdout] 
[INFO] [stdout] 
[INFO] [stdout] failures:
[INFO] [stdout]     cli_import_from_child
[INFO] [stdout]     cli_import_nested_child
[INFO] [stdout]     cli_import_sibling
[INFO] [stdout]     cli_import_with_dot_slash
[INFO] [stdout]     cli_version
[INFO] [stdout] 
[INFO] [stdout] test result: FAILED. 0 passed; 5 failed; 0 ignored; 0 measured; 0 filtered out; finished in 0.04s
[INFO] [stdout] 
[INFO] running `Command { std: "docker" "inspect" "f4c1547b78883b26f8a98e5e2f28b13111b8bb7ede377559690492d07320cd9d", kill_on_drop: false }`
[INFO] running `Command { std: "docker" "rm" "-f" "f4c1547b78883b26f8a98e5e2f28b13111b8bb7ede377559690492d07320cd9d", kill_on_drop: false }`
[INFO] [stdout] f4c1547b78883b26f8a98e5e2f28b13111b8bb7ede377559690492d07320cd9d
