[INFO] cloning repository https://github.com/seagleNet/aoc_2022
[INFO] running `Command { std: "git" "-c" "credential.helper=" "-c" "credential.helper=/workspace/cargo-home/bin/git-credential-null" "clone" "--bare" "https://github.com/seagleNet/aoc_2022" "/workspace/cache/git-repos/https%3A%2F%2Fgithub.com%2FseagleNet%2Faoc_2022", kill_on_drop: false }`
[INFO] [stderr] Cloning into bare repository '/workspace/cache/git-repos/https%3A%2F%2Fgithub.com%2FseagleNet%2Faoc_2022'...
[INFO] running `Command { std: "git" "rev-parse" "HEAD", kill_on_drop: false }`
[INFO] [stdout] 5cec036ea7cca7a8c23ed45c973edbd2e0598e62
[INFO] testing seagleNet/aoc_2022 against 1.100.0-beta.1+cargoflags=--release for beta-release-1.100-2
[INFO] running `Command { std: "git" "clone" "/workspace/cache/git-repos/https%3A%2F%2Fgithub.com%2FseagleNet%2Faoc_2022" "/workspace/builds/worker-6-tc2/source", kill_on_drop: false }`
[INFO] [stderr] Cloning into '/workspace/builds/worker-6-tc2/source'...
[INFO] [stderr] done.
[INFO] started tweaking git repo https://github.com/seagleNet/aoc_2022
[INFO] finished tweaking git repo https://github.com/seagleNet/aoc_2022
[INFO] tweaked toml for git repo https://github.com/seagleNet/aoc_2022 written to /workspace/builds/worker-6-tc2/source/Cargo.toml
[INFO] validating manifest of git repo https://github.com/seagleNet/aoc_2022 on toolchain 1.100.0-beta.1
[INFO] running `Command { std: CARGO_HOME="/workspace/cargo-home" RUSTUP_HOME="/workspace/rustup-home" "/workspace/cargo-home/bin/cargo" "+1.100.0-beta.1" "metadata" "--manifest-path" "Cargo.toml" "--no-deps", kill_on_drop: false }`
[INFO] crate git repo https://github.com/seagleNet/aoc_2022 already has a lockfile, it will not be regenerated
[INFO] running `Command { std: CARGO_HOME="/workspace/cargo-home" RUSTUP_HOME="/workspace/rustup-home" "/workspace/cargo-home/bin/cargo" "+1.100.0-beta.1" "fetch" "--manifest-path" "Cargo.toml", kill_on_drop: false }`
[INFO] running `Command { std: "docker" "create" "-v" "/var/lib/crater-agent-workspace/builds/worker-6-tc2/source:/opt/rustwide/workdir:ro,Z" "-v" "/var/lib/crater-agent-workspace/builds/worker-6-tc2/target:/opt/rustwide/target:rw,Z" "-v" "/var/lib/crater-agent-workspace/cargo-home:/opt/rustwide/cargo-home:ro,Z" "-v" "/var/lib/crater-agent-workspace/rustup-home:/opt/rustwide/rustup-home:ro,Z" "-m" "1610612736" "--network" "none" "ghcr.io/rust-lang/crates-build-env/linux@sha256:77db811e55d90add9212f6832c23229e3de5f1c1f9905e8cb07319ea15df73ac" "sleep" "infinity", kill_on_drop: false }`
[INFO] [stdout] 8fa01a558878556070191718017108237bb97609789f797f3ac428191c9b97fd
[INFO] running `Command { std: "docker" "start" "8fa01a558878556070191718017108237bb97609789f797f3ac428191c9b97fd", kill_on_drop: false }`
[INFO] running `Command { std: "docker" "inspect" "8fa01a558878556070191718017108237bb97609789f797f3ac428191c9b97fd", kill_on_drop: false }`
[INFO] running `Command { std: "docker" "exec" "-e" "SOURCE_DIR=/opt/rustwide/workdir" "-e" "CARGO_HOME=/opt/rustwide/cargo-home" "-e" "RUSTUP_HOME=/opt/rustwide/rustup-home" "-e" "CARGO_TARGET_DIR=/opt/rustwide/target" "-w" "/opt/rustwide/workdir" "--user" "0:0" "8fa01a558878556070191718017108237bb97609789f797f3ac428191c9b97fd" "/opt/rustwide/cargo-home/bin/cargo" "+1.100.0-beta.1" "metadata" "--no-deps" "--format-version=1", kill_on_drop: false }`
[INFO] running `Command { std: "docker" "inspect" "8fa01a558878556070191718017108237bb97609789f797f3ac428191c9b97fd", kill_on_drop: false }`
[INFO] running `Command { std: "docker" "exec" "-e" "SOURCE_DIR=/opt/rustwide/workdir" "-e" "CARGO_HOME=/opt/rustwide/cargo-home" "-e" "RUSTUP_HOME=/opt/rustwide/rustup-home" "-e" "CARGO_TARGET_DIR=/opt/rustwide/target" "-e" "CARGO_INCREMENTAL=0" "-e" "RUST_BACKTRACE=full" "-e" "RUSTFLAGS=--cap-lints=warn" "-e" "RUSTDOCFLAGS=--cap-lints=warn" "-w" "/opt/rustwide/workdir" "--user" "0:0" "8fa01a558878556070191718017108237bb97609789f797f3ac428191c9b97fd" "/opt/rustwide/cargo-home/bin/cargo" "+1.100.0-beta.1" "build" "--frozen" "--message-format=json" "--release", kill_on_drop: false }`
[INFO] [stderr]    Compiling serde v1.0.152
[INFO] [stderr]    Compiling serde_json v1.0.92
[INFO] [stderr]    Compiling itoa v1.0.5
[INFO] [stderr]    Compiling file_utils v0.1.0 (/opt/rustwide/workdir/file_utils)
[INFO] [stderr]    Compiling day_13 v0.1.0 (/opt/rustwide/workdir/day_13)
[INFO] [stderr]     Finished `release` profile [optimized] target(s) in 6.42s
[INFO] running `Command { std: "docker" "inspect" "8fa01a558878556070191718017108237bb97609789f797f3ac428191c9b97fd", kill_on_drop: false }`
[INFO] running `Command { std: "docker" "exec" "-e" "SOURCE_DIR=/opt/rustwide/workdir" "-e" "CARGO_HOME=/opt/rustwide/cargo-home" "-e" "RUSTUP_HOME=/opt/rustwide/rustup-home" "-e" "CARGO_TARGET_DIR=/opt/rustwide/target" "-e" "CARGO_INCREMENTAL=0" "-e" "RUST_BACKTRACE=full" "-e" "RUSTFLAGS=--cap-lints=warn" "-e" "RUSTDOCFLAGS=--cap-lints=warn" "-w" "/opt/rustwide/workdir" "--user" "0:0" "8fa01a558878556070191718017108237bb97609789f797f3ac428191c9b97fd" "/opt/rustwide/cargo-home/bin/cargo" "+1.100.0-beta.1" "test" "--frozen" "--no-run" "--message-format=json" "--release", kill_on_drop: false }`
[INFO] [stderr]    Compiling day_13 v0.1.0 (/opt/rustwide/workdir/day_13)
[INFO] [stderr]     Finished `release` profile [optimized] target(s) in 0.80s
[INFO] running `Command { std: "docker" "inspect" "8fa01a558878556070191718017108237bb97609789f797f3ac428191c9b97fd", kill_on_drop: false }`
[INFO] running `Command { std: "docker" "exec" "-e" "SOURCE_DIR=/opt/rustwide/workdir" "-e" "CARGO_HOME=/opt/rustwide/cargo-home" "-e" "RUSTUP_HOME=/opt/rustwide/rustup-home" "-e" "CARGO_TARGET_DIR=/opt/rustwide/target" "-e" "CARGO_INCREMENTAL=0" "-e" "RUST_BACKTRACE=full" "-e" "RUSTFLAGS=--cap-lints=warn" "-e" "RUSTDOCFLAGS=--cap-lints=warn" "-w" "/opt/rustwide/workdir" "--user" "0:0" "8fa01a558878556070191718017108237bb97609789f797f3ac428191c9b97fd" "/opt/rustwide/cargo-home/bin/cargo" "+1.100.0-beta.1" "test" "--frozen" "--release", kill_on_drop: false }`
[INFO] [stderr]     Finished `release` profile [optimized] target(s) in 0.04s
[INFO] [stderr]      Running unittests src/main.rs (/opt/rustwide/target/release/build/day_13/4bd38f3f0dc8d132/out/day_13-4bd38f3f0dc8d132)
[INFO] [stdout] 
[INFO] [stdout] running 2 tests
[INFO] [stdout] test tests::test_parse_json ... ok
[INFO] [stdout] test tests::test_main ... FAILED
[INFO] [stdout] 
[INFO] [stdout] failures:
[INFO] [stdout] 
[INFO] [stdout] ---- tests::test_main stdout ----
[INFO] [stdout] > start pair no: 0
[INFO] [stdout] > input l: Array [Number(1), Number(1), Number(3), Number(1), Number(1)]
[INFO] [stdout] > input r: Array [Number(1), Number(1), Number(5), Number(1), Number(1)]
[INFO] [stdout] comparing values
[INFO] [stdout] l: Number(1)
[INFO] [stdout] r: Number(1)
[INFO] [stdout] comparing values
[INFO] [stdout] l: Number(1)
[INFO] [stdout] r: Number(1)
[INFO] [stdout] comparing values
[INFO] [stdout] l: Number(3)
[INFO] [stdout] r: Number(5)
[INFO] [stdout] > start pair no: 1
[INFO] [stdout] > input l: Array [Array [Number(1)], Array [Number(2), Number(3), Number(4)]]
[INFO] [stdout] > input r: Array [Array [Number(1)], Number(4)]
[INFO] [stdout] comparing values
[INFO] [stdout] l: Array [Number(1)]
[INFO] [stdout] r: Array [Number(1)]
[INFO] [stdout] comparing values
[INFO] [stdout] l: Number(1)
[INFO] [stdout] r: Number(1)
[INFO] [stdout] 
[INFO] [stdout] thread 'tests::test_main' (281) panicked at day_13/src/main.rs:61:5:
[INFO] [stdout] cannot compare pairs
[INFO] [stdout] l:Array [Number(1)]
[INFO] [stdout] r:Array [Number(1)]
[INFO] [stdout] stack backtrace:
[INFO] [stdout]    0:     0x5a55c6acbec1 - <<std[617be2ca0a6fd877]::sys::backtrace::BacktraceLock>::print::DisplayBacktrace as core[a373ad73a504971]::fmt::Display>::fmt
[INFO] [stdout]    1:     0x5a55c6ae008a - core[a373ad73a504971]::fmt::write
[INFO] [stdout]    2:     0x5a55c6ad00dc - <alloc[2e1b2a31b91974c5]::vec::Vec<u8> as core[a373ad73a504971]::io::write::Write>::write_fmt
[INFO] [stdout]    3:     0x5a55c6aa8326 - std[617be2ca0a6fd877]::panicking::default_hook::{closure#0}
[INFO] [stdout]    4:     0x5a55c6ac4559 - std[617be2ca0a6fd877]::panicking::default_hook
[INFO] [stdout]    5:     0x5a55c6a5d000 - test[aada8e7e76ba119b]::test_main_inner::{closure#0}
[INFO] [stdout]    6:     0x5a55c6ac4712 - std[617be2ca0a6fd877]::panicking::panic_with_hook
[INFO] [stdout]    7:     0x5a55c6aa83d2 - std[617be2ca0a6fd877]::panicking::panic_handler::{closure#0}
[INFO] [stdout]    8:     0x5a55c6aa10e9 - std[617be2ca0a6fd877]::sys::backtrace::__rust_end_short_backtrace::<std[617be2ca0a6fd877]::panicking::panic_handler::{closure#0}, !>
[INFO] [stdout]    9:     0x5a55c6aa8fdd - __rustc[ea4f61d10b84890b]::rust_begin_unwind
[INFO] [stdout]   10:     0x5a55c6ae07bc - core[a373ad73a504971]::panicking::panic_fmt
[INFO] [stdout]   11:     0x5a55c6a4f57d - day_13[d7c203cbfa22a95]::right_order
[INFO] [stdout]   12:     0x5a55c6a4f7d0 - day_13[d7c203cbfa22a95]::right_order
[INFO] [stdout]   13:     0x5a55c6a4fca9 - day_13[d7c203cbfa22a95]::part_1
[INFO] [stdout]   14:     0x5a55c6a4c5f9 - <day_13[d7c203cbfa22a95]::tests::test_main::{closure#0} as core[a373ad73a504971]::ops::function::FnOnce<()>>::call_once
[INFO] [stdout]   15:     0x5a55c6a5044b - test[aada8e7e76ba119b]::__rust_begin_short_backtrace::<core[a373ad73a504971]::result::Result<(), alloc[2e1b2a31b91974c5]::string::String>, fn() -> core[a373ad73a504971]::result::Result<(), alloc[2e1b2a31b91974c5]::string::String>>
[INFO] [stdout]   16:     0x5a55c6a5d625 - test[aada8e7e76ba119b]::run_test::{closure#0}
[INFO] [stdout]   17:     0x5a55c6a56f14 - std[617be2ca0a6fd877]::sys::backtrace::__rust_begin_short_backtrace::<test[aada8e7e76ba119b]::run_test::{closure#1}, ()>
[INFO] [stdout]   18:     0x5a55c6a606b2 - <std[617be2ca0a6fd877]::thread::lifecycle::spawn_unchecked<test[aada8e7e76ba119b]::run_test::{closure#1}, ()>::{closure#1} as core[a373ad73a504971]::ops::function::FnOnce<()>>::call_once::{shim:vtable#0}
[INFO] [stdout]   19:     0x5a55c6acb71f - <std[617be2ca0a6fd877]::sys::thread::unix::Thread>::new::thread_start
[INFO] [stdout]   20:     0x77fccc849dfa - <unknown>
[INFO] [stdout]   21:     0x77fccc8dd3d4 - clone
[INFO] [stdout]   22:                0x0 - <unknown>
[INFO] [stdout] 
[INFO] [stdout] 
[INFO] [stdout] failures:
[INFO] [stdout]     tests::test_main
[INFO] [stdout] 
[INFO] [stdout] test result: FAILED. 1 passed; 1 failed; 0 ignored; 0 measured; 0 filtered out; finished in 0.01s
[INFO] [stdout] 
[INFO] [stderr] error: test failed, to rerun pass `--bin day_13`
[INFO] running `Command { std: "docker" "inspect" "8fa01a558878556070191718017108237bb97609789f797f3ac428191c9b97fd", kill_on_drop: false }`
[INFO] running `Command { std: "docker" "rm" "-f" "8fa01a558878556070191718017108237bb97609789f797f3ac428191c9b97fd", kill_on_drop: false }`
[INFO] [stdout] 8fa01a558878556070191718017108237bb97609789f797f3ac428191c9b97fd
