[INFO] cloning repository https://github.com/samanshaiza004/caliber
[INFO] running `Command { std: "git" "-c" "credential.helper=" "-c" "credential.helper=/workspace/cargo-home/bin/git-credential-null" "clone" "--bare" "https://github.com/samanshaiza004/caliber" "/workspace/cache/git-repos/https%3A%2F%2Fgithub.com%2Fsamanshaiza004%2Fcaliber", kill_on_drop: false }`
[INFO] [stderr] Cloning into bare repository '/workspace/cache/git-repos/https%3A%2F%2Fgithub.com%2Fsamanshaiza004%2Fcaliber'...
[INFO] running `Command { std: "git" "rev-parse" "HEAD", kill_on_drop: false }`
[INFO] [stdout] e3b61c6f2fd50551ab749b9c4c887d39ad0f0db3
[INFO] testing samanshaiza004/caliber against 1.99.0-beta.8+cargoflags=--release for beta-release-1.100-2
[INFO] running `Command { std: "git" "clone" "/workspace/cache/git-repos/https%3A%2F%2Fgithub.com%2Fsamanshaiza004%2Fcaliber" "/workspace/builds/worker-2-tc1/source", kill_on_drop: false }`
[INFO] [stderr] Cloning into '/workspace/builds/worker-2-tc1/source'...
[INFO] [stderr] done.
[INFO] started tweaking git repo https://github.com/samanshaiza004/caliber
[INFO] finished tweaking git repo https://github.com/samanshaiza004/caliber
[INFO] tweaked toml for git repo https://github.com/samanshaiza004/caliber written to /workspace/builds/worker-2-tc1/source/Cargo.toml
[INFO] validating manifest of git repo https://github.com/samanshaiza004/caliber on toolchain 1.99.0-beta.8
[INFO] running `Command { std: CARGO_HOME="/workspace/cargo-home" RUSTUP_HOME="/workspace/rustup-home" "/workspace/cargo-home/bin/cargo" "+1.99.0-beta.8" "metadata" "--manifest-path" "Cargo.toml" "--no-deps", kill_on_drop: false }`
[INFO] crate git repo https://github.com/samanshaiza004/caliber already has a lockfile, it will not be regenerated
[INFO] running `Command { std: CARGO_HOME="/workspace/cargo-home" RUSTUP_HOME="/workspace/rustup-home" "/workspace/cargo-home/bin/cargo" "+1.99.0-beta.8" "fetch" "--manifest-path" "Cargo.toml", kill_on_drop: false }`
[INFO] running `Command { std: "docker" "create" "-v" "/var/lib/crater-agent-workspace/builds/worker-2-tc1/source:/opt/rustwide/workdir:ro,Z" "-v" "/var/lib/crater-agent-workspace/builds/worker-2-tc1/target:/opt/rustwide/target:rw,Z" "-v" "/var/lib/crater-agent-workspace/cargo-home:/opt/rustwide/cargo-home:ro,Z" "-v" "/var/lib/crater-agent-workspace/rustup-home:/opt/rustwide/rustup-home:ro,Z" "-m" "1610612736" "--network" "none" "ghcr.io/rust-lang/crates-build-env/linux@sha256:77db811e55d90add9212f6832c23229e3de5f1c1f9905e8cb07319ea15df73ac" "sleep" "infinity", kill_on_drop: false }`
[INFO] [stdout] 60345028bd47158962a30294d987b552ea4ae383f6b80089c50f33326cec815f
[INFO] running `Command { std: "docker" "start" "60345028bd47158962a30294d987b552ea4ae383f6b80089c50f33326cec815f", kill_on_drop: false }`
[INFO] running `Command { std: "docker" "inspect" "60345028bd47158962a30294d987b552ea4ae383f6b80089c50f33326cec815f", kill_on_drop: false }`
[INFO] running `Command { std: "docker" "exec" "-e" "SOURCE_DIR=/opt/rustwide/workdir" "-e" "CARGO_HOME=/opt/rustwide/cargo-home" "-e" "RUSTUP_HOME=/opt/rustwide/rustup-home" "-e" "CARGO_TARGET_DIR=/opt/rustwide/target" "-w" "/opt/rustwide/workdir" "--user" "0:0" "60345028bd47158962a30294d987b552ea4ae383f6b80089c50f33326cec815f" "/opt/rustwide/cargo-home/bin/cargo" "+1.99.0-beta.8" "metadata" "--no-deps" "--format-version=1", kill_on_drop: false }`
[INFO] running `Command { std: "docker" "inspect" "60345028bd47158962a30294d987b552ea4ae383f6b80089c50f33326cec815f", kill_on_drop: false }`
[INFO] running `Command { std: "docker" "exec" "-e" "SOURCE_DIR=/opt/rustwide/workdir" "-e" "CARGO_HOME=/opt/rustwide/cargo-home" "-e" "RUSTUP_HOME=/opt/rustwide/rustup-home" "-e" "CARGO_TARGET_DIR=/opt/rustwide/target" "-e" "CARGO_INCREMENTAL=0" "-e" "RUST_BACKTRACE=full" "-e" "RUSTFLAGS=--cap-lints=warn" "-e" "RUSTDOCFLAGS=--cap-lints=warn" "-w" "/opt/rustwide/workdir" "--user" "0:0" "60345028bd47158962a30294d987b552ea4ae383f6b80089c50f33326cec815f" "/opt/rustwide/cargo-home/bin/cargo" "+1.99.0-beta.8" "build" "--frozen" "--message-format=json" "--release", kill_on_drop: false }`
[INFO] [stderr]    Compiling proc-macro2 v1.0.107
[INFO] [stderr]    Compiling unicode-ident v1.0.26
[INFO] [stderr]    Compiling quote v1.0.47
[INFO] [stderr]    Compiling find-msvc-tools v0.1.14
[INFO] [stderr]    Compiling serde_json v1.0.151
[INFO] [stderr]    Compiling caliber-core v0.0.0 (/opt/rustwide/workdir/crates/caliber-core)
[INFO] [stderr]    Compiling memchr v2.8.3
[INFO] [stdout] warning: use of deprecated method `std::sync::atomic::Atomic::<u64>::fetch_update`: renamed to `try_update` for consistency
[INFO] [stdout]    --> crates/caliber-core/src/lib.rs:356:14
[INFO] [stdout]     |
[INFO] [stdout] 356 |             .fetch_update(Ordering::AcqRel, Ordering::Acquire, |current| {
[INFO] [stdout]     |              ^^^^^^^^^^^^
[INFO] [stdout]     |
[INFO] [stdout]     = note: `#[warn(deprecated)]` on by default
[INFO] [stdout] help: replace the use of the deprecated method
[INFO] [stdout]     |
[INFO] [stdout] 356 -             .fetch_update(Ordering::AcqRel, Ordering::Acquire, |current| {
[INFO] [stdout] 356 +             .try_update(Ordering::AcqRel, Ordering::Acquire, |current| {
[INFO] [stdout]     |
[INFO] [stdout] 
[INFO] [stdout] 
[INFO] [stdout] warning: use of deprecated method `std::sync::atomic::Atomic::<u64>::fetch_update`: renamed to `try_update` for consistency
[INFO] [stdout]    --> crates/caliber-core/src/lib.rs:498:14
[INFO] [stdout]     |
[INFO] [stdout] 498 |             .fetch_update(Ordering::AcqRel, Ordering::Acquire, |current| {
[INFO] [stdout]     |              ^^^^^^^^^^^^
[INFO] [stdout]     |
[INFO] [stdout] help: replace the use of the deprecated method
[INFO] [stdout]     |
[INFO] [stdout] 498 -             .fetch_update(Ordering::AcqRel, Ordering::Acquire, |current| {
[INFO] [stdout] 498 +             .try_update(Ordering::AcqRel, Ordering::Acquire, |current| {
[INFO] [stdout]     |
[INFO] [stdout] 
[INFO] [stdout] 
[INFO] [stderr]    Compiling cc v1.4.5
[INFO] [stderr]    Compiling caliber-ffi v0.0.0 (/opt/rustwide/workdir/crates/caliber-ffi)
[INFO] [stderr]    Compiling syn v3.0.6
[INFO] [stderr]    Compiling caliber-abi-tests v0.0.0 (/opt/rustwide/workdir/crates/caliber-abi-tests)
[INFO] [stderr] warning: caliber-abi-tests@0.0.0: /opt/rustwide/workdir/crates/caliber-abi-tests/tests/abi/current_client.c: In function 'caliber_current_v1_client_run':
[INFO] [stderr] warning: caliber-abi-tests@0.0.0: /opt/rustwide/workdir/crates/caliber-abi-tests/tests/abi/current_client.c:75:29: warning: 'api' may be used uninitialized [-Wmaybe-uninitialized]
[INFO] [stderr] warning: caliber-abi-tests@0.0.0:    75 |     if (context != NULL) api->context_destroy(context);
[INFO] [stderr] warning: caliber-abi-tests@0.0.0:       |                          ~~~^~~~~~~~~~~~~~~~~
[INFO] [stderr] warning: caliber-abi-tests@0.0.0: /opt/rustwide/workdir/crates/caliber-abi-tests/tests/abi/current_client.c:44:25: note: 'api' was declared here
[INFO] [stderr] warning: caliber-abi-tests@0.0.0:    44 |     const CaliberApiV1 *api = get_api(1);
[INFO] [stderr] warning: caliber-abi-tests@0.0.0:       |                         ^~~
[INFO] [stderr]    Compiling serde_derive v1.0.229
[INFO] [stderr]    Compiling serde v1.0.229
[INFO] [stderr]    Compiling caliber v0.0.0 (/opt/rustwide/workdir/crates/caliber-cli)
[INFO] [stderr]     Finished `release` profile [optimized] target(s) in 15.23s
[INFO] running `Command { std: "docker" "inspect" "60345028bd47158962a30294d987b552ea4ae383f6b80089c50f33326cec815f", kill_on_drop: false }`
[INFO] running `Command { std: "docker" "exec" "-e" "SOURCE_DIR=/opt/rustwide/workdir" "-e" "CARGO_HOME=/opt/rustwide/cargo-home" "-e" "RUSTUP_HOME=/opt/rustwide/rustup-home" "-e" "CARGO_TARGET_DIR=/opt/rustwide/target" "-e" "CARGO_INCREMENTAL=0" "-e" "RUST_BACKTRACE=full" "-e" "RUSTFLAGS=--cap-lints=warn" "-e" "RUSTDOCFLAGS=--cap-lints=warn" "-w" "/opt/rustwide/workdir" "--user" "0:0" "60345028bd47158962a30294d987b552ea4ae383f6b80089c50f33326cec815f" "/opt/rustwide/cargo-home/bin/cargo" "+1.99.0-beta.8" "test" "--frozen" "--no-run" "--message-format=json" "--release", kill_on_drop: false }`
[INFO] [stderr] warning: caliber-abi-tests@0.0.0: /opt/rustwide/workdir/crates/caliber-abi-tests/tests/abi/current_client.c: In function 'caliber_current_v1_client_run':
[INFO] [stderr] warning: caliber-abi-tests@0.0.0: /opt/rustwide/workdir/crates/caliber-abi-tests/tests/abi/current_client.c:75:29: warning: 'api' may be used uninitialized [-Wmaybe-uninitialized]
[INFO] [stderr] warning: caliber-abi-tests@0.0.0:    75 |     if (context != NULL) api->context_destroy(context);
[INFO] [stderr] warning: caliber-abi-tests@0.0.0:       |                          ~~~^~~~~~~~~~~~~~~~~
[INFO] [stderr] warning: caliber-abi-tests@0.0.0: /opt/rustwide/workdir/crates/caliber-abi-tests/tests/abi/current_client.c:44:25: note: 'api' was declared here
[INFO] [stderr] warning: caliber-abi-tests@0.0.0:    44 |     const CaliberApiV1 *api = get_api(1);
[INFO] [stderr] warning: caliber-abi-tests@0.0.0:       |                         ^~~
[INFO] [stderr]    Compiling caliber-abi-tests v0.0.0 (/opt/rustwide/workdir/crates/caliber-abi-tests)
[INFO] [stderr]    Compiling caliber v0.0.0 (/opt/rustwide/workdir/crates/caliber-cli)
[INFO] [stderr]    Compiling caliber-ffi v0.0.0 (/opt/rustwide/workdir/crates/caliber-ffi)
[INFO] [stderr]    Compiling caliber-core v0.0.0 (/opt/rustwide/workdir/crates/caliber-core)
[INFO] [stdout] warning: use of deprecated method `std::sync::atomic::Atomic::<u64>::fetch_update`: renamed to `try_update` for consistency
[INFO] [stdout]    --> crates/caliber-core/src/lib.rs:356:14
[INFO] [stdout]     |
[INFO] [stdout] 356 |             .fetch_update(Ordering::AcqRel, Ordering::Acquire, |current| {
[INFO] [stdout]     |              ^^^^^^^^^^^^
[INFO] [stdout]     |
[INFO] [stdout]     = note: `#[warn(deprecated)]` on by default
[INFO] [stdout] help: replace the use of the deprecated method
[INFO] [stdout]     |
[INFO] [stdout] 356 -             .fetch_update(Ordering::AcqRel, Ordering::Acquire, |current| {
[INFO] [stdout] 356 +             .try_update(Ordering::AcqRel, Ordering::Acquire, |current| {
[INFO] [stdout]     |
[INFO] [stdout] 
[INFO] [stdout] 
[INFO] [stdout] warning: use of deprecated method `std::sync::atomic::Atomic::<u64>::fetch_update`: renamed to `try_update` for consistency
[INFO] [stdout]    --> crates/caliber-core/src/lib.rs:498:14
[INFO] [stdout]     |
[INFO] [stdout] 498 |             .fetch_update(Ordering::AcqRel, Ordering::Acquire, |current| {
[INFO] [stdout]     |              ^^^^^^^^^^^^
[INFO] [stdout]     |
[INFO] [stdout] help: replace the use of the deprecated method
[INFO] [stdout]     |
[INFO] [stdout] 498 -             .fetch_update(Ordering::AcqRel, Ordering::Acquire, |current| {
[INFO] [stdout] 498 +             .try_update(Ordering::AcqRel, Ordering::Acquire, |current| {
[INFO] [stdout]     |
[INFO] [stdout] 
[INFO] [stdout] 
[INFO] [stdout] warning: use of deprecated method `std::sync::atomic::Atomic::<u64>::fetch_update`: renamed to `try_update` for consistency
[INFO] [stdout]    --> crates/caliber-core/src/lib.rs:356:14
[INFO] [stdout]     |
[INFO] [stdout] 356 |             .fetch_update(Ordering::AcqRel, Ordering::Acquire, |current| {
[INFO] [stdout]     |              ^^^^^^^^^^^^
[INFO] [stdout]     |
[INFO] [stdout]     = note: `#[warn(deprecated)]` on by default
[INFO] [stdout] help: replace the use of the deprecated method
[INFO] [stdout]     |
[INFO] [stdout] 356 -             .fetch_update(Ordering::AcqRel, Ordering::Acquire, |current| {
[INFO] [stdout] 356 +             .try_update(Ordering::AcqRel, Ordering::Acquire, |current| {
[INFO] [stdout]     |
[INFO] [stdout] 
[INFO] [stdout] 
[INFO] [stdout] warning: use of deprecated method `std::sync::atomic::Atomic::<u64>::fetch_update`: renamed to `try_update` for consistency
[INFO] [stdout]    --> crates/caliber-core/src/lib.rs:498:14
[INFO] [stdout]     |
[INFO] [stdout] 498 |             .fetch_update(Ordering::AcqRel, Ordering::Acquire, |current| {
[INFO] [stdout]     |              ^^^^^^^^^^^^
[INFO] [stdout]     |
[INFO] [stdout] help: replace the use of the deprecated method
[INFO] [stdout]     |
[INFO] [stdout] 498 -             .fetch_update(Ordering::AcqRel, Ordering::Acquire, |current| {
[INFO] [stdout] 498 +             .try_update(Ordering::AcqRel, Ordering::Acquire, |current| {
[INFO] [stdout]     |
[INFO] [stdout] 
[INFO] [stdout] 
[INFO] [stderr]     Finished `release` profile [optimized] target(s) in 6.66s
[INFO] running `Command { std: "docker" "inspect" "60345028bd47158962a30294d987b552ea4ae383f6b80089c50f33326cec815f", kill_on_drop: false }`
[INFO] running `Command { std: "docker" "exec" "-e" "SOURCE_DIR=/opt/rustwide/workdir" "-e" "CARGO_HOME=/opt/rustwide/cargo-home" "-e" "RUSTUP_HOME=/opt/rustwide/rustup-home" "-e" "CARGO_TARGET_DIR=/opt/rustwide/target" "-e" "CARGO_INCREMENTAL=0" "-e" "RUST_BACKTRACE=full" "-e" "RUSTFLAGS=--cap-lints=warn" "-e" "RUSTDOCFLAGS=--cap-lints=warn" "-w" "/opt/rustwide/workdir" "--user" "0:0" "60345028bd47158962a30294d987b552ea4ae383f6b80089c50f33326cec815f" "/opt/rustwide/cargo-home/bin/cargo" "+1.99.0-beta.8" "test" "--frozen" "--release", kill_on_drop: false }`
[INFO] [stderr] warning: use of deprecated method `std::sync::atomic::Atomic::<u64>::fetch_update`: renamed to `try_update` for consistency
[INFO] [stderr]    --> crates/caliber-core/src/lib.rs:356:14
[INFO] [stderr]     |
[INFO] [stderr] 356 |             .fetch_update(Ordering::AcqRel, Ordering::Acquire, |current| {
[INFO] [stderr]     |              ^^^^^^^^^^^^
[INFO] [stderr]     |
[INFO] [stderr]     = note: `#[warn(deprecated)]` on by default
[INFO] [stderr] help: replace the use of the deprecated method
[INFO] [stderr]     |
[INFO] [stderr] 356 -             .fetch_update(Ordering::AcqRel, Ordering::Acquire, |current| {
[INFO] [stderr] 356 +             .try_update(Ordering::AcqRel, Ordering::Acquire, |current| {
[INFO] [stderr]     |
[INFO] [stderr] 
[INFO] [stderr] warning: use of deprecated method `std::sync::atomic::Atomic::<u64>::fetch_update`: renamed to `try_update` for consistency
[INFO] [stderr]    --> crates/caliber-core/src/lib.rs:498:14
[INFO] [stderr]     |
[INFO] [stderr] 498 |             .fetch_update(Ordering::AcqRel, Ordering::Acquire, |current| {
[INFO] [stderr]     |              ^^^^^^^^^^^^
[INFO] [stderr]     |
[INFO] [stderr] help: replace the use of the deprecated method
[INFO] [stderr]     |
[INFO] [stderr] 498 -             .fetch_update(Ordering::AcqRel, Ordering::Acquire, |current| {
[INFO] [stderr] 498 +             .try_update(Ordering::AcqRel, Ordering::Acquire, |current| {
[INFO] [stderr]     |
[INFO] [stderr] 
[INFO] [stderr] warning: `caliber-core` (lib) generated 2 warnings (run `cargo fix --lib -p caliber-core` to apply 2 suggestions)
[INFO] [stderr] warning: `caliber-core` (lib test) generated 2 warnings (2 duplicates)
[INFO] [stderr] warning: caliber-abi-tests@0.0.0: /opt/rustwide/workdir/crates/caliber-abi-tests/tests/abi/current_client.c: In function 'caliber_current_v1_client_run':
[INFO] [stderr] warning: caliber-abi-tests@0.0.0: /opt/rustwide/workdir/crates/caliber-abi-tests/tests/abi/current_client.c:75:29: warning: 'api' may be used uninitialized [-Wmaybe-uninitialized]
[INFO] [stderr] warning: caliber-abi-tests@0.0.0:    75 |     if (context != NULL) api->context_destroy(context);
[INFO] [stderr] warning: caliber-abi-tests@0.0.0:       |                          ~~~^~~~~~~~~~~~~~~~~
[INFO] [stderr] warning: caliber-abi-tests@0.0.0: /opt/rustwide/workdir/crates/caliber-abi-tests/tests/abi/current_client.c:44:25: note: 'api' was declared here
[INFO] [stderr] warning: caliber-abi-tests@0.0.0:    44 |     const CaliberApiV1 *api = get_api(1);
[INFO] [stderr] warning: caliber-abi-tests@0.0.0:       |                         ^~~
[INFO] [stderr]     Finished `release` profile [optimized] target(s) in 0.04s
[INFO] [stderr]      Running unittests src/lib.rs (/opt/rustwide/target/release/deps/caliber-ab6eddfe5893b149)
[INFO] [stdout] 
[INFO] [stdout] running 13 tests
[INFO] [stdout] test diagnostics::tests::diagnostics_config_defaults_to_current_abi ... ok
[INFO] [stdout] test diagnostics::tests::resolves_platform_library_paths_under_project_root ... ok
[INFO] [stdout] test diagnostics::tests::finds_an_explicit_executable_path_without_mutating_it ... ok
[INFO] [stdout] test diagnostics::tests::linked_abi_table_contains_every_function_required_by_check ... ok
[INFO] [stdout] test tests::sync_materializes_missing_dependency_and_status_reports_it ... ok
[INFO] [stdout] test tests::developer_override_is_read_only_and_requires_explicit_dirty_opt_in ... ok
[INFO] [stdout] test tests::missing_hook_and_malformed_lock_leave_previous_lock_bytes_untouched ... ok
[INFO] [stdout] ceae34c1575da8d4849e53187031c91731a38449
[INFO] [stdout] test tests::dirty_managed_checkout_is_rejected_untouched ... ok
[INFO] [stderr] fatal: ambiguous argument 'does-not-exist': unknown revision or path not in the working tree.
[INFO] [stderr] Use '--' to separate paths from revisions, like this:
[INFO] [stderr] 'git <command> [<revision>...] -- [<file>...]'
[INFO] [stdout] ceae34c1575da8d4849e53187031c91731a38449
[INFO] [stdout] test tests::pin_validation_failure_is_transactional ... ok
[INFO] [stdout] test tests::pin_requires_clean_reproducible_source_and_does_not_mutate_it ... ok
[INFO] [stdout] test tests::sync_is_offline_when_the_locked_object_is_already_local ... ok
[INFO] [stderr] fatal: ambiguous argument 'does-not-exist': unknown revision or path not in the working tree.
[INFO] [stderr] Use '--' to separate paths from revisions, like this:
[INFO] [stderr] 'git <command> [<revision>...] -- [<file>...]'
[INFO] [stdout] test tests::update_changes_lock_only_after_validation ... ok
[INFO] [stdout] test tests::status_distinguishes_missing_mismatched_and_dirty_without_fetching ... ok
[INFO] [stdout] 
[INFO] [stdout] test result: ok. 13 passed; 0 failed; 0 ignored; 0 measured; 0 filtered out; finished in 0.60s
[INFO] [stdout] 
[INFO] [stderr]      Running unittests src/main.rs (/opt/rustwide/target/release/deps/caliber-1b489d0f0f33022c)
[INFO] [stdout] 
[INFO] [stdout] running 0 tests
[INFO] [stdout] 
[INFO] [stdout] test result: ok. 0 passed; 0 failed; 0 ignored; 0 measured; 0 filtered out; finished in 0.00s
[INFO] [stdout] 
[INFO] [stderr]      Running unittests src/lib.rs (/opt/rustwide/target/release/deps/caliber_abi_tests-166ea127fc1e6cf7)
[INFO] [stdout] 
[INFO] [stdout] running 0 tests
[INFO] [stdout] 
[INFO] [stdout] test result: ok. 0 passed; 0 failed; 0 ignored; 0 measured; 0 filtered out; finished in 0.00s
[INFO] [stdout] 
[INFO] [stderr]      Running tests/abi_compat.rs (/opt/rustwide/target/release/deps/abi_compat-c96c3bf890071127)
[INFO] [stdout] 
[INFO] [stdout] running 3 tests
[INFO] [stdout] test frozen_old_v1_client_loads_current_library ... ok
[INFO] [stdout] test canonical_c_header_layout_matches_rust_implementation ... ok
[INFO] [stdout] test current_v1_client_loads_current_library ... ok
[INFO] [stdout] 
[INFO] [stdout] test result: ok. 3 passed; 0 failed; 0 ignored; 0 measured; 0 filtered out; finished in 0.00s
[INFO] [stdout] 
[INFO] [stderr]      Running unittests src/lib.rs (/opt/rustwide/target/release/deps/caliber_core-85a9f16066c960bb)
[INFO] [stdout] 
[INFO] [stdout] running 11 tests
[INFO] [stdout] test tests::stream_reports_explicit_overflow_and_preserves_order ... ok
[INFO] [stdout] test tests::stale_resource_handles_are_rejected_but_views_keep_bytes_alive ... ok
[INFO] [stdout] test tests::stream_rejects_capacities_that_cannot_add_ring_sentinel ... ok
[INFO] [stdout] test tests::telemetry_rejects_wrong_width_and_concurrent_writer ... ok
[INFO] [stdout] test tests::control_queue_is_bounded_and_ordered ... ok
[INFO] [stdout] test tests::oversized_state_is_rejected_without_revision_change ... ok
[INFO] [stdout] test tests::wake_signal_is_idle_until_notified_and_coalesces_notifications ... ok
[INFO] [stdout] test tests::state_publication_revision_and_payload_are_coherent ... ok
[INFO] [stdout] test tests::waiting_control_queue_does_not_poll_while_idle ... FAILED
[INFO] [stdout] test tests::stream_handles_one_producer_and_one_consumer ... ok
[INFO] [stdout] test tests::telemetry_reads_are_coherent_and_publish_does_not_need_history ... ok
[INFO] [stdout] 
[INFO] [stdout] failures:
[INFO] [stdout] 
[INFO] [stdout] ---- tests::waiting_control_queue_does_not_poll_while_idle stdout ----
[INFO] [stdout] 
[INFO] [stdout] thread 'tests::waiting_control_queue_does_not_poll_while_idle' (1255) panicked at crates/caliber-core/src/lib.rs:1164:34:
[INFO] [stdout] called `Result::unwrap()` on an `Err` value: Full { kind: "control queue" }
[INFO] [stdout] stack backtrace:
[INFO] [stdout]    0:     0x6283f09c22b1 - <<std[70759c8f55707aa4]::sys::backtrace::BacktraceLock>::print::DisplayBacktrace as core[df12db4294e9bfd3]::fmt::Display>::fmt
[INFO] [stdout]    1:     0x6283f09d687a - core[df12db4294e9bfd3]::fmt::write
[INFO] [stdout]    2:     0x6283f09c674c - <alloc[2182bb758b4b3781]::vec::Vec<u8> as core[df12db4294e9bfd3]::io::write::Write>::write_fmt
[INFO] [stdout]    3:     0x6283f099e5c6 - std[70759c8f55707aa4]::panicking::default_hook::{closure#0}
[INFO] [stdout]    4:     0x6283f09ba969 - std[70759c8f55707aa4]::panicking::default_hook
[INFO] [stdout]    5:     0x6283f0956bc0 - test[9d35eded1c95d3be]::test_main_inner::<test[9d35eded1c95d3be]::test_main_static::{closure#0}>::{closure#0}
[INFO] [stdout]    6:     0x6283f09bab22 - std[70759c8f55707aa4]::panicking::panic_with_hook
[INFO] [stdout]    7:     0x6283f099e672 - std[70759c8f55707aa4]::panicking::panic_handler::{closure#0}
[INFO] [stdout]    8:     0x6283f09973f9 - std[70759c8f55707aa4]::sys::backtrace::__rust_end_short_backtrace::<std[70759c8f55707aa4]::panicking::panic_handler::{closure#0}, !>
[INFO] [stdout]    9:     0x6283f099f26d - __rustc[8fa7c3cbc660c2b3]::rust_begin_unwind
[INFO] [stdout]   10:     0x6283f09d6fac - core[df12db4294e9bfd3]::panicking::panic_fmt
[INFO] [stdout]   11:     0x6283f09d6d82 - core[df12db4294e9bfd3]::result::unwrap_failed
[INFO] [stdout]   12:     0x6283f0944d58 - caliber_core[df1458c73b0be5ca]::tests::waiting_control_queue_does_not_poll_while_idle
[INFO] [stdout]   13:     0x6283f0943cb9 - <caliber_core[df1458c73b0be5ca]::tests::waiting_control_queue_does_not_poll_while_idle::{closure#0} as core[df12db4294e9bfd3]::ops::function::FnOnce<()>>::call_once
[INFO] [stdout]   14:     0x6283f0949eab - test[9d35eded1c95d3be]::__rust_begin_short_backtrace::<core[df12db4294e9bfd3]::result::Result<(), alloc[2182bb758b4b3781]::string::String>, fn() -> core[df12db4294e9bfd3]::result::Result<(), alloc[2182bb758b4b3781]::string::String>>
[INFO] [stdout]   15:     0x6283f0957515 - test[9d35eded1c95d3be]::run_test::{closure#0}
[INFO] [stdout]   16:     0x6283f0950dd4 - std[70759c8f55707aa4]::sys::backtrace::__rust_begin_short_backtrace::<test[9d35eded1c95d3be]::run_test::{closure#1}, ()>
[INFO] [stdout]   17:     0x6283f095a672 - <std[70759c8f55707aa4]::thread::lifecycle::spawn_unchecked<test[9d35eded1c95d3be]::run_test::{closure#1}, ()>::{closure#1} as core[df12db4294e9bfd3]::ops::function::FnOnce<()>>::call_once::{shim:vtable#0}
[INFO] [stdout]   18:     0x6283f09c1b89 - <std[70759c8f55707aa4]::sys::thread::unix::Thread>::new::thread_start
[INFO] [stdout]   19:     0x70f7d6d91dfa - <unknown>
[INFO] [stdout]   20:     0x70f7d6e253d4 - clone
[INFO] [stdout]   21:                0x0 - <unknown>
[INFO] [stdout] 
[INFO] [stdout] 
[INFO] [stdout] failures:
[INFO] [stdout]     tests::waiting_control_queue_does_not_poll_while_idle
[INFO] [stdout] 
[INFO] [stdout] test result: FAILED. 10 passed; 1 failed; 0 ignored; 0 measured; 0 filtered out; finished in 0.01s
[INFO] [stdout] 
[INFO] [stderr] error: test failed, to rerun pass `-p caliber-core --lib`
[INFO] running `Command { std: "docker" "inspect" "60345028bd47158962a30294d987b552ea4ae383f6b80089c50f33326cec815f", kill_on_drop: false }`
[INFO] running `Command { std: "docker" "rm" "-f" "60345028bd47158962a30294d987b552ea4ae383f6b80089c50f33326cec815f", kill_on_drop: false }`
[INFO] [stdout] 60345028bd47158962a30294d987b552ea4ae383f6b80089c50f33326cec815f
