[INFO] cloning repository https://github.com/sai-kumar-dev/habitat
[INFO] running `Command { std: "git" "-c" "credential.helper=" "-c" "credential.helper=/workspace/cargo-home/bin/git-credential-null" "clone" "--bare" "https://github.com/sai-kumar-dev/habitat" "/workspace/cache/git-repos/https%3A%2F%2Fgithub.com%2Fsai-kumar-dev%2Fhabitat", kill_on_drop: false }`
[INFO] [stderr] Cloning into bare repository '/workspace/cache/git-repos/https%3A%2F%2Fgithub.com%2Fsai-kumar-dev%2Fhabitat'...
[INFO] running `Command { std: "git" "rev-parse" "HEAD", kill_on_drop: false }`
[INFO] [stdout] 60d6c9b222e6f6dd364366ff4ea87fa8f6e8c13f
[INFO] testing sai-kumar-dev/habitat against 1.100.0-beta.1+cargoflags=--release for beta-release-1.100-2
[INFO] running `Command { std: "git" "clone" "/workspace/cache/git-repos/https%3A%2F%2Fgithub.com%2Fsai-kumar-dev%2Fhabitat" "/workspace/builds/worker-5-tc2/source", kill_on_drop: false }`
[INFO] [stderr] Cloning into '/workspace/builds/worker-5-tc2/source'...
[INFO] [stderr] done.
[INFO] started tweaking git repo https://github.com/sai-kumar-dev/habitat
[INFO] finished tweaking git repo https://github.com/sai-kumar-dev/habitat
[INFO] tweaked toml for git repo https://github.com/sai-kumar-dev/habitat written to /workspace/builds/worker-5-tc2/source/Cargo.toml
[INFO] validating manifest of git repo https://github.com/sai-kumar-dev/habitat on toolchain 1.100.0-beta.1
[INFO] running `Command { std: CARGO_HOME="/workspace/cargo-home" RUSTUP_HOME="/workspace/rustup-home" "/workspace/cargo-home/bin/cargo" "+1.100.0-beta.1" "metadata" "--manifest-path" "Cargo.toml" "--no-deps", kill_on_drop: false }`
[INFO] crate git repo https://github.com/sai-kumar-dev/habitat already has a lockfile, it will not be regenerated
[INFO] running `Command { std: CARGO_HOME="/workspace/cargo-home" RUSTUP_HOME="/workspace/rustup-home" "/workspace/cargo-home/bin/cargo" "+1.100.0-beta.1" "fetch" "--manifest-path" "Cargo.toml", kill_on_drop: false }`
[INFO] running `Command { std: "docker" "create" "-v" "/var/lib/crater-agent-workspace/builds/worker-5-tc2/source:/opt/rustwide/workdir:ro,Z" "-v" "/var/lib/crater-agent-workspace/builds/worker-5-tc2/target:/opt/rustwide/target:rw,Z" "-v" "/var/lib/crater-agent-workspace/cargo-home:/opt/rustwide/cargo-home:ro,Z" "-v" "/var/lib/crater-agent-workspace/rustup-home:/opt/rustwide/rustup-home:ro,Z" "-m" "1610612736" "--network" "none" "ghcr.io/rust-lang/crates-build-env/linux@sha256:77db811e55d90add9212f6832c23229e3de5f1c1f9905e8cb07319ea15df73ac" "sleep" "infinity", kill_on_drop: false }`
[INFO] [stdout] 83118dfa2e11e164d6860121446bfc258d04acdfd208a33c585ed978dc22bf17
[INFO] running `Command { std: "docker" "start" "83118dfa2e11e164d6860121446bfc258d04acdfd208a33c585ed978dc22bf17", kill_on_drop: false }`
[INFO] running `Command { std: "docker" "inspect" "83118dfa2e11e164d6860121446bfc258d04acdfd208a33c585ed978dc22bf17", kill_on_drop: false }`
[INFO] running `Command { std: "docker" "exec" "-e" "SOURCE_DIR=/opt/rustwide/workdir" "-e" "CARGO_HOME=/opt/rustwide/cargo-home" "-e" "RUSTUP_HOME=/opt/rustwide/rustup-home" "-e" "CARGO_TARGET_DIR=/opt/rustwide/target" "-w" "/opt/rustwide/workdir" "--user" "0:0" "83118dfa2e11e164d6860121446bfc258d04acdfd208a33c585ed978dc22bf17" "/opt/rustwide/cargo-home/bin/cargo" "+1.100.0-beta.1" "metadata" "--no-deps" "--format-version=1", kill_on_drop: false }`
[INFO] running `Command { std: "docker" "inspect" "83118dfa2e11e164d6860121446bfc258d04acdfd208a33c585ed978dc22bf17", kill_on_drop: false }`
[INFO] running `Command { std: "docker" "exec" "-e" "SOURCE_DIR=/opt/rustwide/workdir" "-e" "CARGO_HOME=/opt/rustwide/cargo-home" "-e" "RUSTUP_HOME=/opt/rustwide/rustup-home" "-e" "CARGO_TARGET_DIR=/opt/rustwide/target" "-e" "CARGO_INCREMENTAL=0" "-e" "RUST_BACKTRACE=full" "-e" "RUSTFLAGS=--cap-lints=warn" "-e" "RUSTDOCFLAGS=--cap-lints=warn" "-w" "/opt/rustwide/workdir" "--user" "0:0" "83118dfa2e11e164d6860121446bfc258d04acdfd208a33c585ed978dc22bf17" "/opt/rustwide/cargo-home/bin/cargo" "+1.100.0-beta.1" "build" "--frozen" "--message-format=json" "--release", kill_on_drop: false }`
[INFO] [stderr]    Compiling proc-macro2 v1.0.106
[INFO] [stderr]    Compiling quote v1.0.46
[INFO] [stderr]    Compiling unicode-ident v1.0.24
[INFO] [stderr]    Compiling serde_core v1.0.228
[INFO] [stderr]    Compiling version_check v0.9.5
[INFO] [stderr]    Compiling serde v1.0.228
[INFO] [stderr]    Compiling typenum v1.20.1
[INFO] [stderr]    Compiling libc v0.2.186
[INFO] [stderr]    Compiling autocfg v1.5.1
[INFO] [stderr]    Compiling utf8parse v0.2.2
[INFO] [stderr]    Compiling anstyle-parse v1.0.0
[INFO] [stderr]    Compiling cfg-if v1.0.4
[INFO] [stderr]    Compiling hashbrown v0.17.1
[INFO] [stderr]    Compiling generic-array v0.14.7
[INFO] [stderr]    Compiling anstyle v1.0.14
[INFO] [stderr]    Compiling colorchoice v1.0.5
[INFO] [stderr]    Compiling num-traits v0.2.19
[INFO] [stderr]    Compiling getrandom v0.4.3
[INFO] [stderr]    Compiling zmij v1.0.21
[INFO] [stderr]    Compiling equivalent v1.0.2
[INFO] [stderr]    Compiling anstyle-query v1.1.5
[INFO] [stderr]    Compiling is_terminal_polyfill v1.70.2
[INFO] [stderr]    Compiling rustix v1.1.4
[INFO] [stderr]    Compiling anstream v1.0.0
[INFO] [stderr]    Compiling toml_write v0.1.2
[INFO] [stderr]    Compiling strsim v0.11.1
[INFO] [stderr]    Compiling linux-raw-sys v0.12.1
[INFO] [stderr]    Compiling syn v2.0.118
[INFO] [stderr]    Compiling winnow v0.7.15
[INFO] [stderr]    Compiling indexmap v2.14.0
[INFO] [stderr]    Compiling serde_json v1.0.150
[INFO] [stderr]    Compiling block-buffer v0.10.4
[INFO] [stderr]    Compiling crypto-common v0.1.7
[INFO] [stderr]    Compiling thiserror v2.0.18
[INFO] [stderr]    Compiling heck v0.5.0
[INFO] [stderr]    Compiling clap_lex v1.1.0
[INFO] [stderr]    Compiling bitflags v2.13.0
[INFO] [stderr]    Compiling clap_builder v4.6.0
[INFO] [stderr]    Compiling digest v0.10.7
[INFO] [stderr]    Compiling itoa v1.0.18
[INFO] [stderr]    Compiling once_cell v1.21.4
[INFO] [stderr]    Compiling fastrand v2.4.1
[INFO] [stderr]    Compiling cpufeatures v0.2.17
[INFO] [stderr]    Compiling memchr v2.8.3
[INFO] [stderr]    Compiling iana-time-zone v0.1.65
[INFO] [stderr]    Compiling sha2 v0.10.9
[INFO] [stderr]    Compiling chrono v0.4.45
[INFO] [stderr]    Compiling fs2 v0.4.3
[INFO] [stderr]    Compiling tempfile v3.27.0
[INFO] [stderr]    Compiling serde_derive v1.0.228
[INFO] [stderr]    Compiling clap_derive v4.6.1
[INFO] [stderr]    Compiling thiserror-impl v2.0.18
[INFO] [stderr]    Compiling clap v4.6.1
[INFO] [stderr]    Compiling serde_spanned v0.6.9
[INFO] [stderr]    Compiling toml_datetime v0.6.11
[INFO] [stderr]    Compiling toml_edit v0.22.27
[INFO] [stderr]    Compiling toml v0.8.23
[INFO] [stderr]    Compiling habitat v1.0.0-rc.2 (/opt/rustwide/workdir)
[INFO] [stderr]     Finished `release` profile [optimized] target(s) in 1m 20s
[INFO] running `Command { std: "docker" "inspect" "83118dfa2e11e164d6860121446bfc258d04acdfd208a33c585ed978dc22bf17", kill_on_drop: false }`
[INFO] running `Command { std: "docker" "exec" "-e" "SOURCE_DIR=/opt/rustwide/workdir" "-e" "CARGO_HOME=/opt/rustwide/cargo-home" "-e" "RUSTUP_HOME=/opt/rustwide/rustup-home" "-e" "CARGO_TARGET_DIR=/opt/rustwide/target" "-e" "CARGO_INCREMENTAL=0" "-e" "RUST_BACKTRACE=full" "-e" "RUSTFLAGS=--cap-lints=warn" "-e" "RUSTDOCFLAGS=--cap-lints=warn" "-w" "/opt/rustwide/workdir" "--user" "0:0" "83118dfa2e11e164d6860121446bfc258d04acdfd208a33c585ed978dc22bf17" "/opt/rustwide/cargo-home/bin/cargo" "+1.100.0-beta.1" "test" "--frozen" "--no-run" "--message-format=json" "--release", kill_on_drop: false }`
[INFO] [stderr]    Compiling aho-corasick v1.1.4
[INFO] [stderr]    Compiling regex-syntax v0.8.11
[INFO] [stderr]    Compiling predicates-core v1.0.10
[INFO] [stderr]    Compiling float-cmp v0.10.0
[INFO] [stderr]    Compiling difflib v0.4.0
[INFO] [stderr]    Compiling termtree v0.5.1
[INFO] [stderr]    Compiling assert_cmd v2.2.2
[INFO] [stderr]    Compiling normalize-line-endings v0.3.0
[INFO] [stderr]    Compiling wait-timeout v0.2.1
[INFO] [stderr]    Compiling predicates-tree v1.0.13
[INFO] [stderr]    Compiling regex-automata v0.4.15
[INFO] [stderr]    Compiling regex v1.13.0
[INFO] [stderr]    Compiling bstr v1.12.3
[INFO] [stderr]    Compiling predicates v3.1.4
[INFO] [stderr]    Compiling habitat v1.0.0-rc.2 (/opt/rustwide/workdir)
[INFO] [stderr]     Finished `release` profile [optimized] target(s) in 2m 00s
[INFO] running `Command { std: "docker" "inspect" "83118dfa2e11e164d6860121446bfc258d04acdfd208a33c585ed978dc22bf17", kill_on_drop: false }`
[INFO] running `Command { std: "docker" "exec" "-e" "SOURCE_DIR=/opt/rustwide/workdir" "-e" "CARGO_HOME=/opt/rustwide/cargo-home" "-e" "RUSTUP_HOME=/opt/rustwide/rustup-home" "-e" "CARGO_TARGET_DIR=/opt/rustwide/target" "-e" "CARGO_INCREMENTAL=0" "-e" "RUST_BACKTRACE=full" "-e" "RUSTFLAGS=--cap-lints=warn" "-e" "RUSTDOCFLAGS=--cap-lints=warn" "-w" "/opt/rustwide/workdir" "--user" "0:0" "83118dfa2e11e164d6860121446bfc258d04acdfd208a33c585ed978dc22bf17" "/opt/rustwide/cargo-home/bin/cargo" "+1.100.0-beta.1" "test" "--frozen" "--release", kill_on_drop: false }`
[INFO] [stderr]     Finished `release` profile [optimized] target(s) in 0.16s
[INFO] [stderr]      Running unittests src/lib.rs (/opt/rustwide/target/release/build/habitat/5edc33adb57caca8/out/habitat-5edc33adb57caca8)
[INFO] [stdout] 
[INFO] [stdout] running 76 tests
[INFO] [stdout] test config::tests::parse_minimal_config ... ok
[INFO] [stdout] test config::tests::parse_conda_without_name ... ok
[INFO] [stdout] test config::tests::parse_unsupported_version ... ok
[INFO] [stdout] test config::tests::to_toml_roundtrip ... ok
[INFO] [stdout] test config::tests::unknown_keys_rejected ... ok
[INFO] [stdout] test config::tests::user_config_malformed ... ok
[INFO] [stdout] test config::tests::parse_invalid_env_type ... ok
[INFO] [stdout] test config::tests::parse_invalid_mode ... ok
[INFO] [stdout] test config::tests::parse_malformed_toml ... ok
[INFO] [stdout] test config::tests::user_config_valid ... ok
[INFO] [stdout] test dependencies::tests::test_custom_path ... ok
[INFO] [stdout] test config::tests::parse_defaults_applied ... ok
[INFO] [stdout] test config::tests::parse_empty_name ... ok
[INFO] [stdout] test dependencies::tests::test_is_executable_in_path ... ok
[INFO] [stdout] test dependencies::tests::test_suggest_install_command ... ok
[INFO] [stdout] test environment::conda::tests::test_conda_missing_binary ... ok
[INFO] [stdout] test config::tests::user_config_missing_file ... ok
[INFO] [stdout] test config::tests::parse_complete_config ... ok
[INFO] [stdout] test environment::venv::tests::test_resolve_absolute_path ... ok
[INFO] [stdout] test config::tests::parse_non_absolute_shell ... ok
[INFO] [stdout] test environment::venv::tests::test_resolve_missing_venv_dir ... ok
[INFO] [stdout] test environment::venv::tests::test_resolve_missing_activate ... ok
[INFO] [stdout] test environment::venv::tests::test_resolve_valid_venv ... ok
[INFO] [stdout] test environment::venv::tests::test_resolve_relative_path ... ok
[INFO] [stdout] test environment::venv::tests::test_resolve_venv_is_file ... ok
[INFO] [stdout] test environment::conda::tests::test_conda_malformed_json ... ok
[INFO] [stdout] test environment::conda::tests::test_conda_resolution ... ok
[INFO] [stdout] test environment::conda::tests::test_conda_missing_env ... FAILED
[INFO] [stdout] test environment::conda::tests::test_conda_hook_fail ... ok
[INFO] [stdout] test locking::tests::acquire_and_release ... ok
[INFO] [stdout] test locking::tests::independent_workspaces_dont_contend ... ok
[INFO] [stdout] test filesystem::tests::ensure_dir_idempotent ... ok
[INFO] [stdout] test locking::tests::try_acquire_fails_when_held ... ok
[INFO] [stdout] test shell::tests::test_generate_bash_rc_no_commands ... ok
[INFO] [stdout] test filesystem::tests::atomic_write_no_partial_on_missing_parent_with_readonly ... FAILED
[INFO] [stdout] test locking::tests::try_acquire_succeeds_when_free ... ok
[INFO] [stdout] test shell::tests::test_generate_zsh_rc_structure ... ok
[INFO] [stdout] test shell::tests::test_generate_bash_rc_structure ... ok
[INFO] [stdout] test shell::tests::test_generate_bash_rc_special_path ... ok
[INFO] [stdout] test shell::tests::test_is_executable_missing ... ok
[INFO] [stdout] test shell::tests::test_resolve_shell_explicit_missing_errors ... ok
[INFO] [stdout] test shell::tests::test_resolve_shell_explicit_unsupported_errors ... ok
[INFO] [stdout] test filesystem::tests::atomic_write_overwrites ... ok
[INFO] [stdout] test filesystem::tests::atomic_write_creates_file ... ok
[INFO] [stdout] test filesystem::tests::atomic_write_creates_parent_dirs ... ok
[INFO] [stdout] test shell::tests::test_resolve_shell_fallback_to_bash ... ok
[INFO] [stdout] test shell::tests::test_shell_quote_simple ... ok
[INFO] [stdout] test shell::tests::test_shell_quote_single_quotes ... ok
[INFO] [stdout] test shell::tests::test_temp_rc_dir_creation_and_cleanup ... ok
[INFO] [stdout] test state::tests::enumerate_empty ... ok
[INFO] [stdout] test shell::tests::test_shell_escape_double_quoted ... ok
[INFO] [stdout] test shell::tests::test_shell_quote_empty ... ok
[INFO] [stdout] test shell::tests::test_shell_quote_newline ... ok
[INFO] [stdout] test shell::tests::test_shell_quote_spaces ... ok
[INFO] [stdout] test shell::tests::test_shell_quote_wrapped_single_quotes ... ok
[INFO] [stdout] test util::tests::sanitize_basename_special_chars ... ok
[INFO] [stdout] test util::tests::sanitize_session_name_basic ... ok
[INFO] [stdout] test util::tests::sanitize_session_name_truncation ... ok
[INFO] [stdout] test util::tests::workspace_id_different_paths_differ ... ok
[INFO] [stdout] test util::tests::workspace_id_format ... ok
[INFO] [stdout] test util::tests::workspace_id_is_deterministic ... ok
[INFO] [stdout] test util::tests::sanitize_basename_empty ... ok
[INFO] [stdout] test util::tests::sanitize_session_name_leading_digit ... ok
[INFO] [stdout] test util::tests::now_iso8601_format ... ok
[INFO] [stdout] test workspace::tests::discover_no_workspace ... ok
[INFO] [stdout] test workspace::tests::discover_current_dir ... ok
[INFO] [stdout] test workspace::tests::has_workspace_checks_correctly ... ok
[INFO] [stdout] test workspace::tests::discover_nearest_wins ... ok
[INFO] [stdout] test workspace::tests::discover_parent_dir ... ok
[INFO] [stdout] test workspace::tests::find_parent_workspace_detects_nesting ... ok
[INFO] [stdout] test state::tests::enumerate_with_valid_and_corrupt ... ok
[INFO] [stdout] test state::tests::metadata_preserves_registered_at ... ok
[INFO] [stderr] error: test failed, to rerun pass `--lib`
[INFO] [stdout] test workspace::tests::workspace_id_is_deterministic ... ok
[INFO] [stdout] test state::tests::metadata_roundtrip ... ok
[INFO] [stdout] test workspace::tests::register_creates_metadata ... ok
[INFO] [stdout] test session::tmux::tests::test_version_parsing ... ok
[INFO] [stdout] 
[INFO] [stdout] failures:
[INFO] [stdout] 
[INFO] [stdout] ---- environment::conda::tests::test_conda_missing_env stdout ----
[INFO] [stdout] 
[INFO] [stdout] thread 'environment::conda::tests::test_conda_missing_env' (1199) panicked at src/environment/conda.rs:267:71:
[INFO] [stdout] called `Result::unwrap_err()` on an `Ok` value: Conda { executable: "/tmp/.tmpjrICcH/conda", name: "myenv", shell_hook: "export CONDA_SHLVL=1\n" }
[INFO] [stdout] stack backtrace:
[INFO] [stdout]    0:     0x5a643e3dce15 - <unknown>
[INFO] [stdout]    1:     0x5a643e3ba36a - <unknown>
[INFO] [stdout]    2:     0x5a643e3dc4ab - <unknown>
[INFO] [stdout]    3:     0x5a643e3dbf8f - <unknown>
[INFO] [stdout]    4:     0x5a643e3dbbba - <unknown>
[INFO] [stdout]    5:     0x5a643e3db6f5 - <unknown>
[INFO] [stdout]    6:     0x5a643e402581 - <unknown>
[INFO] [stdout]    7:     0x5a643e402539 - <unknown>
[INFO] [stdout]    8:     0x5a643e402a3c - <unknown>
[INFO] [stdout]    9:     0x5a643e3ba1fb - <unknown>
[INFO] [stdout]   10:     0x5a643e3be111 - <unknown>
[INFO] [stdout]   11:     0x5a643e3b6fda - <unknown>
[INFO] [stdout]   12:     0x5a643e41f07b - <unknown>
[INFO] [stdout]   13:     0x5a643e41b021 - <unknown>
[INFO] [stdout]   14:     0x5a643e41a80c - <unknown>
[INFO] [stdout]   15:     0x5a643e43a4cc - <unknown>
[INFO] [stdout]   16:     0x5a643e404304 - <unknown>
[INFO] [stdout]   17:     0x7883399f2dfa - <unknown>
[INFO] [stdout]   18:     0x788339a863d4 - clone
[INFO] [stdout]   19:                0x0 - <unknown>
[INFO] [stdout] 
[INFO] [stdout] ---- filesystem::tests::atomic_write_no_partial_on_missing_parent_with_readonly stdout ----
[INFO] [stdout] 
[INFO] [stdout] thread 'filesystem::tests::atomic_write_no_partial_on_missing_parent_with_readonly' (1216) panicked at src/filesystem/mod.rs:172:9:
[INFO] [stdout] assertion failed: result.is_err()
[INFO] [stdout] stack backtrace:
[INFO] [stdout]    0:     0x5a643e3dce15 - <unknown>
[INFO] [stdout]    1:     0x5a643e3ba36a - <unknown>
[INFO] [stdout]    2:     0x5a643e3dc4ab - <unknown>
[INFO] [stdout]    3:     0x5a643e3dbf8f - <unknown>
[INFO] [stdout]    4:     0x5a643e3dbbba - <unknown>
[INFO] [stdout]    5:     0x5a643e3db6f5 - <unknown>
[INFO] [stdout]    6:     0x5a643e4025b2 - <unknown>
[INFO] [stdout]    7:     0x5a643e402539 - <unknown>
[INFO] [stdout]    8:     0x5a643e402a3c - <unknown>
[INFO] [stdout]    9:     0x5a643e3ba1fb - <unknown>
[INFO] [stdout]   10:     0x5a643e3bb9a1 - <unknown>
[INFO] [stdout]   11:     0x5a643e3a8697 - <unknown>
[INFO] [stdout]   12:     0x5a643e41f07b - <unknown>
[INFO] [stdout]   13:     0x5a643e41b021 - <unknown>
[INFO] [stdout]   14:     0x5a643e41a80c - <unknown>
[INFO] [stdout]   15:     0x5a643e43a4cc - <unknown>
[INFO] [stdout]   16:     0x5a643e404304 - <unknown>
[INFO] [stdout]   17:     0x7883399f2dfa - <unknown>
[INFO] [stdout]   18:     0x788339a863d4 - clone
[INFO] [stdout]   19:                0x0 - <unknown>
[INFO] [stdout] 
[INFO] [stdout] 
[INFO] [stdout] failures:
[INFO] [stdout]     environment::conda::tests::test_conda_missing_env
[INFO] [stdout]     filesystem::tests::atomic_write_no_partial_on_missing_parent_with_readonly
[INFO] [stdout] 
[INFO] [stdout] test result: FAILED. 74 passed; 2 failed; 0 ignored; 0 measured; 0 filtered out; finished in 0.07s
[INFO] [stdout] 
[INFO] running `Command { std: "docker" "inspect" "83118dfa2e11e164d6860121446bfc258d04acdfd208a33c585ed978dc22bf17", kill_on_drop: false }`
[INFO] running `Command { std: "docker" "rm" "-f" "83118dfa2e11e164d6860121446bfc258d04acdfd208a33c585ed978dc22bf17", kill_on_drop: false }`
[INFO] [stdout] 83118dfa2e11e164d6860121446bfc258d04acdfd208a33c585ed978dc22bf17
