[INFO] cloning repository https://github.com/sachaarbonel/repo_walker
[INFO] running `Command { std: "git" "-c" "credential.helper=" "-c" "credential.helper=/workspace/cargo-home/bin/git-credential-null" "clone" "--bare" "https://github.com/sachaarbonel/repo_walker" "/workspace/cache/git-repos/https%3A%2F%2Fgithub.com%2Fsachaarbonel%2Frepo_walker", kill_on_drop: false }`
[INFO] [stderr] Cloning into bare repository '/workspace/cache/git-repos/https%3A%2F%2Fgithub.com%2Fsachaarbonel%2Frepo_walker'...
[INFO] running `Command { std: "git" "rev-parse" "HEAD", kill_on_drop: false }`
[INFO] [stdout] eab3b3f50ed1572fc0ad17226625512d025204d8
[INFO] testing sachaarbonel/repo_walker against 1.100.0-beta.1+cargoflags=--release for beta-release-1.100-2
[INFO] running `Command { std: "git" "clone" "/workspace/cache/git-repos/https%3A%2F%2Fgithub.com%2Fsachaarbonel%2Frepo_walker" "/workspace/builds/worker-1-tc2/source", kill_on_drop: false }`
[INFO] [stderr] Cloning into '/workspace/builds/worker-1-tc2/source'...
[INFO] [stderr] done.
[INFO] started tweaking git repo https://github.com/sachaarbonel/repo_walker
[INFO] finished tweaking git repo https://github.com/sachaarbonel/repo_walker
[INFO] tweaked toml for git repo https://github.com/sachaarbonel/repo_walker written to /workspace/builds/worker-1-tc2/source/Cargo.toml
[INFO] validating manifest of git repo https://github.com/sachaarbonel/repo_walker on toolchain 1.100.0-beta.1
[INFO] running `Command { std: CARGO_HOME="/workspace/cargo-home" RUSTUP_HOME="/workspace/rustup-home" "/workspace/cargo-home/bin/cargo" "+1.100.0-beta.1" "metadata" "--manifest-path" "Cargo.toml" "--no-deps", kill_on_drop: false }`
[INFO] crate git repo https://github.com/sachaarbonel/repo_walker already has a lockfile, it will not be regenerated
[INFO] running `Command { std: CARGO_HOME="/workspace/cargo-home" RUSTUP_HOME="/workspace/rustup-home" "/workspace/cargo-home/bin/cargo" "+1.100.0-beta.1" "fetch" "--manifest-path" "Cargo.toml", kill_on_drop: false }`
[INFO] running `Command { std: "docker" "create" "-v" "/var/lib/crater-agent-workspace/builds/worker-1-tc2/source:/opt/rustwide/workdir:ro,Z" "-v" "/var/lib/crater-agent-workspace/builds/worker-1-tc2/target:/opt/rustwide/target:rw,Z" "-v" "/var/lib/crater-agent-workspace/cargo-home:/opt/rustwide/cargo-home:ro,Z" "-v" "/var/lib/crater-agent-workspace/rustup-home:/opt/rustwide/rustup-home:ro,Z" "-m" "1610612736" "--network" "none" "ghcr.io/rust-lang/crates-build-env/linux@sha256:77db811e55d90add9212f6832c23229e3de5f1c1f9905e8cb07319ea15df73ac" "sleep" "infinity", kill_on_drop: false }`
[INFO] [stdout] 55526253752b5661b66f0d712f062efe24c1ac69437aec225efbd83d004a4cf9
[INFO] running `Command { std: "docker" "start" "55526253752b5661b66f0d712f062efe24c1ac69437aec225efbd83d004a4cf9", kill_on_drop: false }`
[INFO] running `Command { std: "docker" "inspect" "55526253752b5661b66f0d712f062efe24c1ac69437aec225efbd83d004a4cf9", kill_on_drop: false }`
[INFO] running `Command { std: "docker" "exec" "-e" "SOURCE_DIR=/opt/rustwide/workdir" "-e" "CARGO_HOME=/opt/rustwide/cargo-home" "-e" "RUSTUP_HOME=/opt/rustwide/rustup-home" "-e" "CARGO_TARGET_DIR=/opt/rustwide/target" "-w" "/opt/rustwide/workdir" "--user" "0:0" "55526253752b5661b66f0d712f062efe24c1ac69437aec225efbd83d004a4cf9" "/opt/rustwide/cargo-home/bin/cargo" "+1.100.0-beta.1" "metadata" "--no-deps" "--format-version=1", kill_on_drop: false }`
[INFO] running `Command { std: "docker" "inspect" "55526253752b5661b66f0d712f062efe24c1ac69437aec225efbd83d004a4cf9", kill_on_drop: false }`
[INFO] running `Command { std: "docker" "exec" "-e" "SOURCE_DIR=/opt/rustwide/workdir" "-e" "CARGO_HOME=/opt/rustwide/cargo-home" "-e" "RUSTUP_HOME=/opt/rustwide/rustup-home" "-e" "CARGO_TARGET_DIR=/opt/rustwide/target" "-e" "CARGO_INCREMENTAL=0" "-e" "RUST_BACKTRACE=full" "-e" "RUSTFLAGS=--cap-lints=warn" "-e" "RUSTDOCFLAGS=--cap-lints=warn" "-w" "/opt/rustwide/workdir" "--user" "0:0" "55526253752b5661b66f0d712f062efe24c1ac69437aec225efbd83d004a4cf9" "/opt/rustwide/cargo-home/bin/cargo" "+1.100.0-beta.1" "build" "--frozen" "--message-format=json" "--release", kill_on_drop: false }`
[INFO] [stderr]    Compiling aho-corasick v1.1.3
[INFO] [stderr]    Compiling regex-syntax v0.8.4
[INFO] [stderr]    Compiling thiserror v1.0.61
[INFO] [stderr]    Compiling crossbeam-utils v0.8.20
[INFO] [stderr]    Compiling smallvec v1.13.2
[INFO] [stderr]    Compiling fastrand v2.1.0
[INFO] [stderr]    Compiling gix-trace v0.1.9
[INFO] [stderr]    Compiling tinyvec v1.6.1
[INFO] [stderr]    Compiling rayon-core v1.12.1
[INFO] [stderr]    Compiling faster-hex v0.9.0
[INFO] [stderr]    Compiling miniz_oxide v0.7.4
[INFO] [stderr]    Compiling crc32fast v1.4.2
[INFO] [stderr]    Compiling bytesize v1.3.0
[INFO] [stderr]    Compiling syn v2.0.68
[INFO] [stderr]    Compiling human_format v1.1.0
[INFO] [stderr]    Compiling sha1_smol v1.0.0
[INFO] [stderr]    Compiling bytes v1.6.0
[INFO] [stderr]    Compiling ahash v0.8.11
[INFO] [stderr]    Compiling parking_lot_core v0.9.10
[INFO] [stderr]    Compiling prodash v28.0.0
[INFO] [stderr]    Compiling getrandom v0.2.15
[INFO] [stderr]    Compiling zerocopy v0.7.34
[INFO] [stderr]    Compiling time v0.3.36
[INFO] [stderr]    Compiling winnow v0.6.13
[INFO] [stderr]    Compiling memmap2 v0.9.4
[INFO] [stderr]    Compiling parking_lot v0.12.3
[INFO] [stderr]    Compiling rustix v0.38.34
[INFO] [stderr]    Compiling linux-raw-sys v0.4.14
[INFO] [stderr]    Compiling signal-hook v0.3.17
[INFO] [stderr]    Compiling flate2 v1.0.30
[INFO] [stderr]    Compiling crossbeam-epoch v0.9.18
[INFO] [stderr]    Compiling crossbeam-queue v0.3.11
[INFO] [stderr]    Compiling crossbeam-channel v0.5.13
[INFO] [stderr]    Compiling unicode-normalization v0.1.23
[INFO] [stderr]    Compiling cc v1.0.106
[INFO] [stderr]    Compiling unicode-bom v2.0.3
[INFO] [stderr]    Compiling crossbeam-deque v0.8.5
[INFO] [stderr]    Compiling hashbrown v0.14.5
[INFO] [stderr]    Compiling kstring v2.0.0
[INFO] [stderr]    Compiling regex-automata v0.4.7
[INFO] [stderr]    Compiling crossbeam v0.8.4
[INFO] [stderr]    Compiling shell-words v1.1.0
[INFO] [stderr]    Compiling gix-sec v0.10.6
[INFO] [stderr]    Compiling filetime v0.2.23
[INFO] [stderr]    Compiling idna v0.5.0
[INFO] [stderr]    Compiling arrayvec v0.7.4
[INFO] [stderr]    Compiling hashbrown v0.12.3
[INFO] [stderr]    Compiling anstyle-parse v0.2.4
[INFO] [stderr]    Compiling tree-sitter v0.20.10
[INFO] [stderr]    Compiling anyhow v1.0.95
[INFO] [stderr]    Compiling bit-vec v0.6.3
[INFO] [stderr]    Compiling uluru v3.1.0
[INFO] [stderr]    Compiling is_terminal_polyfill v1.70.0
[INFO] [stderr]    Compiling anstyle v1.0.7
[INFO] [stderr]    Compiling url v2.5.2
[INFO] [stderr]    Compiling colorchoice v1.0.1
[INFO] [stderr]    Compiling clru v0.6.2
[INFO] [stderr]    Compiling serde v1.0.203
[INFO] [stderr]    Compiling rayon v1.10.0
[INFO] [stderr]    Compiling dashmap v5.5.3
[INFO] [stderr]    Compiling imara-diff v0.1.5
[INFO] [stderr]    Compiling anstyle-query v1.1.0
[INFO] [stderr]    Compiling bit-set v0.5.3
[INFO] [stderr]    Compiling anstream v0.6.14
[INFO] [stderr]    Compiling tree-sitter-javascript v0.20.4
[INFO] [stderr]    Compiling tree-sitter-python v0.20.4
[INFO] [stderr]    Compiling tree-sitter-go v0.20.0
[INFO] [stderr]    Compiling tree-sitter-rust v0.20.4
[INFO] [stderr]    Compiling io-close v0.3.7
[INFO] [stderr]    Compiling clap_lex v0.7.1
[INFO] [stderr]    Compiling serde_json v1.0.138
[INFO] [stderr]    Compiling log v0.4.21
[INFO] [stderr]    Compiling arc-swap v1.7.1
[INFO] [stderr]    Compiling clap_builder v4.5.7
[INFO] [stderr]    Compiling tempfile v3.10.1
[INFO] [stderr]    Compiling rustc-hash v1.1.0
[INFO] [stderr]    Compiling ryu v1.0.19
[INFO] [stderr]    Compiling thiserror-impl v1.0.61
[INFO] [stderr]    Compiling clap_derive v4.5.5
[INFO] [stderr]    Compiling gix-macros v0.1.5
[INFO] [stderr]    Compiling colored v2.2.0
[INFO] [stderr]    Compiling bstr v1.9.1
[INFO] [stderr]    Compiling regex v1.10.5
[INFO] [stderr]    Compiling gix-hash v0.14.2
[INFO] [stderr]    Compiling jwalk v0.8.1
[INFO] [stderr]    Compiling gix-chunk v0.4.8
[INFO] [stderr]    Compiling gix-hashtable v0.5.2
[INFO] [stderr]    Compiling gix-bitmap v0.2.11
[INFO] [stderr]    Compiling gix-utils v0.1.12
[INFO] [stderr]    Compiling gix-path v0.10.8
[INFO] [stderr]    Compiling gix-features v0.38.2
[INFO] [stderr]    Compiling gix-date v0.8.7
[INFO] [stderr]    Compiling gix-validate v0.8.5
[INFO] [stderr]    Compiling gix-actor v0.31.3
[INFO] [stderr]    Compiling gix-quote v0.4.12
[INFO] [stderr]    Compiling gix-fs v0.11.1
[INFO] [stderr]    Compiling gix-object v0.42.2
[INFO] [stderr]    Compiling gix-commitgraph v0.24.2
[INFO] [stderr]    Compiling gix-glob v0.16.3
[INFO] [stderr]    Compiling gix-command v0.3.7
[INFO] [stderr]    Compiling gix-tempfile v14.0.0
[INFO] [stderr]    Compiling gix-config-value v0.14.6
[INFO] [stderr]    Compiling gix-lock v14.0.0
[INFO] [stderr]    Compiling gix-attributes v0.22.2
[INFO] [stderr]    Compiling gix-packetline-blocking v0.17.4
[INFO] [stderr]    Compiling gix-ignore v0.11.2
[INFO] [stderr]    Compiling gix-url v0.27.3
[INFO] [stderr]    Compiling gix-prompt v0.8.5
[INFO] [stderr]    Compiling gix-mailmap v0.23.4
[INFO] [stderr]    Compiling globset v0.4.14
[INFO] [stderr]    Compiling fancy-regex v0.12.0
[INFO] [stderr]    Compiling gix-credentials v0.24.2
[INFO] [stderr]    Compiling gix-pathspec v0.7.5
[INFO] [stderr]    Compiling clap v4.5.7
[INFO] [stderr]    Compiling tiktoken-rs v0.5.9
[INFO] [stderr]    Compiling ignore v0.4.22
[INFO] [stderr]    Compiling gix-revwalk v0.13.1
[INFO] [stderr]    Compiling gix-traverse v0.39.1
[INFO] [stderr]    Compiling gix-filter v0.11.2
[INFO] [stderr]    Compiling gix-index v0.33.0
[INFO] [stderr]    Compiling gix-ref v0.44.1
[INFO] [stderr]    Compiling gix-revision v0.27.1
[INFO] [stderr]    Compiling gix-worktree-stream v0.13.0
[INFO] [stderr]    Compiling gix-refspec v0.23.0
[INFO] [stderr]    Compiling gix-pack v0.51.0
[INFO] [stderr]    Compiling gix-archive v0.13.1
[INFO] [stderr]    Compiling gix-negotiate v0.13.1
[INFO] [stderr]    Compiling gix-worktree v0.34.0
[INFO] [stderr]    Compiling gix-diff v0.44.0
[INFO] [stderr]    Compiling gix-worktree-state v0.11.0
[INFO] [stderr]    Compiling gix-discover v0.32.0
[INFO] [stderr]    Compiling gix-config v0.37.0
[INFO] [stderr]    Compiling gix-dir v0.5.0
[INFO] [stderr]    Compiling gix-status v0.10.0
[INFO] [stderr]    Compiling gix-odb v0.61.0
[INFO] [stderr]    Compiling gix-submodule v0.11.0
[INFO] [stderr]    Compiling gix v0.63.0
[INFO] [stderr]    Compiling repo_walker v0.1.0 (/opt/rustwide/workdir)
[INFO] [stderr] warning: unused dependency `hex`
[INFO] [stderr]  --> Cargo.toml:3:1
[INFO] [stderr]   |
[INFO] [stderr] 3 | hex = "0.4.3"
[INFO] [stderr]   | ^^^^^^^^^^^^^
[INFO] [stderr]   |
[INFO] [stderr]   = note: `cargo::unused_dependencies` is set to `warn` by default
[INFO] [stderr] help: consider removing the dependency on `hex`
[INFO] [stderr] warning: unused dependency `itertools`
[INFO] [stderr]  --> Cargo.toml:5:1
[INFO] [stderr]   |
[INFO] [stderr] 5 | itertools = "0.13.0"
[INFO] [stderr]   | ^^^^^^^^^^^^^^^^^^^^
[INFO] [stderr]   |
[INFO] [stderr] help: consider removing the dependency on `itertools`
[INFO] [stderr] warning: unused dependency `serde_json`
[INFO] [stderr]  --> Cargo.toml:7:1
[INFO] [stderr]   |
[INFO] [stderr] 7 | serde_json = "1.0"
[INFO] [stderr]   | ^^^^^^^^^^^^^^^^^^
[INFO] [stderr]   |
[INFO] [stderr] help: consider removing the dependency on `serde_json`
[INFO] [stderr] warning: unused dependency `tree-sitter-python`
[INFO] [stderr]   --> Cargo.toml:12:1
[INFO] [stderr]    |
[INFO] [stderr] 12 | tree-sitter-python = "0.20"
[INFO] [stderr]    | ^^^^^^^^^^^^^^^^^^^^^^^^^^^
[INFO] [stderr]    |
[INFO] [stderr] help: consider removing the dependency on `tree-sitter-python`
[INFO] [stderr] warning: `repo_walker` (manifest) generated 4 warnings
[INFO] [stderr]     Finished `release` profile [optimized] target(s) in 2m 16s
[INFO] running `Command { std: "docker" "inspect" "55526253752b5661b66f0d712f062efe24c1ac69437aec225efbd83d004a4cf9", kill_on_drop: false }`
[INFO] running `Command { std: "docker" "exec" "-e" "SOURCE_DIR=/opt/rustwide/workdir" "-e" "CARGO_HOME=/opt/rustwide/cargo-home" "-e" "RUSTUP_HOME=/opt/rustwide/rustup-home" "-e" "CARGO_TARGET_DIR=/opt/rustwide/target" "-e" "CARGO_INCREMENTAL=0" "-e" "RUST_BACKTRACE=full" "-e" "RUSTFLAGS=--cap-lints=warn" "-e" "RUSTDOCFLAGS=--cap-lints=warn" "-w" "/opt/rustwide/workdir" "--user" "0:0" "55526253752b5661b66f0d712f062efe24c1ac69437aec225efbd83d004a4cf9" "/opt/rustwide/cargo-home/bin/cargo" "+1.100.0-beta.1" "test" "--frozen" "--no-run" "--message-format=json" "--release", kill_on_drop: false }`
[INFO] [stderr]    Compiling num-traits v0.2.19
[INFO] [stderr]    Compiling doc-comment v0.3.3
[INFO] [stderr]    Compiling predicates-core v1.0.9
[INFO] [stderr]    Compiling termtree v0.5.1
[INFO] [stderr]    Compiling assert_cmd v2.0.16
[INFO] [stderr]    Compiling normalize-line-endings v0.3.0
[INFO] [stderr]    Compiling difflib v0.4.0
[INFO] [stderr]    Compiling wait-timeout v0.2.1
[INFO] [stderr]    Compiling predicates-tree v1.0.12
[INFO] [stderr]    Compiling float-cmp v0.10.0
[INFO] [stderr]    Compiling predicates v3.1.3
[INFO] [stderr]    Compiling repo_walker v0.1.0 (/opt/rustwide/workdir)
[INFO] [stderr] warning: unused dependency `hex`
[INFO] [stderr]  --> Cargo.toml:3:1
[INFO] [stderr]   |
[INFO] [stderr] 3 | hex = "0.4.3"
[INFO] [stderr]   | ^^^^^^^^^^^^^
[INFO] [stderr]   |
[INFO] [stderr]   = note: `cargo::unused_dependencies` is set to `warn` by default
[INFO] [stderr] help: consider removing the dependency on `hex`
[INFO] [stderr] warning: unused dependency `itertools`
[INFO] [stderr]  --> Cargo.toml:5:1
[INFO] [stderr]   |
[INFO] [stderr] 5 | itertools = "0.13.0"
[INFO] [stderr]   | ^^^^^^^^^^^^^^^^^^^^
[INFO] [stderr]   |
[INFO] [stderr] help: consider removing the dependency on `itertools`
[INFO] [stderr] warning: unused dependency `serde_json`
[INFO] [stderr]  --> Cargo.toml:7:1
[INFO] [stderr]   |
[INFO] [stderr] 7 | serde_json = "1.0"
[INFO] [stderr]   | ^^^^^^^^^^^^^^^^^^
[INFO] [stderr]   |
[INFO] [stderr] help: consider removing the dependency on `serde_json`
[INFO] [stderr] warning: unused dependency `tree-sitter-python`
[INFO] [stderr]   --> Cargo.toml:12:1
[INFO] [stderr]    |
[INFO] [stderr] 12 | tree-sitter-python = "0.20"
[INFO] [stderr]    | ^^^^^^^^^^^^^^^^^^^^^^^^^^^
[INFO] [stderr]    |
[INFO] [stderr] help: consider removing the dependency on `tree-sitter-python`
[INFO] [stderr] warning: `repo_walker` (manifest) generated 4 warnings
[INFO] [stderr]     Finished `release` profile [optimized] target(s) in 9.25s
[INFO] running `Command { std: "docker" "inspect" "55526253752b5661b66f0d712f062efe24c1ac69437aec225efbd83d004a4cf9", kill_on_drop: false }`
[INFO] running `Command { std: "docker" "exec" "-e" "SOURCE_DIR=/opt/rustwide/workdir" "-e" "CARGO_HOME=/opt/rustwide/cargo-home" "-e" "RUSTUP_HOME=/opt/rustwide/rustup-home" "-e" "CARGO_TARGET_DIR=/opt/rustwide/target" "-e" "CARGO_INCREMENTAL=0" "-e" "RUST_BACKTRACE=full" "-e" "RUSTFLAGS=--cap-lints=warn" "-e" "RUSTDOCFLAGS=--cap-lints=warn" "-w" "/opt/rustwide/workdir" "--user" "0:0" "55526253752b5661b66f0d712f062efe24c1ac69437aec225efbd83d004a4cf9" "/opt/rustwide/cargo-home/bin/cargo" "+1.100.0-beta.1" "test" "--frozen" "--release", kill_on_drop: false }`
[INFO] [stderr] warning: unused dependency `hex`
[INFO] [stderr]  --> Cargo.toml:3:1
[INFO] [stderr]   |
[INFO] [stderr] 3 | hex = "0.4.3"
[INFO] [stderr]   | ^^^^^^^^^^^^^
[INFO] [stderr]   |
[INFO] [stderr]   = note: `cargo::unused_dependencies` is set to `warn` by default
[INFO] [stderr] help: consider removing the dependency on `hex`
[INFO] [stderr] warning: unused dependency `itertools`
[INFO] [stderr]  --> Cargo.toml:5:1
[INFO] [stderr]   |
[INFO] [stderr] 5 | itertools = "0.13.0"
[INFO] [stderr]   | ^^^^^^^^^^^^^^^^^^^^
[INFO] [stderr]   |
[INFO] [stderr] help: consider removing the dependency on `itertools`
[INFO] [stderr] warning: unused dependency `serde_json`
[INFO] [stderr]  --> Cargo.toml:7:1
[INFO] [stderr]   |
[INFO] [stderr] 7 | serde_json = "1.0"
[INFO] [stderr]   | ^^^^^^^^^^^^^^^^^^
[INFO] [stderr]   |
[INFO] [stderr] help: consider removing the dependency on `serde_json`
[INFO] [stderr] warning: unused dependency `tree-sitter-python`
[INFO] [stderr]   --> Cargo.toml:12:1
[INFO] [stderr]    |
[INFO] [stderr] 12 | tree-sitter-python = "0.20"
[INFO] [stderr]    | ^^^^^^^^^^^^^^^^^^^^^^^^^^^
[INFO] [stderr]    |
[INFO] [stderr] help: consider removing the dependency on `tree-sitter-python`
[INFO] [stderr] warning: `repo_walker` (manifest) generated 4 warnings
[INFO] [stderr]     Finished `release` profile [optimized] target(s) in 0.23s
[INFO] [stderr]      Running unittests src/lib.rs (/opt/rustwide/target/release/build/repo_walker/73785840f1f3da31/out/repo_walker-73785840f1f3da31)
[INFO] [stdout] 
[INFO] [stdout] running 4 tests
[INFO] [stdout] test tests::test_file_extension_matches ... ok
[INFO] [stdout] test parser::tests::test_go_comment_removal ... ok
[INFO] [stdout] test parser::tests::test_javascript_comment_removal ... ok
[INFO] [stderr]      Running unittests src/main.rs (/opt/rustwide/target/release/build/repo_walker/5cc007c5c5095e79/out/repo_walker-5cc007c5c5095e79)
[INFO] [stdout] test parser::tests::test_rust_comment_removal ... ok
[INFO] [stdout] 
[INFO] [stdout] test result: ok. 4 passed; 0 failed; 0 ignored; 0 measured; 0 filtered out; finished in 0.04s
[INFO] [stdout] 
[INFO] [stdout] 
[INFO] [stdout] running 6 tests
[INFO] [stdout] test output::tests::tests::test_unsupported_language ... ok
[INFO] [stdout] test output::tests::tests::test_token_counting ... ok
[INFO] [stdout] test output::tests::tests::test_file_contents_formatting ... ok
[INFO] [stdout] test output::tests::tests::test_directory_structure ... ok
[INFO] [stdout] test output::tests::tests::test_token_usage_formatting ... ok
[INFO] [stdout] test output::tests::tests::test_strip_comments ... ok
[INFO] [stdout] 
[INFO] [stdout] test result: ok. 6 passed; 0 failed; 0 ignored; 0 measured; 0 filtered out; finished in 0.36s
[INFO] [stdout] 
[INFO] [stderr]      Running tests/integration_test.rs (/opt/rustwide/target/release/build/repo_walker/e981ed3fb8996105/out/integration_test-e981ed3fb8996105)
[INFO] [stdout] 
[INFO] [stdout] running 4 tests
[INFO] [stdout] test test_basic_walk ... ok
[INFO] [stdout] test test_pattern_matching ... ok
[INFO] [stdout] test test_extension_filter ... ok
[INFO] [stdout] test test_strip_comments_cli ... ok
[INFO] [stderr]      Running tests/integration_tests.rs (/opt/rustwide/target/release/build/repo_walker/9d7066d791026b15/out/integration_tests-9d7066d791026b15)
[INFO] [stdout] 
[INFO] [stdout] test result: ok. 4 passed; 0 failed; 0 ignored; 0 measured; 0 filtered out; finished in 0.27s
[INFO] [stdout] 
[INFO] [stdout] 
[INFO] [stdout] running 3 tests
[INFO] [stdout] test test_find_revision ... FAILED
[INFO] [stdout] test test_diff_trees ... FAILED
[INFO] [stdout] test test_open_repo ... FAILED
[INFO] [stdout] 
[INFO] [stdout] failures:
[INFO] [stdout] 
[INFO] [stdout] ---- test_find_revision stdout ----
[INFO] [stdout] 
[INFO] [stdout] thread 'test_find_revision' (3225) panicked at tests/integration_tests.rs:14:38:
[INFO] [stdout] called `Result::unwrap()` on an `Err` value: NotARepository { source: Metadata { source: Os { code: 2, kind: NotFound, message: "No such file or directory" }, path: "/opt/rustwide/workdir/tests/test_data/sample_repo" }, path: "/opt/rustwide/workdir/tests/test_data/sample_repo" }
[INFO] [stdout] stack backtrace:
[INFO] [stdout]    0:     0x5719376fadf1 - <<std[617be2ca0a6fd877]::sys::backtrace::BacktraceLock>::print::DisplayBacktrace as core[a373ad73a504971]::fmt::Display>::fmt
[INFO] [stdout]    1:     0x57193771139a - core[a373ad73a504971]::fmt::write
[INFO] [stdout]    2:     0x5719376ff49c - <alloc[2e1b2a31b91974c5]::vec::Vec<u8> as core[a373ad73a504971]::io::write::Write>::write_fmt
[INFO] [stdout]    3:     0x5719376d50a6 - std[617be2ca0a6fd877]::panicking::default_hook::{closure#0}
[INFO] [stdout]    4:     0x5719376f2789 - std[617be2ca0a6fd877]::panicking::default_hook
[INFO] [stdout]    5:     0x5719374541d0 - test[aada8e7e76ba119b]::test_main_inner::{closure#0}
[INFO] [stdout]    6:     0x5719376f2ab2 - std[617be2ca0a6fd877]::panicking::panic_with_hook
[INFO] [stdout]    7:     0x5719376d5152 - std[617be2ca0a6fd877]::panicking::panic_handler::{closure#0}
[INFO] [stdout]    8:     0x5719376cdc09 - std[617be2ca0a6fd877]::sys::backtrace::__rust_end_short_backtrace::<std[617be2ca0a6fd877]::panicking::panic_handler::{closure#0}, !>
[INFO] [stdout]    9:     0x5719376d5d5d - __rustc[ea4f61d10b84890b]::rust_begin_unwind
[INFO] [stdout]   10:     0x571937711b7c - core[a373ad73a504971]::panicking::panic_fmt
[INFO] [stdout]   11:     0x571937711952 - core[a373ad73a504971]::result::unwrap_failed
[INFO] [stdout]   12:     0x5719374474eb - <integration_tests[ee3d09c32eeae9a5]::test_find_revision::{closure#0} as core[a373ad73a504971]::ops::function::FnOnce<()>>::call_once
[INFO] [stdout]   13:     0x57193744761b - test[aada8e7e76ba119b]::__rust_begin_short_backtrace::<core[a373ad73a504971]::result::Result<(), alloc[2e1b2a31b91974c5]::string::String>, fn() -> core[a373ad73a504971]::result::Result<(), alloc[2e1b2a31b91974c5]::string::String>>
[INFO] [stdout]   14:     0x5719374547f5 - test[aada8e7e76ba119b]::run_test::{closure#0}
[INFO] [stdout]   15:     0x57193744e0e4 - std[617be2ca0a6fd877]::sys::backtrace::__rust_begin_short_backtrace::<test[aada8e7e76ba119b]::run_test::{closure#1}, ()>
[INFO] [stdout]   16:     0x571937457882 - <std[617be2ca0a6fd877]::thread::lifecycle::spawn_unchecked<test[aada8e7e76ba119b]::run_test::{closure#1}, ()>::{closure#1} as core[a373ad73a504971]::ops::function::FnOnce<()>>::call_once::{shim:vtable#0}
[INFO] [stdout]   17:     0x5719376fa2ff - <std[617be2ca0a6fd877]::sys::thread::unix::Thread>::new::thread_start
[INFO] [stdout]   18:     0x701dbc432dfa - <unknown>
[INFO] [stdout]   19:     0x701dbc4c63d4 - clone
[INFO] [stdout]   20:                0x0 - <unknown>
[INFO] [stdout] 
[INFO] [stdout] ---- test_diff_trees stdout ----
[INFO] [stdout] 
[INFO] [stdout] thread 'test_diff_trees' (3224) panicked at tests/integration_tests.rs:23:38:
[INFO] [stdout] called `Result::unwrap()` on an `Err` value: NotARepository { source: Metadata { source: Os { code: 2, kind: NotFound, message: "No such file or directory" }, path: "/opt/rustwide/workdir/tests/test_data/sample_repo" }, path: "/opt/rustwide/workdir/tests/test_data/sample_repo" }
[INFO] [stdout] stack backtrace:
[INFO] [stdout]    0:     0x5719376fadf1 - <<std[617be2ca0a6fd877]::sys::backtrace::BacktraceLock>::print::DisplayBacktrace as core[a373ad73a504971]::fmt::Display>::fmt
[INFO] [stdout]    1:     0x57193771139a - core[a373ad73a504971]::fmt::write
[INFO] [stdout]    2:     0x5719376ff49c - <alloc[2e1b2a31b91974c5]::vec::Vec<u8> as core[a373ad73a504971]::io::write::Write>::write_fmt
[INFO] [stdout]    3:     0x5719376d50a6 - std[617be2ca0a6fd877]::panicking::default_hook::{closure#0}
[INFO] [stdout]    4:     0x5719376f2789 - std[617be2ca0a6fd877]::panicking::default_hook
[INFO] [stdout]    5:     0x5719374541d0 - test[aada8e7e76ba119b]::test_main_inner::{closure#0}
[INFO] [stdout]    6:     0x5719376f2ab2 - std[617be2ca0a6fd877]::panicking::panic_with_hook
[INFO] [stdout]    7:     0x5719376d5152 - std[617be2ca0a6fd877]::panicking::panic_handler::{closure#0}
[INFO] [stdout]    8:     0x5719376cdc09 - std[617be2ca0a6fd877]::sys::backtrace::__rust_end_short_backtrace::<std[617be2ca0a6fd877]::panicking::panic_handler::{closure#0}, !>
[INFO] [stdout]    9:     0x5719376d5d5d - __rustc[ea4f61d10b84890b]::rust_begin_unwind
[INFO] [stdout]   10:     0x571937711b7c - core[a373ad73a504971]::panicking::panic_fmt
[INFO] [stdout]   11:     0x571937711952 - core[a373ad73a504971]::result::unwrap_failed
[INFO] [stdout]   12:     0x571937447133 - <integration_tests[ee3d09c32eeae9a5]::test_diff_trees::{closure#0} as core[a373ad73a504971]::ops::function::FnOnce<()>>::call_once
[INFO] [stdout]   13:     0x57193744761b - test[aada8e7e76ba119b]::__rust_begin_short_backtrace::<core[a373ad73a504971]::result::Result<(), alloc[2e1b2a31b91974c5]::string::String>, fn() -> core[a373ad73a504971]::result::Result<(), alloc[2e1b2a31b91974c5]::string::String>>
[INFO] [stdout]   14:     0x5719374547f5 - test[aada8e7e76ba119b]::run_test::{closure#0}
[INFO] [stdout]   15:     0x57193744e0e4 - std[617be2ca0a6fd877]::sys::backtrace::__rust_begin_short_backtrace::<test[aada8e7e76ba119b]::run_test::{closure#1}, ()>
[INFO] [stdout]   16:     0x571937457882 - <std[617be2ca0a6fd877]::thread::lifecycle::spawn_unchecked<test[aada8e7e76ba119b]::run_test::{closure#1}, ()>::{closure#1} as core[a373ad73a504971]::ops::function::FnOnce<()>>::call_once::{shim:vtable#0}
[INFO] [stdout]   17:     0x5719376fa2ff - <std[617be2ca0a6fd877]::sys::thread::unix::Thread>::new::thread_start
[INFO] [stdout]   18:     0x701dbc432dfa - <unknown>
[INFO] [stdout]   19:     0x701dbc4c63d4 - clone
[INFO] [stdout]   20:                0x0 - <unknown>
[INFO] [stdout] 
[INFO] [stdout] ---- test_open_repo stdout ----
[INFO] [stdout] 
[INFO] [stdout] thread 'test_open_repo' (3226) panicked at tests/integration_tests.rs:8:5:
[INFO] [stdout] assertion failed: result.is_ok()
[INFO] [stdout] stack backtrace:
[INFO] [stdout]    0:     0x5719376fadf1 - <<std[617be2ca0a6fd877]::sys::backtrace::BacktraceLock>::print::DisplayBacktrace as core[a373ad73a504971]::fmt::Display>::fmt
[INFO] [stdout]    1:     0x57193771139a - core[a373ad73a504971]::fmt::write
[INFO] [stdout]    2:     0x5719376ff49c - <alloc[2e1b2a31b91974c5]::vec::Vec<u8> as core[a373ad73a504971]::io::write::Write>::write_fmt
[INFO] [stdout]    3:     0x5719376d50a6 - std[617be2ca0a6fd877]::panicking::default_hook::{closure#0}
[INFO] [stdout]    4:     0x5719376f2789 - std[617be2ca0a6fd877]::panicking::default_hook
[INFO] [stdout]    5:     0x5719374541d0 - test[aada8e7e76ba119b]::test_main_inner::{closure#0}
[INFO] [stdout]    6:     0x5719376f2ab2 - std[617be2ca0a6fd877]::panicking::panic_with_hook
[INFO] [stdout]    7:     0x5719376d5184 - std[617be2ca0a6fd877]::panicking::panic_handler::{closure#0}
[INFO] [stdout]    8:     0x5719376cdc09 - std[617be2ca0a6fd877]::sys::backtrace::__rust_end_short_backtrace::<std[617be2ca0a6fd877]::panicking::panic_handler::{closure#0}, !>
[INFO] [stdout]    9:     0x5719376d5d5d - __rustc[ea4f61d10b84890b]::rust_begin_unwind
[INFO] [stdout]   10:     0x571937711b7c - core[a373ad73a504971]::panicking::panic_fmt
[INFO] [stdout]   11:     0x571937711b42 - core[a373ad73a504971]::panicking::panic
[INFO] [stdout]   12:     0x571937446d3d - <integration_tests[ee3d09c32eeae9a5]::test_open_repo::{closure#0} as core[a373ad73a504971]::ops::function::FnOnce<()>>::call_once
[INFO] [stdout]   13:     0x57193744761b - test[aada8e7e76ba119b]::__rust_begin_short_backtrace::<core[a373ad73a504971]::result::Result<(), alloc[2e1b2a31b91974c5]::string::String>, fn() -> core[a373ad73a504971]::result::Result<(), alloc[2e1b2a31b91974c5]::string::String>>
[INFO] [stdout]   14:     0x5719374547f5 - test[aada8e7e76ba119b]::run_test::{closure#0}
[INFO] [stdout]   15:     0x57193744e0e4 - std[617be2ca0a6fd877]::sys::backtrace::__rust_begin_short_backtrace::<test[aada8e7e76ba119b]::run_test::{closure#1}, ()>
[INFO] [stdout]   16:     0x571937457882 - <std[617be2ca0a6fd877]::thread::lifecycle::spawn_unchecked<test[aada8e7e76ba119b]::run_test::{closure#1}, ()>::{closure#1} as core[a373ad73a504971]::ops::function::FnOnce<()>>::call_once::{shim:vtable#0}
[INFO] [stdout]   17:     0x5719376fa2ff - <std[617be2ca0a6fd877]::sys::thread::unix::Thread>::new::thread_start
[INFO] [stdout]   18:     0x701dbc432dfa - <unknown>
[INFO] [stdout]   19:     0x701dbc4c63d4 - clone
[INFO] [stdout]   20:                0x0 - <unknown>
[INFO] [stdout] 
[INFO] [stdout] 
[INFO] [stdout] failures:
[INFO] [stdout]     test_diff_trees
[INFO] [stdout]     test_find_revision
[INFO] [stdout]     test_open_repo
[INFO] [stdout] 
[INFO] [stdout] test result: FAILED. 0 passed; 3 failed; 0 ignored; 0 measured; 0 filtered out; finished in 0.01s
[INFO] [stdout] 
[INFO] [stderr] error: test failed, to rerun pass `--test integration_tests`
[INFO] running `Command { std: "docker" "inspect" "55526253752b5661b66f0d712f062efe24c1ac69437aec225efbd83d004a4cf9", kill_on_drop: false }`
[INFO] running `Command { std: "docker" "rm" "-f" "55526253752b5661b66f0d712f062efe24c1ac69437aec225efbd83d004a4cf9", kill_on_drop: false }`
[INFO] [stdout] 55526253752b5661b66f0d712f062efe24c1ac69437aec225efbd83d004a4cf9
