[INFO] cloning repository https://github.com/ryankurte/rust-libapt
[INFO] running `Command { std: "git" "-c" "credential.helper=" "-c" "credential.helper=/workspace/cargo-home/bin/git-credential-null" "clone" "--bare" "https://github.com/ryankurte/rust-libapt" "/workspace/cache/git-repos/https%3A%2F%2Fgithub.com%2Fryankurte%2Frust-libapt", kill_on_drop: false }`
[INFO] [stderr] Cloning into bare repository '/workspace/cache/git-repos/https%3A%2F%2Fgithub.com%2Fryankurte%2Frust-libapt'...
[INFO] running `Command { std: "git" "rev-parse" "HEAD", kill_on_drop: false }`
[INFO] [stdout] a543b1dbd3e3700dc2b1200af2ba0efbd1ce7aef
[INFO] testing ryankurte/rust-libapt against 1.99.0-beta.8+cargoflags=--release for beta-release-1.100-2
[INFO] running `Command { std: "git" "clone" "/workspace/cache/git-repos/https%3A%2F%2Fgithub.com%2Fryankurte%2Frust-libapt" "/workspace/builds/worker-0-tc1/source", kill_on_drop: false }`
[INFO] [stderr] Cloning into '/workspace/builds/worker-0-tc1/source'...
[INFO] [stderr] done.
[INFO] started tweaking git repo https://github.com/ryankurte/rust-libapt
[INFO] removed 0 missing examples
[INFO] removed 0 missing tests
[INFO] finished tweaking git repo https://github.com/ryankurte/rust-libapt
[INFO] tweaked toml for git repo https://github.com/ryankurte/rust-libapt written to /workspace/builds/worker-0-tc1/source/Cargo.toml
[INFO] validating manifest of git repo https://github.com/ryankurte/rust-libapt on toolchain 1.99.0-beta.8
[INFO] running `Command { std: CARGO_HOME="/workspace/cargo-home" RUSTUP_HOME="/workspace/rustup-home" "/workspace/cargo-home/bin/cargo" "+1.99.0-beta.8" "metadata" "--manifest-path" "Cargo.toml" "--no-deps", kill_on_drop: false }`
[INFO] crate git repo https://github.com/ryankurte/rust-libapt already has a lockfile, it will not be regenerated
[INFO] running `Command { std: CARGO_HOME="/workspace/cargo-home" RUSTUP_HOME="/workspace/rustup-home" "/workspace/cargo-home/bin/cargo" "+1.99.0-beta.8" "fetch" "--manifest-path" "Cargo.toml", kill_on_drop: false }`
[INFO] [stderr]     Updating crates.io index
[INFO] [stderr]  Downloading crates ...
[INFO] [stderr]   Downloaded cc v1.1.34
[INFO] [stderr]   Downloaded litemap v0.7.3
[INFO] [stderr]   Downloaded serde v1.0.214
[INFO] [stderr]   Downloaded serde_derive v1.0.214
[INFO] [stderr]   Downloaded url v2.5.3
[INFO] [stderr]   Downloaded reqwest v0.12.9
[INFO] [stderr]   Downloaded rustix v0.38.38
[INFO] [stderr]   Downloaded predicates v3.1.2
[INFO] [stderr]   Downloaded rustls v0.23.16
[INFO] [stderr]   Downloaded predicates-core v1.0.8
[INFO] [stderr]   Downloaded x448 v0.6.0
[INFO] [stderr]   Downloaded twofish v0.7.1
[INFO] [stderr]   Downloaded thiserror v1.0.68
[INFO] [stderr]   Downloaded thiserror-impl v1.0.68
[INFO] [stderr]   Downloaded ed448-goldilocks v0.7.2
[INFO] [stderr]   Downloaded fiat-crypto v0.1.20
[INFO] [stderr]   Downloaded pgp v0.14.0
[INFO] [stderr]   Downloaded p384 v0.13.0
[INFO] [stderr]   Downloaded iter-read v1.1.0
[INFO] [stderr]   Downloaded dsa v0.6.3
[INFO] [stderr]   Downloaded eax v0.5.0
[INFO] [stderr]   Downloaded idea v0.5.1
[INFO] [stderr]   Downloaded cmac v0.7.2
[INFO] [stderr]   Downloaded flate2 v1.0.34
[INFO] [stderr]   Downloaded des v0.8.1
[INFO] [stderr]   Downloaded dbl v0.3.2
[INFO] [stderr]   Downloaded crc24 v0.1.6
[INFO] [stderr]   Downloaded md5 v0.7.0
[INFO] [stderr]   Downloaded cfb-mode v0.8.2
[INFO] [stderr]   Downloaded cast5 v0.11.1
[INFO] [stderr]   Downloaded buffer-redux v1.0.2
[INFO] [stderr]   Downloaded predicates-tree v1.0.11
[INFO] [stderr]   Downloaded camellia v0.1.0
[INFO] [stderr]   Downloaded assert_cmd v2.0.16
[INFO] running `Command { std: "docker" "create" "-v" "/var/lib/crater-agent-workspace/builds/worker-0-tc1/source:/opt/rustwide/workdir:ro,Z" "-v" "/var/lib/crater-agent-workspace/builds/worker-0-tc1/target:/opt/rustwide/target:rw,Z" "-v" "/var/lib/crater-agent-workspace/cargo-home:/opt/rustwide/cargo-home:ro,Z" "-v" "/var/lib/crater-agent-workspace/rustup-home:/opt/rustwide/rustup-home:ro,Z" "-m" "1610612736" "--network" "none" "ghcr.io/rust-lang/crates-build-env/linux@sha256:77db811e55d90add9212f6832c23229e3de5f1c1f9905e8cb07319ea15df73ac" "sleep" "infinity", kill_on_drop: false }`
[INFO] [stdout] 7e8119de94ead4fd8718f48c48ed600321c0405c7bbb535431b819c4ea379e08
[INFO] running `Command { std: "docker" "start" "7e8119de94ead4fd8718f48c48ed600321c0405c7bbb535431b819c4ea379e08", kill_on_drop: false }`
[INFO] running `Command { std: "docker" "inspect" "7e8119de94ead4fd8718f48c48ed600321c0405c7bbb535431b819c4ea379e08", kill_on_drop: false }`
[INFO] running `Command { std: "docker" "exec" "-e" "SOURCE_DIR=/opt/rustwide/workdir" "-e" "CARGO_HOME=/opt/rustwide/cargo-home" "-e" "RUSTUP_HOME=/opt/rustwide/rustup-home" "-e" "CARGO_TARGET_DIR=/opt/rustwide/target" "-w" "/opt/rustwide/workdir" "--user" "0:0" "7e8119de94ead4fd8718f48c48ed600321c0405c7bbb535431b819c4ea379e08" "/opt/rustwide/cargo-home/bin/cargo" "+1.99.0-beta.8" "metadata" "--no-deps" "--format-version=1", kill_on_drop: false }`
[INFO] running `Command { std: "docker" "inspect" "7e8119de94ead4fd8718f48c48ed600321c0405c7bbb535431b819c4ea379e08", kill_on_drop: false }`
[INFO] running `Command { std: "docker" "exec" "-e" "SOURCE_DIR=/opt/rustwide/workdir" "-e" "CARGO_HOME=/opt/rustwide/cargo-home" "-e" "RUSTUP_HOME=/opt/rustwide/rustup-home" "-e" "CARGO_TARGET_DIR=/opt/rustwide/target" "-e" "CARGO_INCREMENTAL=0" "-e" "RUST_BACKTRACE=full" "-e" "RUSTFLAGS=--cap-lints=warn" "-e" "RUSTDOCFLAGS=--cap-lints=warn" "-w" "/opt/rustwide/workdir" "--user" "0:0" "7e8119de94ead4fd8718f48c48ed600321c0405c7bbb535431b819c4ea379e08" "/opt/rustwide/cargo-home/bin/cargo" "+1.99.0-beta.8" "build" "--frozen" "--message-format=json" "--release", kill_on_drop: false }`
[INFO] [stderr]    Compiling proc-macro2 v1.0.89
[INFO] [stderr]    Compiling libc v0.2.161
[INFO] [stderr]    Compiling subtle v2.6.1
[INFO] [stderr]    Compiling cpufeatures v0.2.14
[INFO] [stderr]    Compiling base64ct v1.6.0
[INFO] [stderr]    Compiling libm v0.2.11
[INFO] [stderr]    Compiling smallvec v1.13.2
[INFO] [stderr]    Compiling cc v1.1.34
[INFO] [stderr]    Compiling num-traits v0.2.19
[INFO] [stderr]    Compiling bytes v1.8.0
[INFO] [stderr]    Compiling pin-project-lite v0.2.15
[INFO] [stderr]    Compiling litemap v0.7.3
[INFO] [stderr]    Compiling serde v1.0.214
[INFO] [stderr]    Compiling rustc_version v0.4.1
[INFO] [stderr]    Compiling tracing-core v0.1.32
[INFO] [stderr]    Compiling hashbrown v0.15.0
[INFO] [stderr]    Compiling regex-automata v0.4.8
[INFO] [stderr]    Compiling futures-util v0.3.31
[INFO] [stderr]    Compiling indexmap v2.6.0
[INFO] [stderr]    Compiling curve25519-dalek v4.1.3
[INFO] [stderr]    Compiling num-bigint-dig v0.8.4
[INFO] [stderr]    Compiling syn v1.0.109
[INFO] [stderr]    Compiling lazy_static v1.5.0
[INFO] [stderr]    Compiling thiserror v1.0.68
[INFO] [stderr]    Compiling doc-comment v0.3.3
[INFO] [stderr]    Compiling pem-rfc7468 v0.7.0
[INFO] [stderr]    Compiling predicates-core v1.0.8
[INFO] [stderr]    Compiling fiat-crypto v0.1.20
[INFO] [stderr]    Compiling http v1.1.0
[INFO] [stderr]    Compiling crc24 v0.1.6
[INFO] [stderr]    Compiling miniz_oxide v0.8.0
[INFO] [stderr]    Compiling rand_core v0.5.1
[INFO] [stderr]    Compiling assert_cmd v2.0.16
[INFO] [stderr]    Compiling termtree v0.4.1
[INFO] [stderr]    Compiling difflib v0.4.0
[INFO] [stderr]    Compiling normalize-line-endings v0.3.0
[INFO] [stderr]    Compiling tracing v0.1.40
[INFO] [stderr]    Compiling rustls-pki-types v1.10.0
[INFO] [stderr]    Compiling quote v1.0.37
[INFO] [stderr]    Compiling keccak v0.1.5
[INFO] [stderr]    Compiling syn v2.0.87
[INFO] [stderr]    Compiling getrandom v0.2.15
[INFO] [stderr]    Compiling mio v1.0.2
[INFO] [stderr]    Compiling rand_core v0.6.4
[INFO] [stderr]    Compiling socket2 v0.5.7
[INFO] [stderr]    Compiling ff v0.13.0
[INFO] [stderr]    Compiling group v0.13.0
[INFO] [stderr]    Compiling tokio v1.41.1
[INFO] [stderr]    Compiling http-body v1.0.1
[INFO] [stderr]    Compiling toml_edit v0.19.15
[INFO] [stderr]    Compiling password-hash v0.5.0
[INFO] [stderr]    Compiling openssl-sys v0.9.104
[INFO] [stderr]    Compiling num-integer v0.1.46
[INFO] [stderr]    Compiling lzma-sys v0.1.20
[INFO] [stderr]    Compiling openssl v0.10.68
[INFO] [stderr]    Compiling native-tls v0.2.12
[INFO] [stderr]    Compiling float-cmp v0.9.0
[INFO] [stderr]    Compiling num-iter v0.1.45
[INFO] [stderr]    Compiling flate2 v1.0.34
[INFO] [stderr]    Compiling rustls-pemfile v2.2.0
[INFO] [stderr]    Compiling wait-timeout v0.2.0
[INFO] [stderr]    Compiling predicates-tree v1.0.11
[INFO] [stderr]    Compiling sync_wrapper v1.0.1
[INFO] [stderr]    Compiling buffer-redux v1.0.2
[INFO] [stderr]    Compiling bitfield v0.14.0
[INFO] [stderr]    Compiling iter-read v1.1.0
[INFO] [stderr]    Compiling xz2 v0.1.7
[INFO] [stderr]    Compiling md5 v0.7.0
[INFO] [stderr]    Compiling proc-macro-crate v1.3.1
[INFO] [stderr]    Compiling http-body-util v0.1.2
[INFO] [stderr]    Compiling num_enum_derive v0.5.11
[INFO] [stderr]    Compiling num_enum v0.5.11
[INFO] [stderr]    Compiling regex v1.11.1
[INFO] [stderr]    Compiling bstr v1.10.0
[INFO] [stderr]    Compiling predicates v3.1.2
[INFO] [stderr]    Compiling synstructure v0.13.1
[INFO] [stderr]    Compiling darling_core v0.20.10
[INFO] [stderr]    Compiling zeroize_derive v1.4.2
[INFO] [stderr]    Compiling zerovec-derive v0.10.3
[INFO] [stderr]    Compiling zerofrom-derive v0.1.4
[INFO] [stderr]    Compiling yoke-derive v0.7.4
[INFO] [stderr]    Compiling displaydoc v0.2.5
[INFO] [stderr]    Compiling zerocopy-derive v0.7.35
[INFO] [stderr]    Compiling icu_provider_macros v1.5.0
[INFO] [stderr]    Compiling serde_derive v1.0.214
[INFO] [stderr]    Compiling openssl-macros v0.1.1
[INFO] [stderr]    Compiling curve25519-dalek-derive v0.1.1
[INFO] [stderr]    Compiling derive_more-impl v1.0.0
[INFO] [stderr]    Compiling thiserror-impl v1.0.68
[INFO] [stderr]    Compiling tokio-util v0.7.12
[INFO] [stderr]    Compiling zeroize v1.8.1
[INFO] [stderr]    Compiling zerocopy v0.7.35
[INFO] [stderr]    Compiling generic-array v0.14.7
[INFO] [stderr]    Compiling der v0.7.9
[INFO] [stderr]    Compiling h2 v0.4.6
[INFO] [stderr]    Compiling ed448-goldilocks v0.7.2
[INFO] [stderr]    Compiling zerofrom v0.1.4
[INFO] [stderr]    Compiling derive_more v1.0.0
[INFO] [stderr]    Compiling yoke v0.7.4
[INFO] [stderr]    Compiling ppv-lite86 v0.2.20
[INFO] [stderr]    Compiling x448 v0.6.0
[INFO] [stderr]    Compiling zerovec v0.10.4
[INFO] [stderr]    Compiling crypto-common v0.1.6
[INFO] [stderr]    Compiling block-buffer v0.10.4
[INFO] [stderr]    Compiling inout v0.1.3
[INFO] [stderr]    Compiling crypto-bigint v0.5.5
[INFO] [stderr]    Compiling universal-hash v0.5.1
[INFO] [stderr]    Compiling aead v0.5.2
[INFO] [stderr]    Compiling polyval v0.6.2
[INFO] [stderr]    Compiling digest v0.10.7
[INFO] [stderr]    Compiling cipher v0.4.4
[INFO] [stderr]    Compiling dbl v0.3.2
[INFO] [stderr]    Compiling block-padding v0.3.3
[INFO] [stderr]    Compiling rand_chacha v0.3.1
[INFO] [stderr]    Compiling ghash v0.5.1
[INFO] [stderr]    Compiling darling_macro v0.20.10
[INFO] [stderr]    Compiling ctr v0.9.2
[INFO] [stderr]    Compiling aes v0.8.4
[INFO] [stderr]    Compiling idea v0.5.1
[INFO] [stderr]    Compiling cast5 v0.11.1
[INFO] [stderr]    Compiling des v0.8.1
[INFO] [stderr]    Compiling cfb-mode v0.8.2
[INFO] [stderr]    Compiling hmac v0.12.1
[INFO] [stderr]    Compiling signature v2.2.0
[INFO] [stderr]    Compiling hkdf v0.12.4
[INFO] [stderr]    Compiling rfc6979 v0.4.0
[INFO] [stderr]    Compiling sha2 v0.10.8
[INFO] [stderr]    Compiling rand v0.8.5
[INFO] [stderr]    Compiling darling v0.20.10
[INFO] [stderr]    Compiling derive_builder_core v0.20.2
[INFO] [stderr]    Compiling ed25519 v2.2.3
[INFO] [stderr]    Compiling blake2 v0.10.6
[INFO] [stderr]    Compiling cmac v0.7.2
[INFO] [stderr]    Compiling sha1 v0.10.6
[INFO] [stderr]    Compiling spki v0.7.3
[INFO] [stderr]    Compiling argon2 v0.5.3
[INFO] [stderr]    Compiling sha1-checked v0.10.0
[INFO] [stderr]    Compiling pkcs8 v0.10.2
[INFO] [stderr]    Compiling eax v0.5.0
[INFO] [stderr]    Compiling tinystr v0.7.6
[INFO] [stderr]    Compiling icu_locid v1.5.0
[INFO] [stderr]    Compiling sec1 v0.7.3
[INFO] [stderr]    Compiling icu_collections v1.5.0
[INFO] [stderr]    Compiling elliptic-curve v0.13.8
[INFO] [stderr]    Compiling derive_builder_macro v0.20.2
[INFO] [stderr]    Compiling pkcs1 v0.7.5
[INFO] [stderr]    Compiling derive_builder v0.20.2
[INFO] [stderr]    Compiling ed25519-dalek v2.1.1
[INFO] [stderr]    Compiling x25519-dalek v2.0.1
[INFO] [stderr]    Compiling aes-gcm v0.10.3
[INFO] [stderr]    Compiling aes-kw v0.2.1
[INFO] [stderr]    Compiling ocb3 v0.1.0
[INFO] [stderr]    Compiling md-5 v0.10.6
[INFO] [stderr]    Compiling sha3 v0.10.8
[INFO] [stderr]    Compiling ripemd v0.1.3
[INFO] [stderr]    Compiling icu_provider v1.5.0
[INFO] [stderr]    Compiling ecdsa v0.16.9
[INFO] [stderr]    Compiling primeorder v0.13.6
[INFO] [stderr]    Compiling twofish v0.7.1
[INFO] [stderr]    Compiling icu_locid_transform v1.5.0
[INFO] [stderr]    Compiling blowfish v0.9.1
[INFO] [stderr]    Compiling camellia v0.1.0
[INFO] [stderr]    Compiling p256 v0.13.2
[INFO] [stderr]    Compiling p384 v0.13.0
[INFO] [stderr]    Compiling p521 v0.13.3
[INFO] [stderr]    Compiling k256 v0.13.4
[INFO] [stderr]    Compiling hyper v1.5.0
[INFO] [stderr]    Compiling tokio-native-tls v0.3.1
[INFO] [stderr]    Compiling icu_properties v1.5.1
[INFO] [stderr]    Compiling hyper-util v0.1.10
[INFO] [stderr]    Compiling serde_urlencoded v0.7.1
[INFO] [stderr]    Compiling chrono v0.4.38
[INFO] [stderr]    Compiling hyper-tls v0.6.0
[INFO] [stderr]    Compiling icu_normalizer v1.5.0
[INFO] [stderr]    Compiling idna_adapter v1.2.0
[INFO] [stderr]    Compiling idna v1.0.3
[INFO] [stderr]    Compiling rsa v0.9.6
[INFO] [stderr]    Compiling dsa v0.6.3
[INFO] [stderr]    Compiling url v2.5.3
[INFO] [stderr]    Compiling pgp v0.14.0
[INFO] [stderr]    Compiling reqwest v0.12.9
[INFO] [stderr]    Compiling libapt v1.3.0 (/opt/rustwide/workdir)
[INFO] [stderr]     Finished `release` profile [optimized] target(s) in 2m 16s
[INFO] [stderr] warning: the following packages contain code that will be rejected by a future version of Rust: num-bigint-dig v0.8.4
[INFO] [stderr] note: to see what the problems were, use the option `--future-incompat-report`, or run `cargo report future-incompatibilities --id 6`
[INFO] running `Command { std: "docker" "inspect" "7e8119de94ead4fd8718f48c48ed600321c0405c7bbb535431b819c4ea379e08", kill_on_drop: false }`
[INFO] running `Command { std: "docker" "exec" "-e" "SOURCE_DIR=/opt/rustwide/workdir" "-e" "CARGO_HOME=/opt/rustwide/cargo-home" "-e" "RUSTUP_HOME=/opt/rustwide/rustup-home" "-e" "CARGO_TARGET_DIR=/opt/rustwide/target" "-e" "CARGO_INCREMENTAL=0" "-e" "RUST_BACKTRACE=full" "-e" "RUSTFLAGS=--cap-lints=warn" "-e" "RUSTDOCFLAGS=--cap-lints=warn" "-w" "/opt/rustwide/workdir" "--user" "0:0" "7e8119de94ead4fd8718f48c48ed600321c0405c7bbb535431b819c4ea379e08" "/opt/rustwide/cargo-home/bin/cargo" "+1.99.0-beta.8" "test" "--frozen" "--no-run" "--message-format=json" "--release", kill_on_drop: false }`
[INFO] [stderr]    Compiling syn v2.0.87
[INFO] [stderr]    Compiling signal-hook-registry v1.4.2
[INFO] [stderr]    Compiling parking_lot_core v0.9.10
[INFO] [stderr]    Compiling parking_lot v0.12.3
[INFO] [stderr]    Compiling synstructure v0.13.1
[INFO] [stderr]    Compiling darling_core v0.20.10
[INFO] [stderr]    Compiling zeroize_derive v1.4.2
[INFO] [stderr]    Compiling zerovec-derive v0.10.3
[INFO] [stderr]    Compiling displaydoc v0.2.5
[INFO] [stderr]    Compiling tokio-macros v2.4.0
[INFO] [stderr]    Compiling serde_derive v1.0.214
[INFO] [stderr]    Compiling zerocopy-derive v0.7.35
[INFO] [stderr]    Compiling icu_provider_macros v1.5.0
[INFO] [stderr]    Compiling openssl-macros v0.1.1
[INFO] [stderr]    Compiling curve25519-dalek-derive v0.1.1
[INFO] [stderr]    Compiling thiserror-impl v1.0.68
[INFO] [stderr]    Compiling derive_more-impl v1.0.0
[INFO] [stderr]    Compiling async-stream-impl v0.3.6
[INFO] [stderr]    Compiling zerofrom-derive v0.1.4
[INFO] [stderr]    Compiling yoke-derive v0.7.4
[INFO] [stderr]    Compiling openssl v0.10.68
[INFO] [stderr]    Compiling async-stream v0.3.6
[INFO] [stderr]    Compiling zeroize v1.8.1
[INFO] [stderr]    Compiling tokio v1.41.1
[INFO] [stderr]    Compiling generic-array v0.14.7
[INFO] [stderr]    Compiling der v0.7.9
[INFO] [stderr]    Compiling zerocopy v0.7.35
[INFO] [stderr]    Compiling zerofrom v0.1.4
[INFO] [stderr]    Compiling yoke v0.7.4
[INFO] [stderr]    Compiling thiserror v1.0.68
[INFO] [stderr]    Compiling zerovec v0.10.4
[INFO] [stderr]    Compiling crypto-common v0.1.6
[INFO] [stderr]    Compiling block-buffer v0.10.4
[INFO] [stderr]    Compiling inout v0.1.3
[INFO] [stderr]    Compiling crypto-bigint v0.5.5
[INFO] [stderr]    Compiling dbl v0.3.2
[INFO] [stderr]    Compiling block-padding v0.3.3
[INFO] [stderr]    Compiling digest v0.10.7
[INFO] [stderr]    Compiling cipher v0.4.4
[INFO] [stderr]    Compiling universal-hash v0.5.1
[INFO] [stderr]    Compiling aead v0.5.2
[INFO] [stderr]    Compiling polyval v0.6.2
[INFO] [stderr]    Compiling derive_more v1.0.0
[INFO] [stderr]    Compiling ppv-lite86 v0.2.20
[INFO] [stderr]    Compiling hmac v0.12.1
[INFO] [stderr]    Compiling signature v2.2.0
[INFO] [stderr]    Compiling sha2 v0.10.8
[INFO] [stderr]    Compiling ctr v0.9.2
[INFO] [stderr]    Compiling aes v0.8.4
[INFO] [stderr]    Compiling curve25519-dalek v4.1.3
[INFO] [stderr]    Compiling hkdf v0.12.4
[INFO] [stderr]    Compiling rfc6979 v0.4.0
[INFO] [stderr]    Compiling ed25519 v2.2.3
[INFO] [stderr]    Compiling ghash v0.5.1
[INFO] [stderr]    Compiling cmac v0.7.2
[INFO] [stderr]    Compiling blake2 v0.10.6
[INFO] [stderr]    Compiling sha1 v0.10.6
[INFO] [stderr]    Compiling eax v0.5.0
[INFO] [stderr]    Compiling ocb3 v0.1.0
[INFO] [stderr]    Compiling camellia v0.1.0
[INFO] [stderr]    Compiling darling_macro v0.20.10
[INFO] [stderr]    Compiling rand_chacha v0.3.1
[INFO] [stderr]    Compiling sha1-checked v0.10.0
[INFO] [stderr]    Compiling darling v0.20.10
[INFO] [stderr]    Compiling cast5 v0.11.1
[INFO] [stderr]    Compiling derive_builder_core v0.20.2
[INFO] [stderr]    Compiling aes-kw v0.2.1
[INFO] [stderr]    Compiling spki v0.7.3
[INFO] [stderr]    Compiling rand v0.8.5
[INFO] [stderr]    Compiling pkcs8 v0.10.2
[INFO] [stderr]    Compiling aes-gcm v0.10.3
[INFO] [stderr]    Compiling argon2 v0.5.3
[INFO] [stderr]    Compiling cfb-mode v0.8.2
[INFO] [stderr]    Compiling sec1 v0.7.3
[INFO] [stderr]    Compiling pkcs1 v0.7.5
[INFO] [stderr]    Compiling des v0.8.1
[INFO] [stderr]    Compiling idea v0.5.1
[INFO] [stderr]    Compiling tinystr v0.7.6
[INFO] [stderr]    Compiling elliptic-curve v0.13.8
[INFO] [stderr]    Compiling icu_collections v1.5.0
[INFO] [stderr]    Compiling icu_locid v1.5.0
[INFO] [stderr]    Compiling blowfish v0.9.1
[INFO] [stderr]    Compiling twofish v0.7.1
[INFO] [stderr]    Compiling serde v1.0.214
[INFO] [stderr]    Compiling derive_builder_macro v0.20.2
[INFO] [stderr]    Compiling ed25519-dalek v2.1.1
[INFO] [stderr]    Compiling x25519-dalek v2.0.1
[INFO] [stderr]    Compiling ecdsa v0.16.9
[INFO] [stderr]    Compiling primeorder v0.13.6
[INFO] [stderr]    Compiling derive_builder v0.20.2
[INFO] [stderr]    Compiling sha3 v0.10.8
[INFO] [stderr]    Compiling ripemd v0.1.3
[INFO] [stderr]    Compiling md-5 v0.10.6
[INFO] [stderr]    Compiling icu_provider v1.5.0
[INFO] [stderr]    Compiling k256 v0.13.4
[INFO] [stderr]    Compiling p256 v0.13.2
[INFO] [stderr]    Compiling p384 v0.13.0
[INFO] [stderr]    Compiling p521 v0.13.3
[INFO] [stderr]    Compiling icu_locid_transform v1.5.0
[INFO] [stderr]    Compiling native-tls v0.2.12
[INFO] [stderr]    Compiling icu_properties v1.5.1
[INFO] [stderr]    Compiling num-bigint-dig v0.8.4
[INFO] [stderr]    Compiling serde_urlencoded v0.7.1
[INFO] [stderr]    Compiling chrono v0.4.38
[INFO] [stderr]    Compiling dsa v0.6.3
[INFO] [stderr]    Compiling rsa v0.9.6
[INFO] [stderr]    Compiling pgp v0.14.0
[INFO] [stderr]    Compiling tokio-util v0.7.12
[INFO] [stderr]    Compiling tokio-native-tls v0.3.1
[INFO] [stderr]    Compiling tokio-stream v0.1.16
[INFO] [stderr]    Compiling icu_normalizer v1.5.0
[INFO] [stderr]    Compiling h2 v0.4.6
[INFO] [stderr]    Compiling idna_adapter v1.2.0
[INFO] [stderr]    Compiling tokio-test v0.4.4
[INFO] [stderr]    Compiling idna v1.0.3
[INFO] [stderr]    Compiling url v2.5.3
[INFO] [stderr]    Compiling hyper v1.5.0
[INFO] [stderr]    Compiling hyper-util v0.1.10
[INFO] [stderr]    Compiling hyper-tls v0.6.0
[INFO] [stderr]    Compiling reqwest v0.12.9
[INFO] [stderr]    Compiling libapt v1.3.0 (/opt/rustwide/workdir)
[INFO] [stderr]     Finished `release` profile [optimized] target(s) in 1m 59s
[INFO] [stderr] warning: the following packages contain code that will be rejected by a future version of Rust: num-bigint-dig v0.8.4
[INFO] [stderr] note: to see what the problems were, use the option `--future-incompat-report`, or run `cargo report future-incompatibilities --id 6`
[INFO] running `Command { std: "docker" "inspect" "7e8119de94ead4fd8718f48c48ed600321c0405c7bbb535431b819c4ea379e08", kill_on_drop: false }`
[INFO] running `Command { std: "docker" "exec" "-e" "SOURCE_DIR=/opt/rustwide/workdir" "-e" "CARGO_HOME=/opt/rustwide/cargo-home" "-e" "RUSTUP_HOME=/opt/rustwide/rustup-home" "-e" "CARGO_TARGET_DIR=/opt/rustwide/target" "-e" "CARGO_INCREMENTAL=0" "-e" "RUST_BACKTRACE=full" "-e" "RUSTFLAGS=--cap-lints=warn" "-e" "RUSTDOCFLAGS=--cap-lints=warn" "-w" "/opt/rustwide/workdir" "--user" "0:0" "7e8119de94ead4fd8718f48c48ed600321c0405c7bbb535431b819c4ea379e08" "/opt/rustwide/cargo-home/bin/cargo" "+1.99.0-beta.8" "test" "--frozen" "--release", kill_on_drop: false }`
[INFO] [stderr]     Finished `release` profile [optimized] target(s) in 0.40s
[INFO] [stderr] warning: the following packages contain code that will be rejected by a future version of Rust: num-bigint-dig v0.8.4
[INFO] [stderr] note: to see what the problems were, use the option `--future-incompat-report`, or run `cargo report future-incompatibilities --id 6`
[INFO] [stderr]      Running unittests src/lib.rs (/opt/rustwide/target/release/deps/libapt-c7a4a68eccfa1ab0)
[INFO] [stdout] 
[INFO] [stdout] running 28 tests
[INFO] [stdout] test distro::tests::flat_repo ... ok
[INFO] [stdout] test distro::tests::flat_repo_key ... ok
[INFO] [stdout] test distro::tests::flat_distro_in_release_url ... ok
[INFO] [stdout] test distro::tests::distro_in_release_url ... ok
[INFO] [stdout] test distro::tests::repo ... ok
[INFO] [stdout] test distro::tests::repo_key ... ok
[INFO] [stdout] test package::tests::parse_package ... ok
[INFO] [stdout] test package_version::tests::test_package_version ... ok
[INFO] [stdout] test package_version::tests::test_package_version_alternatives ... ok
[INFO] [stdout] test package_version::tests::test_package_version_matches ... ok
[INFO] [stdout] test package_version::tests::test_version_relation ... ok
[INFO] [stdout] test source::tests::parse_source ... ok
[INFO] [stdout] test package_version::tests::test_relation_matches ... ok
[INFO] [stdout] test version::tests::test_split_parts ... ok
[INFO] [stdout] test util::tests::test_join_url ... ok
[INFO] [stdout] test version::tests::compare_version ... ok
[INFO] [stdout] test version::tests::parse_version ... ok
[INFO] [stdout] test version::tests::partial_version ... ok
[INFO] [stdout] test release::tests::parse_ubuntu_jammy_release_file ... FAILED
[INFO] [stdout] test release::tests::parse_ebcl_release_file ... FAILED
[INFO] [stdout] test release::tests::test_package_index_link ... FAILED
[INFO] [stdout] test package_index::tests::parse_source_index ... FAILED
[INFO] [stdout] test util::tests::test_get_etag ... FAILED
[INFO] [stdout] test source_index::tests::parse_ubuntu_jammy_main_sources ... FAILED
[INFO] [stdout] test util::tests::download_ubuntu_jammy_release_metadata ... FAILED
[INFO] [stdout] test release::tests::test_get_package_links ... FAILED
[INFO] [stdout] test release::tests::test_wrong_key ... ok
[INFO] [stdout] test package_index::tests::parse_ubuntu_jammy_main_amd64 ... FAILED
[INFO] [stdout] 
[INFO] [stdout] failures:
[INFO] [stdout] 
[INFO] [stdout] ---- release::tests::parse_ubuntu_jammy_release_file stdout ----
[INFO] [stdout] 
[INFO] [stdout] thread 'release::tests::parse_ubuntu_jammy_release_file' (5200) panicked at src/release.rs:379:59:
[INFO] [stdout] called `Result::unwrap()` on an `Err` value: Error { message: Some("http://archive.ubuntu.com/ubuntu/dists/jammy/InRelease: error sending request for url (http://archive.ubuntu.com/ubuntu/dists/jammy/InRelease)"), error_type: Download }
[INFO] [stdout] stack backtrace:
[INFO] [stdout]    0:     0x597b546e2571 - <<std[70759c8f55707aa4]::sys::backtrace::BacktraceLock>::print::DisplayBacktrace as core[df12db4294e9bfd3]::fmt::Display>::fmt
[INFO] [stdout]    1:     0x597b546f957a - core[df12db4294e9bfd3]::fmt::write
[INFO] [stdout]    2:     0x597b546e70dc - <alloc[2182bb758b4b3781]::vec::Vec<u8> as core[df12db4294e9bfd3]::io::write::Write>::write_fmt
[INFO] [stdout]    3:     0x597b546bd3d6 - std[70759c8f55707aa4]::panicking::default_hook::{closure#0}
[INFO] [stdout]    4:     0x597b546da139 - std[70759c8f55707aa4]::panicking::default_hook
[INFO] [stdout]    5:     0x597b54456fc0 - test[9d35eded1c95d3be]::test_main_inner::<test[9d35eded1c95d3be]::test_main_static::{closure#0}>::{closure#0}
[INFO] [stdout]    6:     0x597b546da462 - std[70759c8f55707aa4]::panicking::panic_with_hook
[INFO] [stdout]    7:     0x597b546bd482 - std[70759c8f55707aa4]::panicking::panic_handler::{closure#0}
[INFO] [stdout]    8:     0x597b546b5d59 - std[70759c8f55707aa4]::sys::backtrace::__rust_end_short_backtrace::<std[70759c8f55707aa4]::panicking::panic_handler::{closure#0}, !>
[INFO] [stdout]    9:     0x597b546be30d - __rustc[8fa7c3cbc660c2b3]::rust_begin_unwind
[INFO] [stdout]   10:     0x597b546f9cdc - core[df12db4294e9bfd3]::panicking::panic_fmt
[INFO] [stdout]   11:     0x597b546f9ab2 - core[df12db4294e9bfd3]::result::unwrap_failed
[INFO] [stdout]   12:     0x597b543f2e42 - libapt[c83dc62e6b847452]::release::tests::parse_ubuntu_jammy_release_file::{closure#0}
[INFO] [stdout]   13:     0x597b5440fbb3 - <tokio[9794349e9c9702c1]::runtime::scheduler::current_thread::Context>::enter::<core[df12db4294e9bfd3]::task::poll::Poll<()>, <tokio[9794349e9c9702c1]::runtime::scheduler::current_thread::CoreGuard>::block_on<core[df12db4294e9bfd3]::pin::Pin<&mut core[df12db4294e9bfd3]::pin::Pin<&mut dyn core[df12db4294e9bfd3]::future::future::Future<Output = ()>>>>::{closure#0}::{closure#0}>
[INFO] [stdout]   14:     0x597b54436eb2 - <tokio[9794349e9c9702c1]::runtime::context::scoped::Scoped<tokio[9794349e9c9702c1]::runtime::scheduler::Context>>::set::<<tokio[9794349e9c9702c1]::runtime::scheduler::current_thread::CoreGuard>::enter<<tokio[9794349e9c9702c1]::runtime::scheduler::current_thread::CoreGuard>::block_on<core[df12db4294e9bfd3]::pin::Pin<&mut core[df12db4294e9bfd3]::pin::Pin<&mut dyn core[df12db4294e9bfd3]::future::future::Future<Output = ()>>>>::{closure#0}, core[df12db4294e9bfd3]::option::Option<()>>::{closure#0}, (alloc[2182bb758b4b3781]::boxed::Box<tokio[9794349e9c9702c1]::runtime::scheduler::current_thread::Core>, core[df12db4294e9bfd3]::option::Option<()>)>
[INFO] [stdout]   15:     0x597b5440ff07 - <tokio[9794349e9c9702c1]::runtime::scheduler::current_thread::CoreGuard>::block_on::<core[df12db4294e9bfd3]::pin::Pin<&mut core[df12db4294e9bfd3]::pin::Pin<&mut dyn core[df12db4294e9bfd3]::future::future::Future<Output = ()>>>>
[INFO] [stdout]   16:     0x597b5441bfc0 - tokio[9794349e9c9702c1]::runtime::context::runtime::enter_runtime::<<tokio[9794349e9c9702c1]::runtime::scheduler::current_thread::CurrentThread>::block_on<core[df12db4294e9bfd3]::pin::Pin<&mut dyn core[df12db4294e9bfd3]::future::future::Future<Output = ()>>>::{closure#0}, ()>
[INFO] [stdout]   17:     0x597b5441a94a - <tokio[9794349e9c9702c1]::runtime::runtime::Runtime>::block_on::<core[df12db4294e9bfd3]::pin::Pin<&mut dyn core[df12db4294e9bfd3]::future::future::Future<Output = ()>>>
[INFO] [stdout]   18:     0x597b543f396b - libapt[c83dc62e6b847452]::release::tests::parse_ubuntu_jammy_release_file
[INFO] [stdout]   19:     0x597b5441d589 - <libapt[c83dc62e6b847452]::release::tests::parse_ubuntu_jammy_release_file::{closure#0} as core[df12db4294e9bfd3]::ops::function::FnOnce<()>>::call_once
[INFO] [stdout]   20:     0x597b5444a2ab - test[9d35eded1c95d3be]::__rust_begin_short_backtrace::<core[df12db4294e9bfd3]::result::Result<(), alloc[2182bb758b4b3781]::string::String>, fn() -> core[df12db4294e9bfd3]::result::Result<(), alloc[2182bb758b4b3781]::string::String>>
[INFO] [stdout]   21:     0x597b54457915 - test[9d35eded1c95d3be]::run_test::{closure#0}
[INFO] [stdout]   22:     0x597b544511d4 - std[70759c8f55707aa4]::sys::backtrace::__rust_begin_short_backtrace::<test[9d35eded1c95d3be]::run_test::{closure#1}, ()>
[INFO] [stdout]   23:     0x597b5445aa72 - <std[70759c8f55707aa4]::thread::lifecycle::spawn_unchecked<test[9d35eded1c95d3be]::run_test::{closure#1}, ()>::{closure#1} as core[df12db4294e9bfd3]::ops::function::FnOnce<()>>::call_once::{shim:vtable#0}
[INFO] [stdout]   24:     0x597b546e1729 - <std[70759c8f55707aa4]::sys::thread::unix::Thread>::new::thread_start
[INFO] [stdout]   25:     0x77b9aa1f9dfa - <unknown>
[INFO] [stdout]   26:     0x77b9aa28d3d4 - clone
[INFO] [stdout]   27:                0x0 - <unknown>
[INFO] [stdout] 
[INFO] [stdout] ---- release::tests::parse_ebcl_release_file stdout ----
[INFO] [stdout] 
[INFO] [stdout] thread 'release::tests::parse_ebcl_release_file' (5199) panicked at src/release.rs:407:59:
[INFO] [stdout] called `Result::unwrap()` on an `Err` value: Error { message: Some("http://linux.elektrobit.com/eb-corbos-linux/1.3/dists/ebcl/InRelease: error sending request for url (http://linux.elektrobit.com/eb-corbos-linux/1.3/dists/ebcl/InRelease)"), error_type: Download }
[INFO] [stdout] stack backtrace:
[INFO] [stdout]    0:     0x597b546e2571 - <<std[70759c8f55707aa4]::sys::backtrace::BacktraceLock>::print::DisplayBacktrace as core[df12db4294e9bfd3]::fmt::Display>::fmt
[INFO] [stdout]    1:     0x597b546f957a - core[df12db4294e9bfd3]::fmt::write
[INFO] [stdout]    2:     0x597b546e70dc - <alloc[2182bb758b4b3781]::vec::Vec<u8> as core[df12db4294e9bfd3]::io::write::Write>::write_fmt
[INFO] [stdout]    3:     0x597b546bd3d6 - std[70759c8f55707aa4]::panicking::default_hook::{closure#0}
[INFO] [stdout]    4:     0x597b546da139 - std[70759c8f55707aa4]::panicking::default_hook
[INFO] [stdout]    5:     0x597b54456fc0 - test[9d35eded1c95d3be]::test_main_inner::<test[9d35eded1c95d3be]::test_main_static::{closure#0}>::{closure#0}
[INFO] [stdout]    6:     0x597b546da462 - std[70759c8f55707aa4]::panicking::panic_with_hook
[INFO] [stdout]    7:     0x597b546bd482 - std[70759c8f55707aa4]::panicking::panic_handler::{closure#0}
[INFO] [stdout]    8:     0x597b546b5d59 - std[70759c8f55707aa4]::sys::backtrace::__rust_end_short_backtrace::<std[70759c8f55707aa4]::panicking::panic_handler::{closure#0}, !>
[INFO] [stdout]    9:     0x597b546be30d - __rustc[8fa7c3cbc660c2b3]::rust_begin_unwind
[INFO] [stdout]   10:     0x597b546f9cdc - core[df12db4294e9bfd3]::panicking::panic_fmt
[INFO] [stdout]   11:     0x597b546f9ab2 - core[df12db4294e9bfd3]::result::unwrap_failed
[INFO] [stdout]   12:     0x597b543f1d2d - libapt[c83dc62e6b847452]::release::tests::parse_ebcl_release_file::{closure#0}
[INFO] [stdout]   13:     0x597b5440fbb3 - <tokio[9794349e9c9702c1]::runtime::scheduler::current_thread::Context>::enter::<core[df12db4294e9bfd3]::task::poll::Poll<()>, <tokio[9794349e9c9702c1]::runtime::scheduler::current_thread::CoreGuard>::block_on<core[df12db4294e9bfd3]::pin::Pin<&mut core[df12db4294e9bfd3]::pin::Pin<&mut dyn core[df12db4294e9bfd3]::future::future::Future<Output = ()>>>>::{closure#0}::{closure#0}>
[INFO] [stdout]   14:     0x597b54436eb2 - <tokio[9794349e9c9702c1]::runtime::context::scoped::Scoped<tokio[9794349e9c9702c1]::runtime::scheduler::Context>>::set::<<tokio[9794349e9c9702c1]::runtime::scheduler::current_thread::CoreGuard>::enter<<tokio[9794349e9c9702c1]::runtime::scheduler::current_thread::CoreGuard>::block_on<core[df12db4294e9bfd3]::pin::Pin<&mut core[df12db4294e9bfd3]::pin::Pin<&mut dyn core[df12db4294e9bfd3]::future::future::Future<Output = ()>>>>::{closure#0}, core[df12db4294e9bfd3]::option::Option<()>>::{closure#0}, (alloc[2182bb758b4b3781]::boxed::Box<tokio[9794349e9c9702c1]::runtime::scheduler::current_thread::Core>, core[df12db4294e9bfd3]::option::Option<()>)>
[INFO] [stdout]   15:     0x597b5440ff07 - <tokio[9794349e9c9702c1]::runtime::scheduler::current_thread::CoreGuard>::block_on::<core[df12db4294e9bfd3]::pin::Pin<&mut core[df12db4294e9bfd3]::pin::Pin<&mut dyn core[df12db4294e9bfd3]::future::future::Future<Output = ()>>>>
[INFO] [stdout]   16:     0x597b5441bfc0 - tokio[9794349e9c9702c1]::runtime::context::runtime::enter_runtime::<<tokio[9794349e9c9702c1]::runtime::scheduler::current_thread::CurrentThread>::block_on<core[df12db4294e9bfd3]::pin::Pin<&mut dyn core[df12db4294e9bfd3]::future::future::Future<Output = ()>>>::{closure#0}, ()>
[INFO] [stdout]   17:     0x597b5441a94a - <tokio[9794349e9c9702c1]::runtime::runtime::Runtime>::block_on::<core[df12db4294e9bfd3]::pin::Pin<&mut dyn core[df12db4294e9bfd3]::future::future::Future<Output = ()>>>
[INFO] [stdout]   18:     0x597b543f36cb - libapt[c83dc62e6b847452]::release::tests::parse_ebcl_release_file
[INFO] [stdout]   19:     0x597b5441d549 - <libapt[c83dc62e6b847452]::release::tests::parse_ebcl_release_file::{closure#0} as core[df12db4294e9bfd3]::ops::function::FnOnce<()>>::call_once
[INFO] [stdout]   20:     0x597b5444a2ab - test[9d35eded1c95d3be]::__rust_begin_short_backtrace::<core[df12db4294e9bfd3]::result::Result<(), alloc[2182bb758b4b3781]::string::String>, fn() -> core[df12db4294e9bfd3]::result::Result<(), alloc[2182bb758b4b3781]::string::String>>
[INFO] [stdout]   21:     0x597b54457915 - test[9d35eded1c95d3be]::run_test::{closure#0}
[INFO] [stdout]   22:     0x597b544511d4 - std[70759c8f55707aa4]::sys::backtrace::__rust_begin_short_backtrace::<test[9d35eded1c95d3be]::run_test::{closure#1}, ()>
[INFO] [stdout]   23:     0x597b5445aa72 - <std[70759c8f55707aa4]::thread::lifecycle::spawn_unchecked<test[9d35eded1c95d3be]::run_test::{closure#1}, ()>::{closure#1} as core[df12db4294e9bfd3]::ops::function::FnOnce<()>>::call_once::{shim:vtable#0}
[INFO] [stdout]   24:     0x597b546e1729 - <std[70759c8f55707aa4]::sys::thread::unix::Thread>::new::thread_start
[INFO] [stdout]   25:     0x77b9aa1f9dfa - <unknown>
[INFO] [stdout]   26:     0x77b9aa28d3d4 - clone
[INFO] [stdout]   27:                0x0 - <unknown>
[INFO] [stdout] 
[INFO] [stdout] ---- release::tests::test_package_index_link stdout ----
[INFO] [stdout] 
[INFO] [stdout] thread 'release::tests::test_package_index_link' (5202) panicked at src/release.rs:446:59:
[INFO] [stdout] called `Result::unwrap()` on an `Err` value: Error { message: Some("http://archive.ubuntu.com/ubuntu/dists/jammy/InRelease: error sending request for url (http://archive.ubuntu.com/ubuntu/dists/jammy/InRelease)"), error_type: Download }
[INFO] [stdout] stack backtrace:
[INFO] [stdout]    0:     0x597b546e2571 - <<std[70759c8f55707aa4]::sys::backtrace::BacktraceLock>::print::DisplayBacktrace as core[df12db4294e9bfd3]::fmt::Display>::fmt
[INFO] [stdout]    1:     0x597b546f957a - core[df12db4294e9bfd3]::fmt::write
[INFO] [stdout]    2:     0x597b546e70dc - <alloc[2182bb758b4b3781]::vec::Vec<u8> as core[df12db4294e9bfd3]::io::write::Write>::write_fmt
[INFO] [stdout]    3:     0x597b546bd3d6 - std[70759c8f55707aa4]::panicking::default_hook::{closure#0}
[INFO] [stdout]    4:     0x597b546da139 - std[70759c8f55707aa4]::panicking::default_hook
[INFO] [stdout]    5:     0x597b54456fc0 - test[9d35eded1c95d3be]::test_main_inner::<test[9d35eded1c95d3be]::test_main_static::{closure#0}>::{closure#0}
[INFO] [stdout]    6:     0x597b546da462 - std[70759c8f55707aa4]::panicking::panic_with_hook
[INFO] [stdout]    7:     0x597b546bd482 - std[70759c8f55707aa4]::panicking::panic_handler::{closure#0}
[INFO] [stdout]    8:     0x597b546b5d59 - std[70759c8f55707aa4]::sys::backtrace::__rust_end_short_backtrace::<std[70759c8f55707aa4]::panicking::panic_handler::{closure#0}, !>
[INFO] [stdout]    9:     0x597b546be30d - __rustc[8fa7c3cbc660c2b3]::rust_begin_unwind
[INFO] [stdout]   10:     0x597b546f9cdc - core[df12db4294e9bfd3]::panicking::panic_fmt
[INFO] [stdout]   11:     0x597b546f9ab2 - core[df12db4294e9bfd3]::result::unwrap_failed
[INFO] [stdout]   12:     0x597b543f25e0 - libapt[c83dc62e6b847452]::release::tests::test_package_index_link::{closure#0}
[INFO] [stdout]   13:     0x597b5440fbb3 - <tokio[9794349e9c9702c1]::runtime::scheduler::current_thread::Context>::enter::<core[df12db4294e9bfd3]::task::poll::Poll<()>, <tokio[9794349e9c9702c1]::runtime::scheduler::current_thread::CoreGuard>::block_on<core[df12db4294e9bfd3]::pin::Pin<&mut core[df12db4294e9bfd3]::pin::Pin<&mut dyn core[df12db4294e9bfd3]::future::future::Future<Output = ()>>>>::{closure#0}::{closure#0}>
[INFO] [stdout]   14:     0x597b54436eb2 - <tokio[9794349e9c9702c1]::runtime::context::scoped::Scoped<tokio[9794349e9c9702c1]::runtime::scheduler::Context>>::set::<<tokio[9794349e9c9702c1]::runtime::scheduler::current_thread::CoreGuard>::enter<<tokio[9794349e9c9702c1]::runtime::scheduler::current_thread::CoreGuard>::block_on<core[df12db4294e9bfd3]::pin::Pin<&mut core[df12db4294e9bfd3]::pin::Pin<&mut dyn core[df12db4294e9bfd3]::future::future::Future<Output = ()>>>>::{closure#0}, core[df12db4294e9bfd3]::option::Option<()>>::{closure#0}, (alloc[2182bb758b4b3781]::boxed::Box<tokio[9794349e9c9702c1]::runtime::scheduler::current_thread::Core>, core[df12db4294e9bfd3]::option::Option<()>)>
[INFO] [stdout]   15:     0x597b5440ff07 - <tokio[9794349e9c9702c1]::runtime::scheduler::current_thread::CoreGuard>::block_on::<core[df12db4294e9bfd3]::pin::Pin<&mut core[df12db4294e9bfd3]::pin::Pin<&mut dyn core[df12db4294e9bfd3]::future::future::Future<Output = ()>>>>
[INFO] [stdout]   16:     0x597b5441bfc0 - tokio[9794349e9c9702c1]::runtime::context::runtime::enter_runtime::<<tokio[9794349e9c9702c1]::runtime::scheduler::current_thread::CurrentThread>::block_on<core[df12db4294e9bfd3]::pin::Pin<&mut dyn core[df12db4294e9bfd3]::future::future::Future<Output = ()>>>::{closure#0}, ()>
[INFO] [stdout]   17:     0x597b5441a94a - <tokio[9794349e9c9702c1]::runtime::runtime::Runtime>::block_on::<core[df12db4294e9bfd3]::pin::Pin<&mut dyn core[df12db4294e9bfd3]::future::future::Future<Output = ()>>>
[INFO] [stdout]   18:     0x597b543f381b - libapt[c83dc62e6b847452]::release::tests::test_package_index_link
[INFO] [stdout]   19:     0x597b5441d569 - <libapt[c83dc62e6b847452]::release::tests::test_package_index_link::{closure#0} as core[df12db4294e9bfd3]::ops::function::FnOnce<()>>::call_once
[INFO] [stdout]   20:     0x597b5444a2ab - test[9d35eded1c95d3be]::__rust_begin_short_backtrace::<core[df12db4294e9bfd3]::result::Result<(), alloc[2182bb758b4b3781]::string::String>, fn() -> core[df12db4294e9bfd3]::result::Result<(), alloc[2182bb758b4b3781]::string::String>>
[INFO] [stdout]   21:     0x597b54457915 - test[9d35eded1c95d3be]::run_test::{closure#0}
[INFO] [stdout]   22:     0x597b544511d4 - std[70759c8f55707aa4]::sys::backtrace::__rust_begin_short_backtrace::<test[9d35eded1c95d3be]::run_test::{closure#1}, ()>
[INFO] [stdout]   23:     0x597b5445aa72 - <std[70759c8f55707aa4]::thread::lifecycle::spawn_unchecked<test[9d35eded1c95d3be]::run_test::{closure#1}, ()>::{closure#1} as core[df12db4294e9bfd3]::ops::function::FnOnce<()>>::call_once::{shim:vtable#0}
[INFO] [stdout]   24:     0x597b546e1729 - <std[70759c8f55707aa4]::sys::thread::unix::Thread>::new::thread_start
[INFO] [stdout]   25:     0x77b9aa1f9dfa - <unknown>
[INFO] [stdout]   26:     0x77b9aa28d3d4 - clone
[INFO] [stdout]   27:                0x0 - <unknown>
[INFO] [stdout] 
[INFO] [stdout] ---- package_index::tests::parse_source_index stdout ----
[INFO] [stdout] 
[INFO] [stdout] thread 'package_index::tests::parse_source_index' (5192) panicked at src/package_index.rs:174:59:
[INFO] [stdout] called `Result::unwrap()` on an `Err` value: Error { message: Some("http://archive.ubuntu.com/ubuntu/dists/jammy/InRelease: error sending request for url (http://archive.ubuntu.com/ubuntu/dists/jammy/InRelease)"), error_type: Download }
[INFO] [stdout] stack backtrace:
[INFO] [stdout]    0:     0x597b546e2571 - <<std[70759c8f55707aa4]::sys::backtrace::BacktraceLock>::print::DisplayBacktrace as core[df12db4294e9bfd3]::fmt::Display>::fmt
[INFO] [stdout]    1:     0x597b546f957a - core[df12db4294e9bfd3]::fmt::write
[INFO] [stdout]    2:     0x597b546e70dc - <alloc[2182bb758b4b3781]::vec::Vec<u8> as core[df12db4294e9bfd3]::io::write::Write>::write_fmt
[INFO] [stdout]    3:     0x597b546bd3d6 - std[70759c8f55707aa4]::panicking::default_hook::{closure#0}
[INFO] [stdout]    4:     0x597b546da139 - std[70759c8f55707aa4]::panicking::default_hook
[INFO] [stdout]    5:     0x597b54456fc0 - test[9d35eded1c95d3be]::test_main_inner::<test[9d35eded1c95d3be]::test_main_static::{closure#0}>::{closure#0}
[INFO] [stdout]    6:     0x597b546da462 - std[70759c8f55707aa4]::panicking::panic_with_hook
[INFO] [stdout]    7:     0x597b546bd482 - std[70759c8f55707aa4]::panicking::panic_handler::{closure#0}
[INFO] [stdout]    8:     0x597b546b5d59 - std[70759c8f55707aa4]::sys::backtrace::__rust_end_short_backtrace::<std[70759c8f55707aa4]::panicking::panic_handler::{closure#0}, !>
[INFO] [stdout]    9:     0x597b546be30d - __rustc[8fa7c3cbc660c2b3]::rust_begin_unwind
[INFO] [stdout]   10:     0x597b546f9cdc - core[df12db4294e9bfd3]::panicking::panic_fmt
[INFO] [stdout]   11:     0x597b546f9ab2 - core[df12db4294e9bfd3]::result::unwrap_failed
[INFO] [stdout]   12:     0x597b543d8e57 - libapt[c83dc62e6b847452]::package_index::tests::parse_source_index::{closure#0}
[INFO] [stdout]   13:     0x597b5440fbb3 - <tokio[9794349e9c9702c1]::runtime::scheduler::current_thread::Context>::enter::<core[df12db4294e9bfd3]::task::poll::Poll<()>, <tokio[9794349e9c9702c1]::runtime::scheduler::current_thread::CoreGuard>::block_on<core[df12db4294e9bfd3]::pin::Pin<&mut core[df12db4294e9bfd3]::pin::Pin<&mut dyn core[df12db4294e9bfd3]::future::future::Future<Output = ()>>>>::{closure#0}::{closure#0}>
[INFO] [stdout]   14:     0x597b54436eb2 - <tokio[9794349e9c9702c1]::runtime::context::scoped::Scoped<tokio[9794349e9c9702c1]::runtime::scheduler::Context>>::set::<<tokio[9794349e9c9702c1]::runtime::scheduler::current_thread::CoreGuard>::enter<<tokio[9794349e9c9702c1]::runtime::scheduler::current_thread::CoreGuard>::block_on<core[df12db4294e9bfd3]::pin::Pin<&mut core[df12db4294e9bfd3]::pin::Pin<&mut dyn core[df12db4294e9bfd3]::future::future::Future<Output = ()>>>>::{closure#0}, core[df12db4294e9bfd3]::option::Option<()>>::{closure#0}, (alloc[2182bb758b4b3781]::boxed::Box<tokio[9794349e9c9702c1]::runtime::scheduler::current_thread::Core>, core[df12db4294e9bfd3]::option::Option<()>)>
[INFO] [stdout]   15:     0x597b5440ff07 - <tokio[9794349e9c9702c1]::runtime::scheduler::current_thread::CoreGuard>::block_on::<core[df12db4294e9bfd3]::pin::Pin<&mut core[df12db4294e9bfd3]::pin::Pin<&mut dyn core[df12db4294e9bfd3]::future::future::Future<Output = ()>>>>
[INFO] [stdout]   16:     0x597b5441bfc0 - tokio[9794349e9c9702c1]::runtime::context::runtime::enter_runtime::<<tokio[9794349e9c9702c1]::runtime::scheduler::current_thread::CurrentThread>::block_on<core[df12db4294e9bfd3]::pin::Pin<&mut dyn core[df12db4294e9bfd3]::future::future::Future<Output = ()>>>::{closure#0}, ()>
[INFO] [stdout]   17:     0x597b5441a94a - <tokio[9794349e9c9702c1]::runtime::runtime::Runtime>::block_on::<core[df12db4294e9bfd3]::pin::Pin<&mut dyn core[df12db4294e9bfd3]::future::future::Future<Output = ()>>>
[INFO] [stdout]   18:     0x597b543d97ab - libapt[c83dc62e6b847452]::package_index::tests::parse_source_index
[INFO] [stdout]   19:     0x597b5441d2c9 - <libapt[c83dc62e6b847452]::package_index::tests::parse_source_index::{closure#0} as core[df12db4294e9bfd3]::ops::function::FnOnce<()>>::call_once
[INFO] [stdout]   20:     0x597b5444a2ab - test[9d35eded1c95d3be]::__rust_begin_short_backtrace::<core[df12db4294e9bfd3]::result::Result<(), alloc[2182bb758b4b3781]::string::String>, fn() -> core[df12db4294e9bfd3]::result::Result<(), alloc[2182bb758b4b3781]::string::String>>
[INFO] [stdout]   21:     0x597b54457915 - test[9d35eded1c95d3be]::run_test::{closure#0}
[INFO] [stdout]   22:     0x597b544511d4 - std[70759c8f55707aa4]::sys::backtrace::__rust_begin_short_backtrace::<test[9d35eded1c95d3be]::run_test::{closure#1}, ()>
[INFO] [stdout]   23:     0x597b5445aa72 - <std[70759c8f55707aa4]::thread::lifecycle::spawn_unchecked<test[9d35eded1c95d3be]::run_test::{closure#1}, ()>::{closure#1} as core[df12db4294e9bfd3]::ops::function::FnOnce<()>>::call_once::{shim:vtable#0}
[INFO] [stdout]   24:     0x597b546e1729 - <std[70759c8f55707aa4]::sys::thread::unix::Thread>::new::thread_start
[INFO] [stdout]   25:     0x77b9aa1f9dfa - <unknown>
[INFO] [stdout]   26:     0x77b9aa28d3d4 - clone
[INFO] [stdout]   27:                0x0 - <unknown>
[INFO] [stdout] 
[INFO] [stdout] ---- util::tests::test_get_etag stdout ----
[INFO] [stdout] 
[INFO] [stdout] thread 'util::tests::test_get_etag' (5207) panicked at src/util.rs:283:14:
[INFO] [stdout] called `Result::unwrap()` on an `Err` value: Error { message: Some("http://archive.ubuntu.com/ubuntu/dists/noble/InRelease: error sending request for url (http://archive.ubuntu.com/ubuntu/dists/noble/InRelease)"), error_type: Download }
[INFO] [stdout] stack backtrace:
[INFO] [stdout]    0:     0x597b546e2571 - <<std[70759c8f55707aa4]::sys::backtrace::BacktraceLock>::print::DisplayBacktrace as core[df12db4294e9bfd3]::fmt::Display>::fmt
[INFO] [stdout]    1:     0x597b546f957a - core[df12db4294e9bfd3]::fmt::write
[INFO] [stdout]    2:     0x597b546e70dc - <alloc[2182bb758b4b3781]::vec::Vec<u8> as core[df12db4294e9bfd3]::io::write::Write>::write_fmt
[INFO] [stdout]    3:     0x597b546bd3d6 - std[70759c8f55707aa4]::panicking::default_hook::{closure#0}
[INFO] [stdout]    4:     0x597b546da139 - std[70759c8f55707aa4]::panicking::default_hook
[INFO] [stdout]    5:     0x597b54456fc0 - test[9d35eded1c95d3be]::test_main_inner::<test[9d35eded1c95d3be]::test_main_static::{closure#0}>::{closure#0}
[INFO] [stdout]    6:     0x597b546da462 - std[70759c8f55707aa4]::panicking::panic_with_hook
[INFO] [stdout]    7:     0x597b546bd482 - std[70759c8f55707aa4]::panicking::panic_handler::{closure#0}
[INFO] [stdout]    8:     0x597b546b5d59 - std[70759c8f55707aa4]::sys::backtrace::__rust_end_short_backtrace::<std[70759c8f55707aa4]::panicking::panic_handler::{closure#0}, !>
[INFO] [stdout]    9:     0x597b546be30d - __rustc[8fa7c3cbc660c2b3]::rust_begin_unwind
[INFO] [stdout]   10:     0x597b546f9cdc - core[df12db4294e9bfd3]::panicking::panic_fmt
[INFO] [stdout]   11:     0x597b546f9ab2 - core[df12db4294e9bfd3]::result::unwrap_failed
[INFO] [stdout]   12:     0x597b54412953 - libapt[c83dc62e6b847452]::util::tests::test_get_etag::{closure#0}
[INFO] [stdout]   13:     0x597b5440fbb3 - <tokio[9794349e9c9702c1]::runtime::scheduler::current_thread::Context>::enter::<core[df12db4294e9bfd3]::task::poll::Poll<()>, <tokio[9794349e9c9702c1]::runtime::scheduler::current_thread::CoreGuard>::block_on<core[df12db4294e9bfd3]::pin::Pin<&mut core[df12db4294e9bfd3]::pin::Pin<&mut dyn core[df12db4294e9bfd3]::future::future::Future<Output = ()>>>>::{closure#0}::{closure#0}>
[INFO] [stdout]   14:     0x597b54436eb2 - <tokio[9794349e9c9702c1]::runtime::context::scoped::Scoped<tokio[9794349e9c9702c1]::runtime::scheduler::Context>>::set::<<tokio[9794349e9c9702c1]::runtime::scheduler::current_thread::CoreGuard>::enter<<tokio[9794349e9c9702c1]::runtime::scheduler::current_thread::CoreGuard>::block_on<core[df12db4294e9bfd3]::pin::Pin<&mut core[df12db4294e9bfd3]::pin::Pin<&mut dyn core[df12db4294e9bfd3]::future::future::Future<Output = ()>>>>::{closure#0}, core[df12db4294e9bfd3]::option::Option<()>>::{closure#0}, (alloc[2182bb758b4b3781]::boxed::Box<tokio[9794349e9c9702c1]::runtime::scheduler::current_thread::Core>, core[df12db4294e9bfd3]::option::Option<()>)>
[INFO] [stdout]   15:     0x597b5440ff07 - <tokio[9794349e9c9702c1]::runtime::scheduler::current_thread::CoreGuard>::block_on::<core[df12db4294e9bfd3]::pin::Pin<&mut core[df12db4294e9bfd3]::pin::Pin<&mut dyn core[df12db4294e9bfd3]::future::future::Future<Output = ()>>>>
[INFO] [stdout]   16:     0x597b5441bfc0 - tokio[9794349e9c9702c1]::runtime::context::runtime::enter_runtime::<<tokio[9794349e9c9702c1]::runtime::scheduler::current_thread::CurrentThread>::block_on<core[df12db4294e9bfd3]::pin::Pin<&mut dyn core[df12db4294e9bfd3]::future::future::Future<Output = ()>>>::{closure#0}, ()>
[INFO] [stdout]   17:     0x597b5441a94a - <tokio[9794349e9c9702c1]::runtime::runtime::Runtime>::block_on::<core[df12db4294e9bfd3]::pin::Pin<&mut dyn core[df12db4294e9bfd3]::future::future::Future<Output = ()>>>
[INFO] [stdout]   18:     0x597b5441442b - libapt[c83dc62e6b847452]::util::tests::test_get_etag
[INFO] [stdout]   19:     0x597b5441d3a9 - <libapt[c83dc62e6b847452]::util::tests::test_get_etag::{closure#0} as core[df12db4294e9bfd3]::ops::function::FnOnce<()>>::call_once
[INFO] [stdout]   20:     0x597b5444a2ab - test[9d35eded1c95d3be]::__rust_begin_short_backtrace::<core[df12db4294e9bfd3]::result::Result<(), alloc[2182bb758b4b3781]::string::String>, fn() -> core[df12db4294e9bfd3]::result::Result<(), alloc[2182bb758b4b3781]::string::String>>
[INFO] [stdout]   21:     0x597b54457915 - test[9d35eded1c95d3be]::run_test::{closure#0}
[INFO] [stdout]   22:     0x597b544511d4 - std[70759c8f55707aa4]::sys::backtrace::__rust_begin_short_backtrace::<test[9d35eded1c95d3be]::run_test::{closure#1}, ()>
[INFO] [stdout]   23:     0x597b5445aa72 - <std[70759c8f55707aa4]::thread::lifecycle::spawn_unchecked<test[9d35eded1c95d3be]::run_test::{closure#1}, ()>::{closure#1} as core[df12db4294e9bfd3]::ops::function::FnOnce<()>>::call_once::{shim:vtable#0}
[INFO] [stdout]   24:     0x597b546e1729 - <std[70759c8f55707aa4]::sys::thread::unix::Thread>::new::thread_start
[INFO] [stdout]   25:     0x77b9aa1f9dfa - <unknown>
[INFO] [stdout]   26:     0x77b9aa28d3d4 - clone
[INFO] [stdout]   27:                0x0 - <unknown>
[INFO] [stdout] 
[INFO] [stdout] ---- source_index::tests::parse_ubuntu_jammy_main_sources stdout ----
[INFO] [stdout] 
[INFO] [stdout] thread 'source_index::tests::parse_ubuntu_jammy_main_sources' (5205) panicked at src/source_index.rs:134:59:
[INFO] [stdout] called `Result::unwrap()` on an `Err` value: Error { message: Some("http://archive.ubuntu.com/ubuntu/dists/jammy/InRelease: error sending request for url (http://archive.ubuntu.com/ubuntu/dists/jammy/InRelease)"), error_type: Download }
[INFO] [stdout] stack backtrace:
[INFO] [stdout]    0:     0x597b546e2571 - <<std[70759c8f55707aa4]::sys::backtrace::BacktraceLock>::print::DisplayBacktrace as core[df12db4294e9bfd3]::fmt::Display>::fmt
[INFO] [stdout]    1:     0x597b546f957a - core[df12db4294e9bfd3]::fmt::write
[INFO] [stdout]    2:     0x597b546e70dc - <alloc[2182bb758b4b3781]::vec::Vec<u8> as core[df12db4294e9bfd3]::io::write::Write>::write_fmt
[INFO] [stdout]    3:     0x597b546bd3d6 - std[70759c8f55707aa4]::panicking::default_hook::{closure#0}
[INFO] [stdout]    4:     0x597b546da139 - std[70759c8f55707aa4]::panicking::default_hook
[INFO] [stdout]    5:     0x597b54456fc0 - test[9d35eded1c95d3be]::test_main_inner::<test[9d35eded1c95d3be]::test_main_static::{closure#0}>::{closure#0}
[INFO] [stdout]    6:     0x597b546da462 - std[70759c8f55707aa4]::panicking::panic_with_hook
[INFO] [stdout]    7:     0x597b546bd482 - std[70759c8f55707aa4]::panicking::panic_handler::{closure#0}
[INFO] [stdout]    8:     0x597b546b5d59 - std[70759c8f55707aa4]::sys::backtrace::__rust_end_short_backtrace::<std[70759c8f55707aa4]::panicking::panic_handler::{closure#0}, !>
[INFO] [stdout]    9:     0x597b546be30d - __rustc[8fa7c3cbc660c2b3]::rust_begin_unwind
[INFO] [stdout]   10:     0x597b546f9cdc - core[df12db4294e9bfd3]::panicking::panic_fmt
[INFO] [stdout]   11:     0x597b546f9ab2 - core[df12db4294e9bfd3]::result::unwrap_failed
[INFO] [stdout]   12:     0x597b543e35d9 - libapt[c83dc62e6b847452]::source_index::tests::parse_ubuntu_jammy_main_sources::{closure#0}
[INFO] [stdout]   13:     0x597b5440fbb3 - <tokio[9794349e9c9702c1]::runtime::scheduler::current_thread::Context>::enter::<core[df12db4294e9bfd3]::task::poll::Poll<()>, <tokio[9794349e9c9702c1]::runtime::scheduler::current_thread::CoreGuard>::block_on<core[df12db4294e9bfd3]::pin::Pin<&mut core[df12db4294e9bfd3]::pin::Pin<&mut dyn core[df12db4294e9bfd3]::future::future::Future<Output = ()>>>>::{closure#0}::{closure#0}>
[INFO] [stdout]   14:     0x597b54436eb2 - <tokio[9794349e9c9702c1]::runtime::context::scoped::Scoped<tokio[9794349e9c9702c1]::runtime::scheduler::Context>>::set::<<tokio[9794349e9c9702c1]::runtime::scheduler::current_thread::CoreGuard>::enter<<tokio[9794349e9c9702c1]::runtime::scheduler::current_thread::CoreGuard>::block_on<core[df12db4294e9bfd3]::pin::Pin<&mut core[df12db4294e9bfd3]::pin::Pin<&mut dyn core[df12db4294e9bfd3]::future::future::Future<Output = ()>>>>::{closure#0}, core[df12db4294e9bfd3]::option::Option<()>>::{closure#0}, (alloc[2182bb758b4b3781]::boxed::Box<tokio[9794349e9c9702c1]::runtime::scheduler::current_thread::Core>, core[df12db4294e9bfd3]::option::Option<()>)>
[INFO] [stdout]   15:     0x597b5440ff07 - <tokio[9794349e9c9702c1]::runtime::scheduler::current_thread::CoreGuard>::block_on::<core[df12db4294e9bfd3]::pin::Pin<&mut core[df12db4294e9bfd3]::pin::Pin<&mut dyn core[df12db4294e9bfd3]::future::future::Future<Output = ()>>>>
[INFO] [stdout]   16:     0x597b5441bfc0 - tokio[9794349e9c9702c1]::runtime::context::runtime::enter_runtime::<<tokio[9794349e9c9702c1]::runtime::scheduler::current_thread::CurrentThread>::block_on<core[df12db4294e9bfd3]::pin::Pin<&mut dyn core[df12db4294e9bfd3]::future::future::Future<Output = ()>>>::{closure#0}, ()>
[INFO] [stdout]   17:     0x597b5441a94a - <tokio[9794349e9c9702c1]::runtime::runtime::Runtime>::block_on::<core[df12db4294e9bfd3]::pin::Pin<&mut dyn core[df12db4294e9bfd3]::future::future::Future<Output = ()>>>
[INFO] [stdout]   18:     0x597b543e6bdb - libapt[c83dc62e6b847452]::source_index::tests::parse_ubuntu_jammy_main_sources
[INFO] [stdout]   19:     0x597b5441d2a9 - <libapt[c83dc62e6b847452]::source_index::tests::parse_ubuntu_jammy_main_sources::{closure#0} as core[df12db4294e9bfd3]::ops::function::FnOnce<()>>::call_once
[INFO] [stdout]   20:     0x597b5444a2ab - test[9d35eded1c95d3be]::__rust_begin_short_backtrace::<core[df12db4294e9bfd3]::result::Result<(), alloc[2182bb758b4b3781]::string::String>, fn() -> core[df12db4294e9bfd3]::result::Result<(), alloc[2182bb758b4b3781]::string::String>>
[INFO] [stdout]   21:     0x597b54457915 - test[9d35eded1c95d3be]::run_test::{closure#0}
[INFO] [stdout]   22:     0x597b544511d4 - std[70759c8f55707aa4]::sys::backtrace::__rust_begin_short_backtrace::<test[9d35eded1c95d3be]::run_test::{closure#1}, ()>
[INFO] [stdout]   23:     0x597b5445aa72 - <std[70759c8f55707aa4]::thread::lifecycle::spawn_unchecked<test[9d35eded1c95d3be]::run_test::{closure#1}, ()>::{closure#1} as core[df12db4294e9bfd3]::ops::function::FnOnce<()>>::call_once::{shim:vtable#0}
[INFO] [stdout]   24:     0x597b546e1729 - <std[70759c8f55707aa4]::sys::thread::unix::Thread>::new::thread_start
[INFO] [stdout]   25:     0x77b9aa1f9dfa - <unknown>
[INFO] [stdout]   26:     0x77b9aa28d3d4 - clone
[INFO] [stdout]   27:                0x0 - <unknown>
[INFO] [stdout] 
[INFO] [stdout] ---- util::tests::download_ubuntu_jammy_release_metadata stdout ----
[INFO] [stdout] 
[INFO] [stdout] thread 'util::tests::download_ubuntu_jammy_release_metadata' (5206) panicked at src/util.rs:256:40:
[INFO] [stdout] called `Result::unwrap()` on an `Err` value: Error { message: Some("http://archive.ubuntu.com/ubuntu/dists/jammy/Release: error sending request for url (http://archive.ubuntu.com/ubuntu/dists/jammy/Release)"), error_type: Download }
[INFO] [stdout] stack backtrace:
[INFO] [stdout]    0:     0x597b546e2571 - <<std[70759c8f55707aa4]::sys::backtrace::BacktraceLock>::print::DisplayBacktrace as core[df12db4294e9bfd3]::fmt::Display>::fmt
[INFO] [stdout]    1:     0x597b546f957a - core[df12db4294e9bfd3]::fmt::write
[INFO] [stdout]    2:     0x597b546e70dc - <alloc[2182bb758b4b3781]::vec::Vec<u8> as core[df12db4294e9bfd3]::io::write::Write>::write_fmt
[INFO] [stdout]    3:     0x597b546bd3d6 - std[70759c8f55707aa4]::panicking::default_hook::{closure#0}
[INFO] [stdout]    4:     0x597b546da139 - std[70759c8f55707aa4]::panicking::default_hook
[INFO] [stdout]    5:     0x597b54456fc0 - test[9d35eded1c95d3be]::test_main_inner::<test[9d35eded1c95d3be]::test_main_static::{closure#0}>::{closure#0}
[INFO] [stdout]    6:     0x597b546da462 - std[70759c8f55707aa4]::panicking::panic_with_hook
[INFO] [stdout]    7:     0x597b546bd482 - std[70759c8f55707aa4]::panicking::panic_handler::{closure#0}
[INFO] [stdout]    8:     0x597b546b5d59 - std[70759c8f55707aa4]::sys::backtrace::__rust_end_short_backtrace::<std[70759c8f55707aa4]::panicking::panic_handler::{closure#0}, !>
[INFO] [stdout]    9:     0x597b546be30d - __rustc[8fa7c3cbc660c2b3]::rust_begin_unwind
[INFO] [stdout]   10:     0x597b546f9cdc - core[df12db4294e9bfd3]::panicking::panic_fmt
[INFO] [stdout]   11:     0x597b546f9ab2 - core[df12db4294e9bfd3]::result::unwrap_failed
[INFO] [stdout]   12:     0x597b544136f6 - libapt[c83dc62e6b847452]::util::tests::download_ubuntu_jammy_release_metadata::{closure#0}
[INFO] [stdout]   13:     0x597b5440fbb3 - <tokio[9794349e9c9702c1]::runtime::scheduler::current_thread::Context>::enter::<core[df12db4294e9bfd3]::task::poll::Poll<()>, <tokio[9794349e9c9702c1]::runtime::scheduler::current_thread::CoreGuard>::block_on<core[df12db4294e9bfd3]::pin::Pin<&mut core[df12db4294e9bfd3]::pin::Pin<&mut dyn core[df12db4294e9bfd3]::future::future::Future<Output = ()>>>>::{closure#0}::{closure#0}>
[INFO] [stdout]   14:     0x597b54436eb2 - <tokio[9794349e9c9702c1]::runtime::context::scoped::Scoped<tokio[9794349e9c9702c1]::runtime::scheduler::Context>>::set::<<tokio[9794349e9c9702c1]::runtime::scheduler::current_thread::CoreGuard>::enter<<tokio[9794349e9c9702c1]::runtime::scheduler::current_thread::CoreGuard>::block_on<core[df12db4294e9bfd3]::pin::Pin<&mut core[df12db4294e9bfd3]::pin::Pin<&mut dyn core[df12db4294e9bfd3]::future::future::Future<Output = ()>>>>::{closure#0}, core[df12db4294e9bfd3]::option::Option<()>>::{closure#0}, (alloc[2182bb758b4b3781]::boxed::Box<tokio[9794349e9c9702c1]::runtime::scheduler::current_thread::Core>, core[df12db4294e9bfd3]::option::Option<()>)>
[INFO] [stdout]   15:     0x597b5440ff07 - <tokio[9794349e9c9702c1]::runtime::scheduler::current_thread::CoreGuard>::block_on::<core[df12db4294e9bfd3]::pin::Pin<&mut core[df12db4294e9bfd3]::pin::Pin<&mut dyn core[df12db4294e9bfd3]::future::future::Future<Output = ()>>>>
[INFO] [stdout]   16:     0x597b5441bfc0 - tokio[9794349e9c9702c1]::runtime::context::runtime::enter_runtime::<<tokio[9794349e9c9702c1]::runtime::scheduler::current_thread::CurrentThread>::block_on<core[df12db4294e9bfd3]::pin::Pin<&mut dyn core[df12db4294e9bfd3]::future::future::Future<Output = ()>>>::{closure#0}, ()>
[INFO] [stdout]   17:     0x597b5441a94a - <tokio[9794349e9c9702c1]::runtime::runtime::Runtime>::block_on::<core[df12db4294e9bfd3]::pin::Pin<&mut dyn core[df12db4294e9bfd3]::future::future::Future<Output = ()>>>
[INFO] [stdout]   18:     0x597b5441472b - libapt[c83dc62e6b847452]::util::tests::download_ubuntu_jammy_release_metadata
[INFO] [stdout]   19:     0x597b5441d3e9 - <libapt[c83dc62e6b847452]::util::tests::download_ubuntu_jammy_release_metadata::{closure#0} as core[df12db4294e9bfd3]::ops::function::FnOnce<()>>::call_once
[INFO] [stdout]   20:     0x597b5444a2ab - test[9d35eded1c95d3be]::__rust_begin_short_backtrace::<core[df12db4294e9bfd3]::result::Result<(), alloc[2182bb758b4b3781]::string::String>, fn() -> core[df12db4294e9bfd3]::result::Result<(), alloc[2182bb758b4b3781]::string::String>>
[INFO] [stdout]   21:     0x597b54457915 - test[9d35eded1c95d3be]::run_test::{closure#0}
[INFO] [stdout]   22:     0x597b544511d4 - std[70759c8f55707aa4]::sys::backtrace::__rust_begin_short_backtrace::<test[9d35eded1c95d3be]::run_test::{closure#1}, ()>
[INFO] [stdout]   23:     0x597b5445aa72 - <std[70759c8f55707aa4]::thread::lifecycle::spawn_unchecked<test[9d35eded1c95d3be]::run_test::{closure#1}, ()>::{closure#1} as core[df12db4294e9bfd3]::ops::function::FnOnce<()>>::call_once::{shim:vtable#0}
[INFO] [stdout]   24:     0x597b546e1729 - <std[70759c8f55707aa4]::sys::thread::unix::Thread>::new::thread_start
[INFO] [stdout]   25:     0x77b9aa1f9dfa - <unknown>
[INFO] [stdout]   26:     0x77b9aa28d3d4 - clone
[INFO] [stdout]   27:                0x0 - <unknown>
[INFO] [stdout] 
[INFO] [stdout] ---- release::tests::test_get_package_links stdout ----
[INFO] [stdout] 
[INFO] [stdout] thread 'release::tests::test_get_package_links' (5201) panicked at src/release.rs:475:59:
[INFO] [stdout] called `Result::unwrap()` on an `Err` value: Error { message: Some("http://archive.ubuntu.com/ubuntu/dists/jammy/InRelease: error sending request for url (http://archive.ubuntu.com/ubuntu/dists/jammy/InRelease)"), error_type: Download }
[INFO] [stdout] stack backtrace:
[INFO] [stdout]    0:     0x597b546e2571 - <<std[70759c8f55707aa4]::sys::backtrace::BacktraceLock>::print::DisplayBacktrace as core[df12db4294e9bfd3]::fmt::Display>::fmt
[INFO] [stdout]    1:     0x597b546f957a - core[df12db4294e9bfd3]::fmt::write
[INFO] [stdout]    2:     0x597b546e70dc - <alloc[2182bb758b4b3781]::vec::Vec<u8> as core[df12db4294e9bfd3]::io::write::Write>::write_fmt
[INFO] [stdout]    3:     0x597b546bd3d6 - std[70759c8f55707aa4]::panicking::default_hook::{closure#0}
[INFO] [stdout]    4:     0x597b546da139 - std[70759c8f55707aa4]::panicking::default_hook
[INFO] [stdout]    5:     0x597b54456fc0 - test[9d35eded1c95d3be]::test_main_inner::<test[9d35eded1c95d3be]::test_main_static::{closure#0}>::{closure#0}
[INFO] [stdout]    6:     0x597b546da462 - std[70759c8f55707aa4]::panicking::panic_with_hook
[INFO] [stdout]    7:     0x597b546bd482 - std[70759c8f55707aa4]::panicking::panic_handler::{closure#0}
[INFO] [stdout]    8:     0x597b546b5d59 - std[70759c8f55707aa4]::sys::backtrace::__rust_end_short_backtrace::<std[70759c8f55707aa4]::panicking::panic_handler::{closure#0}, !>
[INFO] [stdout]    9:     0x597b546be30d - __rustc[8fa7c3cbc660c2b3]::rust_begin_unwind
[INFO] [stdout]   10:     0x597b546f9cdc - core[df12db4294e9bfd3]::panicking::panic_fmt
[INFO] [stdout]   11:     0x597b546f9ab2 - core[df12db4294e9bfd3]::result::unwrap_failed
[INFO] [stdout]   12:     0x597b543f118f - libapt[c83dc62e6b847452]::release::tests::test_get_package_links::{closure#0}
[INFO] [stdout]   13:     0x597b5440fbb3 - <tokio[9794349e9c9702c1]::runtime::scheduler::current_thread::Context>::enter::<core[df12db4294e9bfd3]::task::poll::Poll<()>, <tokio[9794349e9c9702c1]::runtime::scheduler::current_thread::CoreGuard>::block_on<core[df12db4294e9bfd3]::pin::Pin<&mut core[df12db4294e9bfd3]::pin::Pin<&mut dyn core[df12db4294e9bfd3]::future::future::Future<Output = ()>>>>::{closure#0}::{closure#0}>
[INFO] [stdout]   14:     0x597b54436eb2 - <tokio[9794349e9c9702c1]::runtime::context::scoped::Scoped<tokio[9794349e9c9702c1]::runtime::scheduler::Context>>::set::<<tokio[9794349e9c9702c1]::runtime::scheduler::current_thread::CoreGuard>::enter<<tokio[9794349e9c9702c1]::runtime::scheduler::current_thread::CoreGuard>::block_on<core[df12db4294e9bfd3]::pin::Pin<&mut core[df12db4294e9bfd3]::pin::Pin<&mut dyn core[df12db4294e9bfd3]::future::future::Future<Output = ()>>>>::{closure#0}, core[df12db4294e9bfd3]::option::Option<()>>::{closure#0}, (alloc[2182bb758b4b3781]::boxed::Box<tokio[9794349e9c9702c1]::runtime::scheduler::current_thread::Core>, core[df12db4294e9bfd3]::option::Option<()>)>
[INFO] [stdout]   15:     0x597b5440ff07 - <tokio[9794349e9c9702c1]::runtime::scheduler::current_thread::CoreGuard>::block_on::<core[df12db4294e9bfd3]::pin::Pin<&mut core[df12db4294e9bfd3]::pin::Pin<&mut dyn core[df12db4294e9bfd3]::future::future::Future<Output = ()>>>>
[INFO] [stdout]   16:     0x597b5441bfc0 - tokio[9794349e9c9702c1]::runtime::context::runtime::enter_runtime::<<tokio[9794349e9c9702c1]::runtime::scheduler::current_thread::CurrentThread>::block_on<core[df12db4294e9bfd3]::pin::Pin<&mut dyn core[df12db4294e9bfd3]::future::future::Future<Output = ()>>>::{closure#0}, ()>
[INFO] [stdout]   17:     0x597b5441a94a - <tokio[9794349e9c9702c1]::runtime::runtime::Runtime>::block_on::<core[df12db4294e9bfd3]::pin::Pin<&mut dyn core[df12db4294e9bfd3]::future::future::Future<Output = ()>>>
[INFO] [stdout]   18:     0x597b543f357b - libapt[c83dc62e6b847452]::release::tests::test_get_package_links
[INFO] [stdout]   19:     0x597b5441d529 - <libapt[c83dc62e6b847452]::release::tests::test_get_package_links::{closure#0} as core[df12db4294e9bfd3]::ops::function::FnOnce<()>>::call_once
[INFO] [stdout]   20:     0x597b5444a2ab - test[9d35eded1c95d3be]::__rust_begin_short_backtrace::<core[df12db4294e9bfd3]::result::Result<(), alloc[2182bb758b4b3781]::string::String>, fn() -> core[df12db4294e9bfd3]::result::Result<(), alloc[2182bb758b4b3781]::string::String>>
[INFO] [stdout]   21:     0x597b54457915 - test[9d35eded1c95d3be]::run_test::{closure#0}
[INFO] [stdout]   22:     0x597b544511d4 - std[70759c8f55707aa4]::sys::backtrace::__rust_begin_short_backtrace::<test[9d35eded1c95d3be]::run_test::{closure#1}, ()>
[INFO] [stdout]   23:     0x597b5445aa72 - <std[70759c8f55707aa4]::thread::lifecycle::spawn_unchecked<test[9d35eded1c95d3be]::run_test::{closure#1}, ()>::{closure#1} as core[df12db4294e9bfd3]::ops::function::FnOnce<()>>::call_once::{shim:vtable#0}
[INFO] [stdout]   24:     0x597b546e1729 - <std[70759c8f55707aa4]::sys::thread::unix::Thread>::new::thread_start
[INFO] [stdout]   25:     0x77b9aa1f9dfa - <unknown>
[INFO] [stdout]   26:     0x77b9aa28d3d4 - clone
[INFO] [stdout]   27:                0x0 - <unknown>
[INFO] [stdout] 
[INFO] [stdout] ---- package_index::tests::parse_ubuntu_jammy_main_amd64 stdout ----
[INFO] [stdout] 
[INFO] [stdout] thread 'package_index::tests::parse_ubuntu_jammy_main_amd64' (5193) panicked at src/package_index.rs:150:59:
[INFO] [stdout] called `Result::unwrap()` on an `Err` value: Error { message: Some("http://archive.ubuntu.com/ubuntu/dists/jammy/InRelease: error sending request for url (http://archive.ubuntu.com/ubuntu/dists/jammy/InRelease)"), error_type: Download }
[INFO] [stdout] stack backtrace:
[INFO] [stdout]    0:     0x597b546e2571 - <<std[70759c8f55707aa4]::sys::backtrace::BacktraceLock>::print::DisplayBacktrace as core[df12db4294e9bfd3]::fmt::Display>::fmt
[INFO] [stdout]    1:     0x597b546f957a - core[df12db4294e9bfd3]::fmt::write
[INFO] [stdout]    2:     0x597b546e70dc - <alloc[2182bb758b4b3781]::vec::Vec<u8> as core[df12db4294e9bfd3]::io::write::Write>::write_fmt
[INFO] [stdout]    3:     0x597b546bd3d6 - std[70759c8f55707aa4]::panicking::default_hook::{closure#0}
[INFO] [stdout]    4:     0x597b546da139 - std[70759c8f55707aa4]::panicking::default_hook
[INFO] [stdout]    5:     0x597b54456fc0 - test[9d35eded1c95d3be]::test_main_inner::<test[9d35eded1c95d3be]::test_main_static::{closure#0}>::{closure#0}
[INFO] [stdout]    6:     0x597b546da462 - std[70759c8f55707aa4]::panicking::panic_with_hook
[INFO] [stdout]    7:     0x597b546bd482 - std[70759c8f55707aa4]::panicking::panic_handler::{closure#0}
[INFO] [stdout]    8:     0x597b546b5d59 - std[70759c8f55707aa4]::sys::backtrace::__rust_end_short_backtrace::<std[70759c8f55707aa4]::panicking::panic_handler::{closure#0}, !>
[INFO] [stdout]    9:     0x597b546be30d - __rustc[8fa7c3cbc660c2b3]::rust_begin_unwind
[INFO] [stdout]   10:     0x597b546f9cdc - core[df12db4294e9bfd3]::panicking::panic_fmt
[INFO] [stdout]   11:     0x597b546f9ab2 - core[df12db4294e9bfd3]::result::unwrap_failed
[INFO] [stdout]   12:     0x597b543d9444 - libapt[c83dc62e6b847452]::package_index::tests::parse_ubuntu_jammy_main_amd64::{closure#0}
[INFO] [stdout]   13:     0x597b5440fbb3 - <tokio[9794349e9c9702c1]::runtime::scheduler::current_thread::Context>::enter::<core[df12db4294e9bfd3]::task::poll::Poll<()>, <tokio[9794349e9c9702c1]::runtime::scheduler::current_thread::CoreGuard>::block_on<core[df12db4294e9bfd3]::pin::Pin<&mut core[df12db4294e9bfd3]::pin::Pin<&mut dyn core[df12db4294e9bfd3]::future::future::Future<Output = ()>>>>::{closure#0}::{closure#0}>
[INFO] [stdout]   14:     0x597b54436eb2 - <tokio[9794349e9c9702c1]::runtime::context::scoped::Scoped<tokio[9794349e9c9702c1]::runtime::scheduler::Context>>::set::<<tokio[9794349e9c9702c1]::runtime::scheduler::current_thread::CoreGuard>::enter<<tokio[9794349e9c9702c1]::runtime::scheduler::current_thread::CoreGuard>::block_on<core[df12db4294e9bfd3]::pin::Pin<&mut core[df12db4294e9bfd3]::pin::Pin<&mut dyn core[df12db4294e9bfd3]::future::future::Future<Output = ()>>>>::{closure#0}, core[df12db4294e9bfd3]::option::Option<()>>::{closure#0}, (alloc[2182bb758b4b3781]::boxed::Box<tokio[9794349e9c9702c1]::runtime::scheduler::current_thread::Core>, core[df12db4294e9bfd3]::option::Option<()>)>
[INFO] [stdout]   15:     0x597b5440ff07 - <tokio[9794349e9c9702c1]::runtime::scheduler::current_thread::CoreGuard>::block_on::<core[df12db4294e9bfd3]::pin::Pin<&mut core[df12db4294e9bfd3]::pin::Pin<&mut dyn core[df12db4294e9bfd3]::future::future::Future<Output = ()>>>>
[INFO] [stdout]   16:     0x597b5441bfc0 - tokio[9794349e9c9702c1]::runtime::context::runtime::enter_runtime::<<tokio[9794349e9c9702c1]::runtime::scheduler::current_thread::CurrentThread>::block_on<core[df12db4294e9bfd3]::pin::Pin<&mut dyn core[df12db4294e9bfd3]::future::future::Future<Output = ()>>>::{closure#0}, ()>
[INFO] [stdout]   17:     0x597b5441a94a - <tokio[9794349e9c9702c1]::runtime::runtime::Runtime>::block_on::<core[df12db4294e9bfd3]::pin::Pin<&mut dyn core[df12db4294e9bfd3]::future::future::Future<Output = ()>>>
[INFO] [stdout]   18:     0x597b543d98fb - libapt[c83dc62e6b847452]::package_index::tests::parse_ubuntu_jammy_main_amd64
[INFO] [stdout]   19:     0x597b5441d2e9 - <libapt[c83dc62e6b847452]::package_index::tests::parse_ubuntu_jammy_main_amd64::{closure#0} as core[df12db4294e9bfd3]::ops::function::FnOnce<()>>::call_once
[INFO] [stdout]   20:     0x597b5444a2ab - test[9d35eded1c95d3be]::__rust_begin_short_backtrace::<core[df12db4294e9bfd3]::result::Result<(), alloc[2182bb758b4b3781]::string::String>, fn() -> core[df12db4294e9bfd3]::result::Result<(), alloc[2182bb758b4b3781]::string::String>>
[INFO] [stdout]   21:     0x597b54457915 - test[9d35eded1c95d3be]::run_test::{closure#0}
[INFO] [stdout]   22:     0x597b544511d4 - std[70759c8f55707aa4]::sys::backtrace::__rust_begin_short_backtrace::<test[9d35eded1c95d3be]::run_test::{closure#1}, ()>
[INFO] [stdout]   23:     0x597b5445aa72 - <std[70759c8f55707aa4]::thread::lifecycle::spawn_unchecked<test[9d35eded1c95d3be]::run_test::{closure#1}, ()>::{closure#1} as core[df12db4294e9bfd3]::ops::function::FnOnce<()>>::call_once::{shim:vtable#0}
[INFO] [stdout]   24:     0x597b546e1729 - <std[70759c8f55707aa4]::sys::thread::unix::Thread>::new::thread_start
[INFO] [stdout]   25:     0x77b9aa1f9dfa - <unknown>
[INFO] [stdout]   26:     0x77b9aa28d3d4 - clone
[INFO] [stdout]   27:                0x0 - <unknown>
[INFO] [stdout] 
[INFO] [stdout] 
[INFO] [stdout] failures:
[INFO] [stdout]     package_index::tests::parse_source_index
[INFO] [stdout]     package_index::tests::parse_ubuntu_jammy_main_amd64
[INFO] [stdout]     release::tests::parse_ebcl_release_file
[INFO] [stdout]     release::tests::parse_ubuntu_jammy_release_file
[INFO] [stdout]     release::tests::test_get_package_links
[INFO] [stdout]     release::tests::test_package_index_link
[INFO] [stdout]     source_index::tests::parse_ubuntu_jammy_main_sources
[INFO] [stdout]     util::tests::download_ubuntu_jammy_release_metadata
[INFO] [stdout]     util::tests::test_get_etag
[INFO] [stdout] 
[INFO] [stdout] test result: FAILED. 19 passed; 9 failed; 0 ignored; 0 measured; 0 filtered out; finished in 0.16s
[INFO] [stdout] 
[INFO] [stderr] error: test failed, to rerun pass `--lib`
[INFO] running `Command { std: "docker" "inspect" "7e8119de94ead4fd8718f48c48ed600321c0405c7bbb535431b819c4ea379e08", kill_on_drop: false }`
[INFO] running `Command { std: "docker" "rm" "-f" "7e8119de94ead4fd8718f48c48ed600321c0405c7bbb535431b819c4ea379e08", kill_on_drop: false }`
[INFO] [stdout] 7e8119de94ead4fd8718f48c48ed600321c0405c7bbb535431b819c4ea379e08
