[INFO] cloning repository https://github.com/russellromney/sqlgrok
[INFO] running `Command { std: "git" "-c" "credential.helper=" "-c" "credential.helper=/workspace/cargo-home/bin/git-credential-null" "clone" "--bare" "https://github.com/russellromney/sqlgrok" "/workspace/cache/git-repos/https%3A%2F%2Fgithub.com%2Frussellromney%2Fsqlgrok", kill_on_drop: false }`
[INFO] [stderr] Cloning into bare repository '/workspace/cache/git-repos/https%3A%2F%2Fgithub.com%2Frussellromney%2Fsqlgrok'...
[INFO] running `Command { std: "git" "rev-parse" "HEAD", kill_on_drop: false }`
[INFO] [stdout] e96a89f7df38bdd4148a58af163ac8f72b9871a2
[INFO] testing russellromney/sqlgrok against 1.100.0-beta.1+cargoflags=--release for beta-release-1.100-2
[INFO] running `Command { std: "git" "clone" "/workspace/cache/git-repos/https%3A%2F%2Fgithub.com%2Frussellromney%2Fsqlgrok" "/workspace/builds/worker-6-tc2/source", kill_on_drop: false }`
[INFO] [stderr] Cloning into '/workspace/builds/worker-6-tc2/source'...
[INFO] [stderr] done.
[INFO] started tweaking git repo https://github.com/russellromney/sqlgrok
[INFO] finished tweaking git repo https://github.com/russellromney/sqlgrok
[INFO] tweaked toml for git repo https://github.com/russellromney/sqlgrok written to /workspace/builds/worker-6-tc2/source/Cargo.toml
[INFO] validating manifest of git repo https://github.com/russellromney/sqlgrok on toolchain 1.100.0-beta.1
[INFO] running `Command { std: CARGO_HOME="/workspace/cargo-home" RUSTUP_HOME="/workspace/rustup-home" "/workspace/cargo-home/bin/cargo" "+1.100.0-beta.1" "metadata" "--manifest-path" "Cargo.toml" "--no-deps", kill_on_drop: false }`
[INFO] crate git repo https://github.com/russellromney/sqlgrok already has a lockfile, it will not be regenerated
[INFO] running `Command { std: CARGO_HOME="/workspace/cargo-home" RUSTUP_HOME="/workspace/rustup-home" "/workspace/cargo-home/bin/cargo" "+1.100.0-beta.1" "fetch" "--manifest-path" "Cargo.toml", kill_on_drop: false }`
[INFO] [stderr] warning: `package.homepage` is redundant with `package.repository`
[INFO] [stderr]   --> Cargo.toml:53:12
[INFO] [stderr]    |
[INFO] [stderr] 53 | homepage = "https://github.com/russellromney/sqlgrok"
[INFO] [stderr]    |            ^^^^^^^^^^^^^^^^^^^^^^^^^^^^^^^^^^^^^^^^^^
[INFO] [stderr] ...
[INFO] [stderr] 58 | repository = "https://github.com/russellromney/sqlgrok"
[INFO] [stderr]    |              ------------------------------------------
[INFO] [stderr]    |
[INFO] [stderr]    = note: `cargo::redundant_homepage` is set to `warn` by default
[INFO] [stderr] help: consider removing `package.homepage`
[INFO] [stderr] warning: `sqlgrok` (manifest) generated 1 warning
[INFO] running `Command { std: "docker" "create" "-v" "/var/lib/crater-agent-workspace/builds/worker-6-tc2/source:/opt/rustwide/workdir:ro,Z" "-v" "/var/lib/crater-agent-workspace/builds/worker-6-tc2/target:/opt/rustwide/target:rw,Z" "-v" "/var/lib/crater-agent-workspace/cargo-home:/opt/rustwide/cargo-home:ro,Z" "-v" "/var/lib/crater-agent-workspace/rustup-home:/opt/rustwide/rustup-home:ro,Z" "-m" "1610612736" "--network" "none" "ghcr.io/rust-lang/crates-build-env/linux@sha256:77db811e55d90add9212f6832c23229e3de5f1c1f9905e8cb07319ea15df73ac" "sleep" "infinity", kill_on_drop: false }`
[INFO] [stdout] a2d2cdf8b1c7ebf5a7849328b9b157edc4b03c64f97a2be304967b5a5bf172ff
[INFO] running `Command { std: "docker" "start" "a2d2cdf8b1c7ebf5a7849328b9b157edc4b03c64f97a2be304967b5a5bf172ff", kill_on_drop: false }`
[INFO] running `Command { std: "docker" "inspect" "a2d2cdf8b1c7ebf5a7849328b9b157edc4b03c64f97a2be304967b5a5bf172ff", kill_on_drop: false }`
[INFO] running `Command { std: "docker" "exec" "-e" "SOURCE_DIR=/opt/rustwide/workdir" "-e" "CARGO_HOME=/opt/rustwide/cargo-home" "-e" "RUSTUP_HOME=/opt/rustwide/rustup-home" "-e" "CARGO_TARGET_DIR=/opt/rustwide/target" "-w" "/opt/rustwide/workdir" "--user" "0:0" "a2d2cdf8b1c7ebf5a7849328b9b157edc4b03c64f97a2be304967b5a5bf172ff" "/opt/rustwide/cargo-home/bin/cargo" "+1.100.0-beta.1" "metadata" "--no-deps" "--format-version=1", kill_on_drop: false }`
[INFO] running `Command { std: "docker" "inspect" "a2d2cdf8b1c7ebf5a7849328b9b157edc4b03c64f97a2be304967b5a5bf172ff", kill_on_drop: false }`
[INFO] running `Command { std: "docker" "exec" "-e" "SOURCE_DIR=/opt/rustwide/workdir" "-e" "CARGO_HOME=/opt/rustwide/cargo-home" "-e" "RUSTUP_HOME=/opt/rustwide/rustup-home" "-e" "CARGO_TARGET_DIR=/opt/rustwide/target" "-e" "CARGO_INCREMENTAL=0" "-e" "RUST_BACKTRACE=full" "-e" "RUSTFLAGS=--cap-lints=warn" "-e" "RUSTDOCFLAGS=--cap-lints=warn" "-w" "/opt/rustwide/workdir" "--user" "0:0" "a2d2cdf8b1c7ebf5a7849328b9b157edc4b03c64f97a2be304967b5a5bf172ff" "/opt/rustwide/cargo-home/bin/cargo" "+1.100.0-beta.1" "build" "--frozen" "--message-format=json" "--release", kill_on_drop: false }`
[INFO] [stderr] warning: `package.homepage` is redundant with `package.repository`
[INFO] [stderr]   --> Cargo.toml:53:12
[INFO] [stderr]    |
[INFO] [stderr] 53 | homepage = "https://github.com/russellromney/sqlgrok"
[INFO] [stderr]    |            ^^^^^^^^^^^^^^^^^^^^^^^^^^^^^^^^^^^^^^^^^^
[INFO] [stderr] ...
[INFO] [stderr] 58 | repository = "https://github.com/russellromney/sqlgrok"
[INFO] [stderr]    |              ------------------------------------------
[INFO] [stderr]    |
[INFO] [stderr]    = note: `cargo::redundant_homepage` is set to `warn` by default
[INFO] [stderr] help: consider removing `package.homepage`
[INFO] [stderr] warning: `sqlgrok` (manifest) generated 1 warning
[INFO] [stderr]    Compiling syn v2.0.117
[INFO] [stderr]    Compiling regex-syntax v0.8.10
[INFO] [stderr]    Compiling aho-corasick v1.1.4
[INFO] [stderr]    Compiling serde_derive v1.0.228
[INFO] [stderr]    Compiling thiserror-impl v2.0.18
[INFO] [stderr]    Compiling regex-automata v0.4.14
[INFO] [stderr]    Compiling thiserror v2.0.18
[INFO] [stderr]    Compiling serde v1.0.228
[INFO] [stderr]    Compiling regex v1.12.3
[INFO] [stderr]    Compiling sqlgrok v0.1.0 (/opt/rustwide/workdir)
[INFO] [stderr] warning: unused dependency `log`
[INFO] [stderr]   --> Cargo.toml:15:1
[INFO] [stderr]    |
[INFO] [stderr] 15 | log = "0.4"
[INFO] [stderr]    | ^^^^^^^^^^^
[INFO] [stderr]    |
[INFO] [stderr]    = note: `cargo::unused_dependencies` is set to `warn` by default
[INFO] [stderr] help: consider removing the dependency on `log`
[INFO] [stderr] warning: `sqlgrok` (manifest) generated 1 warning
[INFO] [stderr]     Finished `release` profile [optimized] target(s) in 1m 24s
[INFO] running `Command { std: "docker" "inspect" "a2d2cdf8b1c7ebf5a7849328b9b157edc4b03c64f97a2be304967b5a5bf172ff", kill_on_drop: false }`
[INFO] running `Command { std: "docker" "exec" "-e" "SOURCE_DIR=/opt/rustwide/workdir" "-e" "CARGO_HOME=/opt/rustwide/cargo-home" "-e" "RUSTUP_HOME=/opt/rustwide/rustup-home" "-e" "CARGO_TARGET_DIR=/opt/rustwide/target" "-e" "CARGO_INCREMENTAL=0" "-e" "RUST_BACKTRACE=full" "-e" "RUSTFLAGS=--cap-lints=warn" "-e" "RUSTDOCFLAGS=--cap-lints=warn" "-w" "/opt/rustwide/workdir" "--user" "0:0" "a2d2cdf8b1c7ebf5a7849328b9b157edc4b03c64f97a2be304967b5a5bf172ff" "/opt/rustwide/cargo-home/bin/cargo" "+1.100.0-beta.1" "test" "--frozen" "--no-run" "--message-format=json" "--release", kill_on_drop: false }`
[INFO] [stderr] warning: `package.homepage` is redundant with `package.repository`
[INFO] [stderr]   --> Cargo.toml:53:12
[INFO] [stderr]    |
[INFO] [stderr] 53 | homepage = "https://github.com/russellromney/sqlgrok"
[INFO] [stderr]    |            ^^^^^^^^^^^^^^^^^^^^^^^^^^^^^^^^^^^^^^^^^^
[INFO] [stderr] ...
[INFO] [stderr] 58 | repository = "https://github.com/russellromney/sqlgrok"
[INFO] [stderr]    |              ------------------------------------------
[INFO] [stderr]    |
[INFO] [stderr]    = note: `cargo::redundant_homepage` is set to `warn` by default
[INFO] [stderr] help: consider removing `package.homepage`
[INFO] [stderr] warning: `sqlgrok` (manifest) generated 1 warning
[INFO] [stderr]    Compiling zerocopy v0.8.42
[INFO] [stderr]    Compiling num-traits v0.2.19
[INFO] [stderr]    Compiling predicates-core v1.0.10
[INFO] [stderr]    Compiling regex-automata v0.4.14
[INFO] [stderr]    Compiling plotters-backend v0.3.7
[INFO] [stderr]    Compiling ciborium-io v0.2.2
[INFO] [stderr]    Compiling serde_json v1.0.149
[INFO] [stderr]    Compiling zerocopy-derive v0.8.42
[INFO] [stderr]    Compiling thiserror-impl v2.0.18
[INFO] [stderr]    Compiling crossbeam-epoch v0.9.18
[INFO] [stderr]    Compiling alloca v0.4.0
[INFO] [stderr]    Compiling clap_builder v4.6.0
[INFO] [stderr]    Compiling serde v1.0.228
[INFO] [stderr]    Compiling cast v0.3.0
[INFO] [stderr]    Compiling assert_cmd v2.2.0
[INFO] [stderr]    Compiling difflib v0.4.0
[INFO] [stderr]    Compiling getrandom v0.4.2
[INFO] [stderr]    Compiling predicates-tree v1.0.13
[INFO] [stderr]    Compiling plotters-svg v0.3.7
[INFO] [stderr]    Compiling page_size v0.6.0
[INFO] [stderr]    Compiling wait-timeout v0.2.1
[INFO] [stderr]    Compiling yansi v1.0.1
[INFO] [stderr]    Compiling anes v0.1.6
[INFO] [stderr]    Compiling criterion-plot v0.8.2
[INFO] [stderr]    Compiling oorandom v11.1.5
[INFO] [stderr]    Compiling crossbeam-deque v0.8.6
[INFO] [stderr]    Compiling diff v0.1.13
[INFO] [stderr]    Compiling tempfile v3.27.0
[INFO] [stderr]    Compiling pretty_assertions v1.4.1
[INFO] [stderr]    Compiling rayon-core v1.13.0
[INFO] [stderr]    Compiling thiserror v2.0.18
[INFO] [stderr]    Compiling float-cmp v0.10.0
[INFO] [stderr]    Compiling plotters v0.3.7
[INFO] [stderr]    Compiling rayon v1.11.0
[INFO] [stderr]    Compiling tinytemplate v1.2.1
[INFO] [stderr]    Compiling clap v4.6.0
[INFO] [stderr]    Compiling regex v1.12.3
[INFO] [stderr]    Compiling bstr v1.12.1
[INFO] [stderr]    Compiling predicates v3.1.4
[INFO] [stderr]    Compiling sqlgrok v0.1.0 (/opt/rustwide/workdir)
[INFO] [stderr]    Compiling half v2.7.1
[INFO] [stderr]    Compiling ciborium-ll v0.2.2
[INFO] [stderr]    Compiling ciborium v0.2.2
[INFO] [stderr]    Compiling criterion v0.8.2
[INFO] [stderr]     Finished `release` profile [optimized] target(s) in 3m 18s
[INFO] running `Command { std: "docker" "inspect" "a2d2cdf8b1c7ebf5a7849328b9b157edc4b03c64f97a2be304967b5a5bf172ff", kill_on_drop: false }`
[INFO] running `Command { std: "docker" "exec" "-e" "SOURCE_DIR=/opt/rustwide/workdir" "-e" "CARGO_HOME=/opt/rustwide/cargo-home" "-e" "RUSTUP_HOME=/opt/rustwide/rustup-home" "-e" "CARGO_TARGET_DIR=/opt/rustwide/target" "-e" "CARGO_INCREMENTAL=0" "-e" "RUST_BACKTRACE=full" "-e" "RUSTFLAGS=--cap-lints=warn" "-e" "RUSTDOCFLAGS=--cap-lints=warn" "-w" "/opt/rustwide/workdir" "--user" "0:0" "a2d2cdf8b1c7ebf5a7849328b9b157edc4b03c64f97a2be304967b5a5bf172ff" "/opt/rustwide/cargo-home/bin/cargo" "+1.100.0-beta.1" "test" "--frozen" "--release", kill_on_drop: false }`
[INFO] [stderr] warning: `package.homepage` is redundant with `package.repository`
[INFO] [stderr]   --> Cargo.toml:53:12
[INFO] [stderr]    |
[INFO] [stderr] 53 | homepage = "https://github.com/russellromney/sqlgrok"
[INFO] [stderr]    |            ^^^^^^^^^^^^^^^^^^^^^^^^^^^^^^^^^^^^^^^^^^
[INFO] [stderr] ...
[INFO] [stderr] 58 | repository = "https://github.com/russellromney/sqlgrok"
[INFO] [stderr]    |              ------------------------------------------
[INFO] [stderr]    |
[INFO] [stderr]    = note: `cargo::redundant_homepage` is set to `warn` by default
[INFO] [stderr] help: consider removing `package.homepage`
[INFO] [stderr] warning: `sqlgrok` (manifest) generated 1 warning
[INFO] [stderr]     Finished `release` profile [optimized] target(s) in 0.23s
[INFO] [stderr]      Running unittests src/lib.rs (/opt/rustwide/target/release/build/sqlgrok/26f992d2ace37065/out/sqlgrok-26f992d2ace37065)
[INFO] [stdout] 
[INFO] [stdout] running 355 tests
[INFO] [stdout] test builder::tests::test_complex_query ... ok
[INFO] [stdout] test builder::tests::test_between ... ok
[INFO] [stdout] test builder::tests::test_func ... ok
[INFO] [stdout] test builder::tests::test_cast ... ok
[INFO] [stdout] test builder::tests::test_func_distinct ... ok
[INFO] [stdout] test builder::tests::test_column ... ok
[INFO] [stdout] test builder::tests::test_in_list ... ok
[INFO] [stdout] test builder::tests::test_is_null_helpers ... ok
[INFO] [stdout] test builder::tests::test_mutation_add_join ... ok
[INFO] [stdout] test builder::tests::test_or_all ... ok
[INFO] [stdout] test builder::tests::test_parse_condition ... ok
[INFO] [stdout] test builder::tests::test_condition_builder_not ... ok
[INFO] [stdout] test builder::tests::test_select_all ... ok
[INFO] [stdout] test builder::tests::test_and_all ... ok
[INFO] [stdout] test builder::tests::test_condition_builder ... ok
[INFO] [stdout] test builder::tests::test_as_subquery ... ok
[INFO] [stdout] test builder::tests::test_comparison_helpers ... ok
[INFO] [stdout] test builder::tests::test_like ... ok
[INFO] [stdout] test builder::tests::test_mutation_add_select ... ok
[INFO] [stdout] test builder::tests::test_literals ... ok
[INFO] [stdout] test builder::tests::test_select_builder_join ... ok
[INFO] [stdout] test builder::tests::test_select_builder_distinct ... ok
[INFO] [stdout] test builder::tests::test_select_builder_order_limit ... ok
[INFO] [stdout] test builder::tests::test_select_builder_group_by ... ok
[INFO] [stdout] test builder::tests::test_select_builder_where ... ok
[INFO] [stdout] test builder::tests::test_star_and_qualified_star ... ok
[INFO] [stdout] test builder::tests::test_subquery_and_exists ... ok
[INFO] [stdout] test dialects::time::tests::test_format_style_for_dialect ... ok
[INFO] [stdout] test dialects::time::tests::test_java_to_strftime ... ok
[INFO] [stdout] test dialects::time::tests::test_literal_preservation ... ok
[INFO] [stdout] test dialects::time::tests::test_mysql_to_postgres ... ok
[INFO] [stdout] test builder::tests::test_select_builder_basic ... ok
[INFO] [stdout] test builder::tests::test_subquery_in_from ... ok
[INFO] [stdout] test builder::tests::test_parse_expr ... ok
[INFO] [stdout] test builder::tests::test_table ... ok
[INFO] [stdout] test builder::tests::test_arithmetic_helpers ... ok
[INFO] [stdout] test dialects::time::tests::test_month_names ... ok
[INFO] [stdout] test builder::tests::test_alias ... ok
[INFO] [stdout] test dialects::time::tests::test_postgres_to_strftime ... ok
[INFO] [stdout] test dialects::time::tests::test_postgres_to_mysql ... ok
[INFO] [stdout] test dialects::time::tests::test_tsql_style_codes ... ok
[INFO] [stdout] test diff::tests::test_column_changed ... ok
[INFO] [stdout] test diff::tests::test_complex_nested_query ... ok
[INFO] [stdout] test diff::tests::test_group_by_added ... ok
[INFO] [stdout] test diff::tests::test_having_added ... ok
[INFO] [stdout] test dialects::time::tests::test_same_style_noop ... ok
[INFO] [stdout] test diff::tests::test_index_statement_diff ... ok
[INFO] [stdout] test diff::tests::test_cte_added ... ok
[INFO] [stdout] test builder::tests::test_mutation_add_where ... ok
[INFO] [stdout] test dialects::time::tests::test_12hour_format ... ok
[INFO] [stdout] test diff::tests::test_column_removed ... ok
[INFO] [stdout] test diff::tests::test_join_added ... ok
[INFO] [stdout] test dialects::time::tests::test_dialect_conversion ... ok
[INFO] [stdout] test dialects::time::tests::test_strftime_to_java ... ok
[INFO] [stdout] test dialects::time::tests::test_strftime_to_postgres ... ok
[INFO] [stdout] test diff::tests::test_limit_changed ... ok
[INFO] [stdout] test diff::tests::test_column_added ... ok
[INFO] [stdout] test diff::tests::test_order_by_changed ... ok
[INFO] [stdout] test diff::tests::test_identical_queries_are_all_keep ... ok
[INFO] [stdout] test diff::tests::test_where_clause_removed ... ok
[INFO] [stdout] test diff::tests::test_union_diff ... ok
[INFO] [stdout] test dialects::time::tests::test_strftime_to_snowflake ... ok
[INFO] [stdout] test diff::tests::test_create_table_column_diff ... ok
[INFO] [stdout] test diff::tests::test_diff_sql_convenience ... ok
[INFO] [stdout] test generator::sql_generator::tests::test_cte_roundtrip ... ok
[INFO] [stdout] test diff::tests::test_different_statement_types ... ok
[INFO] [stdout] test diff::tests::test_table_changed ... ok
[INFO] [stdout] test diff::tests::test_where_clause_updated ... ok
[INFO] [stdout] test ffi::tests::transpile_into_writes_nul_terminated_output ... ok
[INFO] [stdout] test ffi::tests::transpile_into_reports_required_length_without_buffer ... ok
[INFO] [stdout] test ffi::tests::legacy_transpile_into_alias_matches_public_symbol ... ok
[INFO] [stdout] test ffi::tests::transpile_into_returns_error_for_null_sql ... ok
[INFO] [stdout] test generator::sql_generator::tests::test_delete ... ok
[INFO] [stdout] test diff::tests::test_where_clause_added ... ok
[INFO] [stdout] test generator::sql_generator::tests::test_exists_roundtrip ... ok
[INFO] [stdout] test generator::sql_generator::tests::test_extract_roundtrip ... ok
[INFO] [stdout] test generator::sql_generator::tests::test_cast_roundtrip ... ok
[INFO] [stdout] test generator::sql_generator::tests::test_insert_values ... ok
[INFO] [stdout] test ffi::tests::transpile_into_does_not_write_to_too_small_buffer ... ok
[INFO] [stdout] test generator::sql_generator::tests::test_join ... ok
[INFO] [stdout] test generator::sql_generator::tests::test_pretty_join ... ok
[INFO] [stdout] test generator::sql_generator::tests::test_create_table ... ok
[INFO] [stdout] test generator::sql_generator::tests::test_pretty_cte ... ok
[INFO] [stdout] test generator::sql_generator::tests::test_pretty_complex_query ... ok
[INFO] [stdout] test generator::sql_generator::tests::test_pretty_insert ... ok
[INFO] [stdout] test generator::sql_generator::tests::test_pretty_select_distinct ... ok
[INFO] [stdout] test generator::sql_generator::tests::test_select_wildcard ... ok
[INFO] [stdout] test generator::sql_generator::tests::test_subquery_from_roundtrip ... ok
[INFO] [stdout] test generator::sql_generator::tests::test_union_roundtrip ... ok
[INFO] [stdout] test generator::sql_generator::tests::test_window_function_roundtrip ... ok
[INFO] [stdout] test generator::sql_generator::tests::test_in_subquery_roundtrip ... ok
[INFO] [stdout] test generator::sql_generator::tests::test_pretty_select_where ... ok
[INFO] [stdout] test generator::sql_generator::tests::test_pretty_simple_select ... ok
[INFO] [stdout] test optimizer::annotate_types::tests::test_aliased_table_column_type ... ok
[INFO] [stdout] test generator::sql_generator::tests::test_pretty_update ... ok
[INFO] [stdout] test generator::sql_generator::tests::test_pretty_select_group_by_having ... ok
[INFO] [stdout] test generator::sql_generator::tests::test_select_where ... ok
[INFO] [stdout] test generator::sql_generator::tests::test_pretty_select_order_by_limit ... ok
[INFO] [stdout] test optimizer::annotate_types::tests::test_and_returns_boolean ... ok
[INFO] [stdout] test optimizer::annotate_types::tests::test_annotations_not_empty ... ok
[INFO] [stdout] test generator::sql_generator::tests::test_pretty_delete ... ok
[INFO] [stdout] test generator::sql_generator::tests::test_pretty_union ... ok
[INFO] [stdout] test optimizer::annotate_types::tests::test_common_type_empty ... ok
[INFO] [stdout] test optimizer::annotate_types::tests::test_common_type_nulls_skipped ... ok
[INFO] [stdout] test generator::sql_generator::tests::test_select_roundtrip ... ok
[INFO] [stdout] test generator::sql_generator::tests::test_pretty_create_table ... ok
[INFO] [stdout] test optimizer::annotate_types::tests::test_in_list_returns_boolean ... ok
[INFO] [stdout] test optimizer::annotate_types::tests::test_comparison_returns_boolean ... ok
[INFO] [stdout] test optimizer::annotate_types::tests::test_count_returns_bigint ... ok
[INFO] [stdout] test optimizer::annotate_types::tests::test_int_and_double_coercion ... ok
[INFO] [stdout] test optimizer::annotate_types::tests::test_int_plus_int ... ok
[INFO] [stdout] test optimizer::annotate_types::tests::test_avg_returns_double ... ok
[INFO] [stdout] test optimizer::annotate_types::tests::test_case_expression_type ... ok
[INFO] [stdout] test optimizer::annotate_types::tests::test_exists_returns_boolean ... ok
[INFO] [stdout] test optimizer::annotate_types::tests::test_cast_to_varchar ... ok
[INFO] [stdout] test optimizer::annotate_types::tests::test_cast_type ... ok
[INFO] [stdout] test optimizer::annotate_types::tests::test_column_type_from_schema ... ok
[INFO] [stdout] test optimizer::annotate_types::tests::test_common_type_numeric_widening ... ok
[INFO] [stdout] test optimizer::annotate_types::tests::test_extract_returns_int ... ok
[INFO] [stdout] test optimizer::annotate_types::tests::test_like_returns_boolean ... ok
[INFO] [stdout] test optimizer::annotate_types::tests::test_between_returns_boolean ... ok
[INFO] [stdout] test optimizer::annotate_types::tests::test_boolean_literal ... ok
[INFO] [stdout] test optimizer::annotate_types::tests::test_int_and_bigint_coercion ... ok
[INFO] [stdout] test optimizer::annotate_types::tests::test_float_and_double_coercion ... ok
[INFO] [stdout] test optimizer::annotate_types::tests::test_int_plus_double ... ok
[INFO] [stdout] test optimizer::annotate_types::tests::test_is_null_returns_boolean ... ok
[INFO] [stdout] test optimizer::annotate_types::tests::test_number_literal_int ... ok
[INFO] [stdout] test optimizer::annotate_types::tests::test_where_clause_annotated ... ok
[INFO] [stdout] test optimizer::annotate_types::tests::test_qualified_column_type ... ok
[INFO] [stdout] test optimizer::annotate_types::tests::test_udf_return_type ... ok
[INFO] [stdout] test optimizer::annotate_types::tests::test_min_preserves_type ... ok
[INFO] [stdout] test optimizer::lineage::tests::test_case_expression_lineage ... ok
[INFO] [stdout] test optimizer::lineage::tests::test_coalesce_lineage ... ok
[INFO] [stdout] test optimizer::annotate_types::tests::test_string_literal ... ok
[INFO] [stdout] test optimizer::annotate_types::tests::test_length_returns_int ... ok
[INFO] [stdout] test optimizer::lineage::tests::test_aliased_column_lineage ... ok
[INFO] [stdout] test optimizer::annotate_types::tests::test_sum_decimal_preserves_type ... ok
[INFO] [stdout] test optimizer::lineage::tests::test_derived_table_lineage ... ok
[INFO] [stdout] test optimizer::annotate_types::tests::test_sum_returns_bigint_for_int ... ok
[INFO] [stdout] test optimizer::lineage::tests::test_expression_lineage ... ok
[INFO] [stdout] test optimizer::lineage::tests::test_external_sources ... ok
[INFO] [stdout] test optimizer::annotate_types::tests::test_number_literal_double ... ok
[INFO] [stdout] test optimizer::annotate_types::tests::test_null_literal ... ok
[INFO] [stdout] test optimizer::annotate_types::tests::test_number_literal_big_int ... ok
[INFO] [stdout] test optimizer::annotate_types::tests::test_multiple_columns_annotated ... ok
[INFO] [stdout] test optimizer::annotate_types::tests::test_nested_expression_propagation ... ok
[INFO] [stdout] test optimizer::lineage::tests::test_function_lineage ... ok
[INFO] [stdout] test optimizer::annotate_types::tests::test_upper_returns_varchar ... ok
[INFO] [stdout] test optimizer::lineage::tests::test_join_lineage ... ok
[INFO] [stdout] test optimizer::lineage::tests::test_column_not_found ... ok
[INFO] [stdout] test optimizer::lineage::tests::test_source_tables ... ok
[INFO] [stdout] test optimizer::lineage::tests::test_lineage_sql_convenience ... ok
[INFO] [stdout] test optimizer::lineage::tests::test_lineage_iterator ... ok
[INFO] [stdout] test optimizer::lineage::tests::test_qualified_column ... ok
[INFO] [stdout] test optimizer::lineage::tests::test_simple_column_lineage ... ok
[INFO] [stdout] test optimizer::lineage::tests::test_nested_cte_lineage ... ok
[INFO] [stdout] test optimizer::pushdown_predicates::tests::test_conjoin_empty ... ok
[INFO] [stdout] test optimizer::pushdown_predicates::tests::test_is_pushable_rejects_window ... ok
[INFO] [stdout] test optimizer::lineage::tests::test_union_lineage ... ok
[INFO] [stdout] test optimizer::qualify_columns::tests::test_derived_table_column_resolution ... ok
[INFO] [stdout] test optimizer::lineage::tests::test_to_mermaid ... ok
[INFO] [stdout] test optimizer::pushdown_predicates::tests::test_referenced_tables ... ok
[INFO] [stdout] test optimizer::pushdown_predicates::tests::test_split_conjunction_single ... ok
[INFO] [stdout] test optimizer::pushdown_predicates::tests::test_is_pushable_rejects_subquery ... ok
[INFO] [stdout] test optimizer::pushdown_predicates::tests::test_is_pushable_rejects_aggregate ... ok
[INFO] [stdout] test optimizer::lineage::tests::test_to_dot ... ok
[INFO] [stdout] test optimizer::pushdown_predicates::tests::test_conjoin_single ... ok
[INFO] [stdout] test optimizer::pushdown_predicates::tests::test_is_pushable_simple_comparison ... ok
[INFO] [stdout] test optimizer::qualify_columns::tests::test_cte_column_resolution ... ok
[INFO] [stdout] test optimizer::qualify_columns::tests::test_expand_qualified_wildcard_alias ... ok
[INFO] [stdout] test optimizer::pushdown_predicates::tests::test_split_conjunction_and ... ok
[INFO] [stdout] test optimizer::pushdown_predicates::tests::test_split_conjunction_nested_and ... ok
[INFO] [stdout] test optimizer::qualify_columns::tests::test_expand_star_join ... ok
[INFO] [stdout] test optimizer::qualify_columns::tests::test_qualify_already_qualified ... ok
[INFO] [stdout] test optimizer::qualify_columns::tests::test_qualify_group_by_having ... ok
[INFO] [stdout] test optimizer::qualify_columns::tests::test_qualify_join_ambiguous_left_unqualified ... ok
[INFO] [stdout] test optimizer::qualify_columns::tests::test_qualify_order_by ... ok
[INFO] [stdout] test optimizer::qualify_columns::tests::test_no_schema_columns_passthrough ... ok
[INFO] [stdout] test optimizer::qualify_columns::tests::test_qualify_where_clause ... ok
[INFO] [stdout] test optimizer::qualify_columns::tests::test_qualify_unqualified_single_table ... ok
[INFO] [stdout] test optimizer::qualify_columns::tests::test_preserve_expression_aliases ... ok
[INFO] [stdout] test optimizer::qualify_columns::tests::test_qualify_unqualified_single_table_alias ... ok
[INFO] [stdout] test optimizer::qualify_columns::tests::test_expand_qualified_wildcard ... ok
[INFO] [stdout] test optimizer::qualify_columns::tests::test_qualify_join_unambiguous ... ok
[INFO] [stdout] test optimizer::lineage::tests::test_cte_lineage ... ok
[INFO] [stdout] test optimizer::qualify_columns::tests::test_expand_star ... ok
[INFO] [stdout] test optimizer::scope_analysis::tests::test_correlated_subquery ... ok
[INFO] [stdout] test optimizer::scope_analysis::tests::test_cte_scope ... ok
[INFO] [stdout] test optimizer::scope_analysis::tests::test_derived_table ... ok
[INFO] [stdout] test optimizer::qualify_columns::tests::test_expand_star_with_alias ... ok
[INFO] [stdout] test optimizer::qualify_columns::tests::test_qualify_join_on ... ok
[INFO] [stdout] test optimizer::scope_analysis::tests::test_find_all_in_scope ... ok
[INFO] [stdout] test optimizer::scope_analysis::tests::test_join_sources ... ok
[INFO] [stdout] test optimizer::qualify_columns::tests::test_qualify_values_alias_default_columns ... ok
[INFO] [stdout] test optimizer::scope_analysis::tests::test_multiple_ctes ... ok
[INFO] [stdout] test optimizer::scope_analysis::tests::test_in_subquery ... ok
[INFO] [stdout] test optimizer::scope_analysis::tests::test_nested_subqueries ... ok
[INFO] [stdout] test optimizer::scope_analysis::tests::test_qualified_wildcard ... ok
[INFO] [stdout] test optimizer::tests::test_constant_folding ... ok
[INFO] [stdout] test optimizer::scope_analysis::tests::test_scope_walk ... ok
[INFO] [stdout] test optimizer::scope_analysis::tests::test_values_alias_source ... ok
[INFO] [stdout] test optimizer::tests::test_boolean_simplification_where_true ... ok
[INFO] [stdout] test optimizer::scope_analysis::tests::test_scalar_subquery ... ok
[INFO] [stdout] test optimizer::unnest_subqueries::tests::test_alias_gen_sequential ... ok
[INFO] [stdout] test optimizer::tests::test_double_negation ... ok
[INFO] [stdout] test optimizer::unnest_subqueries::tests::test_exists_multiple_correlations ... ok
[INFO] [stdout] test optimizer::scope_analysis::tests::test_aliased_table ... ok
[INFO] [stdout] test optimizer::unnest_subqueries::tests::test_multiple_subqueries_in_where ... ok
[INFO] [stdout] test optimizer::scope_analysis::tests::test_exists_subquery ... ok
[INFO] [stdout] test optimizer::unnest_subqueries::tests::test_no_where_clause_unchanged ... ok
[INFO] [stdout] test optimizer::unnest_subqueries::tests::test_exists_no_where_not_unnested ... ok
[INFO] [stdout] test optimizer::unnest_subqueries::tests::test_non_select_statement_unchanged ... ok
[INFO] [stdout] test optimizer::unnest_subqueries::tests::test_exists_produces_distinct_derived_table ... ok
[INFO] [stdout] test optimizer::unnest_subqueries::tests::test_exists_same_table_predicate_not_unnested ... ok
[INFO] [stdout] test optimizer::unnest_subqueries::tests::test_exists_to_inner_join ... ok
[INFO] [stdout] test optimizer::scope_analysis::tests::test_selected_sources ... ok
[INFO] [stdout] test optimizer::scope_analysis::tests::test_simple_select ... ok
[INFO] [stdout] test optimizer::unnest_subqueries::tests::test_exists_with_additional_where ... ok
[INFO] [stdout] test optimizer::scope_analysis::tests::test_union_scopes ... ok
[INFO] [stdout] test optimizer::unnest_subqueries::tests::test_exists_with_inner_residual_where ... ok
[INFO] [stdout] test optimizer::tests::test_boolean_simplification_and_true ... ok
[INFO] [stdout] test optimizer::unnest_subqueries::tests::test_in_produces_distinct_derived_table ... ok
[INFO] [stdout] test optimizer::unnest_subqueries::tests::test_in_subquery_multi_column_not_unnested ... ok
[INFO] [stdout] test optimizer::unnest_subqueries::tests::test_not_in_preserves_inner_where ... ok
[INFO] [stdout] test optimizer::unnest_subqueries::tests::test_sqlglot_issue_7295_exact_reproducer ... ok
[INFO] [stdout] test optimizer::unnest_subqueries::tests::test_in_subquery_to_inner_join ... ok
[INFO] [stdout] test optimizer::unnest_subqueries::tests::test_no_correlation_not_unnested ... ok
[INFO] [stdout] test optimizer::unnest_subqueries::tests::test_non_equality_correlation_not_unnested ... ok
[INFO] [stdout] test parser::internal_generator::tests::generates_group_by_and_offset_like_public_generator ... ok
[INFO] [stdout] test parser::internal_generator::tests::generates_quoted_identifiers_with_target_dialect_quotes ... ok
[INFO] [stdout] test optimizer::unnest_subqueries::tests::test_parenthesized_exists ... ok
[INFO] [stdout] test optimizer::unnest_subqueries::tests::test_not_exists_to_left_join ... ok
[INFO] [stdout] test parser::internal_generator::tests::generates_simple_window_like_public_generator ... ok
[INFO] [stdout] test optimizer::unnest_subqueries::tests::test_scalar_subquery_in_where_not_unnested ... ok
[INFO] [stdout] test parser::internal_generator::tests::generates_cte_and_cross_join_like_public_generator ... ok
[INFO] [stdout] test optimizer::unnest_subqueries::tests::test_subquery_in_select_not_unnested ... ok
[INFO] [stdout] test parser::internal_ast::tests::internal_select_subset_converts_to_public_ast ... ok
[INFO] [stdout] test optimizer::unnest_subqueries::tests::test_not_in_subquery_to_left_join ... ok
[INFO] [stdout] test optimizer::unnest_subqueries::tests::test_or_with_exists_not_unnested ... ok
[INFO] [stdout] test parser::internal_generator::tests::generates_simple_select_like_public_generator ... ok
[INFO] [stdout] test parser::internal_generator::tests::generates_supported_select_subset_like_public_generator ... ok
[INFO] [stdout] test parser::internal_generator::tests::returns_none_for_unsupported_internal_shape ... ok
[INFO] [stdout] test parser::internal_parser::tests::falls_back_for_joins ... ok
[INFO] [stdout] test parser::internal_parser::tests::parses_count_distinct_group_by ... ok
[INFO] [stdout] test parser::internal_parser::tests::owns_decoded_string_literals ... ok
[INFO] [stdout] test parser::internal_parser::tests::parses_group_by ... ok
[INFO] [stdout] test parser::internal_parser::tests::parses_cte_with_comma_from_like_public_generator ... ok
[INFO] [stdout] test parser::internal_parser::tests::parses_simple_select_from ... ok
[INFO] [stdout] test parser::internal_parser::tests::borrows_unquoted_identifiers_and_numbers ... ok
[INFO] [stdout] test parser::internal_parser::tests::falls_back_for_operator_precedence ... ok
[INFO] [stdout] test parser::internal_parser::tests::parses_simple_window_over_partition_order ... ok
[INFO] [stdout] test parser::internal_parser::tests::falls_back_for_qualified_wildcard ... ok
[INFO] [stdout] test optimizer::unnest_subqueries::tests::test_where_without_subqueries_unchanged ... ok
[INFO] [stdout] test parser::internal_transform::tests::preserves_supported_identity_dialects ... ok
[INFO] [stdout] test parser::internal_ast::tests::internal_expr_can_mix_borrowed_and_owned_text ... ok
[INFO] [stdout] test parser::internal_parser::tests::parses_sqlite_raw_identity_statements ... ok
[INFO] [stdout] test parser::sql_parser::tests::test_parse_create_table_constraints ... ok
[INFO] [stdout] test parser::sql_parser::tests::test_parse_cte ... ok
[INFO] [stdout] test parser::sql_parser::tests::test_parse_delete ... ok
[INFO] [stdout] test parser::internal_transform::tests::rejects_cross_dialect_transforms ... ok
[INFO] [stdout] test parser::internal_transform::tests::rejects_identity_dialects_with_different_table_alias_rules ... ok
[INFO] [stdout] test parser::sql_parser::tests::test_parse_exists ... ok
[INFO] [stdout] test parser::sql_parser::tests::test_parse_extract ... ok
[INFO] [stdout] test parser::sql_parser::tests::test_parse_select_wildcard ... ok
[INFO] [stdout] test parser::internal_transform::tests::rejects_bare_pseudo_columns_canonicalized_by_public_generator ... ok
[INFO] [stdout] test parser::sql_parser::tests::test_parse_simple_select ... ok
[INFO] [stdout] test parser::sql_parser::tests::test_parse_join ... ok
[INFO] [stdout] test parser::sql_parser::tests::test_parse_multiple_statements ... ok
[INFO] [stdout] test parser::internal_parser::tests::parses_group_by_limit_offset_and_explicit_asc ... ok
[INFO] [stdout] test parser::sql_parser::tests::test_parse_cast ... ok
[INFO] [stdout] test parser::sql_parser::tests::test_parse_postgres_cast ... ok
[INFO] [stdout] test parser::internal_parser::tests::parses_literals_and_wildcards ... ok
[INFO] [stdout] test parser::sql_parser::tests::test_parse_insert_select ... ok
[INFO] [stdout] test parser::internal_parser::tests::raw_identity_statements_are_sqlite_only ... ok
[INFO] [stdout] test parser::sql_parser::tests::test_parse_select_with_where ... ok
[INFO] [stdout] test parser::sql_parser::tests::test_parse_values_in_from ... ok
[INFO] [stdout] test parser::sql_parser::tests::test_parse_subquery ... ok
[INFO] [stdout] test parser::sql_parser::tests::test_parse_window_function ... ok
[INFO] [stdout] test parser::sql_parser::tests::test_parse_union ... ok
[INFO] [stdout] test planner::tests::test_cross_join ... ok
[INFO] [stdout] test parser::internal_parser::tests::parses_where_order_by_and_limit ... ok
[INFO] [stdout] test planner::tests::test_dot_output ... ok
[INFO] [stdout] test planner::tests::test_no_from_select ... ok
[INFO] [stdout] test planner::tests::test_left_join ... ok
[INFO] [stdout] test planner::tests::test_dag_dependencies ... ok
[INFO] [stdout] test planner::tests::test_multiple_joins ... ok
[INFO] [stdout] test planner::tests::test_ddl_rejected ... ok
[INFO] [stdout] test planner::tests::test_select_with_group_by ... ok
[INFO] [stdout] test parser::sql_parser::tests::test_parse_insert ... ok
[INFO] [stdout] test planner::tests::test_limit_offset ... ok
[INFO] [stdout] test planner::tests::test_select_with_order_by ... ok
[INFO] [stdout] test planner::tests::test_simple_select ... ok
[INFO] [stdout] test planner::tests::test_select_with_where ... ok
[INFO] [stdout] test planner::tests::test_subquery_in_from ... ok
[INFO] [stdout] test planner::tests::test_select_with_having ... ok
[INFO] [stdout] test planner::tests::test_mermaid_output ... ok
[INFO] [stdout] test parser::text::tests::borrowed_text_exposes_source_without_copying ... ok
[INFO] [stdout] test parser::text::tests::owned_text_carries_decoded_or_generated_strings ... ok
[INFO] [stdout] test planner::tests::test_union_with_order_limit ... ok
[INFO] [stdout] test planner::tests::test_complex_query ... ok
[INFO] [stdout] test schema::tests::test_add_and_query_table ... ok
[INFO] [stdout] test schema::tests::test_case_sensitive_dialect ... ok
[INFO] [stdout] test schema::tests::test_complex_data_types ... ok
[INFO] [stdout] test planner::tests::test_union ... ok
[INFO] [stdout] test schema::tests::test_remove_table ... ok
[INFO] [stdout] test schema::tests::test_replace_table ... ok
[INFO] [stdout] test schema::tests::test_ensure_schema ... ok
[INFO] [stdout] test schema::tests::test_schema_dialect ... ok
[INFO] [stdout] test schema::tests::test_case_insensitive_dialect ... ok
[INFO] [stdout] test schema::tests::test_ensure_schema_nested ... ok
[INFO] [stdout] test schema::tests::test_hive_case_sensitive ... ok
[INFO] [stdout] test schema::tests::test_column_not_found ... ok
[INFO] [stdout] test schema::tests::test_invalid_path_too_many_parts ... ok
[INFO] [stdout] test planner::tests::test_values_in_from_virtual_scan ... ok
[INFO] [stdout] test schema::tests::test_duplicate_table_error ... ok
[INFO] [stdout] test schema::tests::test_empty_schema_has_no_columns ... ok
[INFO] [stdout] test planner::tests::test_distinct ... ok
[INFO] [stdout] test schema::tests::test_udf_return_type ... ok
[INFO] [stdout] test schema::tests::test_schema_error_into_sqlglot_error ... ok
[INFO] [stdout] test planner::tests::test_join ... ok
[INFO] [stdout] test schema::tests::test_two_level_path ... ok
[INFO] [stdout] test tests::guarded_internal_transpile_falls_back_for_unsupported_internal_shape ... ok
[INFO] [stdout] test schema::tests::test_udf_case_sensitive ... ok
[INFO] [stdout] test tests::guarded_internal_transpile_falls_back_when_transform_changes_output ... ok
[INFO] [stdout] test planner::tests::test_display ... ok
[INFO] [stdout] test schema::tests::test_schema_error_display ... ok
[INFO] [stdout] test tests::guarded_internal_transpile_uses_internal_when_output_matches ... ok
[INFO] [stdout] test tests::internal_fast_experiment_declines_unsupported_shapes ... ok
[INFO] [stdout] test schema::tests::test_short_path_searches_all ... ok
[INFO] [stdout] test schema::tests::test_multiple_dialects_normalization ... ok
[INFO] [stdout] test schema::tests::test_three_level_path ... ok
[INFO] [stdout] test tests::internal_fast_experiment_matches_public_output_for_supported_identity_dialects ... ok
[INFO] [stdout] test tests::internal_fast_experiment_returns_supported_identity_output_without_oracle ... ok
[INFO] [stdout] test tokens::tokenizer::tests::test_line_tracking ... ok
[INFO] [stdout] test tokens::tokenizer::tests::test_token_spans_cover_source_bytes ... ok
[INFO] [stdout] test tokens::tokenizer::tests::test_tokenize_block_comment ... ok
[INFO] [stdout] test tokens::tokenizer::tests::test_tokenize_cast ... ok
[INFO] [stdout] test tests::internal_fast_guarded_status_covers_sqlite_identity_workload ... ok
[INFO] [stdout] test tokens::tokenizer::tests::test_tokenize_cte_keywords ... ok
[INFO] [stdout] test tests::internal_fast_guarded_status_reports_used_when_output_matches ... ok
[INFO] [stdout] test tokens::tokenizer::tests::test_tokenize_double_colon ... ok
[INFO] [stdout] test tests::internal_fast_experiment_declines_pseudo_columns ... ok
[INFO] [stdout] test tokens::tokenizer::tests::test_tokenize_hash_comment_with_hash_comments_enabled ... ok
[INFO] [stdout] test tokens::tokenizer::tests::test_tokenize_hash_with_hash_comments_disabled ... ok
[INFO] [stdout] test tokens::tokenizer::tests::test_tokenize_line_comment ... ok
[INFO] [stdout] test schema::tests::test_table_names ... ok
[INFO] [stdout] test tokens::tokenizer::tests::test_tokenize_number ... ok
[INFO] [stdout] test tokens::tokenizer::tests::test_tokenize_operators ... ok
[INFO] [stdout] test tokens::tokenizer::tests::test_tokenize_window ... ok
[INFO] [stdout] test tests::internal_fast_experiment_declines_cross_dialect_rewrites ... ok
[INFO] [stdout] test tokens::tokenizer::tests::test_tokenize_postgres_pattern_operators ... ok
[INFO] [stdout] test tokens::tokenizer::tests::test_tokenize_simple_select ... ok
[INFO] [stdout] test tokens::tokenizer::tests::test_tokenize_string_literal ... ok
[INFO] [stdout] test tokens::tokenizer::tests::test_tokenize_union_intersect_except ... ok
[INFO] [stdout] test schema::tests::test_table_not_found ... ok
[INFO] [stderr]      Running unittests src/bin/sqlgrok_alloc_profile.rs (/opt/rustwide/target/release/build/sqlgrok/b936fd72ec6c8b0c/out/sqlgrok_alloc_profile-b936fd72ec6c8b0c)
[INFO] [stdout] 
[INFO] [stdout] test result: ok. 355 passed; 0 failed; 0 ignored; 0 measured; 0 filtered out; finished in 0.09s
[INFO] [stdout] 
[INFO] [stdout] 
[INFO] [stderr]      Running unittests src/bin/sqlgrok_internal_fast_report.rs (/opt/rustwide/target/release/build/sqlgrok/433b72e80180e2f3/out/sqlgrok_internal_fast_report-433b72e80180e2f3)
[INFO] [stdout] running 0 tests
[INFO] [stderr]      Running unittests src/bin/xtask.rs (/opt/rustwide/target/release/build/sqlgrok/9214a48383564fc9/out/xtask-9214a48383564fc9)
[INFO] [stdout] 
[INFO] [stdout] test result: ok. 0 passed; 0 failed; 0 ignored; 0 measured; 0 filtered out; finished in 0.00s
[INFO] [stdout] 
[INFO] [stdout] 
[INFO] [stdout] running 0 tests
[INFO] [stdout] 
[INFO] [stdout] test result: ok. 0 passed; 0 failed; 0 ignored; 0 measured; 0 filtered out; finished in 0.00s
[INFO] [stdout] 
[INFO] [stdout] 
[INFO] [stderr]      Running tests/integration_tests.rs (/opt/rustwide/target/release/build/sqlgrok/781d1c96609bedc0/out/integration_tests-781d1c96609bedc0)
[INFO] [stdout] running 0 tests
[INFO] [stdout] 
[INFO] [stdout] test result: ok. 0 passed; 0 failed; 0 ignored; 0 measured; 0 filtered out; finished in 0.00s
[INFO] [stdout] 
[INFO] [stdout] 
[INFO] [stdout] running 60 tests
[INFO] [stdout] test test_optimizer_constant_folding ... ok
[INFO] [stdout] test test_roundtrip_cube_with_having ... ok
[INFO] [stdout] test test_merge_transpile_across_dialects ... ok
[INFO] [stdout] test test_roundtrip_create_view ... ok
[INFO] [stdout] test test_roundtrip_complex_query ... ok
[INFO] [stdout] test test_roundtrip_drop_table ... ok
[INFO] [stdout] test test_roundtrip_delete ... ok
[INFO] [stdout] test test_roundtrip_cast ... ok
[INFO] [stdout] test test_roundtrip_group_by_cube ... ok
[INFO] [stdout] test test_roundtrip_create_table ... ok
[INFO] [stdout] test test_roundtrip_group_by_grouping_sets ... ok
[INFO] [stdout] test test_roundtrip_group_by_rollup ... ok
[INFO] [stdout] test test_roundtrip_commit ... ok
[INFO] [stdout] test test_roundtrip_group_by_rollup_three_columns ... ok
[INFO] [stdout] test test_roundtrip_drop_view ... ok
[INFO] [stdout] test test_ast_serialization ... ok
[INFO] [stdout] test test_roundtrip_cte ... ok
[INFO] [stdout] test test_roundtrip_exists ... ok
[INFO] [stdout] test test_merge_serialization ... ok
[INFO] [stdout] test test_roundtrip_group_by_cube_single_column ... ok
[INFO] [stdout] test test_roundtrip_grouping_function ... ok
[INFO] [stdout] test test_roundtrip_merge_not_matched_by_source ... ok
[INFO] [stdout] test test_roundtrip_insert ... ok
[INFO] [stdout] test test_roundtrip_extract ... ok
[INFO] [stdout] test test_roundtrip_merge_subquery_source ... ok
[INFO] [stdout] test test_roundtrip_insert_select ... ok
[INFO] [stdout] test test_roundtrip_in_subquery ... ok
[INFO] [stdout] test test_roundtrip_mixed_group_by_and_rollup ... ok
[INFO] [stdout] test test_roundtrip_merge_with_delete ... ok
[INFO] [stdout] test test_roundtrip_merge_without_into ... ok
[INFO] [stdout] test test_roundtrip_mixed_group_by_and_cube ... ok
[INFO] [stdout] test test_roundtrip_recursive_cte ... ok
[INFO] [stdout] test test_roundtrip_merge_multiple_when_clauses ... ok
[INFO] [stdout] test test_roundtrip_on_conflict_nothing ... ok
[INFO] [stdout] test test_roundtrip_rollup_with_order_by ... ok
[INFO] [stdout] test test_roundtrip_union ... ok
[INFO] [stdout] test test_roundtrip_update ... ok
[INFO] [stdout] test test_roundtrip_grouping_function_multiple_args ... ok
[INFO] [stdout] test test_roundtrip_merge_insert_row ... ok
[INFO] [stdout] test test_roundtrip_window_function ... ok
[INFO] [stdout] test test_roundtrip_grouping_sets_with_empty_set ... ok
[INFO] [stdout] test test_roundtrip_select ... ok
[INFO] [stdout] test test_roundtrip_intersect ... ok
[INFO] [stdout] test test_schema_validates_query_columns ... ok
[INFO] [stdout] test test_transpile_function_mapping ... ok
[INFO] [stdout] test test_schema_udf_types ... ok
[INFO] [stdout] test test_merge_ast_structure ... ok
[INFO] [stdout] test test_schema_from_create_table ... ok
[INFO] [stdout] test test_find_columns ... ok
[INFO] [stdout] test test_roundtrip_merge_basic ... ok
[INFO] [stdout] test test_transpile_cube_across_dialects ... ok
[INFO] [stdout] test test_roundtrip_nested_grouping_sets_with_rollup ... ok
[INFO] [stdout] test test_roundtrip_subquery_from ... ok
[INFO] [stdout] test test_find_tables ... ok
[INFO] [stdout] test test_roundtrip_begin ... ok
[INFO] [stdout] test test_transpile_identity ... ok
[INFO] [stdout] test test_schema_cross_dialect_normalization ... ok
[INFO] [stdout] test test_schema_duplicate_and_replace ... ok
[INFO] [stdout] test test_transpile_grouping_sets_across_dialects ... ok
[INFO] [stdout] test test_transpile_rollup_across_dialects ... ok
[INFO] [stdout] 
[INFO] [stdout] test result: ok. 60 passed; 0 failed; 0 ignored; 0 measured; 0 filtered out; finished in 0.02s
[INFO] [stdout] 
[INFO] [stderr]      Running tests/sqlglot_parity.rs (/opt/rustwide/target/release/build/sqlgrok/10cfe25e7cace2f9/out/sqlglot_parity-10cfe25e7cace2f9)
[INFO] [stdout] 
[INFO] [stdout] running 1 test
[INFO] [stdout] test sqlglot_python_curated_parity ... ok
[INFO] [stdout] 
[INFO] [stdout] test result: ok. 1 passed; 0 failed; 0 ignored; 0 measured; 0 filtered out; finished in 0.00s
[INFO] [stdout] 
[INFO] [stderr]      Running tests/test_cli.rs (/opt/rustwide/target/release/build/sqlgrok/a5013a89e912ee5a/out/test_cli-a5013a89e912ee5a)
[INFO] [stdout] 
[INFO] [stdout] running 16 tests
[INFO] [stdout] test format_from_file ... FAILED
[INFO] [stdout] test format_pretty_prints ... FAILED
[INFO] [stdout] test transpile_multiple_statements ... FAILED
[INFO] [stdout] test transpile_stdin_to_stdout ... FAILED
[INFO] [stdout] test transpile_applies_dialect_transforms ... FAILED
[INFO] [stdout] test version_flag ... FAILED
[INFO] [stdout] test transpile_with_optimize ... FAILED
[INFO] [stdout] test transpile_to_file ... FAILED
[INFO] [stdout] test parse_valid_json ... FAILED
[INFO] [stdout] test transpile_from_file ... FAILED
[INFO] [stdout] test parse_outputs_json ... FAILED
[INFO] [stdout] test parse_pretty_json ... FAILED
[INFO] [stdout] test transpile_all_dialects ... FAILED
[INFO] [stdout] test transpile_unknown_dialect_fails ... FAILED
[INFO] [stdout] test transpile_pretty ... FAILED
[INFO] [stdout] test help_flag ... FAILED
[INFO] [stdout] 
[INFO] [stdout] failures:
[INFO] [stdout] 
[INFO] [stdout] ---- format_from_file stdout ----
[INFO] [stdout] 
[INFO] [stdout] thread 'format_from_file' (2731) panicked at tests/test_cli.rs:7:35:
[INFO] [stdout] called `Result::unwrap()` on an `Err` value: CargoError { cause: Some(NotFoundError { path: "/opt/rustwide/target/release/sqlgrok" }) }
[INFO] [stdout] stack backtrace:
[INFO] [stdout]    0:     0x623982e6a421 - <<std[617be2ca0a6fd877]::sys::backtrace::BacktraceLock>::print::DisplayBacktrace as core[a373ad73a504971]::fmt::Display>::fmt
[INFO] [stdout]    1:     0x623982e80dca - core[a373ad73a504971]::fmt::write
[INFO] [stdout]    2:     0x623982e6fabc - <alloc[2e1b2a31b91974c5]::vec::Vec<u8> as core[a373ad73a504971]::io::write::Write>::write_fmt
[INFO] [stdout]    3:     0x623982e45906 - std[617be2ca0a6fd877]::panicking::default_hook::{closure#0}
[INFO] [stdout]    4:     0x623982e625b9 - std[617be2ca0a6fd877]::panicking::default_hook
[INFO] [stdout]    5:     0x623982debd10 - test[aada8e7e76ba119b]::test_main_inner::{closure#0}
[INFO] [stdout]    6:     0x623982e62772 - std[617be2ca0a6fd877]::panicking::panic_with_hook
[INFO] [stdout]    7:     0x623982e459b2 - std[617be2ca0a6fd877]::panicking::panic_handler::{closure#0}
[INFO] [stdout]    8:     0x623982e3e489 - std[617be2ca0a6fd877]::sys::backtrace::__rust_end_short_backtrace::<std[617be2ca0a6fd877]::panicking::panic_handler::{closure#0}, !>
[INFO] [stdout]    9:     0x623982e465bd - __rustc[ea4f61d10b84890b]::rust_begin_unwind
[INFO] [stdout]   10:     0x623982e8157c - core[a373ad73a504971]::panicking::panic_fmt
[INFO] [stdout]   11:     0x623982e81352 - core[a373ad73a504971]::result::unwrap_failed
[INFO] [stdout]   12:     0x623982dd19eb - <test_cli[b615b584d3b264f]::format_from_file::{closure#0} as core[a373ad73a504971]::ops::function::FnOnce<()>>::call_once
[INFO] [stdout]   13:     0x623982ddf15b - test[aada8e7e76ba119b]::__rust_begin_short_backtrace::<core[a373ad73a504971]::result::Result<(), alloc[2e1b2a31b91974c5]::string::String>, fn() -> core[a373ad73a504971]::result::Result<(), alloc[2e1b2a31b91974c5]::string::String>>
[INFO] [stdout]   14:     0x623982dec335 - test[aada8e7e76ba119b]::run_test::{closure#0}
[INFO] [stdout]   15:     0x623982de5c24 - std[617be2ca0a6fd877]::sys::backtrace::__rust_begin_short_backtrace::<test[aada8e7e76ba119b]::run_test::{closure#1}, ()>
[INFO] [stdout]   16:     0x623982def3c2 - <std[617be2ca0a6fd877]::thread::lifecycle::spawn_unchecked<test[aada8e7e76ba119b]::run_test::{closure#1}, ()>::{closure#1} as core[a373ad73a504971]::ops::function::FnOnce<()>>::call_once::{shim:vtable#0}
[INFO] [stdout]   17:     0x623982e6989f - <std[617be2ca0a6fd877]::sys::thread::unix::Thread>::new::thread_start
[INFO] [stdout]   18:     0x78305e698dfa - <unknown>
[INFO] [stdout]   19:     0x78305e72c3d4 - clone
[INFO] [stdout]   20:                0x0 - <unknown>
[INFO] [stdout] 
[INFO] [stdout] ---- format_pretty_prints stdout ----
[INFO] [stdout] 
[INFO] [stdout] thread 'format_pretty_prints' (2732) panicked at tests/test_cli.rs:7:35:
[INFO] [stdout] called `Result::unwrap()` on an `Err` value: CargoError { cause: Some(NotFoundError { path: "/opt/rustwide/target/release/sqlgrok" }) }
[INFO] [stdout] stack backtrace:
[INFO] [stdout]    0:     0x623982e6a421 - <<std[617be2ca0a6fd877]::sys::backtrace::BacktraceLock>::print::DisplayBacktrace as core[a373ad73a504971]::fmt::Display>::fmt
[INFO] [stdout]    1:     0x623982e80dca - core[a373ad73a504971]::fmt::write
[INFO] [stdout]    2:     0x623982e6fabc - <alloc[2e1b2a31b91974c5]::vec::Vec<u8> as core[a373ad73a504971]::io::write::Write>::write_fmt
[INFO] [stdout]    3:     0x623982e45906 - std[617be2ca0a6fd877]::panicking::default_hook::{closure#0}
[INFO] [stdout]    4:     0x623982e625b9 - std[617be2ca0a6fd877]::panicking::default_hook
[INFO] [stdout]    5:     0x623982debd10 - test[aada8e7e76ba119b]::test_main_inner::{closure#0}
[INFO] [stdout]    6:     0x623982e62772 - std[617be2ca0a6fd877]::panicking::panic_with_hook
[INFO] [stdout]    7:     0x623982e459b2 - std[617be2ca0a6fd877]::panicking::panic_handler::{closure#0}
[INFO] [stdout]    8:     0x623982e3e489 - std[617be2ca0a6fd877]::sys::backtrace::__rust_end_short_backtrace::<std[617be2ca0a6fd877]::panicking::panic_handler::{closure#0}, !>
[INFO] [stdout]    9:     0x623982e465bd - __rustc[ea4f61d10b84890b]::rust_begin_unwind
[INFO] [stdout]   10:     0x623982e8157c - core[a373ad73a504971]::panicking::panic_fmt
[INFO] [stdout]   11:     0x623982e81352 - core[a373ad73a504971]::result::unwrap_failed
[INFO] [stdout]   12:     0x623982dd3a37 - <test_cli[b615b584d3b264f]::format_pretty_prints::{closure#0} as core[a373ad73a504971]::ops::function::FnOnce<()>>::call_once
[INFO] [stdout]   13:     0x623982ddf15b - test[aada8e7e76ba119b]::__rust_begin_short_backtrace::<core[a373ad73a504971]::result::Result<(), alloc[2e1b2a31b91974c5]::string::String>, fn() -> core[a373ad73a504971]::result::Result<(), alloc[2e1b2a31b91974c5]::string::String>>
[INFO] [stdout]   14:     0x623982dec335 - test[aada8e7e76ba119b]::run_test::{closure#0}
[INFO] [stdout]   15:     0x623982de5c24 - std[617be2ca0a6fd877]::sys::backtrace::__rust_begin_short_backtrace::<test[aada8e7e76ba119b]::run_test::{closure#1}, ()>
[INFO] [stdout]   16:     0x623982def3c2 - <std[617be2ca0a6fd877]::thread::lifecycle::spawn_unchecked<test[aada8e7e76ba119b]::run_test::{closure#1}, ()>::{closure#1} as core[a373ad73a504971]::ops::function::FnOnce<()>>::call_once::{shim:vtable#0}
[INFO] [stdout]   17:     0x623982e6989f - <std[617be2ca0a6fd877]::sys::thread::unix::Thread>::new::thread_start
[INFO] [stdout]   18:     0x78305e698dfa - <unknown>
[INFO] [stdout]   19:     0x78305e72c3d4 - clone
[INFO] [stdout]   20:                0x0 - <unknown>
[INFO] [stdout] 
[INFO] [stdout] ---- transpile_multiple_statements stdout ----
[INFO] [stdout] 
[INFO] [stdout] thread 'transpile_multiple_statements' (2740) panicked at tests/test_cli.rs:7:35:
[INFO] [stdout] called `Result::unwrap()` on an `Err` value: CargoError { cause: Some(NotFoundError { path: "/opt/rustwide/target/release/sqlgrok" }) }
[INFO] [stdout] stack backtrace:
[INFO] [stdout]    0:     0x623982e6a421 - <<std[617be2ca0a6fd877]::sys::backtrace::BacktraceLock>::print::DisplayBacktrace as core[a373ad73a504971]::fmt::Display>::fmt
[INFO] [stdout]    1:     0x623982e80dca - core[a373ad73a504971]::fmt::write
[INFO] [stdout]    2:     0x623982e6fabc - <alloc[2e1b2a31b91974c5]::vec::Vec<u8> as core[a373ad73a504971]::io::write::Write>::write_fmt
[INFO] [stdout]    3:     0x623982e45906 - std[617be2ca0a6fd877]::panicking::default_hook::{closure#0}
[INFO] [stdout]    4:     0x623982e625b9 - std[617be2ca0a6fd877]::panicking::default_hook
[INFO] [stdout]    5:     0x623982debd10 - test[aada8e7e76ba119b]::test_main_inner::{closure#0}
[INFO] [stdout]    6:     0x623982e62772 - std[617be2ca0a6fd877]::panicking::panic_with_hook
[INFO] [stdout]    7:     0x623982e459b2 - std[617be2ca0a6fd877]::panicking::panic_handler::{closure#0}
[INFO] [stdout]    8:     0x623982e3e489 - std[617be2ca0a6fd877]::sys::backtrace::__rust_end_short_backtrace::<std[617be2ca0a6fd877]::panicking::panic_handler::{closure#0}, !>
[INFO] [stdout]    9:     0x623982e465bd - __rustc[ea4f61d10b84890b]::rust_begin_unwind
[INFO] [stdout]   10:     0x623982e8157c - core[a373ad73a504971]::panicking::panic_fmt
[INFO] [stdout]   11:     0x623982e81352 - core[a373ad73a504971]::result::unwrap_failed
[INFO] [stdout]   12:     0x623982dd4d3a - <test_cli[b615b584d3b264f]::transpile_multiple_statements::{closure#0} as core[a373ad73a504971]::ops::function::FnOnce<()>>::call_once
[INFO] [stdout]   13:     0x623982ddf15b - test[aada8e7e76ba119b]::__rust_begin_short_backtrace::<core[a373ad73a504971]::result::Result<(), alloc[2e1b2a31b91974c5]::string::String>, fn() -> core[a373ad73a504971]::result::Result<(), alloc[2e1b2a31b91974c5]::string::String>>
[INFO] [stdout]   14:     0x623982dec335 - test[aada8e7e76ba119b]::run_test::{closure#0}
[INFO] [stdout]   15:     0x623982de5c24 - std[617be2ca0a6fd877]::sys::backtrace::__rust_begin_short_backtrace::<test[aada8e7e76ba119b]::run_test::{closure#1}, ()>
[INFO] [stdout]   16:     0x623982def3c2 - <std[617be2ca0a6fd877]::thread::lifecycle::spawn_unchecked<test[aada8e7e76ba119b]::run_test::{closure#1}, ()>::{closure#1} as core[a373ad73a504971]::ops::function::FnOnce<()>>::call_once::{shim:vtable#0}
[INFO] [stdout]   17:     0x623982e6989f - <std[617be2ca0a6fd877]::sys::thread::unix::Thread>::new::thread_start
[INFO] [stdout]   18:     0x78305e698dfa - <unknown>
[INFO] [stdout]   19:     0x78305e72c3d4 - clone
[INFO] [stdout]   20:                0x0 - <unknown>
[INFO] [stdout] 
[INFO] [stdout] ---- transpile_stdin_to_stdout stdout ----
[INFO] [stdout] 
[INFO] [stdout] thread 'transpile_stdin_to_stdout' (2742) panicked at tests/test_cli.rs:7:35:
[INFO] [stdout] called `Result::unwrap()` on an `Err` value: CargoError { cause: Some(NotFoundError { path: "/opt/rustwide/target/release/sqlgrok" }) }
[INFO] [stdout] stack backtrace:
[INFO] [stdout]    0:     0x623982e6a421 - <<std[617be2ca0a6fd877]::sys::backtrace::BacktraceLock>::print::DisplayBacktrace as core[a373ad73a504971]::fmt::Display>::fmt
[INFO] [stdout]    1:     0x623982e80dca - core[a373ad73a504971]::fmt::write
[INFO] [stdout]    2:     0x623982e6fabc - <alloc[2e1b2a31b91974c5]::vec::Vec<u8> as core[a373ad73a504971]::io::write::Write>::write_fmt
[INFO] [stdout]    3:     0x623982e45906 - std[617be2ca0a6fd877]::panicking::default_hook::{closure#0}
[INFO] [stdout]    4:     0x623982e625b9 - std[617be2ca0a6fd877]::panicking::default_hook
[INFO] [stdout]    5:     0x623982debd10 - test[aada8e7e76ba119b]::test_main_inner::{closure#0}
[INFO] [stdout]    6:     0x623982e62772 - std[617be2ca0a6fd877]::panicking::panic_with_hook
[INFO] [stdout]    7:     0x623982e459b2 - std[617be2ca0a6fd877]::panicking::panic_handler::{closure#0}
[INFO] [stdout]    8:     0x623982e3e489 - std[617be2ca0a6fd877]::sys::backtrace::__rust_end_short_backtrace::<std[617be2ca0a6fd877]::panicking::panic_handler::{closure#0}, !>
[INFO] [stdout]    9:     0x623982e465bd - __rustc[ea4f61d10b84890b]::rust_begin_unwind
[INFO] [stdout]   10:     0x623982e8157c - core[a373ad73a504971]::panicking::panic_fmt
[INFO] [stdout]   11:     0x623982e81352 - core[a373ad73a504971]::result::unwrap_failed
[INFO] [stdout]   12:     0x623982dd48c1 - <test_cli[b615b584d3b264f]::transpile_stdin_to_stdout::{closure#0} as core[a373ad73a504971]::ops::function::FnOnce<()>>::call_once
[INFO] [stderr] error: test failed, to rerun pass `--test test_cli`
[INFO] [stdout]   13:     0x623982ddf15b - test[aada8e7e76ba119b]::__rust_begin_short_backtrace::<core[a373ad73a504971]::result::Result<(), alloc[2e1b2a31b91974c5]::string::String>, fn() -> core[a373ad73a504971]::result::Result<(), alloc[2e1b2a31b91974c5]::string::String>>
[INFO] [stdout]   14:     0x623982dec335 - test[aada8e7e76ba119b]::run_test::{closure#0}
[INFO] [stdout]   15:     0x623982de5c24 - std[617be2ca0a6fd877]::sys::backtrace::__rust_begin_short_backtrace::<test[aada8e7e76ba119b]::run_test::{closure#1}, ()>
[INFO] [stdout]   16:     0x623982def3c2 - <std[617be2ca0a6fd877]::thread::lifecycle::spawn_unchecked<test[aada8e7e76ba119b]::run_test::{closure#1}, ()>::{closure#1} as core[a373ad73a504971]::ops::function::FnOnce<()>>::call_once::{shim:vtable#0}
[INFO] [stdout]   17:     0x623982e6989f - <std[617be2ca0a6fd877]::sys::thread::unix::Thread>::new::thread_start
[INFO] [stdout]   18:     0x78305e698dfa - <unknown>
[INFO] [stdout]   19:     0x78305e72c3d4 - clone
[INFO] [stdout]   20:                0x0 - <unknown>
[INFO] [stdout] 
[INFO] [stdout] ---- transpile_applies_dialect_transforms stdout ----
[INFO] [stdout] 
[INFO] [stdout] thread 'transpile_applies_dialect_transforms' (2738) panicked at tests/test_cli.rs:7:35:
[INFO] [stdout] called `Result::unwrap()` on an `Err` value: CargoError { cause: Some(NotFoundError { path: "/opt/rustwide/target/release/sqlgrok" }) }
[INFO] [stdout] stack backtrace:
[INFO] [stdout]    0:     0x623982e6a421 - <<std[617be2ca0a6fd877]::sys::backtrace::BacktraceLock>::print::DisplayBacktrace as core[a373ad73a504971]::fmt::Display>::fmt
[INFO] [stdout]    1:     0x623982e80dca - core[a373ad73a504971]::fmt::write
[INFO] [stdout]    2:     0x623982e6fabc - <alloc[2e1b2a31b91974c5]::vec::Vec<u8> as core[a373ad73a504971]::io::write::Write>::write_fmt
[INFO] [stdout]    3:     0x623982e45906 - std[617be2ca0a6fd877]::panicking::default_hook::{closure#0}
[INFO] [stdout]    4:     0x623982e625b9 - std[617be2ca0a6fd877]::panicking::default_hook
[INFO] [stdout]    5:     0x623982debd10 - test[aada8e7e76ba119b]::test_main_inner::{closure#0}
[INFO] [stdout]    6:     0x623982e62772 - std[617be2ca0a6fd877]::panicking::panic_with_hook
[INFO] [stdout]    7:     0x623982e459b2 - std[617be2ca0a6fd877]::panicking::panic_handler::{closure#0}
[INFO] [stdout]    8:     0x623982e3e489 - std[617be2ca0a6fd877]::sys::backtrace::__rust_end_short_backtrace::<std[617be2ca0a6fd877]::panicking::panic_handler::{closure#0}, !>
[INFO] [stdout]    9:     0x623982e465bd - __rustc[ea4f61d10b84890b]::rust_begin_unwind
[INFO] [stdout]   10:     0x623982e8157c - core[a373ad73a504971]::panicking::panic_fmt
[INFO] [stdout]   11:     0x623982e81352 - core[a373ad73a504971]::result::unwrap_failed
[INFO] [stdout]   12:     0x623982dd54c1 - <test_cli[b615b584d3b264f]::transpile_applies_dialect_transforms::{closure#0} as core[a373ad73a504971]::ops::function::FnOnce<()>>::call_once
[INFO] [stdout]   13:     0x623982ddf15b - test[aada8e7e76ba119b]::__rust_begin_short_backtrace::<core[a373ad73a504971]::result::Result<(), alloc[2e1b2a31b91974c5]::string::String>, fn() -> core[a373ad73a504971]::result::Result<(), alloc[2e1b2a31b91974c5]::string::String>>
[INFO] [stdout]   14:     0x623982dec335 - test[aada8e7e76ba119b]::run_test::{closure#0}
[INFO] [stdout]   15:     0x623982de5c24 - std[617be2ca0a6fd877]::sys::backtrace::__rust_begin_short_backtrace::<test[aada8e7e76ba119b]::run_test::{closure#1}, ()>
[INFO] [stdout]   16:     0x623982def3c2 - <std[617be2ca0a6fd877]::thread::lifecycle::spawn_unchecked<test[aada8e7e76ba119b]::run_test::{closure#1}, ()>::{closure#1} as core[a373ad73a504971]::ops::function::FnOnce<()>>::call_once::{shim:vtable#0}
[INFO] [stdout]   17:     0x623982e6989f - <std[617be2ca0a6fd877]::sys::thread::unix::Thread>::new::thread_start
[INFO] [stdout]   18:     0x78305e698dfa - <unknown>
[INFO] [stdout]   19:     0x78305e72c3d4 - clone
[INFO] [stdout]   20:                0x0 - <unknown>
[INFO] [stdout] 
[INFO] [stdout] ---- version_flag stdout ----
[INFO] [stdout] 
[INFO] [stdout] thread 'version_flag' (2746) panicked at tests/test_cli.rs:7:35:
[INFO] [stdout] called `Result::unwrap()` on an `Err` value: CargoError { cause: Some(NotFoundError { path: "/opt/rustwide/target/release/sqlgrok" }) }
[INFO] [stdout] stack backtrace:
[INFO] [stdout]    0:     0x623982e6a421 - <<std[617be2ca0a6fd877]::sys::backtrace::BacktraceLock>::print::DisplayBacktrace as core[a373ad73a504971]::fmt::Display>::fmt
[INFO] [stdout]    1:     0x623982e80dca - core[a373ad73a504971]::fmt::write
[INFO] [stdout]    2:     0x623982e6fabc - <alloc[2e1b2a31b91974c5]::vec::Vec<u8> as core[a373ad73a504971]::io::write::Write>::write_fmt
[INFO] [stdout]    3:     0x623982e45906 - std[617be2ca0a6fd877]::panicking::default_hook::{closure#0}
[INFO] [stdout]    4:     0x623982e625b9 - std[617be2ca0a6fd877]::panicking::default_hook
[INFO] [stdout]    5:     0x623982debd10 - test[aada8e7e76ba119b]::test_main_inner::{closure#0}
[INFO] [stdout]    6:     0x623982e62772 - std[617be2ca0a6fd877]::panicking::panic_with_hook
[INFO] [stdout]    7:     0x623982e459b2 - std[617be2ca0a6fd877]::panicking::panic_handler::{closure#0}
[INFO] [stdout]    8:     0x623982e3e489 - std[617be2ca0a6fd877]::sys::backtrace::__rust_end_short_backtrace::<std[617be2ca0a6fd877]::panicking::panic_handler::{closure#0}, !>
[INFO] [stdout]    9:     0x623982e465bd - __rustc[ea4f61d10b84890b]::rust_begin_unwind
[INFO] [stdout]   10:     0x623982e8157c - core[a373ad73a504971]::panicking::panic_fmt
[INFO] [stdout]   11:     0x623982e81352 - core[a373ad73a504971]::result::unwrap_failed
[INFO] [stdout]   12:     0x623982dd15ba - <test_cli[b615b584d3b264f]::version_flag::{closure#0} as core[a373ad73a504971]::ops::function::FnOnce<()>>::call_once
[INFO] [stdout]   13:     0x623982ddf15b - test[aada8e7e76ba119b]::__rust_begin_short_backtrace::<core[a373ad73a504971]::result::Result<(), alloc[2e1b2a31b91974c5]::string::String>, fn() -> core[a373ad73a504971]::result::Result<(), alloc[2e1b2a31b91974c5]::string::String>>
[INFO] [stdout]   14:     0x623982dec335 - test[aada8e7e76ba119b]::run_test::{closure#0}
[INFO] [stdout]   15:     0x623982de5c24 - std[617be2ca0a6fd877]::sys::backtrace::__rust_begin_short_backtrace::<test[aada8e7e76ba119b]::run_test::{closure#1}, ()>
[INFO] [stdout]   16:     0x623982def3c2 - <std[617be2ca0a6fd877]::thread::lifecycle::spawn_unchecked<test[aada8e7e76ba119b]::run_test::{closure#1}, ()>::{closure#1} as core[a373ad73a504971]::ops::function::FnOnce<()>>::call_once::{shim:vtable#0}
[INFO] [stdout]   17:     0x623982e6989f - <std[617be2ca0a6fd877]::sys::thread::unix::Thread>::new::thread_start
[INFO] [stdout]   18:     0x78305e698dfa - <unknown>
[INFO] [stdout]   19:     0x78305e72c3d4 - clone
[INFO] [stdout]   20:                0x0 - <unknown>
[INFO] [stdout] 
[INFO] [stdout] ---- transpile_with_optimize stdout ----
[INFO] [stdout] 
[INFO] [stdout] thread 'transpile_with_optimize' (2745) panicked at tests/test_cli.rs:7:35:
[INFO] [stdout] called `Result::unwrap()` on an `Err` value: CargoError { cause: Some(NotFoundError { path: "/opt/rustwide/target/release/sqlgrok" }) }
[INFO] [stdout] stack backtrace:
[INFO] [stdout]    0:     0x623982e6a421 - <<std[617be2ca0a6fd877]::sys::backtrace::BacktraceLock>::print::DisplayBacktrace as core[a373ad73a504971]::fmt::Display>::fmt
[INFO] [stdout]    1:     0x623982e80dca - core[a373ad73a504971]::fmt::write
[INFO] [stdout]    2:     0x623982e6fabc - <alloc[2e1b2a31b91974c5]::vec::Vec<u8> as core[a373ad73a504971]::io::write::Write>::write_fmt
[INFO] [stdout]    3:     0x623982e45906 - std[617be2ca0a6fd877]::panicking::default_hook::{closure#0}
[INFO] [stdout]    4:     0x623982e625b9 - std[617be2ca0a6fd877]::panicking::default_hook
[INFO] [stdout]    5:     0x623982debd10 - test[aada8e7e76ba119b]::test_main_inner::{closure#0}
[INFO] [stdout]    6:     0x623982e62772 - std[617be2ca0a6fd877]::panicking::panic_with_hook
[INFO] [stdout]    7:     0x623982e459b2 - std[617be2ca0a6fd877]::panicking::panic_handler::{closure#0}
[INFO] [stdout]    8:     0x623982e3e489 - std[617be2ca0a6fd877]::sys::backtrace::__rust_end_short_backtrace::<std[617be2ca0a6fd877]::panicking::panic_handler::{closure#0}, !>
[INFO] [stdout]    9:     0x623982e465bd - __rustc[ea4f61d10b84890b]::rust_begin_unwind
[INFO] [stdout]   10:     0x623982e8157c - core[a373ad73a504971]::panicking::panic_fmt
[INFO] [stdout]   11:     0x623982e81352 - core[a373ad73a504971]::result::unwrap_failed
[INFO] [stdout]   12:     0x623982dd44be - <test_cli[b615b584d3b264f]::transpile_with_optimize::{closure#0} as core[a373ad73a504971]::ops::function::FnOnce<()>>::call_once
[INFO] [stdout]   13:     0x623982ddf15b - test[aada8e7e76ba119b]::__rust_begin_short_backtrace::<core[a373ad73a504971]::result::Result<(), alloc[2e1b2a31b91974c5]::string::String>, fn() -> core[a373ad73a504971]::result::Result<(), alloc[2e1b2a31b91974c5]::string::String>>
[INFO] [stdout]   14:     0x623982dec335 - test[aada8e7e76ba119b]::run_test::{closure#0}
[INFO] [stdout]   15:     0x623982de5c24 - std[617be2ca0a6fd877]::sys::backtrace::__rust_begin_short_backtrace::<test[aada8e7e76ba119b]::run_test::{closure#1}, ()>
[INFO] [stdout]   16:     0x623982def3c2 - <std[617be2ca0a6fd877]::thread::lifecycle::spawn_unchecked<test[aada8e7e76ba119b]::run_test::{closure#1}, ()>::{closure#1} as core[a373ad73a504971]::ops::function::FnOnce<()>>::call_once::{shim:vtable#0}
[INFO] [stdout]   17:     0x623982e6989f - <std[617be2ca0a6fd877]::sys::thread::unix::Thread>::new::thread_start
[INFO] [stdout]   18:     0x78305e698dfa - <unknown>
[INFO] [stdout]   19:     0x78305e72c3d4 - clone
[INFO] [stdout]   20:                0x0 - <unknown>
[INFO] [stdout] 
[INFO] [stdout] ---- transpile_to_file stdout ----
[INFO] [stdout] 
[INFO] [stdout] thread 'transpile_to_file' (2743) panicked at tests/test_cli.rs:7:35:
[INFO] [stdout] called `Result::unwrap()` on an `Err` value: CargoError { cause: Some(NotFoundError { path: "/opt/rustwide/target/release/sqlgrok" }) }
[INFO] [stdout] stack backtrace:
[INFO] [stdout]    0:     0x623982e6a421 - <<std[617be2ca0a6fd877]::sys::backtrace::BacktraceLock>::print::DisplayBacktrace as core[a373ad73a504971]::fmt::Display>::fmt
[INFO] [stdout]    1:     0x623982e80dca - core[a373ad73a504971]::fmt::write
[INFO] [stdout]    2:     0x623982e6fabc - <alloc[2e1b2a31b91974c5]::vec::Vec<u8> as core[a373ad73a504971]::io::write::Write>::write_fmt
[INFO] [stdout]    3:     0x623982e45906 - std[617be2ca0a6fd877]::panicking::default_hook::{closure#0}
[INFO] [stdout]    4:     0x623982e625b9 - std[617be2ca0a6fd877]::panicking::default_hook
[INFO] [stdout]    5:     0x623982debd10 - test[aada8e7e76ba119b]::test_main_inner::{closure#0}
[INFO] [stdout]    6:     0x623982e62772 - std[617be2ca0a6fd877]::panicking::panic_with_hook
[INFO] [stdout]    7:     0x623982e459b2 - std[617be2ca0a6fd877]::panicking::panic_handler::{closure#0}
[INFO] [stdout]    8:     0x623982e3e489 - std[617be2ca0a6fd877]::sys::backtrace::__rust_end_short_backtrace::<std[617be2ca0a6fd877]::panicking::panic_handler::{closure#0}, !>
[INFO] [stdout]    9:     0x623982e465bd - __rustc[ea4f61d10b84890b]::rust_begin_unwind
[INFO] [stdout]   10:     0x623982e8157c - core[a373ad73a504971]::panicking::panic_fmt
[INFO] [stdout]   11:     0x623982e81352 - core[a373ad73a504971]::result::unwrap_failed
[INFO] [stdout]   12:     0x623982dd2dae - <test_cli[b615b584d3b264f]::transpile_to_file::{closure#0} as core[a373ad73a504971]::ops::function::FnOnce<()>>::call_once
[INFO] [stdout]   13:     0x623982ddf15b - test[aada8e7e76ba119b]::__rust_begin_short_backtrace::<core[a373ad73a504971]::result::Result<(), alloc[2e1b2a31b91974c5]::string::String>, fn() -> core[a373ad73a504971]::result::Result<(), alloc[2e1b2a31b91974c5]::string::String>>
[INFO] [stdout]   14:     0x623982dec335 - test[aada8e7e76ba119b]::run_test::{closure#0}
[INFO] [stdout]   15:     0x623982de5c24 - std[617be2ca0a6fd877]::sys::backtrace::__rust_begin_short_backtrace::<test[aada8e7e76ba119b]::run_test::{closure#1}, ()>
[INFO] [stdout]   16:     0x623982def3c2 - <std[617be2ca0a6fd877]::thread::lifecycle::spawn_unchecked<test[aada8e7e76ba119b]::run_test::{closure#1}, ()>::{closure#1} as core[a373ad73a504971]::ops::function::FnOnce<()>>::call_once::{shim:vtable#0}
[INFO] [stdout]   17:     0x623982e6989f - <std[617be2ca0a6fd877]::sys::thread::unix::Thread>::new::thread_start
[INFO] [stdout]   18:     0x78305e698dfa - <unknown>
[INFO] [stdout]   19:     0x78305e72c3d4 - clone
[INFO] [stdout]   20:                0x0 - <unknown>
[INFO] [stdout] 
[INFO] [stdout] ---- parse_valid_json stdout ----
[INFO] [stdout] 
[INFO] [stdout] thread 'parse_valid_json' (2736) panicked at tests/test_cli.rs:7:35:
[INFO] [stdout] called `Result::unwrap()` on an `Err` value: CargoError { cause: Some(NotFoundError { path: "/opt/rustwide/target/release/sqlgrok" }) }
[INFO] [stdout] stack backtrace:
[INFO] [stdout]    0:     0x623982e6a421 - <<std[617be2ca0a6fd877]::sys::backtrace::BacktraceLock>::print::DisplayBacktrace as core[a373ad73a504971]::fmt::Display>::fmt
[INFO] [stdout]    1:     0x623982e80dca - core[a373ad73a504971]::fmt::write
[INFO] [stdout]    2:     0x623982e6fabc - <alloc[2e1b2a31b91974c5]::vec::Vec<u8> as core[a373ad73a504971]::io::write::Write>::write_fmt
[INFO] [stdout]    3:     0x623982e45906 - std[617be2ca0a6fd877]::panicking::default_hook::{closure#0}
[INFO] [stdout]    4:     0x623982e625b9 - std[617be2ca0a6fd877]::panicking::default_hook
[INFO] [stdout]    5:     0x623982debd10 - test[aada8e7e76ba119b]::test_main_inner::{closure#0}
[INFO] [stdout]    6:     0x623982e62772 - std[617be2ca0a6fd877]::panicking::panic_with_hook
[INFO] [stdout]    7:     0x623982e459b2 - std[617be2ca0a6fd877]::panicking::panic_handler::{closure#0}
[INFO] [stdout]    8:     0x623982e3e489 - std[617be2ca0a6fd877]::sys::backtrace::__rust_end_short_backtrace::<std[617be2ca0a6fd877]::panicking::panic_handler::{closure#0}, !>
[INFO] [stdout]    9:     0x623982e465bd - __rustc[ea4f61d10b84890b]::rust_begin_unwind
[INFO] [stdout]   10:     0x623982e8157c - core[a373ad73a504971]::panicking::panic_fmt
[INFO] [stdout]   11:     0x623982e81352 - core[a373ad73a504971]::result::unwrap_failed
[INFO] [stdout]   12:     0x623982dd1dd5 - <test_cli[b615b584d3b264f]::parse_valid_json::{closure#0} as core[a373ad73a504971]::ops::function::FnOnce<()>>::call_once
[INFO] [stdout]   13:     0x623982ddf15b - test[aada8e7e76ba119b]::__rust_begin_short_backtrace::<core[a373ad73a504971]::result::Result<(), alloc[2e1b2a31b91974c5]::string::String>, fn() -> core[a373ad73a504971]::result::Result<(), alloc[2e1b2a31b91974c5]::string::String>>
[INFO] [stdout]   14:     0x623982dec335 - test[aada8e7e76ba119b]::run_test::{closure#0}
[INFO] [stdout]   15:     0x623982de5c24 - std[617be2ca0a6fd877]::sys::backtrace::__rust_begin_short_backtrace::<test[aada8e7e76ba119b]::run_test::{closure#1}, ()>
[INFO] [stdout]   16:     0x623982def3c2 - <std[617be2ca0a6fd877]::thread::lifecycle::spawn_unchecked<test[aada8e7e76ba119b]::run_test::{closure#1}, ()>::{closure#1} as core[a373ad73a504971]::ops::function::FnOnce<()>>::call_once::{shim:vtable#0}
[INFO] [stdout]   17:     0x623982e6989f - <std[617be2ca0a6fd877]::sys::thread::unix::Thread>::new::thread_start
[INFO] [stdout]   18:     0x78305e698dfa - <unknown>
[INFO] [stdout]   19:     0x78305e72c3d4 - clone
[INFO] [stdout]   20:                0x0 - <unknown>
[INFO] [stdout] 
[INFO] [stdout] ---- transpile_from_file stdout ----
[INFO] [stdout] 
[INFO] [stdout] thread 'transpile_from_file' (2739) panicked at tests/test_cli.rs:7:35:
[INFO] [stdout] called `Result::unwrap()` on an `Err` value: CargoError { cause: Some(NotFoundError { path: "/opt/rustwide/target/release/sqlgrok" }) }
[INFO] [stdout] stack backtrace:
[INFO] [stdout]    0:     0x623982e6a421 - <<std[617be2ca0a6fd877]::sys::backtrace::BacktraceLock>::print::DisplayBacktrace as core[a373ad73a504971]::fmt::Display>::fmt
[INFO] [stdout]    1:     0x623982e80dca - core[a373ad73a504971]::fmt::write
[INFO] [stdout]    2:     0x623982e6fabc - <alloc[2e1b2a31b91974c5]::vec::Vec<u8> as core[a373ad73a504971]::io::write::Write>::write_fmt
[INFO] [stdout]    3:     0x623982e45906 - std[617be2ca0a6fd877]::panicking::default_hook::{closure#0}
[INFO] [stdout]    4:     0x623982e625b9 - std[617be2ca0a6fd877]::panicking::default_hook
[INFO] [stdout]    5:     0x623982debd10 - test[aada8e7e76ba119b]::test_main_inner::{closure#0}
[INFO] [stdout]    6:     0x623982e62772 - std[617be2ca0a6fd877]::panicking::panic_with_hook
[INFO] [stdout]    7:     0x623982e459b2 - std[617be2ca0a6fd877]::panicking::panic_handler::{closure#0}
[INFO] [stdout]    8:     0x623982e3e489 - std[617be2ca0a6fd877]::sys::backtrace::__rust_end_short_backtrace::<std[617be2ca0a6fd877]::panicking::panic_handler::{closure#0}, !>
[INFO] [stdout]    9:     0x623982e465bd - __rustc[ea4f61d10b84890b]::rust_begin_unwind
[INFO] [stdout]   10:     0x623982e8157c - core[a373ad73a504971]::panicking::panic_fmt
[INFO] [stdout]   11:     0x623982e81352 - core[a373ad73a504971]::result::unwrap_failed
[INFO] [stdout]   12:     0x623982dd354b - <test_cli[b615b584d3b264f]::transpile_from_file::{closure#0} as core[a373ad73a504971]::ops::function::FnOnce<()>>::call_once
[INFO] [stdout]   13:     0x623982ddf15b - test[aada8e7e76ba119b]::__rust_begin_short_backtrace::<core[a373ad73a504971]::result::Result<(), alloc[2e1b2a31b91974c5]::string::String>, fn() -> core[a373ad73a504971]::result::Result<(), alloc[2e1b2a31b91974c5]::string::String>>
[INFO] [stdout]   14:     0x623982dec335 - test[aada8e7e76ba119b]::run_test::{closure#0}
[INFO] [stdout]   15:     0x623982de5c24 - std[617be2ca0a6fd877]::sys::backtrace::__rust_begin_short_backtrace::<test[aada8e7e76ba119b]::run_test::{closure#1}, ()>
[INFO] [stdout]   16:     0x623982def3c2 - <std[617be2ca0a6fd877]::thread::lifecycle::spawn_unchecked<test[aada8e7e76ba119b]::run_test::{closure#1}, ()>::{closure#1} as core[a373ad73a504971]::ops::function::FnOnce<()>>::call_once::{shim:vtable#0}
[INFO] [stdout]   17:     0x623982e6989f - <std[617be2ca0a6fd877]::sys::thread::unix::Thread>::new::thread_start
[INFO] [stdout]   18:     0x78305e698dfa - <unknown>
[INFO] [stdout]   19:     0x78305e72c3d4 - clone
[INFO] [stdout]   20:                0x0 - <unknown>
[INFO] [stdout] 
[INFO] [stdout] ---- parse_outputs_json stdout ----
[INFO] [stdout] 
[INFO] [stdout] thread 'parse_outputs_json' (2734) panicked at tests/test_cli.rs:7:35:
[INFO] [stdout] called `Result::unwrap()` on an `Err` value: CargoError { cause: Some(NotFoundError { path: "/opt/rustwide/target/release/sqlgrok" }) }
[INFO] [stdout] stack backtrace:
[INFO] [stdout]    0:     0x623982e6a421 - <<std[617be2ca0a6fd877]::sys::backtrace::BacktraceLock>::print::DisplayBacktrace as core[a373ad73a504971]::fmt::Display>::fmt
[INFO] [stdout]    1:     0x623982e80dca - core[a373ad73a504971]::fmt::write
[INFO] [stdout]    2:     0x623982e6fabc - <alloc[2e1b2a31b91974c5]::vec::Vec<u8> as core[a373ad73a504971]::io::write::Write>::write_fmt
[INFO] [stdout]    3:     0x623982e45906 - std[617be2ca0a6fd877]::panicking::default_hook::{closure#0}
[INFO] [stdout]    4:     0x623982e625b9 - std[617be2ca0a6fd877]::panicking::default_hook
[INFO] [stdout]    5:     0x623982debd10 - test[aada8e7e76ba119b]::test_main_inner::{closure#0}
[INFO] [stdout]    6:     0x623982e62772 - std[617be2ca0a6fd877]::panicking::panic_with_hook
[INFO] [stdout]    7:     0x623982e459b2 - std[617be2ca0a6fd877]::panicking::panic_handler::{closure#0}
[INFO] [stdout]    8:     0x623982e3e489 - std[617be2ca0a6fd877]::sys::backtrace::__rust_end_short_backtrace::<std[617be2ca0a6fd877]::panicking::panic_handler::{closure#0}, !>
[INFO] [stdout]    9:     0x623982e465bd - __rustc[ea4f61d10b84890b]::rust_begin_unwind
[INFO] [stdout]   10:     0x623982e8157c - core[a373ad73a504971]::panicking::panic_fmt
[INFO] [stdout]   11:     0x623982e81352 - core[a373ad73a504971]::result::unwrap_failed
[INFO] [stdout]   12:     0x623982dd3121 - <test_cli[b615b584d3b264f]::parse_outputs_json::{closure#0} as core[a373ad73a504971]::ops::function::FnOnce<()>>::call_once
[INFO] [stdout]   13:     0x623982ddf15b - test[aada8e7e76ba119b]::__rust_begin_short_backtrace::<core[a373ad73a504971]::result::Result<(), alloc[2e1b2a31b91974c5]::string::String>, fn() -> core[a373ad73a504971]::result::Result<(), alloc[2e1b2a31b91974c5]::string::String>>
[INFO] [stdout]   14:     0x623982dec335 - test[aada8e7e76ba119b]::run_test::{closure#0}
[INFO] [stdout]   15:     0x623982de5c24 - std[617be2ca0a6fd877]::sys::backtrace::__rust_begin_short_backtrace::<test[aada8e7e76ba119b]::run_test::{closure#1}, ()>
[INFO] [stdout]   16:     0x623982def3c2 - <std[617be2ca0a6fd877]::thread::lifecycle::spawn_unchecked<test[aada8e7e76ba119b]::run_test::{closure#1}, ()>::{closure#1} as core[a373ad73a504971]::ops::function::FnOnce<()>>::call_once::{shim:vtable#0}
[INFO] [stdout]   17:     0x623982e6989f - <std[617be2ca0a6fd877]::sys::thread::unix::Thread>::new::thread_start
[INFO] [stdout]   18:     0x78305e698dfa - <unknown>
[INFO] [stdout]   19:     0x78305e72c3d4 - clone
[INFO] [stdout]   20:                0x0 - <unknown>
[INFO] [stdout] 
[INFO] [stdout] ---- parse_pretty_json stdout ----
[INFO] [stdout] 
[INFO] [stdout] thread 'parse_pretty_json' (2735) panicked at tests/test_cli.rs:7:35:
[INFO] [stdout] called `Result::unwrap()` on an `Err` value: CargoError { cause: Some(NotFoundError { path: "/opt/rustwide/target/release/sqlgrok" }) }
[INFO] [stdout] stack backtrace:
[INFO] [stdout]    0:     0x623982e6a421 - <<std[617be2ca0a6fd877]::sys::backtrace::BacktraceLock>::print::DisplayBacktrace as core[a373ad73a504971]::fmt::Display>::fmt
[INFO] [stdout]    1:     0x623982e80dca - core[a373ad73a504971]::fmt::write
[INFO] [stdout]    2:     0x623982e6fabc - <alloc[2e1b2a31b91974c5]::vec::Vec<u8> as core[a373ad73a504971]::io::write::Write>::write_fmt
[INFO] [stdout]    3:     0x623982e45906 - std[617be2ca0a6fd877]::panicking::default_hook::{closure#0}
[INFO] [stdout]    4:     0x623982e625b9 - std[617be2ca0a6fd877]::panicking::default_hook
[INFO] [stdout]    5:     0x623982debd10 - test[aada8e7e76ba119b]::test_main_inner::{closure#0}
[INFO] [stdout]    6:     0x623982e62772 - std[617be2ca0a6fd877]::panicking::panic_with_hook
[INFO] [stdout]    7:     0x623982e459b2 - std[617be2ca0a6fd877]::panicking::panic_handler::{closure#0}
[INFO] [stdout]    8:     0x623982e3e489 - std[617be2ca0a6fd877]::sys::backtrace::__rust_end_short_backtrace::<std[617be2ca0a6fd877]::panicking::panic_handler::{closure#0}, !>
[INFO] [stdout]    9:     0x623982e465bd - __rustc[ea4f61d10b84890b]::rust_begin_unwind
[INFO] [stdout]   10:     0x623982e8157c - core[a373ad73a504971]::panicking::panic_fmt
[INFO] [stdout]   11:     0x623982e81352 - core[a373ad73a504971]::result::unwrap_failed
[INFO] [stdout]   12:     0x623982dd2502 - <test_cli[b615b584d3b264f]::parse_pretty_json::{closure#0} as core[a373ad73a504971]::ops::function::FnOnce<()>>::call_once
[INFO] [stdout]   13:     0x623982ddf15b - test[aada8e7e76ba119b]::__rust_begin_short_backtrace::<core[a373ad73a504971]::result::Result<(), alloc[2e1b2a31b91974c5]::string::String>, fn() -> core[a373ad73a504971]::result::Result<(), alloc[2e1b2a31b91974c5]::string::String>>
[INFO] [stdout]   14:     0x623982dec335 - test[aada8e7e76ba119b]::run_test::{closure#0}
[INFO] [stdout]   15:     0x623982de5c24 - std[617be2ca0a6fd877]::sys::backtrace::__rust_begin_short_backtrace::<test[aada8e7e76ba119b]::run_test::{closure#1}, ()>
[INFO] [stdout]   16:     0x623982def3c2 - <std[617be2ca0a6fd877]::thread::lifecycle::spawn_unchecked<test[aada8e7e76ba119b]::run_test::{closure#1}, ()>::{closure#1} as core[a373ad73a504971]::ops::function::FnOnce<()>>::call_once::{shim:vtable#0}
[INFO] [stdout]   17:     0x623982e6989f - <std[617be2ca0a6fd877]::sys::thread::unix::Thread>::new::thread_start
[INFO] [stdout]   18:     0x78305e698dfa - <unknown>
[INFO] [stdout]   19:     0x78305e72c3d4 - clone
[INFO] [stdout]   20:                0x0 - <unknown>
[INFO] [stdout] 
[INFO] [stdout] ---- transpile_all_dialects stdout ----
[INFO] [stdout] 
[INFO] [stdout] thread 'transpile_all_dialects' (2737) panicked at tests/test_cli.rs:7:35:
[INFO] [stdout] called `Result::unwrap()` on an `Err` value: CargoError { cause: Some(NotFoundError { path: "/opt/rustwide/target/release/sqlgrok" }) }
[INFO] [stdout] stack backtrace:
[INFO] [stdout]    0:     0x623982e6a421 - <<std[617be2ca0a6fd877]::sys::backtrace::BacktraceLock>::print::DisplayBacktrace as core[a373ad73a504971]::fmt::Display>::fmt
[INFO] [stdout]    1:     0x623982e80dca - core[a373ad73a504971]::fmt::write
[INFO] [stdout]    2:     0x623982e6fabc - <alloc[2e1b2a31b91974c5]::vec::Vec<u8> as core[a373ad73a504971]::io::write::Write>::write_fmt
[INFO] [stdout]    3:     0x623982e45906 - std[617be2ca0a6fd877]::panicking::default_hook::{closure#0}
[INFO] [stdout]    4:     0x623982e625b9 - std[617be2ca0a6fd877]::panicking::default_hook
[INFO] [stdout]    5:     0x623982debd10 - test[aada8e7e76ba119b]::test_main_inner::{closure#0}
[INFO] [stdout]    6:     0x623982e62772 - std[617be2ca0a6fd877]::panicking::panic_with_hook
[INFO] [stdout]    7:     0x623982e459b2 - std[617be2ca0a6fd877]::panicking::panic_handler::{closure#0}
[INFO] [stdout]    8:     0x623982e3e489 - std[617be2ca0a6fd877]::sys::backtrace::__rust_end_short_backtrace::<std[617be2ca0a6fd877]::panicking::panic_handler::{closure#0}, !>
[INFO] [stdout]    9:     0x623982e465bd - __rustc[ea4f61d10b84890b]::rust_begin_unwind
[INFO] [stdout]   10:     0x623982e8157c - core[a373ad73a504971]::panicking::panic_fmt
[INFO] [stdout]   11:     0x623982e81352 - core[a373ad73a504971]::result::unwrap_failed
[INFO] [stdout]   12:     0x623982dd408f - <test_cli[b615b584d3b264f]::transpile_all_dialects::{closure#0} as core[a373ad73a504971]::ops::function::FnOnce<()>>::call_once
[INFO] [stdout]   13:     0x623982ddf15b - test[aada8e7e76ba119b]::__rust_begin_short_backtrace::<core[a373ad73a504971]::result::Result<(), alloc[2e1b2a31b91974c5]::string::String>, fn() -> core[a373ad73a504971]::result::Result<(), alloc[2e1b2a31b91974c5]::string::String>>
[INFO] [stdout]   14:     0x623982dec335 - test[aada8e7e76ba119b]::run_test::{closure#0}
[INFO] [stdout]   15:     0x623982de5c24 - std[617be2ca0a6fd877]::sys::backtrace::__rust_begin_short_backtrace::<test[aada8e7e76ba119b]::run_test::{closure#1}, ()>
[INFO] [stdout]   16:     0x623982def3c2 - <std[617be2ca0a6fd877]::thread::lifecycle::spawn_unchecked<test[aada8e7e76ba119b]::run_test::{closure#1}, ()>::{closure#1} as core[a373ad73a504971]::ops::function::FnOnce<()>>::call_once::{shim:vtable#0}
[INFO] [stdout]   17:     0x623982e6989f - <std[617be2ca0a6fd877]::sys::thread::unix::Thread>::new::thread_start
[INFO] [stdout]   18:     0x78305e698dfa - <unknown>
[INFO] [stdout]   19:     0x78305e72c3d4 - clone
[INFO] [stdout]   20:                0x0 - <unknown>
[INFO] [stdout] 
[INFO] [stdout] ---- transpile_unknown_dialect_fails stdout ----
[INFO] [stdout] 
[INFO] [stdout] thread 'transpile_unknown_dialect_fails' (2744) panicked at tests/test_cli.rs:7:35:
[INFO] [stdout] called `Result::unwrap()` on an `Err` value: CargoError { cause: Some(NotFoundError { path: "/opt/rustwide/target/release/sqlgrok" }) }
[INFO] [stdout] stack backtrace:
[INFO] [stdout]    0:     0x623982e6a421 - <<std[617be2ca0a6fd877]::sys::backtrace::BacktraceLock>::print::DisplayBacktrace as core[a373ad73a504971]::fmt::Display>::fmt
[INFO] [stdout]    1:     0x623982e80dca - core[a373ad73a504971]::fmt::write
[INFO] [stdout]    2:     0x623982e6fabc - <alloc[2e1b2a31b91974c5]::vec::Vec<u8> as core[a373ad73a504971]::io::write::Write>::write_fmt
[INFO] [stdout]    3:     0x623982e45906 - std[617be2ca0a6fd877]::panicking::default_hook::{closure#0}
[INFO] [stdout]    4:     0x623982e625b9 - std[617be2ca0a6fd877]::panicking::default_hook
[INFO] [stdout]    5:     0x623982debd10 - test[aada8e7e76ba119b]::test_main_inner::{closure#0}
[INFO] [stdout]    6:     0x623982e62772 - std[617be2ca0a6fd877]::panicking::panic_with_hook
[INFO] [stdout]    7:     0x623982e459b2 - std[617be2ca0a6fd877]::panicking::panic_handler::{closure#0}
[INFO] [stdout]    8:     0x623982e3e489 - std[617be2ca0a6fd877]::sys::backtrace::__rust_end_short_backtrace::<std[617be2ca0a6fd877]::panicking::panic_handler::{closure#0}, !>
[INFO] [stdout]    9:     0x623982e465bd - __rustc[ea4f61d10b84890b]::rust_begin_unwind
[INFO] [stdout]   10:     0x623982e8157c - core[a373ad73a504971]::panicking::panic_fmt
[INFO] [stdout]   11:     0x623982e81352 - core[a373ad73a504971]::result::unwrap_failed
[INFO] [stdout]   12:     0x623982dd5113 - <test_cli[b615b584d3b264f]::transpile_unknown_dialect_fails::{closure#0} as core[a373ad73a504971]::ops::function::FnOnce<()>>::call_once
[INFO] [stdout]   13:     0x623982ddf15b - test[aada8e7e76ba119b]::__rust_begin_short_backtrace::<core[a373ad73a504971]::result::Result<(), alloc[2e1b2a31b91974c5]::string::String>, fn() -> core[a373ad73a504971]::result::Result<(), alloc[2e1b2a31b91974c5]::string::String>>
[INFO] [stdout]   14:     0x623982dec335 - test[aada8e7e76ba119b]::run_test::{closure#0}
[INFO] [stdout]   15:     0x623982de5c24 - std[617be2ca0a6fd877]::sys::backtrace::__rust_begin_short_backtrace::<test[aada8e7e76ba119b]::run_test::{closure#1}, ()>
[INFO] [stdout]   16:     0x623982def3c2 - <std[617be2ca0a6fd877]::thread::lifecycle::spawn_unchecked<test[aada8e7e76ba119b]::run_test::{closure#1}, ()>::{closure#1} as core[a373ad73a504971]::ops::function::FnOnce<()>>::call_once::{shim:vtable#0}
[INFO] [stdout]   17:     0x623982e6989f - <std[617be2ca0a6fd877]::sys::thread::unix::Thread>::new::thread_start
[INFO] [stdout]   18:     0x78305e698dfa - <unknown>
[INFO] [stdout]   19:     0x78305e72c3d4 - clone
[INFO] [stdout]   20:                0x0 - <unknown>
[INFO] [stdout] 
[INFO] [stdout] ---- transpile_pretty stdout ----
[INFO] [stdout] 
[INFO] [stdout] thread 'transpile_pretty' (2741) panicked at tests/test_cli.rs:7:35:
[INFO] [stdout] called `Result::unwrap()` on an `Err` value: CargoError { cause: Some(NotFoundError { path: "/opt/rustwide/target/release/sqlgrok" }) }
[INFO] [stdout] stack backtrace:
[INFO] [stdout]    0:     0x623982e6a421 - <<std[617be2ca0a6fd877]::sys::backtrace::BacktraceLock>::print::DisplayBacktrace as core[a373ad73a504971]::fmt::Display>::fmt
[INFO] [stdout]    1:     0x623982e80dca - core[a373ad73a504971]::fmt::write
[INFO] [stdout]    2:     0x623982e6fabc - <alloc[2e1b2a31b91974c5]::vec::Vec<u8> as core[a373ad73a504971]::io::write::Write>::write_fmt
[INFO] [stdout]    3:     0x623982e45906 - std[617be2ca0a6fd877]::panicking::default_hook::{closure#0}
[INFO] [stdout]    4:     0x623982e625b9 - std[617be2ca0a6fd877]::panicking::default_hook
[INFO] [stdout]    5:     0x623982debd10 - test[aada8e7e76ba119b]::test_main_inner::{closure#0}
[INFO] [stdout]    6:     0x623982e62772 - std[617be2ca0a6fd877]::panicking::panic_with_hook
[INFO] [stdout]    7:     0x623982e459b2 - std[617be2ca0a6fd877]::panicking::panic_handler::{closure#0}
[INFO] [stdout]    8:     0x623982e3e489 - std[617be2ca0a6fd877]::sys::backtrace::__rust_end_short_backtrace::<std[617be2ca0a6fd877]::panicking::panic_handler::{closure#0}, !>
[INFO] [stdout]    9:     0x623982e465bd - __rustc[ea4f61d10b84890b]::rust_begin_unwind
[INFO] [stdout]   10:     0x623982e8157c - core[a373ad73a504971]::panicking::panic_fmt
[INFO] [stdout]   11:     0x623982e81352 - core[a373ad73a504971]::result::unwrap_failed
[INFO] [stdout]   12:     0x623982dd21ab - <test_cli[b615b584d3b264f]::transpile_pretty::{closure#0} as core[a373ad73a504971]::ops::function::FnOnce<()>>::call_once
[INFO] [stdout]   13:     0x623982ddf15b - test[aada8e7e76ba119b]::__rust_begin_short_backtrace::<core[a373ad73a504971]::result::Result<(), alloc[2e1b2a31b91974c5]::string::String>, fn() -> core[a373ad73a504971]::result::Result<(), alloc[2e1b2a31b91974c5]::string::String>>
[INFO] [stdout]   14:     0x623982dec335 - test[aada8e7e76ba119b]::run_test::{closure#0}
[INFO] [stdout]   15:     0x623982de5c24 - std[617be2ca0a6fd877]::sys::backtrace::__rust_begin_short_backtrace::<test[aada8e7e76ba119b]::run_test::{closure#1}, ()>
[INFO] [stdout]   16:     0x623982def3c2 - <std[617be2ca0a6fd877]::thread::lifecycle::spawn_unchecked<test[aada8e7e76ba119b]::run_test::{closure#1}, ()>::{closure#1} as core[a373ad73a504971]::ops::function::FnOnce<()>>::call_once::{shim:vtable#0}
[INFO] [stdout]   17:     0x623982e6989f - <std[617be2ca0a6fd877]::sys::thread::unix::Thread>::new::thread_start
[INFO] [stdout]   18:     0x78305e698dfa - <unknown>
[INFO] [stdout]   19:     0x78305e72c3d4 - clone
[INFO] [stdout]   20:                0x0 - <unknown>
[INFO] [stdout] 
[INFO] [stdout] ---- help_flag stdout ----
[INFO] [stdout] 
[INFO] [stdout] thread 'help_flag' (2733) panicked at tests/test_cli.rs:7:35:
[INFO] [stdout] called `Result::unwrap()` on an `Err` value: CargoError { cause: Some(NotFoundError { path: "/opt/rustwide/target/release/sqlgrok" }) }
[INFO] [stdout] stack backtrace:
[INFO] [stdout]    0:     0x623982e6a421 - <<std[617be2ca0a6fd877]::sys::backtrace::BacktraceLock>::print::DisplayBacktrace as core[a373ad73a504971]::fmt::Display>::fmt
[INFO] [stdout]    1:     0x623982e80dca - core[a373ad73a504971]::fmt::write
[INFO] [stdout]    2:     0x623982e6fabc - <alloc[2e1b2a31b91974c5]::vec::Vec<u8> as core[a373ad73a504971]::io::write::Write>::write_fmt
[INFO] [stdout]    3:     0x623982e45906 - std[617be2ca0a6fd877]::panicking::default_hook::{closure#0}
[INFO] [stdout]    4:     0x623982e625b9 - std[617be2ca0a6fd877]::panicking::default_hook
[INFO] [stdout]    5:     0x623982debd10 - test[aada8e7e76ba119b]::test_main_inner::{closure#0}
[INFO] [stdout]    6:     0x623982e62772 - std[617be2ca0a6fd877]::panicking::panic_with_hook
[INFO] [stdout]    7:     0x623982e459b2 - std[617be2ca0a6fd877]::panicking::panic_handler::{closure#0}
[INFO] [stdout]    8:     0x623982e3e489 - std[617be2ca0a6fd877]::sys::backtrace::__rust_end_short_backtrace::<std[617be2ca0a6fd877]::panicking::panic_handler::{closure#0}, !>
[INFO] [stdout]    9:     0x623982e465bd - __rustc[ea4f61d10b84890b]::rust_begin_unwind
[INFO] [stdout]   10:     0x623982e8157c - core[a373ad73a504971]::panicking::panic_fmt
[INFO] [stdout]   11:     0x623982e81352 - core[a373ad73a504971]::result::unwrap_failed
[INFO] [stdout]   12:     0x623982dd59f2 - <test_cli[b615b584d3b264f]::help_flag::{closure#0} as core[a373ad73a504971]::ops::function::FnOnce<()>>::call_once
[INFO] [stdout]   13:     0x623982ddf15b - test[aada8e7e76ba119b]::__rust_begin_short_backtrace::<core[a373ad73a504971]::result::Result<(), alloc[2e1b2a31b91974c5]::string::String>, fn() -> core[a373ad73a504971]::result::Result<(), alloc[2e1b2a31b91974c5]::string::String>>
[INFO] [stdout]   14:     0x623982dec335 - test[aada8e7e76ba119b]::run_test::{closure#0}
[INFO] [stdout]   15:     0x623982de5c24 - std[617be2ca0a6fd877]::sys::backtrace::__rust_begin_short_backtrace::<test[aada8e7e76ba119b]::run_test::{closure#1}, ()>
[INFO] [stdout]   16:     0x623982def3c2 - <std[617be2ca0a6fd877]::thread::lifecycle::spawn_unchecked<test[aada8e7e76ba119b]::run_test::{closure#1}, ()>::{closure#1} as core[a373ad73a504971]::ops::function::FnOnce<()>>::call_once::{shim:vtable#0}
[INFO] [stdout]   17:     0x623982e6989f - <std[617be2ca0a6fd877]::sys::thread::unix::Thread>::new::thread_start
[INFO] [stdout]   18:     0x78305e698dfa - <unknown>
[INFO] [stdout]   19:     0x78305e72c3d4 - clone
[INFO] [stdout]   20:                0x0 - <unknown>
[INFO] [stdout] 
[INFO] [stdout] 
[INFO] [stdout] failures:
[INFO] [stdout]     format_from_file
[INFO] [stdout]     format_pretty_prints
[INFO] [stdout]     help_flag
[INFO] [stdout]     parse_outputs_json
[INFO] [stdout]     parse_pretty_json
[INFO] [stdout]     parse_valid_json
[INFO] [stdout]     transpile_all_dialects
[INFO] [stdout]     transpile_applies_dialect_transforms
[INFO] [stdout]     transpile_from_file
[INFO] [stdout]     transpile_multiple_statements
[INFO] [stdout]     transpile_pretty
[INFO] [stdout]     transpile_stdin_to_stdout
[INFO] [stdout]     transpile_to_file
[INFO] [stdout]     transpile_unknown_dialect_fails
[INFO] [stdout]     transpile_with_optimize
[INFO] [stdout]     version_flag
[INFO] [stdout] 
[INFO] [stdout] test result: FAILED. 0 passed; 16 failed; 0 ignored; 0 measured; 0 filtered out; finished in 0.01s
[INFO] [stdout] 
[INFO] running `Command { std: "docker" "inspect" "a2d2cdf8b1c7ebf5a7849328b9b157edc4b03c64f97a2be304967b5a5bf172ff", kill_on_drop: false }`
[INFO] running `Command { std: "docker" "rm" "-f" "a2d2cdf8b1c7ebf5a7849328b9b157edc4b03c64f97a2be304967b5a5bf172ff", kill_on_drop: false }`
[INFO] [stdout] a2d2cdf8b1c7ebf5a7849328b9b157edc4b03c64f97a2be304967b5a5bf172ff
