[INFO] cloning repository https://github.com/rudof-project/test_rudof
[INFO] running `Command { std: "git" "-c" "credential.helper=" "-c" "credential.helper=/workspace/cargo-home/bin/git-credential-null" "clone" "--bare" "https://github.com/rudof-project/test_rudof" "/workspace/cache/git-repos/https%3A%2F%2Fgithub.com%2Frudof-project%2Ftest_rudof", kill_on_drop: false }`
[INFO] [stderr] Cloning into bare repository '/workspace/cache/git-repos/https%3A%2F%2Fgithub.com%2Frudof-project%2Ftest_rudof'...
[INFO] running `Command { std: "git" "rev-parse" "HEAD", kill_on_drop: false }`
[INFO] [stdout] 7630240962c52f7f62e8154421c11a1f13957222
[INFO] testing rudof-project/test_rudof against 1.99.0-beta.8+cargoflags=--release for beta-release-1.100-2
[INFO] running `Command { std: "git" "clone" "/workspace/cache/git-repos/https%3A%2F%2Fgithub.com%2Frudof-project%2Ftest_rudof" "/workspace/builds/worker-5-tc1/source", kill_on_drop: false }`
[INFO] [stderr] Cloning into '/workspace/builds/worker-5-tc1/source'...
[INFO] [stderr] done.
[INFO] started tweaking git repo https://github.com/rudof-project/test_rudof
[INFO] finished tweaking git repo https://github.com/rudof-project/test_rudof
[INFO] tweaked toml for git repo https://github.com/rudof-project/test_rudof written to /workspace/builds/worker-5-tc1/source/Cargo.toml
[INFO] validating manifest of git repo https://github.com/rudof-project/test_rudof on toolchain 1.99.0-beta.8
[INFO] running `Command { std: CARGO_HOME="/workspace/cargo-home" RUSTUP_HOME="/workspace/rustup-home" "/workspace/cargo-home/bin/cargo" "+1.99.0-beta.8" "metadata" "--manifest-path" "Cargo.toml" "--no-deps", kill_on_drop: false }`
[INFO] crate git repo https://github.com/rudof-project/test_rudof already has a lockfile, it will not be regenerated
[INFO] running `Command { std: CARGO_HOME="/workspace/cargo-home" RUSTUP_HOME="/workspace/rustup-home" "/workspace/cargo-home/bin/cargo" "+1.99.0-beta.8" "fetch" "--manifest-path" "Cargo.toml", kill_on_drop: false }`
[INFO] [stderr]     Updating crates.io index
[INFO] [stderr]  Downloading crates ...
[INFO] [stderr]   Downloaded rudof_lib v0.1.85
[INFO] [stderr]   Downloaded oxrdf v0.3.0-beta.2
[INFO] [stderr]   Downloaded sparesults v0.3.0-beta.3
[INFO] [stderr]   Downloaded oxilangtag v0.1.5
[INFO] [stderr]   Downloaded oxsdatatypes v0.2.2
[INFO] [stderr]   Downloaded rust_decimal_macros v1.37.1
[INFO] [stderr]   Downloaded json-event-parser v0.2.2
[INFO] [stderr]   Downloaded oxiri v0.2.11
[INFO] [stderr]   Downloaded srdf v0.1.85
[INFO] [stderr]   Downloaded rust_decimal v1.37.2
[INFO] [stderr]   Downloaded io-uring v0.7.9
[INFO] [stderr]   Downloaded prefixmap v0.1.82
[INFO] [stderr]   Downloaded iri_s v0.1.82
[INFO] [stderr]   Downloaded oxrdfxml v0.2.0-beta.2
[INFO] [stderr]   Downloaded oxrdfio v0.2.0-beta.3
[INFO] [stderr]   Downloaded oxjsonld v0.2.0-beta.2
[INFO] [stderr]   Downloaded oxttl v0.2.0-beta.3
[INFO] [stderr]   Downloaded peg-runtime v0.8.5
[INFO] [stderr]   Downloaded sparopt v0.3.0-beta.2
[INFO] [stderr]   Downloaded sparql_service v0.1.84
[INFO] [stderr]   Downloaded const_format v0.2.34
[INFO] [stderr]   Downloaded spargebra v0.4.0-beta.2
[INFO] [stderr]   Downloaded peg-macros v0.8.5
[INFO] [stderr]   Downloaded rbe v0.1.82
[INFO] [stderr]   Downloaded peg v0.8.5
[INFO] [stderr]   Downloaded dashmap v6.1.0
[INFO] [stderr]   Downloaded spareval v0.2.0-beta.3
[INFO] [stderr]   Downloaded shex_validation v0.1.82
[INFO] [stderr]   Downloaded hashbag v0.1.12
[INFO] [stderr]   Downloaded shapemap v0.1.76
[INFO] [stderr]   Downloaded oxigraph v0.5.0-beta.3
[INFO] [stderr]   Downloaded shex_ast v0.1.83
[INFO] [stderr]   Downloaded lazy-regex v3.4.1
[INFO] [stderr]   Downloaded lazy-regex-proc_macros v3.4.1
[INFO] [stderr]   Downloaded shacl_ir v0.1.82
[INFO] [stderr]   Downloaded petgraph v0.8.2
[INFO] [stderr]   Downloaded clap_lex v0.7.5
[INFO] [stderr]   Downloaded nom_locate v4.2.0
[INFO] [stderr]   Downloaded shapes_converter v0.1.83
[INFO] [stderr]   Downloaded shacl_ast v0.1.82
[INFO] [stderr]   Downloaded memo-map v0.3.3
[INFO] [stderr]   Downloaded shacl_rdf v0.1.82
[INFO] [stderr]   Downloaded clap_derive v4.5.45
[INFO] [stderr]   Downloaded anstream v0.6.20
[INFO] [stderr]   Downloaded clap v4.5.45
[INFO] [stderr]   Downloaded shacl_validation v0.1.82
[INFO] [stderr]   Downloaded clap_builder v4.5.44
[INFO] [stderr]   Downloaded self_cell v1.2.0
[INFO] [stderr]   Downloaded dctap v0.1.82
[INFO] [stderr]   Downloaded minijinja v2.11.0
[INFO] [stderr]   Downloaded openssl-src v300.5.2+3.5.2
[INFO] [stderr]   Downloaded shex_compact v0.1.82
[INFO] running `Command { std: "docker" "create" "-v" "/var/lib/crater-agent-workspace/builds/worker-5-tc1/source:/opt/rustwide/workdir:ro,Z" "-v" "/var/lib/crater-agent-workspace/builds/worker-5-tc1/target:/opt/rustwide/target:rw,Z" "-v" "/var/lib/crater-agent-workspace/cargo-home:/opt/rustwide/cargo-home:ro,Z" "-v" "/var/lib/crater-agent-workspace/rustup-home:/opt/rustwide/rustup-home:ro,Z" "-m" "1610612736" "--network" "none" "ghcr.io/rust-lang/crates-build-env/linux@sha256:77db811e55d90add9212f6832c23229e3de5f1c1f9905e8cb07319ea15df73ac" "sleep" "infinity", kill_on_drop: false }`
[INFO] [stdout] e5d415ff9d4495e422e851f696b47ec8b78660866b5192c1dd120c084efc43f8
[INFO] running `Command { std: "docker" "start" "e5d415ff9d4495e422e851f696b47ec8b78660866b5192c1dd120c084efc43f8", kill_on_drop: false }`
[INFO] running `Command { std: "docker" "inspect" "e5d415ff9d4495e422e851f696b47ec8b78660866b5192c1dd120c084efc43f8", kill_on_drop: false }`
[INFO] running `Command { std: "docker" "exec" "-e" "SOURCE_DIR=/opt/rustwide/workdir" "-e" "CARGO_HOME=/opt/rustwide/cargo-home" "-e" "RUSTUP_HOME=/opt/rustwide/rustup-home" "-e" "CARGO_TARGET_DIR=/opt/rustwide/target" "-w" "/opt/rustwide/workdir" "--user" "0:0" "e5d415ff9d4495e422e851f696b47ec8b78660866b5192c1dd120c084efc43f8" "/opt/rustwide/cargo-home/bin/cargo" "+1.99.0-beta.8" "metadata" "--no-deps" "--format-version=1", kill_on_drop: false }`
[INFO] running `Command { std: "docker" "inspect" "e5d415ff9d4495e422e851f696b47ec8b78660866b5192c1dd120c084efc43f8", kill_on_drop: false }`
[INFO] running `Command { std: "docker" "exec" "-e" "SOURCE_DIR=/opt/rustwide/workdir" "-e" "CARGO_HOME=/opt/rustwide/cargo-home" "-e" "RUSTUP_HOME=/opt/rustwide/rustup-home" "-e" "CARGO_TARGET_DIR=/opt/rustwide/target" "-e" "CARGO_INCREMENTAL=0" "-e" "RUST_BACKTRACE=full" "-e" "RUSTFLAGS=--cap-lints=warn" "-e" "RUSTDOCFLAGS=--cap-lints=warn" "-w" "/opt/rustwide/workdir" "--user" "0:0" "e5d415ff9d4495e422e851f696b47ec8b78660866b5192c1dd120c084efc43f8" "/opt/rustwide/cargo-home/bin/cargo" "+1.99.0-beta.8" "build" "--frozen" "--message-format=json" "--release", kill_on_drop: false }`
[INFO] [stderr]    Compiling proc-macro2 v1.0.101
[INFO] [stderr]    Compiling libc v0.2.175
[INFO] [stderr]    Compiling cfg-if v1.0.3
[INFO] [stderr]    Compiling memchr v2.7.5
[INFO] [stderr]    Compiling zerocopy v0.8.26
[INFO] [stderr]    Compiling thiserror v2.0.16
[INFO] [stderr]    Compiling cc v1.2.33
[INFO] [stderr]    Compiling oxiri v0.2.11
[INFO] [stderr]    Compiling tracing-core v0.1.34
[INFO] [stderr]    Compiling bitflags v2.9.2
[INFO] [stderr]    Compiling openssl v0.10.73
[INFO] [stderr]    Compiling native-tls v0.2.14
[INFO] [stderr]    Compiling serde_json v1.0.143
[INFO] [stderr]    Compiling json-event-parser v0.2.2
[INFO] [stderr]    Compiling iri-string v0.7.8
[INFO] [stderr]    Compiling encoding_rs v0.8.35
[INFO] [stderr]    Compiling num-traits v0.2.19
[INFO] [stderr]    Compiling winnow v0.7.12
[INFO] [stderr]    Compiling toml_write v0.1.2
[INFO] [stderr]    Compiling rustix v1.0.8
[INFO] [stderr]    Compiling rust_decimal v1.37.2
[INFO] [stderr]    Compiling colored v3.0.0
[INFO] [stderr]    Compiling arrayvec v0.7.6
[INFO] [stderr]    Compiling peg-runtime v0.8.5
[INFO] [stderr]    Compiling regex-syntax v0.8.5
[INFO] [stderr]    Compiling quote v1.0.40
[INFO] [stderr]    Compiling futures-util v0.3.31
[INFO] [stderr]    Compiling aho-corasick v1.1.3
[INFO] [stderr]    Compiling quick-xml v0.37.5
[INFO] [stderr]    Compiling syn v2.0.106
[INFO] [stderr]    Compiling getrandom v0.2.16
[INFO] [stderr]    Compiling mio v1.0.4
[INFO] [stderr]    Compiling socket2 v0.6.0
[INFO] [stderr]    Compiling openssl-src v300.5.2+3.5.2
[INFO] [stderr]    Compiling rand_core v0.6.4
[INFO] [stderr]    Compiling getrandom v0.3.3
[INFO] [stderr]    Compiling tokio v1.47.1
[INFO] [stderr]    Compiling openssl-sys v0.9.109
[INFO] [stderr]    Compiling const_format_proc_macros v0.2.34
[INFO] [stderr]    Compiling peg-macros v0.8.5
[INFO] [stderr]    Compiling ppv-lite86 v0.2.21
[INFO] [stderr]    Compiling regex-automata v0.4.9
[INFO] [stderr]    Compiling const_format v0.2.34
[INFO] [stderr]    Compiling rand_chacha v0.3.1
[INFO] [stderr]    Compiling rand v0.8.5
[INFO] [stderr]    Compiling tempfile v3.21.0
[INFO] [stderr]    Compiling hashbag v0.1.12
[INFO] [stderr]    Compiling fixedbitset v0.5.7
[INFO] [stderr]    Compiling parking_lot_core v0.9.11
[INFO] [stderr]    Compiling peg v0.8.5
[INFO] [stderr]    Compiling sha1 v0.10.6
[INFO] [stderr]    Compiling sha2 v0.10.9
[INFO] [stderr]    Compiling md-5 v0.10.6
[INFO] [stderr]    Compiling hashbrown v0.14.5
[INFO] [stderr]    Compiling anstyle-query v1.1.4
[INFO] [stderr]    Compiling rustc-hash v2.1.1
[INFO] [stderr]    Compiling anstream v0.6.20
[INFO] [stderr]    Compiling nom v7.1.3
[INFO] [stderr]    Compiling bytecount v0.6.9
[INFO] [stderr]    Compiling arrayvec v0.5.2
[INFO] [stderr]    Compiling unicode-width v0.1.14
[INFO] [stderr]    Compiling siphasher v1.0.1
[INFO] [stderr]    Compiling typed-arena v2.0.2
[INFO] [stderr]    Compiling clap_lex v0.7.5
[INFO] [stderr]    Compiling csv-core v0.1.12
[INFO] [stderr]    Compiling pretty v0.12.4
[INFO] [stderr]    Compiling tracing-log v0.2.0
[INFO] [stderr]    Compiling clap_builder v4.5.44
[INFO] [stderr]    Compiling thread_local v1.1.9
[INFO] [stderr]    Compiling dashmap v6.1.0
[INFO] [stderr]    Compiling memo-map v0.3.3
[INFO] [stderr]    Compiling self_cell v1.2.0
[INFO] [stderr]    Compiling chrono v0.4.41
[INFO] [stderr]    Compiling regex v1.11.1
[INFO] [stderr]    Compiling synstructure v0.13.2
[INFO] [stderr]    Compiling nom_locate v4.2.0
[INFO] [stderr]    Compiling serde_derive v1.0.219
[INFO] [stderr]    Compiling zerofrom-derive v0.1.6
[INFO] [stderr]    Compiling yoke-derive v0.8.0
[INFO] [stderr]    Compiling thiserror-impl v2.0.16
[INFO] [stderr]    Compiling zerovec-derive v0.11.1
[INFO] [stderr]    Compiling displaydoc v0.2.5
[INFO] [stderr]    Compiling tracing-attributes v0.1.30
[INFO] [stderr]    Compiling openssl-macros v0.1.1
[INFO] [stderr]    Compiling tokio-util v0.7.16
[INFO] [stderr]    Compiling tower v0.5.2
[INFO] [stderr]    Compiling async-trait v0.1.89
[INFO] [stderr]    Compiling rust_decimal_macros v1.37.1
[INFO] [stderr]    Compiling zerofrom v0.1.6
[INFO] [stderr]    Compiling yoke v0.8.0
[INFO] [stderr]    Compiling clap_derive v4.5.45
[INFO] [stderr]    Compiling zerotrie v0.2.2
[INFO] [stderr]    Compiling tower-http v0.6.6
[INFO] [stderr]    Compiling oxsdatatypes v0.2.2
[INFO] [stderr]    Compiling zerovec v0.11.4
[INFO] [stderr]    Compiling lazy-regex-proc_macros v3.4.1
[INFO] [stderr]    Compiling tracing v0.1.41
[INFO] [stderr]    Compiling tracing-subscriber v0.3.19
[INFO] [stderr]    Compiling lazy-regex v3.4.1
[INFO] [stderr]    Compiling tinystr v0.8.1
[INFO] [stderr]    Compiling potential_utf v0.1.2
[INFO] [stderr]    Compiling clap v4.5.45
[INFO] [stderr]    Compiling icu_collections v2.0.0
[INFO] [stderr]    Compiling icu_locale_core v2.0.0
[INFO] [stderr]    Compiling serde v1.0.219
[INFO] [stderr]    Compiling icu_provider v2.0.0
[INFO] [stderr]    Compiling icu_properties v2.0.1
[INFO] [stderr]    Compiling icu_normalizer v2.0.0
[INFO] [stderr]    Compiling idna_adapter v1.2.1
[INFO] [stderr]    Compiling idna v1.0.3
[INFO] [stderr]    Compiling url v2.5.4
[INFO] [stderr]    Compiling oxilangtag v0.1.5
[INFO] [stderr]    Compiling indexmap v2.10.0
[INFO] [stderr]    Compiling toml_datetime v0.6.11
[INFO] [stderr]    Compiling serde_spanned v0.6.9
[INFO] [stderr]    Compiling serde_urlencoded v0.7.1
[INFO] [stderr]    Compiling csv v1.3.1
[INFO] [stderr]    Compiling minijinja v2.11.0
[INFO] [stderr]    Compiling oxrdf v0.3.0-beta.2
[INFO] [stderr]    Compiling h2 v0.4.12
[INFO] [stderr]    Compiling toml_edit v0.22.27
[INFO] [stderr]    Compiling petgraph v0.8.2
[INFO] [stderr]    Compiling oxjsonld v0.2.0-beta.2
[INFO] [stderr]    Compiling oxrdfxml v0.2.0-beta.2
[INFO] [stderr]    Compiling oxttl v0.2.0-beta.3
[INFO] [stderr]    Compiling sparesults v0.3.0-beta.3
[INFO] [stderr]    Compiling spargebra v0.4.0-beta.2
[INFO] [stderr]    Compiling oxrdfio v0.2.0-beta.3
[INFO] [stderr]    Compiling toml v0.8.23
[INFO] [stderr]    Compiling sparopt v0.3.0-beta.2
[INFO] [stderr]    Compiling rbe v0.1.82
[INFO] [stderr]    Compiling spareval v0.2.0-beta.3
[INFO] [stderr]    Compiling hyper v1.7.0
[INFO] [stderr]    Compiling hyper-util v0.1.16
[INFO] [stderr]    Compiling oxigraph v0.5.0-beta.3
[INFO] [stderr]    Compiling tokio-native-tls v0.3.1
[INFO] [stderr]    Compiling hyper-tls v0.6.0
[INFO] [stderr]    Compiling reqwest v0.12.23
[INFO] [stderr]    Compiling iri_s v0.1.82
[INFO] [stderr]    Compiling prefixmap v0.1.82
[INFO] [stderr]    Compiling dctap v0.1.82
[INFO] [stderr]    Compiling srdf v0.1.85
[INFO] [stderr]    Compiling shex_ast v0.1.83
[INFO] [stderr]    Compiling shacl_ast v0.1.82
[INFO] [stderr]    Compiling sparql_service v0.1.84
[INFO] [stderr]    Compiling shacl_rdf v0.1.82
[INFO] [stderr]    Compiling shacl_ir v0.1.82
[INFO] [stderr]    Compiling shapemap v0.1.76
[INFO] [stderr]    Compiling shacl_validation v0.1.82
[INFO] [stderr]    Compiling shex_compact v0.1.82
[INFO] [stderr]    Compiling shex_validation v0.1.82
[INFO] [stderr]    Compiling shapes_converter v0.1.83
[INFO] [stderr]    Compiling rudof_lib v0.1.85
[INFO] [stderr]    Compiling test_rudof v0.1.0 (/opt/rustwide/workdir)
[INFO] [stdout] warning: struct `Validator` is never constructed
[INFO] [stdout]  --> src/lib.rs:9:8
[INFO] [stdout]   |
[INFO] [stdout] 9 | struct Validator {
[INFO] [stdout]   |        ^^^^^^^^^
[INFO] [stdout]   |
[INFO] [stdout]   = note: `#[warn(dead_code)]` (part of `#[warn(unused)]`) on by default
[INFO] [stdout] 
[INFO] [stdout] 
[INFO] [stderr]     Finished `release` profile [optimized] target(s) in 4m 35s
[INFO] running `Command { std: "docker" "inspect" "e5d415ff9d4495e422e851f696b47ec8b78660866b5192c1dd120c084efc43f8", kill_on_drop: false }`
[INFO] running `Command { std: "docker" "exec" "-e" "SOURCE_DIR=/opt/rustwide/workdir" "-e" "CARGO_HOME=/opt/rustwide/cargo-home" "-e" "RUSTUP_HOME=/opt/rustwide/rustup-home" "-e" "CARGO_TARGET_DIR=/opt/rustwide/target" "-e" "CARGO_INCREMENTAL=0" "-e" "RUST_BACKTRACE=full" "-e" "RUSTFLAGS=--cap-lints=warn" "-e" "RUSTDOCFLAGS=--cap-lints=warn" "-w" "/opt/rustwide/workdir" "--user" "0:0" "e5d415ff9d4495e422e851f696b47ec8b78660866b5192c1dd120c084efc43f8" "/opt/rustwide/cargo-home/bin/cargo" "+1.99.0-beta.8" "test" "--frozen" "--no-run" "--message-format=json" "--release", kill_on_drop: false }`
[INFO] [stderr]    Compiling test_rudof v0.1.0 (/opt/rustwide/workdir)
[INFO] [stdout] warning: struct `Validator` is never constructed
[INFO] [stdout]  --> src/lib.rs:9:8
[INFO] [stdout]   |
[INFO] [stdout] 9 | struct Validator {
[INFO] [stdout]   |        ^^^^^^^^^
[INFO] [stdout]   |
[INFO] [stdout]   = note: `#[warn(dead_code)]` (part of `#[warn(unused)]`) on by default
[INFO] [stdout] 
[INFO] [stdout] 
[INFO] [stderr]     Finished `release` profile [optimized] target(s) in 4.17s
[INFO] running `Command { std: "docker" "inspect" "e5d415ff9d4495e422e851f696b47ec8b78660866b5192c1dd120c084efc43f8", kill_on_drop: false }`
[INFO] running `Command { std: "docker" "exec" "-e" "SOURCE_DIR=/opt/rustwide/workdir" "-e" "CARGO_HOME=/opt/rustwide/cargo-home" "-e" "RUSTUP_HOME=/opt/rustwide/rustup-home" "-e" "CARGO_TARGET_DIR=/opt/rustwide/target" "-e" "CARGO_INCREMENTAL=0" "-e" "RUST_BACKTRACE=full" "-e" "RUSTFLAGS=--cap-lints=warn" "-e" "RUSTDOCFLAGS=--cap-lints=warn" "-w" "/opt/rustwide/workdir" "--user" "0:0" "e5d415ff9d4495e422e851f696b47ec8b78660866b5192c1dd120c084efc43f8" "/opt/rustwide/cargo-home/bin/cargo" "+1.99.0-beta.8" "test" "--frozen" "--release", kill_on_drop: false }`
[INFO] [stderr] warning: struct `Validator` is never constructed
[INFO] [stderr]  --> src/lib.rs:9:8
[INFO] [stderr]   |
[INFO] [stderr] 9 | struct Validator {
[INFO] [stderr]   |        ^^^^^^^^^
[INFO] [stderr]   |
[INFO] [stderr]   = note: `#[warn(dead_code)]` (part of `#[warn(unused)]`) on by default
[INFO] [stderr] 
[INFO] [stderr] warning: `test_rudof` (lib) generated 1 warning
[INFO] [stderr]     Finished `release` profile [optimized] target(s) in 0.15s
[INFO] [stderr]      Running unittests src/lib.rs (/opt/rustwide/target/release/deps/test_rudof-c919ef45a5692f29)
[INFO] [stdout] 
[INFO] [stdout] running 1 test
[INFO] [stdout] test tests::test_full_location_oriented ... FAILED
[INFO] [stdout] 
[INFO] [stdout] failures:
[INFO] [stdout] 
[INFO] [stdout] ---- tests::test_full_location_oriented stdout ----
[INFO] [stdout] 
[INFO] [stdout] thread 'tests::test_full_location_oriented' (13709) panicked at src/lib.rs:60:29:
[INFO] [stdout] called `Result::unwrap()` on an `Err` value: Graph(NQuadsError { data: "Reading NQuads", error: "Parser error at line 1 between columns 1 and 7: The subject of a triple must be an IRI or a blank node" })
[INFO] [stdout] stack backtrace:
[INFO] [stdout]    0:     0x64dfab5b2d61 - <<std[70759c8f55707aa4]::sys::backtrace::BacktraceLock>::print::DisplayBacktrace as core[df12db4294e9bfd3]::fmt::Display>::fmt
[INFO] [stdout]    1:     0x64dfab5cbd4a - core[df12db4294e9bfd3]::fmt::write
[INFO] [stdout]    2:     0x64dfab5b72ac - <alloc[2182bb758b4b3781]::vec::Vec<u8> as core[df12db4294e9bfd3]::io::write::Write>::write_fmt
[INFO] [stdout]    3:     0x64dfab58f006 - std[70759c8f55707aa4]::panicking::default_hook::{closure#0}
[INFO] [stdout]    4:     0x64dfab5ab1b9 - std[70759c8f55707aa4]::panicking::default_hook
[INFO] [stdout]    5:     0x64dfab117e10 - test[9d35eded1c95d3be]::test_main_inner::<test[9d35eded1c95d3be]::test_main_static::{closure#0}>::{closure#0}
[INFO] [stdout]    6:     0x64dfab5ab372 - std[70759c8f55707aa4]::panicking::panic_with_hook
[INFO] [stdout]    7:     0x64dfab58f0b2 - std[70759c8f55707aa4]::panicking::panic_handler::{closure#0}
[INFO] [stdout]    8:     0x64dfab587e09 - std[70759c8f55707aa4]::sys::backtrace::__rust_end_short_backtrace::<std[70759c8f55707aa4]::panicking::panic_handler::{closure#0}, !>
[INFO] [stdout]    9:     0x64dfab58fcad - __rustc[8fa7c3cbc660c2b3]::rust_begin_unwind
[INFO] [stdout]   10:     0x64dfab5cc52c - core[df12db4294e9bfd3]::panicking::panic_fmt
[INFO] [stdout]   11:     0x64dfab5cc302 - core[df12db4294e9bfd3]::result::unwrap_failed
[INFO] [stdout]   12:     0x64dfab101edc - test_rudof[fbfcfba3a8b8322d]::tests::test_full_location_oriented
[INFO] [stdout]   13:     0x64dfab0f0e29 - <test_rudof[fbfcfba3a8b8322d]::tests::test_full_location_oriented::{closure#0} as core[df12db4294e9bfd3]::ops::function::FnOnce<()>>::call_once
[INFO] [stdout]   14:     0x64dfab10b0fb - test[9d35eded1c95d3be]::__rust_begin_short_backtrace::<core[df12db4294e9bfd3]::result::Result<(), alloc[2182bb758b4b3781]::string::String>, fn() -> core[df12db4294e9bfd3]::result::Result<(), alloc[2182bb758b4b3781]::string::String>>
[INFO] [stdout]   15:     0x64dfab118765 - test[9d35eded1c95d3be]::run_test::{closure#0}
[INFO] [stdout]   16:     0x64dfab112024 - std[70759c8f55707aa4]::sys::backtrace::__rust_begin_short_backtrace::<test[9d35eded1c95d3be]::run_test::{closure#1}, ()>
[INFO] [stdout]   17:     0x64dfab11b8c2 - <std[70759c8f55707aa4]::thread::lifecycle::spawn_unchecked<test[9d35eded1c95d3be]::run_test::{closure#1}, ()>::{closure#1} as core[df12db4294e9bfd3]::ops::function::FnOnce<()>>::call_once::{shim:vtable#0}
[INFO] [stdout]   18:     0x64dfab5b2609 - <std[70759c8f55707aa4]::sys::thread::unix::Thread>::new::thread_start
[INFO] [stdout]   19:     0x76f4c3954dfa - <unknown>
[INFO] [stdout]   20:     0x76f4c39e83d4 - clone
[INFO] [stdout]   21:                0x0 - <unknown>
[INFO] [stdout] 
[INFO] [stdout] 
[INFO] [stdout] failures:
[INFO] [stdout]     tests::test_full_location_oriented
[INFO] [stdout] 
[INFO] [stdout] test result: FAILED. 0 passed; 1 failed; 0 ignored; 0 measured; 0 filtered out; finished in 0.00s
[INFO] [stdout] 
[INFO] [stderr] error: test failed, to rerun pass `--lib`
[INFO] running `Command { std: "docker" "inspect" "e5d415ff9d4495e422e851f696b47ec8b78660866b5192c1dd120c084efc43f8", kill_on_drop: false }`
[INFO] running `Command { std: "docker" "rm" "-f" "e5d415ff9d4495e422e851f696b47ec8b78660866b5192c1dd120c084efc43f8", kill_on_drop: false }`
[INFO] [stdout] e5d415ff9d4495e422e851f696b47ec8b78660866b5192c1dd120c084efc43f8
