[INFO] cloning repository https://github.com/rudeus112266/arbiter
[INFO] running `Command { std: "git" "-c" "credential.helper=" "-c" "credential.helper=/workspace/cargo-home/bin/git-credential-null" "clone" "--bare" "https://github.com/rudeus112266/arbiter" "/workspace/cache/git-repos/https%3A%2F%2Fgithub.com%2Frudeus112266%2Farbiter", kill_on_drop: false }`
[INFO] [stderr] Cloning into bare repository '/workspace/cache/git-repos/https%3A%2F%2Fgithub.com%2Frudeus112266%2Farbiter'...
[INFO] running `Command { std: "git" "rev-parse" "HEAD", kill_on_drop: false }`
[INFO] [stdout] e10aae3f941433b4a97f2b1441950057c64e911b
[INFO] testing rudeus112266/arbiter against 1.100.0-beta.1+cargoflags=--release for beta-release-1.100-2
[INFO] running `Command { std: "git" "clone" "/workspace/cache/git-repos/https%3A%2F%2Fgithub.com%2Frudeus112266%2Farbiter" "/workspace/builds/worker-2-tc2/source", kill_on_drop: false }`
[INFO] [stderr] Cloning into '/workspace/builds/worker-2-tc2/source'...
[INFO] [stderr] done.
[INFO] started tweaking git repo https://github.com/rudeus112266/arbiter
[INFO] finished tweaking git repo https://github.com/rudeus112266/arbiter
[INFO] tweaked toml for git repo https://github.com/rudeus112266/arbiter written to /workspace/builds/worker-2-tc2/source/Cargo.toml
[INFO] validating manifest of git repo https://github.com/rudeus112266/arbiter on toolchain 1.100.0-beta.1
[INFO] running `Command { std: CARGO_HOME="/workspace/cargo-home" RUSTUP_HOME="/workspace/rustup-home" "/workspace/cargo-home/bin/cargo" "+1.100.0-beta.1" "metadata" "--manifest-path" "Cargo.toml" "--no-deps", kill_on_drop: false }`
[INFO] crate git repo https://github.com/rudeus112266/arbiter already has a lockfile, it will not be regenerated
[INFO] running `Command { std: CARGO_HOME="/workspace/cargo-home" RUSTUP_HOME="/workspace/rustup-home" "/workspace/cargo-home/bin/cargo" "+1.100.0-beta.1" "fetch" "--manifest-path" "Cargo.toml", kill_on_drop: false }`
[INFO] running `Command { std: "docker" "create" "-v" "/var/lib/crater-agent-workspace/builds/worker-2-tc2/source:/opt/rustwide/workdir:ro,Z" "-v" "/var/lib/crater-agent-workspace/builds/worker-2-tc2/target:/opt/rustwide/target:rw,Z" "-v" "/var/lib/crater-agent-workspace/cargo-home:/opt/rustwide/cargo-home:ro,Z" "-v" "/var/lib/crater-agent-workspace/rustup-home:/opt/rustwide/rustup-home:ro,Z" "-m" "1610612736" "--network" "none" "ghcr.io/rust-lang/crates-build-env/linux@sha256:77db811e55d90add9212f6832c23229e3de5f1c1f9905e8cb07319ea15df73ac" "sleep" "infinity", kill_on_drop: false }`
[INFO] [stdout] a120b7b65df8a9ac89154a224f04d6a7d9af2abe0ec38af71c884cf8953e0e6e
[INFO] running `Command { std: "docker" "start" "a120b7b65df8a9ac89154a224f04d6a7d9af2abe0ec38af71c884cf8953e0e6e", kill_on_drop: false }`
[INFO] running `Command { std: "docker" "inspect" "a120b7b65df8a9ac89154a224f04d6a7d9af2abe0ec38af71c884cf8953e0e6e", kill_on_drop: false }`
[INFO] running `Command { std: "docker" "exec" "-e" "SOURCE_DIR=/opt/rustwide/workdir" "-e" "CARGO_HOME=/opt/rustwide/cargo-home" "-e" "RUSTUP_HOME=/opt/rustwide/rustup-home" "-e" "CARGO_TARGET_DIR=/opt/rustwide/target" "-w" "/opt/rustwide/workdir" "--user" "0:0" "a120b7b65df8a9ac89154a224f04d6a7d9af2abe0ec38af71c884cf8953e0e6e" "/opt/rustwide/cargo-home/bin/cargo" "+1.100.0-beta.1" "metadata" "--no-deps" "--format-version=1", kill_on_drop: false }`
[INFO] running `Command { std: "docker" "inspect" "a120b7b65df8a9ac89154a224f04d6a7d9af2abe0ec38af71c884cf8953e0e6e", kill_on_drop: false }`
[INFO] running `Command { std: "docker" "exec" "-e" "SOURCE_DIR=/opt/rustwide/workdir" "-e" "CARGO_HOME=/opt/rustwide/cargo-home" "-e" "RUSTUP_HOME=/opt/rustwide/rustup-home" "-e" "CARGO_TARGET_DIR=/opt/rustwide/target" "-e" "CARGO_INCREMENTAL=0" "-e" "RUST_BACKTRACE=full" "-e" "RUSTFLAGS=--cap-lints=warn" "-e" "RUSTDOCFLAGS=--cap-lints=warn" "-w" "/opt/rustwide/workdir" "--user" "0:0" "a120b7b65df8a9ac89154a224f04d6a7d9af2abe0ec38af71c884cf8953e0e6e" "/opt/rustwide/cargo-home/bin/cargo" "+1.100.0-beta.1" "build" "--frozen" "--message-format=json" "--release", kill_on_drop: false }`
[INFO] [stderr]    Compiling proc-macro2 v1.0.107
[INFO] [stderr]    Compiling quote v1.0.47
[INFO] [stderr]    Compiling unicode-ident v1.0.24
[INFO] [stderr]    Compiling version_check v0.9.5
[INFO] [stderr]    Compiling zmij v1.0.23
[INFO] [stderr]    Compiling serde v1.0.229
[INFO] [stderr]    Compiling serde_core v1.0.229
[INFO] [stderr]    Compiling serde_json v1.0.151
[INFO] [stderr]    Compiling memchr v2.8.3
[INFO] [stderr]    Compiling itoa v1.0.18
[INFO] [stderr]    Compiling cfg-if v1.0.4
[INFO] [stderr]    Compiling typenum v1.20.1
[INFO] [stderr]    Compiling subtle v2.6.1
[INFO] [stderr]    Compiling autocfg v1.5.1
[INFO] [stderr]    Compiling const-oid v0.9.6
[INFO] [stderr]    Compiling libc v0.2.189
[INFO] [stderr]    Compiling strsim v0.11.1
[INFO] [stderr]    Compiling ident_case v1.0.1
[INFO] [stderr]    Compiling zerocopy v0.8.55
[INFO] [stderr]    Compiling syn v1.0.109
[INFO] [stderr]    Compiling semver v1.0.28
[INFO] [stderr]    Compiling schemars v0.8.22
[INFO] [stderr]    Compiling dyn-clone v1.0.20
[INFO] [stderr]    Compiling paste v1.0.15
[INFO] [stderr]    Compiling data-encoding v2.11.1
[INFO] [stderr]    Compiling cpufeatures v0.2.17
[INFO] [stderr]    Compiling ethnum v1.5.3
[INFO] [stderr]    Compiling escape-bytes v0.1.1
[INFO] [stderr]    Compiling generic-array v0.14.9
[INFO] [stderr]    Compiling ahash v0.8.12
[INFO] [stderr]    Compiling num-traits v0.2.19
[INFO] [stderr]    Compiling rustc_version v0.4.1
[INFO] [stderr]    Compiling base16ct v0.2.0
[INFO] [stderr]    Compiling either v1.17.0
[INFO] [stderr]    Compiling once_cell v1.21.4
[INFO] [stderr]    Compiling libm v0.2.16
[INFO] [stderr]    Compiling hashbrown v0.17.1
[INFO] [stderr]    Compiling itertools v0.10.5
[INFO] [stderr]    Compiling thiserror v1.0.69
[INFO] [stderr]    Compiling equivalent v1.0.2
[INFO] [stderr]    Compiling curve25519-dalek v4.1.3
[INFO] [stderr]    Compiling indexmap-nostd v0.4.0
[INFO] [stderr]    Compiling prettyplease v0.2.37
[INFO] [stderr]    Compiling syn v2.0.119
[INFO] [stderr]    Compiling syn v3.0.3
[INFO] [stderr]    Compiling num-integer v0.1.46
[INFO] [stderr]    Compiling downcast-rs v1.2.1
[INFO] [stderr]    Compiling fnv v1.0.7
[INFO] [stderr]    Compiling indexmap v2.14.0
[INFO] [stderr]    Compiling wasmparser-nostd v0.100.2
[INFO] [stderr]    Compiling num-bigint v0.4.8
[INFO] [stderr]    Compiling crypto-common v0.1.6
[INFO] [stderr]    Compiling block-buffer v0.10.4
[INFO] [stderr]    Compiling digest v0.10.7
[INFO] [stderr]    Compiling getrandom v0.2.17
[INFO] [stderr]    Compiling sha2 v0.10.9
[INFO] [stderr]    Compiling rand_core v0.6.4
[INFO] [stderr]    Compiling wasmparser v0.116.1
[INFO] [stderr]    Compiling wasmi_core v0.13.0
[INFO] [stderr]    Compiling ff v0.13.1
[INFO] [stderr]    Compiling group v0.13.0
[INFO] [stderr]    Compiling spin v0.9.9
[INFO] [stderr]    Compiling byteorder v1.5.0
[INFO] [stderr]    Compiling hex v0.4.3
[INFO] [stderr]    Compiling wasmi_arena v0.4.1
[INFO] [stderr]    Compiling base64 v0.22.1
[INFO] [stderr]    Compiling heapless v0.8.0
[INFO] [stderr]    Compiling smallvec v1.15.2
[INFO] [stderr]    Compiling hash32 v0.3.1
[INFO] [stderr]    Compiling soroban-env-host v23.0.1
[INFO] [stderr]    Compiling static_assertions v1.1.0
[INFO] [stderr]    Compiling stable_deref_trait v1.2.1
[INFO] [stderr]    Compiling keccak v0.1.6
[INFO] [stderr]    Compiling hex-literal v0.4.1
[INFO] [stderr]    Compiling heck v0.5.0
[INFO] [stderr]    Compiling serde_derive v1.0.229
[INFO] [stderr]    Compiling ark-serialize-derive v0.4.2
[INFO] [stderr]    Compiling ark-ff-macros v0.4.2
[INFO] [stderr]    Compiling ark-ff-asm v0.4.2
[INFO] [stderr]    Compiling derivative v2.2.0
[INFO] [stderr]    Compiling ppv-lite86 v0.2.21
[INFO] [stderr]    Compiling darling_core v0.23.0
[INFO] [stderr]    Compiling darling_core v0.20.11
[INFO] [stderr]    Compiling macro-string v0.1.4
[INFO] [stderr]    Compiling hashbrown v0.13.2
[INFO] [stderr]    Compiling soroban-wasmi v0.31.1-soroban.20.0.1
[INFO] [stderr]    Compiling rand_chacha v0.3.1
[INFO] [stderr]    Compiling rand v0.8.7
[INFO] [stderr]    Compiling zeroize_derive v1.5.0
[INFO] [stderr]    Compiling cfg_eval v0.1.2
[INFO] [stderr]    Compiling num-derive v0.4.2
[INFO] [stderr]    Compiling thiserror-impl v1.0.69
[INFO] [stderr]    Compiling curve25519-dalek-derive v0.1.1
[INFO] [stderr]    Compiling soroban-builtin-sdk-macros v23.0.1
[INFO] [stderr]    Compiling visibility v0.1.1
[INFO] [stderr]    Compiling zeroize v1.9.0
[INFO] [stderr]    Compiling bytes-lit v0.0.5
[INFO] [stderr]    Compiling der v0.7.10
[INFO] [stderr]    Compiling ark-std v0.4.0
[INFO] [stderr]    Compiling crypto-bigint v0.5.5
[INFO] [stderr]    Compiling signature v2.2.0
[INFO] [stderr]    Compiling hmac v0.12.1
[INFO] [stderr]    Compiling ark-serialize v0.4.2
[INFO] [stderr]    Compiling darling_macro v0.23.0
[INFO] [stderr]    Compiling ed25519 v2.2.3
[INFO] [stderr]    Compiling rfc6979 v0.4.0
[INFO] [stderr]    Compiling sha3 v0.10.9
[INFO] [stderr]    Compiling ark-ff v0.4.2
[INFO] [stderr]    Compiling darling v0.23.0
[INFO] [stderr]    Compiling serde_with_macros v3.21.0
[INFO] [stderr]    Compiling sec1 v0.7.3
[INFO] [stderr]    Compiling crate-git-revision v0.0.6
[INFO] [stderr]    Compiling stellar-strkey v0.0.13
[INFO] [stderr]    Compiling stellar-xdr v23.0.0
[INFO] [stderr]    Compiling soroban-env-common v23.0.1
[INFO] [stderr]    Compiling stellar-strkey v0.0.16
[INFO] [stderr]    Compiling soroban-sdk v23.5.3
[INFO] [stderr]    Compiling ed25519-dalek v2.2.0
[INFO] [stderr]    Compiling darling_macro v0.20.11
[INFO] [stderr]    Compiling elliptic-curve v0.13.8
[INFO] [stderr]    Compiling darling v0.20.11
[INFO] [stderr]    Compiling ecdsa v0.16.9
[INFO] [stderr]    Compiling primeorder v0.13.6
[INFO] [stderr]    Compiling serde_with v3.21.0
[INFO] [stderr]    Compiling k256 v0.13.4
[INFO] [stderr]    Compiling p256 v0.13.2
[INFO] [stderr]    Compiling ark-poly v0.4.2
[INFO] [stderr]    Compiling ark-ec v0.4.2
[INFO] [stderr]    Compiling ark-bls12-381 v0.4.0
[INFO] [stderr]    Compiling soroban-spec v23.5.3
[INFO] [stderr]    Compiling soroban-spec-rust v23.5.3
[INFO] [stderr]    Compiling soroban-env-macros v23.0.1
[INFO] [stderr]    Compiling soroban-sdk-macros v23.5.3
[INFO] [stderr]    Compiling oracle-escrow v0.2.0 (/opt/rustwide/workdir/contracts/oracle-escrow)
[INFO] [stderr]     Finished `release` profile [optimized] target(s) in 2m 25s
[INFO] running `Command { std: "docker" "inspect" "a120b7b65df8a9ac89154a224f04d6a7d9af2abe0ec38af71c884cf8953e0e6e", kill_on_drop: false }`
[INFO] running `Command { std: "docker" "exec" "-e" "SOURCE_DIR=/opt/rustwide/workdir" "-e" "CARGO_HOME=/opt/rustwide/cargo-home" "-e" "RUSTUP_HOME=/opt/rustwide/rustup-home" "-e" "CARGO_TARGET_DIR=/opt/rustwide/target" "-e" "CARGO_INCREMENTAL=0" "-e" "RUST_BACKTRACE=full" "-e" "RUSTFLAGS=--cap-lints=warn" "-e" "RUSTDOCFLAGS=--cap-lints=warn" "-w" "/opt/rustwide/workdir" "--user" "0:0" "a120b7b65df8a9ac89154a224f04d6a7d9af2abe0ec38af71c884cf8953e0e6e" "/opt/rustwide/cargo-home/bin/cargo" "+1.100.0-beta.1" "test" "--frozen" "--no-run" "--message-format=json" "--release", kill_on_drop: false }`
[INFO] [stderr]    Compiling cfg-if v1.0.4
[INFO] [stderr]    Compiling typenum v1.20.1
[INFO] [stderr]    Compiling subtle v2.6.1
[INFO] [stderr]    Compiling const-oid v0.9.6
[INFO] [stderr]    Compiling libc v0.2.189
[INFO] [stderr]    Compiling num-traits v0.2.19
[INFO] [stderr]    Compiling zerocopy v0.8.55
[INFO] [stderr]    Compiling serde_core v1.0.229
[INFO] [stderr]    Compiling zeroize v1.9.0
[INFO] [stderr]    Compiling cpufeatures v0.2.17
[INFO] [stderr]    Compiling base16ct v0.2.0
[INFO] [stderr]    Compiling zmij v1.0.23
[INFO] [stderr]    Compiling serde_json v1.0.151
[INFO] [stderr]    Compiling once_cell v1.21.4
[INFO] [stderr]    Compiling itoa v1.0.18
[INFO] [stderr]    Compiling memchr v2.8.3
[INFO] [stderr]    Compiling either v1.17.0
[INFO] [stderr]    Compiling schemars v0.8.22
[INFO] [stderr]    Compiling dyn-clone v1.0.20
[INFO] [stderr]    Compiling data-encoding v2.11.1
[INFO] [stderr]    Compiling libm v0.2.16
[INFO] [stderr]    Compiling stellar-xdr v23.0.0
[INFO] [stderr]    Compiling der v0.7.10
[INFO] [stderr]    Compiling itertools v0.10.5
[INFO] [stderr]    Compiling derive_arbitrary v1.3.2
[INFO] [stderr]    Compiling equivalent v1.0.2
[INFO] [stderr]    Compiling hashbrown v0.17.1
[INFO] [stderr]    Compiling indexmap-nostd v0.4.0
[INFO] [stderr]    Compiling downcast-rs v1.2.1
[INFO] [stderr]    Compiling soroban-env-common v23.0.1
[INFO] [stderr]    Compiling ethnum v1.5.3
[INFO] [stderr]    Compiling smallvec v1.15.2
[INFO] [stderr]    Compiling wasmparser-nostd v0.100.2
[INFO] [stderr]    Compiling spin v0.9.9
[INFO] [stderr]    Compiling num-integer v0.1.46
[INFO] [stderr]    Compiling stellar-strkey v0.0.13
[INFO] [stderr]    Compiling base64 v0.22.1
[INFO] [stderr]    Compiling arbitrary v1.3.2
[INFO] [stderr]    Compiling num-bigint v0.4.8
[INFO] [stderr]    Compiling semver v1.0.28
[INFO] [stderr]    Compiling wasmi_arena v0.4.1
[INFO] [stderr]    Compiling indexmap v2.14.0
[INFO] [stderr]    Compiling escape-bytes v0.1.1
[INFO] [stderr]    Compiling byteorder v1.5.0
[INFO] [stderr]    Compiling keccak v0.1.6
[INFO] [stderr]    Compiling soroban-env-host v23.0.1
[INFO] [stderr]    Compiling static_assertions v1.1.0
[INFO] [stderr]    Compiling hash32 v0.3.1
[INFO] [stderr]    Compiling generic-array v0.14.9
[INFO] [stderr]    Compiling thiserror v1.0.69
[INFO] [stderr]    Compiling hex-literal v0.4.1
[INFO] [stderr]    Compiling stable_deref_trait v1.2.1
[INFO] [stderr]    Compiling dtor-proc-macro v0.0.6
[INFO] [stderr]    Compiling heapless v0.8.0
[INFO] [stderr]    Compiling soroban-sdk v23.5.3
[INFO] [stderr]    Compiling ctor-proc-macro v0.0.6
[INFO] [stderr]    Compiling soroban-sdk-macros v23.5.3
[INFO] [stderr]    Compiling dtor v0.1.1
[INFO] [stderr]    Compiling getrandom v0.2.17
[INFO] [stderr]    Compiling rand_core v0.6.4
[INFO] [stderr]    Compiling ctor v0.5.0
[INFO] [stderr]    Compiling wasmi_core v0.13.0
[INFO] [stderr]    Compiling ff v0.13.1
[INFO] [stderr]    Compiling wasmparser v0.116.1
[INFO] [stderr]    Compiling group v0.13.0
[INFO] [stderr]    Compiling crypto-common v0.1.6
[INFO] [stderr]    Compiling block-buffer v0.10.4
[INFO] [stderr]    Compiling crypto-bigint v0.5.5
[INFO] [stderr]    Compiling sec1 v0.7.3
[INFO] [stderr]    Compiling stellar-strkey v0.0.16
[INFO] [stderr]    Compiling digest v0.10.7
[INFO] [stderr]    Compiling sha2 v0.10.9
[INFO] [stderr]    Compiling signature v2.2.0
[INFO] [stderr]    Compiling hmac v0.12.1
[INFO] [stderr]    Compiling curve25519-dalek v4.1.3
[INFO] [stderr]    Compiling sha3 v0.10.9
[INFO] [stderr]    Compiling rfc6979 v0.4.0
[INFO] [stderr]    Compiling ed25519 v2.2.3
[INFO] [stderr]    Compiling ed25519-dalek v2.2.0
[INFO] [stderr]    Compiling serde v1.0.229
[INFO] [stderr]    Compiling elliptic-curve v0.13.8
[INFO] [stderr]    Compiling ecdsa v0.16.9
[INFO] [stderr]    Compiling primeorder v0.13.6
[INFO] [stderr]    Compiling hex v0.4.3
[INFO] [stderr]    Compiling p256 v0.13.2
[INFO] [stderr]    Compiling k256 v0.13.4
[INFO] [stderr]    Compiling ppv-lite86 v0.2.21
[INFO] [stderr]    Compiling ahash v0.8.12
[INFO] [stderr]    Compiling hashbrown v0.13.2
[INFO] [stderr]    Compiling soroban-wasmi v0.31.1-soroban.20.0.1
[INFO] [stderr]    Compiling rand_chacha v0.3.1
[INFO] [stderr]    Compiling rand v0.8.7
[INFO] [stderr]    Compiling serde_with v3.21.0
[INFO] [stderr]    Compiling ark-std v0.4.0
[INFO] [stderr]    Compiling ark-serialize v0.4.2
[INFO] [stderr]    Compiling ark-ff v0.4.2
[INFO] [stderr]    Compiling ark-poly v0.4.2
[INFO] [stderr]    Compiling ark-ec v0.4.2
[INFO] [stderr]    Compiling ark-bls12-381 v0.4.0
[INFO] [stderr]    Compiling soroban-ledger-snapshot v23.5.3
[INFO] [stderr]    Compiling oracle-escrow v0.2.0 (/opt/rustwide/workdir/contracts/oracle-escrow)
[INFO] [stderr]     Finished `release` profile [optimized] target(s) in 2m 27s
[INFO] running `Command { std: "docker" "inspect" "a120b7b65df8a9ac89154a224f04d6a7d9af2abe0ec38af71c884cf8953e0e6e", kill_on_drop: false }`
[INFO] running `Command { std: "docker" "exec" "-e" "SOURCE_DIR=/opt/rustwide/workdir" "-e" "CARGO_HOME=/opt/rustwide/cargo-home" "-e" "RUSTUP_HOME=/opt/rustwide/rustup-home" "-e" "CARGO_TARGET_DIR=/opt/rustwide/target" "-e" "CARGO_INCREMENTAL=0" "-e" "RUST_BACKTRACE=full" "-e" "RUSTFLAGS=--cap-lints=warn" "-e" "RUSTDOCFLAGS=--cap-lints=warn" "-w" "/opt/rustwide/workdir" "--user" "0:0" "a120b7b65df8a9ac89154a224f04d6a7d9af2abe0ec38af71c884cf8953e0e6e" "/opt/rustwide/cargo-home/bin/cargo" "+1.100.0-beta.1" "test" "--frozen" "--release", kill_on_drop: false }`
[INFO] [stderr]     Finished `release` profile [optimized] target(s) in 0.36s
[INFO] [stderr]      Running unittests src/lib.rs (/opt/rustwide/target/release/build/oracle-escrow/691d50f80c683d25/out/oracle_escrow-691d50f80c683d25)
[INFO] [stdout] 
[INFO] [stdout] running 56 tests
[INFO] [stdout] test test::charge_same_question_id_twice_fails_like_duplicate_submit ... FAILED
[INFO] [stdout] test test::initialize_rejects_zero_timeout ... FAILED
[INFO] [stdout] test test::duplicate_submit_fails ... FAILED
[INFO] [stdout] test test::get_timeout_ledgers_matches_init ... FAILED
[INFO] [stdout] test test::refund_returns_full_amount_and_flips_status ... FAILED
[INFO] [stdout] test test::resolve_rejects_duplicate_addresses_within_the_losing_list ... FAILED
[INFO] [stdout] test test::payer_with_no_deposit_has_zero_balance ... FAILED
[INFO] [stdout] test test::charge_draws_down_balance_and_opens_a_normal_question ... FAILED
[INFO] [stdout] test test::resolve_sends_dust_to_platform_when_pool_does_not_divide_evenly ... FAILED
[INFO] [stdout] test test::resolve_rejects_duplicate_addresses_within_the_matching_list ... FAILED
[INFO] [stdout] test test::resolve_and_refund_on_unknown_id_fails ... FAILED
[INFO] [stdout] test test::charged_question_can_still_be_refunded_and_refund_timed_out ... FAILED
[INFO] [stdout] test test::deposit_locks_funds_and_get_balance_reflects_it ... FAILED
[INFO] [stdout] test test::partial_withdrawal_leaves_the_remainder_claimable_later ... FAILED
[INFO] [stdout] test test::deposits_accumulate_across_calls ... FAILED
[INFO] [stdout] test test::charged_question_settles_through_resolve_exactly_like_submit ... FAILED
[INFO] [stdout] test test::double_initialize_fails ... FAILED
[INFO] [stdout] test test::charge_more_than_balance_fails_and_opens_no_question ... FAILED
[INFO] [stdout] test test::refund_after_resolve_is_rejected ... FAILED
[INFO] [stdout] test test::deposit_zero_or_negative_amount_fails ... FAILED
[INFO] [stdout] test test::submit_zero_or_negative_amount_fails ... FAILED
[INFO] [stdout] test test::resolve_rejects_a_worker_appearing_in_both_matching_and_losing_lists ... FAILED
[INFO] [stdout] test test::set_timeout_ledgers_rejects_zero ... FAILED
[INFO] [stdout] test test::resolve_slashing_an_unstaked_losing_worker_is_a_harmless_no_op ... FAILED
[INFO] [stdout] test test::resolve_twice_fails ... FAILED
[INFO] [stdout] test test::timeout_refund_before_deadline_fails ... FAILED
[INFO] [stdout] test test::timeout_refund_after_resolve_is_rejected ... FAILED
[INFO] [stdout] test test::timeout_refund_on_unknown_id_fails ... FAILED
[INFO] [stdout] test test::token_admin_client_can_mint_additional_funds ... FAILED
[INFO] [stdout] test test::timeout_refund_exactly_at_deadline_succeeds ... FAILED
[INFO] [stdout] test test::stake_zero_or_negative_fails ... FAILED
[INFO] [stdout] test test::touch_does_not_change_owed_or_stake_amounts ... FAILED
[INFO] [stdout] test test::touch_is_a_harmless_no_op_for_a_worker_with_no_owed_or_stake ... FAILED
[INFO] [stdout] test test::touch_requires_no_authorization_from_anyone ... FAILED
[INFO] [stdout] test test::set_timeout_ledgers_does_not_affect_an_already_pending_question ... FAILED
[INFO] [stdout] test test::timeout_refund_after_deadline_succeeds_for_anyone ... FAILED
[INFO] [stdout] test test::resolve_slashes_losing_workers_stake_to_the_platform ... FAILED
[INFO] [stdout] test test::withdraw_balance_more_than_deposited_fails ... FAILED
[INFO] [stdout] test test::resolve_splits_pool_and_pays_fee ... FAILED
[INFO] [stdout] test test::unstake_returns_funds_and_decrements_balance ... FAILED
[INFO] [stdout] test test::unstake_more_than_staked_fails ... FAILED
[INFO] [stdout] test test::withdraw_accumulates_across_multiple_resolved_questions_before_a_single_payout ... FAILED
[INFO] [stdout] test test::withdraw_pays_out_full_accrued_balance_and_zeroes_it ... FAILED
[INFO] [stdout] test test::resolve_with_disjoint_valid_lists_still_succeeds ... FAILED
[INFO] [stdout] test test::withdraw_to_sends_funds_to_the_beneficiary_not_the_caller ... FAILED
[INFO] [stdout] test test::withdraw_more_than_owed_fails_without_touching_the_balance ... FAILED
[INFO] [stdout] test test::unstaked_worker_has_zero_stake_by_default ... FAILED
[INFO] [stdout] test test::withdraw_balance_returns_funds_and_decrements_balance ... FAILED
[INFO] [stdout] test test::withdraw_zero_or_negative_amount_fails ... FAILED
[INFO] [stdout] test test::submit_locks_funds ... FAILED
[INFO] [stdout] test test::withdraw_with_nothing_owed_fails ... FAILED
[INFO] [stdout] test test::withdraw_twice_in_a_row_fails_the_second_time ... FAILED
[INFO] [stdout] test test::stake_locks_funds_and_get_stake_reflects_it ... FAILED
[INFO] [stdout] test test::set_timeout_ledgers_applies_to_questions_submitted_afterward ... FAILED
[INFO] [stdout] test test::resolve_with_zero_workers_fails ... FAILED
[INFO] [stdout] test test::set_admin_rotates_authority_to_a_new_key ... FAILED
[INFO] [stdout] 
[INFO] [stdout] failures:
[INFO] [stdout] 
[INFO] [stdout] ---- test::charge_same_question_id_twice_fails_like_duplicate_submit stdout ----
[INFO] [stdout] Writing test snapshot file for test "test::charge_same_question_id_twice_fails_like_duplicate_submit" to "test_snapshots/test/charge_same_question_id_twice_fails_like_duplicate_submit.1.json".
[INFO] [stdout] 
[INFO] [stdout] thread 'test::charge_same_question_id_twice_fails_like_duplicate_submit' (3801) panicked at /opt/rustwide/cargo-home/registry/src/index.crates.io-1949cf8c6b5b557f/soroban-sdk-23.5.3/src/env.rs:1743:32:
[INFO] [stdout] called `Result::unwrap()` on an `Err` value: Os { code: 30, kind: ReadOnlyFilesystem, message: "Read-only file system" }
[INFO] [stdout] stack backtrace:
[INFO] [stdout]    0:     0x5ad653ebef37 - <unknown>
[INFO] [stdout]    1:     0x5ad653d6cea4 - <unknown>
[INFO] [stdout]    2:     0x5ad653ebe4fb - <unknown>
[INFO] [stdout]    3:     0x5ad653ebe0f9 - <unknown>
[INFO] [stdout]    4:     0x5ad653ebdd7a - <unknown>
[INFO] [stdout]    5:     0x5ad653ebd8ab - <unknown>
[INFO] [stdout]    6:     0x5ad653ee3711 - <unknown>
[INFO] [stdout]    7:     0x5ad653ee36c9 - <unknown>
[INFO] [stdout]    8:     0x5ad653ee3bbc - <unknown>
[INFO] [stdout]    9:     0x5ad653d6cd3b - <unknown>
[INFO] [stdout]   10:     0x5ad653d705f1 - <unknown>
[INFO] [stdout]   11:     0x5ad653e83e16 - <unknown>
[INFO] [stdout]   12:     0x5ad653d51f5a - <unknown>
[INFO] [stdout]   13:     0x5ad653d656a6 - <unknown>
[INFO] [stdout]   14:     0x5ad653efd34b - <unknown>
[INFO] [stdout]   15:     0x5ad653ef8a22 - <unknown>
[INFO] [stdout]   16:     0x5ad653ef84cc - <unknown>
[INFO] [stdout]   17:     0x5ad653f171cc - <unknown>
[INFO] [stdout]   18:     0x5ad653ee53a8 - <unknown>
[INFO] [stdout]   19:     0x723c030f8dfa - <unknown>
[INFO] [stdout]   20:     0x723c0318c3d4 - clone
[INFO] [stdout]   21:                0x0 - <unknown>
[INFO] [stdout] 
[INFO] [stdout] ---- test::initialize_rejects_zero_timeout stdout ----
[INFO] [stdout] Writing test snapshot file for test "test::initialize_rejects_zero_timeout" to "test_snapshots/test/initialize_rejects_zero_timeout.1.json".
[INFO] [stdout] 
[INFO] [stdout] thread 'test::initialize_rejects_zero_timeout' (3810) panicked at /opt/rustwide/cargo-home/registry/src/index.crates.io-1949cf8c6b5b557f/soroban-sdk-23.5.3/src/env.rs:1743:32:
[INFO] [stdout] called `Result::unwrap()` on an `Err` value: Os { code: 30, kind: ReadOnlyFilesystem, message: "Read-only file system" }
[INFO] [stdout] stack backtrace:
[INFO] [stdout]    0:     0x5ad653ebef37 - <unknown>
[INFO] [stdout]    1:     0x5ad653d6cea4 - <unknown>
[INFO] [stdout]    2:     0x5ad653ebe4fb - <unknown>
[INFO] [stdout]    3:     0x5ad653ebe0f9 - <unknown>
[INFO] [stdout]    4:     0x5ad653ebdd7a - <unknown>
[INFO] [stdout]    5:     0x5ad653ebd8ab - <unknown>
[INFO] [stdout]    6:     0x5ad653ee3711 - <unknown>
[INFO] [stdout]    7:     0x5ad653ee36c9 - <unknown>
[INFO] [stdout]    8:     0x5ad653ee3bbc - <unknown>
[INFO] [stdout]    9:     0x5ad653d6cd3b - <unknown>
[INFO] [stdout]   10:     0x5ad653d705f1 - <unknown>
[INFO] [stdout]   11:     0x5ad653e83e16 - <unknown>
[INFO] [stdout]   12:     0x5ad653d51f5a - <unknown>
[INFO] [stdout]   13:     0x5ad653d5f995 - <unknown>
[INFO] [stdout]   14:     0x5ad653efd34b - <unknown>
[INFO] [stdout]   15:     0x5ad653ef8a22 - <unknown>
[INFO] [stdout]   16:     0x5ad653ef84cc - <unknown>
[INFO] [stdout]   17:     0x5ad653f171cc - <unknown>
[INFO] [stdout]   18:     0x5ad653ee53a8 - <unknown>
[INFO] [stdout]   19:     0x723c030f8dfa - <unknown>
[INFO] [stdout]   20:     0x723c0318c3d4 - clone
[INFO] [stdout]   21:                0x0 - <unknown>
[INFO] [stdout] 
[INFO] [stdout] ---- test::duplicate_submit_fails stdout ----
[INFO] [stdout] Writing test snapshot file for test "test::duplicate_submit_fails" to "test_snapshots/test/duplicate_submit_fails.1.json".
[INFO] [stdout] 
[INFO] [stdout] thread 'test::duplicate_submit_fails' (3808) panicked at /opt/rustwide/cargo-home/registry/src/index.crates.io-1949cf8c6b5b557f/soroban-sdk-23.5.3/src/env.rs:1743:32:
[INFO] [stdout] called `Result::unwrap()` on an `Err` value: Os { code: 30, kind: ReadOnlyFilesystem, message: "Read-only file system" }
[INFO] [stdout] stack backtrace:
[INFO] [stdout]    0:     0x5ad653ebef37 - <unknown>
[INFO] [stdout]    1:     0x5ad653d6cea4 - <unknown>
[INFO] [stdout]    2:     0x5ad653ebe4fb - <unknown>
[INFO] [stdout]    3:     0x5ad653ebe0f9 - <unknown>
[INFO] [stdout]    4:     0x5ad653ebdd7a - <unknown>
[INFO] [stdout]    5:     0x5ad653ebd8ab - <unknown>
[INFO] [stdout]    6:     0x5ad653ee3711 - <unknown>
[INFO] [stdout]    7:     0x5ad653ee36c9 - <unknown>
[INFO] [stdout]    8:     0x5ad653ee3bbc - <unknown>
[INFO] [stdout]    9:     0x5ad653d6cd3b - <unknown>
[INFO] [stdout]   10:     0x5ad653d705f1 - <unknown>
[INFO] [stdout]   11:     0x5ad653e83e16 - <unknown>
[INFO] [stdout]   12:     0x5ad653d51f5a - <unknown>
[INFO] [stdout]   13:     0x5ad653d5f26e - <unknown>
[INFO] [stdout]   14:     0x5ad653efd34b - <unknown>
[INFO] [stdout]   15:     0x5ad653ef8a22 - <unknown>
[INFO] [stdout]   16:     0x5ad653ef84cc - <unknown>
[INFO] [stdout]   17:     0x5ad653f171cc - <unknown>
[INFO] [stdout]   18:     0x5ad653ee53a8 - <unknown>
[INFO] [stdout]   19:     0x723c030f8dfa - <unknown>
[INFO] [stdout]   20:     0x723c0318c3d4 - clone
[INFO] [stdout]   21:                0x0 - <unknown>
[INFO] [stdout] 
[INFO] [stdout] ---- test::get_timeout_ledgers_matches_init stdout ----
[INFO] [stdout] Writing test snapshot file for test "test::get_timeout_ledgers_matches_init" to "test_snapshots/test/get_timeout_ledgers_matches_init.1.json".
[INFO] [stdout] 
[INFO] [stdout] thread 'test::get_timeout_ledgers_matches_init' (3809) panicked at /opt/rustwide/cargo-home/registry/src/index.crates.io-1949cf8c6b5b557f/soroban-sdk-23.5.3/src/env.rs:1743:32:
[INFO] [stdout] called `Result::unwrap()` on an `Err` value: Os { code: 30, kind: ReadOnlyFilesystem, message: "Read-only file system" }
[INFO] [stdout] stack backtrace:
[INFO] [stdout]    0:     0x5ad653ebef37 - <unknown>
[INFO] [stdout]    1:     0x5ad653d6cea4 - <unknown>
[INFO] [stdout]    2:     0x5ad653ebe4fb - <unknown>
[INFO] [stdout]    3:     0x5ad653ebe0f9 - <unknown>
[INFO] [stdout]    4:     0x5ad653ebdd7a - <unknown>
[INFO] [stdout]    5:     0x5ad653ebd8ab - <unknown>
[INFO] [stdout]    6:     0x5ad653ee3711 - <unknown>
[INFO] [stdout]    7:     0x5ad653ee36c9 - <unknown>
[INFO] [stdout]    8:     0x5ad653ee3bbc - <unknown>
[INFO] [stdout]    9:     0x5ad653d6cd3b - <unknown>
[INFO] [stdout]   10:     0x5ad653d705f1 - <unknown>
[INFO] [stdout]   11:     0x5ad653e83e16 - <unknown>
[INFO] [stdout]   12:     0x5ad653d51f5a - <unknown>
[INFO] [stdout]   13:     0x5ad653d5fec0 - <unknown>
[INFO] [stdout]   14:     0x5ad653efd34b - <unknown>
[INFO] [stdout]   15:     0x5ad653ef8a22 - <unknown>
[INFO] [stdout]   16:     0x5ad653ef84cc - <unknown>
[INFO] [stdout]   17:     0x5ad653f171cc - <unknown>
[INFO] [stdout]   18:     0x5ad653ee53a8 - <unknown>
[INFO] [stdout]   19:     0x723c030f8dfa - <unknown>
[INFO] [stdout]   20:     0x723c0318c3d4 - clone
[INFO] [stdout]   21:                0x0 - <unknown>
[INFO] [stdout] 
[INFO] [stdout] ---- test::refund_returns_full_amount_and_flips_status stdout ----
[INFO] [stdout] Writing test snapshot file for test "test::refund_returns_full_amount_and_flips_status" to "test_snapshots/test/refund_returns_full_amount_and_flips_status.1.json".
[INFO] [stdout] 
[INFO] [stdout] thread 'test::refund_returns_full_amount_and_flips_status' (3814) panicked at /opt/rustwide/cargo-home/registry/src/index.crates.io-1949cf8c6b5b557f/soroban-sdk-23.5.3/src/env.rs:1743:32:
[INFO] [stdout] called `Result::unwrap()` on an `Err` value: Os { code: 30, kind: ReadOnlyFilesystem, message: "Read-only file system" }
[INFO] [stdout] stack backtrace:
[INFO] [stdout]    0:     0x5ad653ebef37 - <unknown>
[INFO] [stdout]    1:     0x5ad653d6cea4 - <unknown>
[INFO] [stdout]    2:     0x5ad653ebe4fb - <unknown>
[INFO] [stdout]    3:     0x5ad653ebe0f9 - <unknown>
[INFO] [stdout]    4:     0x5ad653ebdd7a - <unknown>
[INFO] [stdout]    5:     0x5ad653ebd8ab - <unknown>
[INFO] [stdout]    6:     0x5ad653ee3711 - <unknown>
[INFO] [stdout]    7:     0x5ad653ee36c9 - <unknown>
[INFO] [stdout]    8:     0x5ad653ee3bbc - <unknown>
[INFO] [stdout]    9:     0x5ad653d6cd3b - <unknown>
[INFO] [stdout]   10:     0x5ad653d705f1 - <unknown>
[INFO] [stdout]   11:     0x5ad653e83e16 - <unknown>
[INFO] [stdout]   12:     0x5ad653d51f5a - <unknown>
[INFO] [stdout]   13:     0x5ad653d6210c - <unknown>
[INFO] [stdout]   14:     0x5ad653efd34b - <unknown>
[INFO] [stdout]   15:     0x5ad653ef8a22 - <unknown>
[INFO] [stdout]   16:     0x5ad653ef84cc - <unknown>
[INFO] [stdout]   17:     0x5ad653f171cc - <unknown>
[INFO] [stdout]   18:     0x5ad653ee53a8 - <unknown>
[INFO] [stdout]   19:     0x723c030f8dfa - <unknown>
[INFO] [stdout]   20:     0x723c0318c3d4 - clone
[INFO] [stdout]   21:                0x0 - <unknown>
[INFO] [stdout] 
[INFO] [stdout] ---- test::resolve_rejects_duplicate_addresses_within_the_losing_list stdout ----
[INFO] [stdout] Writing test snapshot file for test "test::resolve_rejects_duplicate_addresses_within_the_losing_list" to "test_snapshots/test/resolve_rejects_duplicate_addresses_within_the_losing_list.1.json".
[INFO] [stdout] 
[INFO] [stdout] thread 'test::resolve_rejects_duplicate_addresses_within_the_losing_list' (3817) panicked at /opt/rustwide/cargo-home/registry/src/index.crates.io-1949cf8c6b5b557f/soroban-sdk-23.5.3/src/env.rs:1743:32:
[INFO] [stdout] called `Result::unwrap()` on an `Err` value: Os { code: 30, kind: ReadOnlyFilesystem, message: "Read-only file system" }
[INFO] [stdout] stack backtrace:
[INFO] [stdout]    0:     0x5ad653ebef37 - <unknown>
[INFO] [stdout]    1:     0x5ad653d6cea4 - <unknown>
[INFO] [stdout]    2:     0x5ad653ebe4fb - <unknown>
[INFO] [stdout]    3:     0x5ad653ebe0f9 - <unknown>
[INFO] [stdout]    4:     0x5ad653ebdd7a - <unknown>
[INFO] [stdout]    5:     0x5ad653ebd8ab - <unknown>
[INFO] [stdout]    6:     0x5ad653ee3711 - <unknown>
[INFO] [stdout]    7:     0x5ad653ee36c9 - <unknown>
[INFO] [stdout]    8:     0x5ad653ee3bbc - <unknown>
[INFO] [stdout]    9:     0x5ad653d6cd3b - <unknown>
[INFO] [stdout]   10:     0x5ad653d705f1 - <unknown>
[INFO] [stdout]   11:     0x5ad653e83e16 - <unknown>
[INFO] [stdout]   12:     0x5ad653d51f5a - <unknown>
[INFO] [stdout]   13:     0x5ad653d65f8a - <unknown>
[INFO] [stdout]   14:     0x5ad653efd34b - <unknown>
[INFO] [stdout]   15:     0x5ad653ef8a22 - <unknown>
[INFO] [stdout]   16:     0x5ad653ef84cc - <unknown>
[INFO] [stdout]   17:     0x5ad653f171cc - <unknown>
[INFO] [stdout]   18:     0x5ad653ee53a8 - <unknown>
[INFO] [stdout]   19:     0x723c030f8dfa - <unknown>
[INFO] [stdout]   20:     0x723c0318c3d4 - clone
[INFO] [stdout]   21:                0x0 - <unknown>
[INFO] [stdout] 
[INFO] [stdout] ---- test::payer_with_no_deposit_has_zero_balance stdout ----
[INFO] [stdout] Writing test snapshot file for test "test::payer_with_no_deposit_has_zero_balance" to "test_snapshots/test/payer_with_no_deposit_has_zero_balance.1.json".
[INFO] [stdout] 
[INFO] [stdout] thread 'test::payer_with_no_deposit_has_zero_balance' (3812) panicked at /opt/rustwide/cargo-home/registry/src/index.crates.io-1949cf8c6b5b557f/soroban-sdk-23.5.3/src/env.rs:1743:32:
[INFO] [stdout] called `Result::unwrap()` on an `Err` value: Os { code: 30, kind: ReadOnlyFilesystem, message: "Read-only file system" }
[INFO] [stdout] stack backtrace:
[INFO] [stdout]    0:     0x5ad653ebef37 - <unknown>
[INFO] [stdout]    1:     0x5ad653d6cea4 - <unknown>
[INFO] [stdout]    2:     0x5ad653ebe4fb - <unknown>
[INFO] [stdout]    3:     0x5ad653ebe0f9 - <unknown>
[INFO] [stdout]    4:     0x5ad653ebdd7a - <unknown>
[INFO] [stdout]    5:     0x5ad653ebd8ab - <unknown>
[INFO] [stdout]    6:     0x5ad653ee3711 - <unknown>
[INFO] [stdout]    7:     0x5ad653ee36c9 - <unknown>
[INFO] [stdout]    8:     0x5ad653ee3bbc - <unknown>
[INFO] [stdout]    9:     0x5ad653d6cd3b - <unknown>
[INFO] [stdout]   10:     0x5ad653d705f1 - <unknown>
[INFO] [stdout]   11:     0x5ad653e83e16 - <unknown>
[INFO] [stdout]   12:     0x5ad653d51f5a - <unknown>
[INFO] [stdout]   13:     0x5ad653d60eef - <unknown>
[INFO] [stdout]   14:     0x5ad653efd34b - <unknown>
[INFO] [stdout]   15:     0x5ad653ef8a22 - <unknown>
[INFO] [stdout]   16:     0x5ad653ef84cc - <unknown>
[INFO] [stdout]   17:     0x5ad653f171cc - <unknown>
[INFO] [stdout]   18:     0x5ad653ee53a8 - <unknown>
[INFO] [stdout]   19:     0x723c030f8dfa - <unknown>
[INFO] [stdout]   20:     0x723c0318c3d4 - clone
[INFO] [stdout]   21:                0x0 - <unknown>
[INFO] [stdout] 
[INFO] [stdout] ---- test::charge_draws_down_balance_and_opens_a_normal_question stdout ----
[INFO] [stdout] Writing test snapshot file for test "test::charge_draws_down_balance_and_opens_a_normal_question" to "test_snapshots/test/charge_draws_down_balance_and_opens_a_normal_question.1.json".
[INFO] [stdout] 
[INFO] [stdout] thread 'test::charge_draws_down_balance_and_opens_a_normal_question' (3799) panicked at /opt/rustwide/cargo-home/registry/src/index.crates.io-1949cf8c6b5b557f/soroban-sdk-23.5.3/src/env.rs:1743:32:
[INFO] [stdout] called `Result::unwrap()` on an `Err` value: Os { code: 30, kind: ReadOnlyFilesystem, message: "Read-only file system" }
[INFO] [stdout] stack backtrace:
[INFO] [stdout]    0:     0x5ad653ebef37 - <unknown>
[INFO] [stdout]    1:     0x5ad653d6cea4 - <unknown>
[INFO] [stdout]    2:     0x5ad653ebe4fb - <unknown>
[INFO] [stdout]    3:     0x5ad653ebe0f9 - <unknown>
[INFO] [stdout]    4:     0x5ad653ebdd7a - <unknown>
[INFO] [stdout]    5:     0x5ad653ebd8ab - <unknown>
[INFO] [stdout]    6:     0x5ad653ee3711 - <unknown>
[INFO] [stdout]    7:     0x5ad653ee36c9 - <unknown>
[INFO] [stdout]    8:     0x5ad653ee3bbc - <unknown>
[INFO] [stdout]    9:     0x5ad653d6cd3b - <unknown>
[INFO] [stdout]   10:     0x5ad653d705f1 - <unknown>
[INFO] [stdout]   11:     0x5ad653e83e16 - <unknown>
[INFO] [stdout]   12:     0x5ad653d51f5a - <unknown>
[INFO] [stdout]   13:     0x5ad653d64c25 - <unknown>
[INFO] [stdout]   14:     0x5ad653efd34b - <unknown>
[INFO] [stdout]   15:     0x5ad653ef8a22 - <unknown>
[INFO] [stdout]   16:     0x5ad653ef84cc - <unknown>
[INFO] [stdout]   17:     0x5ad653f171cc - <unknown>
[INFO] [stdout]   18:     0x5ad653ee53a8 - <unknown>
[INFO] [stdout]   19:     0x723c030f8dfa - <unknown>
[INFO] [stdout]   20:     0x723c0318c3d4 - clone
[INFO] [stdout]   21:                0x0 - <unknown>
[INFO] [stdout] 
[INFO] [stdout] ---- test::resolve_sends_dust_to_platform_when_pool_does_not_divide_evenly stdout ----
[INFO] [stdout] Writing test snapshot file for test "test::resolve_sends_dust_to_platform_when_pool_does_not_divide_evenly" to "test_snapshots/test/resolve_sends_dust_to_platform_when_pool_does_not_divide_evenly.1.json".
[INFO] [stdout] 
[INFO] [stdout] thread 'test::resolve_sends_dust_to_platform_when_pool_does_not_divide_evenly' (3819) panicked at /opt/rustwide/cargo-home/registry/src/index.crates.io-1949cf8c6b5b557f/soroban-sdk-23.5.3/src/env.rs:1743:32:
[INFO] [stdout] called `Result::unwrap()` on an `Err` value: Os { code: 30, kind: ReadOnlyFilesystem, message: "Read-only file system" }
[INFO] [stdout] stack backtrace:
[INFO] [stdout]    0:     0x5ad653ebef37 - <unknown>
[INFO] [stdout]    1:     0x5ad653d6cea4 - <unknown>
[INFO] [stdout]    2:     0x5ad653ebe4fb - <unknown>
[INFO] [stdout]    3:     0x5ad653ebe0f9 - <unknown>
[INFO] [stdout]    4:     0x5ad653ebdd7a - <unknown>
[INFO] [stdout]    5:     0x5ad653ebd8ab - <unknown>
[INFO] [stdout]    6:     0x5ad653ee3711 - <unknown>
[INFO] [stdout]    7:     0x5ad653ee36c9 - <unknown>
[INFO] [stdout]    8:     0x5ad653ee3bbc - <unknown>
[INFO] [stdout]    9:     0x5ad653d6cd3b - <unknown>
[INFO] [stdout]   10:     0x5ad653d705f1 - <unknown>
[INFO] [stdout]   11:     0x5ad653e83e16 - <unknown>
[INFO] [stdout]   12:     0x5ad653d51f5a - <unknown>
[INFO] [stdout]   13:     0x5ad653d674d6 - <unknown>
[INFO] [stdout]   14:     0x5ad653efd34b - <unknown>
[INFO] [stdout]   15:     0x5ad653ef8a22 - <unknown>
[INFO] [stdout]   16:     0x5ad653ef84cc - <unknown>
[INFO] [stdout]   17:     0x5ad653f171cc - <unknown>
[INFO] [stdout]   18:     0x5ad653ee53a8 - <unknown>
[INFO] [stdout]   19:     0x723c030f8dfa - <unknown>
[INFO] [stdout]   20:     0x723c0318c3d4 - clone
[INFO] [stdout]   21:                0x0 - <unknown>
[INFO] [stdout] 
[INFO] [stdout] ---- test::resolve_rejects_duplicate_addresses_within_the_matching_list stdout ----
[INFO] [stdout] Writing test snapshot file for test "test::resolve_rejects_duplicate_addresses_within_the_matching_list" to "test_snapshots/test/resolve_rejects_duplicate_addresses_within_the_matching_list.1.json".
[INFO] [stdout] 
[INFO] [stdout] thread 'test::resolve_rejects_duplicate_addresses_within_the_matching_list' (3818) panicked at /opt/rustwide/cargo-home/registry/src/index.crates.io-1949cf8c6b5b557f/soroban-sdk-23.5.3/src/env.rs:1743:32:
[INFO] [stdout] called `Result::unwrap()` on an `Err` value: Os { code: 30, kind: ReadOnlyFilesystem, message: "Read-only file system" }
[INFO] [stdout] stack backtrace:
[INFO] [stdout]    0:     0x5ad653ebef37 - <unknown>
[INFO] [stdout]    1:     0x5ad653d6cea4 - <unknown>
[INFO] [stdout]    2:     0x5ad653ebe4fb - <unknown>
[INFO] [stdout]    3:     0x5ad653ebe0f9 - <unknown>
[INFO] [stdout]    4:     0x5ad653ebdd7a - <unknown>
[INFO] [stdout]    5:     0x5ad653ebd8ab - <unknown>
[INFO] [stdout]    6:     0x5ad653ee3711 - <unknown>
[INFO] [stdout]    7:     0x5ad653ee36c9 - <unknown>
[INFO] [stdout]    8:     0x5ad653ee3bbc - <unknown>
[INFO] [stdout]    9:     0x5ad653d6cd3b - <unknown>
[INFO] [stdout]   10:     0x5ad653d705f1 - <unknown>
[INFO] [stdout]   11:     0x5ad653e83e16 - <unknown>
[INFO] [stdout]   12:     0x5ad653d51f5a - <unknown>
[INFO] [stdout]   13:     0x5ad653d66a12 - <unknown>
[INFO] [stdout]   14:     0x5ad653efd34b - <unknown>
[INFO] [stdout]   15:     0x5ad653ef8a22 - <unknown>
[INFO] [stdout]   16:     0x5ad653ef84cc - <unknown>
[INFO] [stdout]   17:     0x5ad653f171cc - <unknown>
[INFO] [stdout]   18:     0x5ad653ee53a8 - <unknown>
[INFO] [stdout]   19:     0x723c030f8dfa - <unknown>
[INFO] [stdout]   20:     0x723c0318c3d4 - clone
[INFO] [stdout]   21:                0x0 - <unknown>
[INFO] [stdout] 
[INFO] [stdout] ---- test::resolve_and_refund_on_unknown_id_fails stdout ----
[INFO] [stdout] Writing test snapshot file for test "test::resolve_and_refund_on_unknown_id_fails" to "test_snapshots/test/resolve_and_refund_on_unknown_id_fails.1.json".
[INFO] [stdout] 
[INFO] [stdout] thread 'test::resolve_and_refund_on_unknown_id_fails' (3815) panicked at /opt/rustwide/cargo-home/registry/src/index.crates.io-1949cf8c6b5b557f/soroban-sdk-23.5.3/src/env.rs:1743:32:
[INFO] [stdout] called `Result::unwrap()` on an `Err` value: Os { code: 30, kind: ReadOnlyFilesystem, message: "Read-only file system" }
[INFO] [stdout] stack backtrace:
[INFO] [stdout]    0:     0x5ad653ebef37 - <unknown>
[INFO] [stdout]    1:     0x5ad653d6cea4 - <unknown>
[INFO] [stdout]    2:     0x5ad653ebe4fb - <unknown>
[INFO] [stdout]    3:     0x5ad653ebe0f9 - <unknown>
[INFO] [stdout]    4:     0x5ad653ebdd7a - <unknown>
[INFO] [stdout]    5:     0x5ad653ebd8ab - <unknown>
[INFO] [stdout]    6:     0x5ad653ee3711 - <unknown>
[INFO] [stdout]    7:     0x5ad653ee36c9 - <unknown>
[INFO] [stdout]    8:     0x5ad653ee3bbc - <unknown>
[INFO] [stdout]    9:     0x5ad653d6cd3b - <unknown>
[INFO] [stdout]   10:     0x5ad653d705f1 - <unknown>
[INFO] [stdout]   11:     0x5ad653e83e16 - <unknown>
[INFO] [stdout]   12:     0x5ad653d51f5a - <unknown>
[INFO] [stdout]   13:     0x5ad653d610d3 - <unknown>
[INFO] [stdout]   14:     0x5ad653efd34b - <unknown>
[INFO] [stdout]   15:     0x5ad653ef8a22 - <unknown>
[INFO] [stdout]   16:     0x5ad653ef84cc - <unknown>
[INFO] [stdout]   17:     0x5ad653f171cc - <unknown>
[INFO] [stdout]   18:     0x5ad653ee53a8 - <unknown>
[INFO] [stdout]   19:     0x723c030f8dfa - <unknown>
[INFO] [stdout]   20:     0x723c0318c3d4 - clone
[INFO] [stdout]   21:                0x0 - <unknown>
[INFO] [stdout] 
[INFO] [stdout] ---- test::charged_question_can_still_be_refunded_and_refund_timed_out stdout ----
[INFO] [stdout] Writing test snapshot file for test "test::charged_question_can_still_be_refunded_and_refund_timed_out" to "test_snapshots/test/charged_question_can_still_be_refunded_and_refund_timed_out.1.json".
[INFO] [stdout] 
[INFO] [stdout] thread 'test::charged_question_can_still_be_refunded_and_refund_timed_out' (3802) panicked at /opt/rustwide/cargo-home/registry/src/index.crates.io-1949cf8c6b5b557f/soroban-sdk-23.5.3/src/env.rs:1743:32:
[INFO] [stdout] called `Result::unwrap()` on an `Err` value: Os { code: 30, kind: ReadOnlyFilesystem, message: "Read-only file system" }
[INFO] [stdout] stack backtrace:
[INFO] [stdout]    0:     0x5ad653ebef37 - <unknown>
[INFO] [stdout]    1:     0x5ad653d6cea4 - <unknown>
[INFO] [stdout]    2:     0x5ad653ebe4fb - <unknown>
[INFO] [stdout]    3:     0x5ad653ebe0f9 - <unknown>
[INFO] [stdout]    4:     0x5ad653ebdd7a - <unknown>
[INFO] [stdout]    5:     0x5ad653ebd8ab - <unknown>
[INFO] [stdout]    6:     0x5ad653ee3711 - <unknown>
[INFO] [stdout]    7:     0x5ad653ee36c9 - <unknown>
[INFO] [stdout]    8:     0x5ad653ee3bbc - <unknown>
[INFO] [stdout]    9:     0x5ad653d6cd3b - <unknown>
[INFO] [stdout]   10:     0x5ad653d705f1 - <unknown>
[INFO] [stdout]   11:     0x5ad653e83e16 - <unknown>
[INFO] [stdout]   12:     0x5ad653d51f5a - <unknown>
[INFO] [stdout]   13:     0x5ad653d664aa - <unknown>
[INFO] [stdout]   14:     0x5ad653efd34b - <unknown>
[INFO] [stdout]   15:     0x5ad653ef8a22 - <unknown>
[INFO] [stdout]   16:     0x5ad653ef84cc - <unknown>
[INFO] [stdout]   17:     0x5ad653f171cc - <unknown>
[INFO] [stdout]   18:     0x5ad653ee53a8 - <unknown>
[INFO] [stdout]   19:     0x723c030f8dfa - <unknown>
[INFO] [stdout]   20:     0x723c0318c3d4 - clone
[INFO] [stdout]   21:                0x0 - <unknown>
[INFO] [stdout] 
[INFO] [stdout] ---- test::deposit_locks_funds_and_get_balance_reflects_it stdout ----
[INFO] [stdout] Writing test snapshot file for test "test::deposit_locks_funds_and_get_balance_reflects_it" to "test_snapshots/test/deposit_locks_funds_and_get_balance_reflects_it.1.json".
[INFO] [stdout] 
[INFO] [stdout] thread 'test::deposit_locks_funds_and_get_balance_reflects_it' (3804) panicked at /opt/rustwide/cargo-home/registry/src/index.crates.io-1949cf8c6b5b557f/soroban-sdk-23.5.3/src/env.rs:1743:32:
[INFO] [stdout] called `Result::unwrap()` on an `Err` value: Os { code: 30, kind: ReadOnlyFilesystem, message: "Read-only file system" }
[INFO] [stdout] stack backtrace:
[INFO] [stdout]    0:     0x5ad653ebef37 - <unknown>
[INFO] [stdout]    1:     0x5ad653d6cea4 - <unknown>
[INFO] [stdout]    2:     0x5ad653ebe4fb - <unknown>
[INFO] [stdout]    3:     0x5ad653ebe0f9 - <unknown>
[INFO] [stdout]    4:     0x5ad653ebdd7a - <unknown>
[INFO] [stdout]    5:     0x5ad653ebd8ab - <unknown>
[INFO] [stdout]    6:     0x5ad653ee3711 - <unknown>
[INFO] [stdout]    7:     0x5ad653ee36c9 - <unknown>
[INFO] [stdout]    8:     0x5ad653ee3bbc - <unknown>
[INFO] [stdout]    9:     0x5ad653d6cd3b - <unknown>
[INFO] [stdout]   10:     0x5ad653d705f1 - <unknown>
[INFO] [stdout]   11:     0x5ad653e83e16 - <unknown>
[INFO] [stdout]   12:     0x5ad653d51f5a - <unknown>
[INFO] [stdout]   13:     0x5ad653d637ec - <unknown>
[INFO] [stdout]   14:     0x5ad653efd34b - <unknown>
[INFO] [stdout]   15:     0x5ad653ef8a22 - <unknown>
[INFO] [stdout]   16:     0x5ad653ef84cc - <unknown>
[INFO] [stdout]   17:     0x5ad653f171cc - <unknown>
[INFO] [stdout]   18:     0x5ad653ee53a8 - <unknown>
[INFO] [stdout]   19:     0x723c030f8dfa - <unknown>
[INFO] [stdout]   20:     0x723c0318c3d4 - clone
[INFO] [stdout]   21:                0x0 - <unknown>
[INFO] [stdout] 
[INFO] [stdout] ---- test::partial_withdrawal_leaves_the_remainder_claimable_later stdout ----
[INFO] [stdout] Writing test snapshot file for test "test::partial_withdrawal_leaves_the_remainder_claimable_later" to "test_snapshots/test/partial_withdrawal_leaves_the_remainder_claimable_later.1.json".
[INFO] [stdout] 
[INFO] [stdout] thread 'test::partial_withdrawal_leaves_the_remainder_claimable_later' (3811) panicked at /opt/rustwide/cargo-home/registry/src/index.crates.io-1949cf8c6b5b557f/soroban-sdk-23.5.3/src/env.rs:1743:32:
[INFO] [stdout] called `Result::unwrap()` on an `Err` value: Os { code: 30, kind: ReadOnlyFilesystem, message: "Read-only file system" }
[INFO] [stdout] stack backtrace:
[INFO] [stdout]    0:     0x5ad653ebef37 - <unknown>
[INFO] [stdout]    1:     0x5ad653d6cea4 - <unknown>
[INFO] [stdout]    2:     0x5ad653ebe4fb - <unknown>
[INFO] [stdout]    3:     0x5ad653ebe0f9 - <unknown>
[INFO] [stdout]    4:     0x5ad653ebdd7a - <unknown>
[INFO] [stdout]    5:     0x5ad653ebd8ab - <unknown>
[INFO] [stdout]    6:     0x5ad653ee3711 - <unknown>
[INFO] [stdout]    7:     0x5ad653ee36c9 - <unknown>
[INFO] [stdout]    8:     0x5ad653ee3bbc - <unknown>
[INFO] [stdout]    9:     0x5ad653d6cd3b - <unknown>
[INFO] [stdout]   10:     0x5ad653d705f1 - <unknown>
[INFO] [stdout]   11:     0x5ad653e83e16 - <unknown>
[INFO] [stdout]   12:     0x5ad653d51f5a - <unknown>
[INFO] [stdout]   13:     0x5ad653d6548c - <unknown>
[INFO] [stdout]   14:     0x5ad653efd34b - <unknown>
[INFO] [stdout]   15:     0x5ad653ef8a22 - <unknown>
[INFO] [stdout]   16:     0x5ad653ef84cc - <unknown>
[INFO] [stdout]   17:     0x5ad653f171cc - <unknown>
[INFO] [stdout]   18:     0x5ad653ee53a8 - <unknown>
[INFO] [stdout]   19:     0x723c030f8dfa - <unknown>
[INFO] [stdout]   20:     0x723c0318c3d4 - clone
[INFO] [stdout]   21:                0x0 - <unknown>
[INFO] [stdout] 
[INFO] [stdout] ---- test::deposits_accumulate_across_calls stdout ----
[INFO] [stdout] Writing test snapshot file for test "test::deposits_accumulate_across_calls" to "test_snapshots/test/deposits_accumulate_across_calls.1.json".
[INFO] [stdout] 
[INFO] [stdout] thread 'test::deposits_accumulate_across_calls' (3806) panicked at /opt/rustwide/cargo-home/registry/src/index.crates.io-1949cf8c6b5b557f/soroban-sdk-23.5.3/src/env.rs:1743:32:
[INFO] [stdout] called `Result::unwrap()` on an `Err` value: Os { code: 30, kind: ReadOnlyFilesystem, message: "Read-only file system" }
[INFO] [stdout] stack backtrace:
[INFO] [stdout]    0:     0x5ad653ebef37 - <unknown>
[INFO] [stdout]    1:     0x5ad653d6cea4 - <unknown>
[INFO] [stdout]    2:     0x5ad653ebe4fb - <unknown>
[INFO] [stdout]    3:     0x5ad653ebe0f9 - <unknown>
[INFO] [stdout]    4:     0x5ad653ebdd7a - <unknown>
[INFO] [stdout]    5:     0x5ad653ebd8ab - <unknown>
[INFO] [stdout]    6:     0x5ad653ee3711 - <unknown>
[INFO] [stdout]    7:     0x5ad653ee36c9 - <unknown>
[INFO] [stdout]    8:     0x5ad653ee3bbc - <unknown>
[INFO] [stdout]    9:     0x5ad653d6cd3b - <unknown>
[INFO] [stdout]   10:     0x5ad653d705f1 - <unknown>
[INFO] [stdout]   11:     0x5ad653e83e16 - <unknown>
[INFO] [stdout]   12:     0x5ad653d51f5a - <unknown>
[INFO] [stdout]   13:     0x5ad653d5fc97 - <unknown>
[INFO] [stdout]   14:     0x5ad653efd34b - <unknown>
[INFO] [stdout]   15:     0x5ad653ef8a22 - <unknown>
[INFO] [stdout]   16:     0x5ad653ef84cc - <unknown>
[INFO] [stdout]   17:     0x5ad653f171cc - <unknown>
[INFO] [stdout]   18:     0x5ad653ee53a8 - <unknown>
[INFO] [stdout]   19:     0x723c030f8dfa - <unknown>
[INFO] [stdout]   20:     0x723c0318c3d4 - clone
[INFO] [stdout]   21:                0x0 - <unknown>
[INFO] [stdout] 
[INFO] [stdout] ---- test::charged_question_settles_through_resolve_exactly_like_submit stdout ----
[INFO] [stdout] Writing test snapshot file for test "test::charged_question_settles_through_resolve_exactly_like_submit" to "test_snapshots/test/charged_question_settles_through_resolve_exactly_like_submit.1.json".
[INFO] [stdout] 
[INFO] [stdout] thread 'test::charged_question_settles_through_resolve_exactly_like_submit' (3803) panicked at /opt/rustwide/cargo-home/registry/src/index.crates.io-1949cf8c6b5b557f/soroban-sdk-23.5.3/src/env.rs:1743:32:
[INFO] [stdout] called `Result::unwrap()` on an `Err` value: Os { code: 30, kind: ReadOnlyFilesystem, message: "Read-only file system" }
[INFO] [stdout] stack backtrace:
[INFO] [stdout]    0:     0x5ad653ebef37 - <unknown>
[INFO] [stdout]    1:     0x5ad653d6cea4 - <unknown>
[INFO] [stdout]    2:     0x5ad653ebe4fb - <unknown>
[INFO] [stdout]    3:     0x5ad653ebe0f9 - <unknown>
[INFO] [stdout]    4:     0x5ad653ebdd7a - <unknown>
[INFO] [stdout]    5:     0x5ad653ebd8ab - <unknown>
[INFO] [stdout]    6:     0x5ad653ee3711 - <unknown>
[INFO] [stdout]    7:     0x5ad653ee36c9 - <unknown>
[INFO] [stdout]    8:     0x5ad653ee3bbc - <unknown>
[INFO] [stdout]    9:     0x5ad653d6cd3b - <unknown>
[INFO] [stdout]   10:     0x5ad653d705f1 - <unknown>
[INFO] [stdout]   11:     0x5ad653e83e16 - <unknown>
[INFO] [stdout]   12:     0x5ad653d51f5a - <unknown>
[INFO] [stdout]   13:     0x5ad653d66779 - <unknown>
[INFO] [stdout]   14:     0x5ad653efd34b - <unknown>
[INFO] [stdout]   15:     0x5ad653ef8a22 - <unknown>
[INFO] [stdout]   16:     0x5ad653ef84cc - <unknown>
[INFO] [stdout]   17:     0x5ad653f171cc - <unknown>
[INFO] [stdout]   18:     0x5ad653ee53a8 - <unknown>
[INFO] [stdout]   19:     0x723c030f8dfa - <unknown>
[INFO] [stdout]   20:     0x723c0318c3d4 - clone
[INFO] [stdout]   21:                0x0 - <unknown>
[INFO] [stdout] 
[INFO] [stdout] ---- test::double_initialize_fails stdout ----
[INFO] [stdout] Writing test snapshot file for test "test::double_initialize_fails" to "test_snapshots/test/double_initialize_fails.1.json".
[INFO] [stdout] 
[INFO] [stdout] thread 'test::double_initialize_fails' (3807) panicked at /opt/rustwide/cargo-home/registry/src/index.crates.io-1949cf8c6b5b557f/soroban-sdk-23.5.3/src/env.rs:1743:32:
[INFO] [stdout] called `Result::unwrap()` on an `Err` value: Os { code: 30, kind: ReadOnlyFilesystem, message: "Read-only file system" }
[INFO] [stdout] stack backtrace:
[INFO] [stdout]    0:     0x5ad653ebef37 - <unknown>
[INFO] [stdout]    1:     0x5ad653d6cea4 - <unknown>
[INFO] [stdout]    2:     0x5ad653ebe4fb - <unknown>
[INFO] [stdout]    3:     0x5ad653ebe0f9 - <unknown>
[INFO] [stdout]    4:     0x5ad653ebdd7a - <unknown>
[INFO] [stdout]    5:     0x5ad653ebd8ab - <unknown>
[INFO] [stdout]    6:     0x5ad653ee3711 - <unknown>
[INFO] [stdout]    7:     0x5ad653ee36c9 - <unknown>
[INFO] [stdout]    8:     0x5ad653ee3bbc - <unknown>
[INFO] [stdout]    9:     0x5ad653d6cd3b - <unknown>
[INFO] [stdout]   10:     0x5ad653d705f1 - <unknown>
[INFO] [stdout]   11:     0x5ad653e83e16 - <unknown>
[INFO] [stdout]   12:     0x5ad653d51f5a - <unknown>
[INFO] [stdout]   13:     0x5ad653d5f345 - <unknown>
[INFO] [stdout]   14:     0x5ad653efd34b - <unknown>
[INFO] [stdout]   15:     0x5ad653ef8a22 - <unknown>
[INFO] [stdout]   16:     0x5ad653ef84cc - <unknown>
[INFO] [stdout]   17:     0x5ad653f171cc - <unknown>
[INFO] [stdout]   18:     0x5ad653ee53a8 - <unknown>
[INFO] [stdout]   19:     0x723c030f8dfa - <unknown>
[INFO] [stdout]   20:     0x723c0318c3d4 - clone
[INFO] [stdout]   21:                0x0 - <unknown>
[INFO] [stdout] 
[INFO] [stdout] ---- test::charge_more_than_balance_fails_and_opens_no_question stdout ----
[INFO] [stdout] Writing test snapshot file for test "test::charge_more_than_balance_fails_and_opens_no_question" to "test_snapshots/test/charge_more_than_balance_fails_and_opens_no_question.1.json".
[INFO] [stdout] 
[INFO] [stdout] thread 'test::charge_more_than_balance_fails_and_opens_no_question' (3800) panicked at /opt/rustwide/cargo-home/registry/src/index.crates.io-1949cf8c6b5b557f/soroban-sdk-23.5.3/src/env.rs:1743:32:
[INFO] [stdout] called `Result::unwrap()` on an `Err` value: Os { code: 30, kind: ReadOnlyFilesystem, message: "Read-only file system" }
[INFO] [stdout] stack backtrace:
[INFO] [stdout]    0:     0x5ad653ebef37 - <unknown>
[INFO] [stdout]    1:     0x5ad653d6cea4 - <unknown>
[INFO] [stdout]    2:     0x5ad653ebe4fb - <unknown>
[INFO] [stdout]    3:     0x5ad653ebe0f9 - <unknown>
[INFO] [stdout]    4:     0x5ad653ebdd7a - <unknown>
[INFO] [stdout]    5:     0x5ad653ebd8ab - <unknown>
[INFO] [stdout]    6:     0x5ad653ee3711 - <unknown>
[INFO] [stdout]    7:     0x5ad653ee36c9 - <unknown>
[INFO] [stdout]    8:     0x5ad653ee3bbc - <unknown>
[INFO] [stdout]    9:     0x5ad653d6cd3b - <unknown>
[INFO] [stdout]   10:     0x5ad653d705f1 - <unknown>
[INFO] [stdout]   11:     0x5ad653e83e16 - <unknown>
[INFO] [stdout]   12:     0x5ad653d51f5a - <unknown>
[INFO] [stdout]   13:     0x5ad653d6414f - <unknown>
[INFO] [stdout]   14:     0x5ad653efd34b - <unknown>
[INFO] [stdout]   15:     0x5ad653ef8a22 - <unknown>
[INFO] [stdout]   16:     0x5ad653ef84cc - <unknown>
[INFO] [stdout]   17:     0x5ad653f171cc - <unknown>
[INFO] [stdout]   18:     0x5ad653ee53a8 - <unknown>
[INFO] [stdout]   19:     0x723c030f8dfa - <unknown>
[INFO] [stdout]   20:     0x723c0318c3d4 - clone
[INFO] [stdout]   21:                0x0 - <unknown>
[INFO] [stdout] 
[INFO] [stdout] ---- test::refund_after_resolve_is_rejected stdout ----
[INFO] [stdout] Writing test snapshot file for test "test::refund_after_resolve_is_rejected" to "test_snapshots/test/refund_after_resolve_is_rejected.1.json".
[INFO] [stdout] 
[INFO] [stdout] thread 'test::refund_after_resolve_is_rejected' (3813) panicked at /opt/rustwide/cargo-home/registry/src/index.crates.io-1949cf8c6b5b557f/soroban-sdk-23.5.3/src/env.rs:1743:32:
[INFO] [stdout] called `Result::unwrap()` on an `Err` value: Os { code: 30, kind: ReadOnlyFilesystem, message: "Read-only file system" }
[INFO] [stdout] stack backtrace:
[INFO] [stdout]    0:     0x5ad653ebef37 - <unknown>
[INFO] [stdout]    1:     0x5ad653d6cea4 - <unknown>
[INFO] [stdout]    2:     0x5ad653ebe4fb - <unknown>
[INFO] [stdout]    3:     0x5ad653ebe0f9 - <unknown>
[INFO] [stdout]    4:     0x5ad653ebdd7a - <unknown>
[INFO] [stdout]    5:     0x5ad653ebd8ab - <unknown>
[INFO] [stdout]    6:     0x5ad653ee3711 - <unknown>
[INFO] [stdout]    7:     0x5ad653ee36c9 - <unknown>
[INFO] [stdout]    8:     0x5ad653ee3bbc - <unknown>
[INFO] [stdout]    9:     0x5ad653d6cd3b - <unknown>
[INFO] [stdout]   10:     0x5ad653d705f1 - <unknown>
[INFO] [stdout]   11:     0x5ad653e83e16 - <unknown>
[INFO] [stdout]   12:     0x5ad653d51f5a - <unknown>
[INFO] [stdout]   13:     0x5ad653d601bc - <unknown>
[INFO] [stdout]   14:     0x5ad653efd34b - <unknown>
[INFO] [stdout]   15:     0x5ad653ef8a22 - <unknown>
[INFO] [stdout]   16:     0x5ad653ef84cc - <unknown>
[INFO] [stdout]   17:     0x5ad653f171cc - <unknown>
[INFO] [stdout]   18:     0x5ad653ee53a8 - <unknown>
[INFO] [stdout]   19:     0x723c030f8dfa - <unknown>
[INFO] [stdout]   20:     0x723c0318c3d4 - clone
[INFO] [stdout]   21:                0x0 - <unknown>
[INFO] [stdout] 
[INFO] [stdout] ---- test::deposit_zero_or_negative_amount_fails stdout ----
[INFO] [stdout] Writing test snapshot file for test "test::deposit_zero_or_negative_amount_fails" to "test_snapshots/test/deposit_zero_or_negative_amount_fails.1.json".
[INFO] [stdout] 
[INFO] [stdout] thread 'test::deposit_zero_or_negative_amount_fails' (3805) panicked at /opt/rustwide/cargo-home/registry/src/index.crates.io-1949cf8c6b5b557f/soroban-sdk-23.5.3/src/env.rs:1743:32:
[INFO] [stdout] called `Result::unwrap()` on an `Err` value: Os { code: 30, kind: ReadOnlyFilesystem, message: "Read-only file system" }
[INFO] [stdout] stack backtrace:
[INFO] [stdout]    0:     0x5ad653ebef37 - <unknown>
[INFO] [stdout]    1:     0x5ad653d6cea4 - <unknown>
[INFO] [stdout]    2:     0x5ad653ebe4fb - <unknown>
[INFO] [stdout]    3:     0x5ad653ebe0f9 - <unknown>
[INFO] [stdout]    4:     0x5ad653ebdd7a - <unknown>
[INFO] [stdout]    5:     0x5ad653ebd8ab - <unknown>
[INFO] [stdout]    6:     0x5ad653ee3711 - <unknown>
[INFO] [stdout]    7:     0x5ad653ee36c9 - <unknown>
[INFO] [stdout]    8:     0x5ad653ee3bbc - <unknown>
[INFO] [stdout]    9:     0x5ad653d6cd3b - <unknown>
[INFO] [stdout]   10:     0x5ad653d705f1 - <unknown>
[INFO] [stdout]   11:     0x5ad653e83e16 - <unknown>
[INFO] [stdout]   12:     0x5ad653d51f5a - <unknown>
[INFO] [stdout]   13:     0x5ad653d60e2f - <unknown>
[INFO] [stdout]   14:     0x5ad653efd34b - <unknown>
[INFO] [stdout]   15:     0x5ad653ef8a22 - <unknown>
[INFO] [stdout]   16:     0x5ad653ef84cc - <unknown>
[INFO] [stdout]   17:     0x5ad653f171cc - <unknown>
[INFO] [stdout]   18:     0x5ad653ee53a8 - <unknown>
[INFO] [stdout]   19:     0x723c030f8dfa - <unknown>
[INFO] [stdout]   20:     0x723c0318c3d4 - clone
[INFO] [stdout]   21:                0x0 - <unknown>
[INFO] [stdout] 
[INFO] [stdout] ---- test::submit_zero_or_negative_amount_fails stdout ----
[INFO] [stdout] Writing test snapshot file for test "test::submit_zero_or_negative_amount_fails" to "test_snapshots/test/submit_zero_or_negative_amount_fails.1.json".
[INFO] [stdout] 
[INFO] [stdout] thread 'test::submit_zero_or_negative_amount_fails' (3833) panicked at /opt/rustwide/cargo-home/registry/src/index.crates.io-1949cf8c6b5b557f/soroban-sdk-23.5.3/src/env.rs:1743:32:
[INFO] [stdout] called `Result::unwrap()` on an `Err` value: Os { code: 30, kind: ReadOnlyFilesystem, message: "Read-only file system" }
[INFO] [stdout] stack backtrace:
[INFO] [stdout]    0:     0x5ad653ebef37 - <unknown>
[INFO] [stdout]    1:     0x5ad653d6cea4 - <unknown>
[INFO] [stdout]    2:     0x5ad653ebe4fb - <unknown>
[INFO] [stdout]    3:     0x5ad653ebe0f9 - <unknown>
[INFO] [stdout]    4:     0x5ad653ebdd7a - <unknown>
[INFO] [stdout]    5:     0x5ad653ebd8ab - <unknown>
[INFO] [stdout]    6:     0x5ad653ee3711 - <unknown>
[INFO] [stdout]    7:     0x5ad653ee36c9 - <unknown>
[INFO] [stdout]    8:     0x5ad653ee3bbc - <unknown>
[INFO] [stdout]    9:     0x5ad653d6cd3b - <unknown>
[INFO] [stdout]   10:     0x5ad653d705f1 - <unknown>
[INFO] [stdout]   11:     0x5ad653e83e16 - <unknown>
[INFO] [stdout]   12:     0x5ad653d51f5a - <unknown>
[INFO] [stdout]   13:     0x5ad653d60c58 - <unknown>
[INFO] [stdout]   14:     0x5ad653efd34b - <unknown>
[INFO] [stdout]   15:     0x5ad653ef8a22 - <unknown>
[INFO] [stdout]   16:     0x5ad653ef84cc - <unknown>
[INFO] [stdout]   17:     0x5ad653f171cc - <unknown>
[INFO] [stdout]   18:     0x5ad653ee53a8 - <unknown>
[INFO] [stdout]   19:     0x723c030f8dfa - <unknown>
[INFO] [stdout]   20:     0x723c0318c3d4 - clone
[INFO] [stdout]   21:                0x0 - <unknown>
[INFO] [stdout] 
[INFO] [stdout] ---- test::resolve_rejects_a_worker_appearing_in_both_matching_and_losing_lists stdout ----
[INFO] [stdout] Writing test snapshot file for test "test::resolve_rejects_a_worker_appearing_in_both_matching_and_losing_lists" to "test_snapshots/test/resolve_rejects_a_worker_appearing_in_both_matching_and_losing_lists.1.json".
[INFO] [stdout] 
[INFO] [stdout] thread 'test::resolve_rejects_a_worker_appearing_in_both_matching_and_losing_lists' (3816) panicked at /opt/rustwide/cargo-home/registry/src/index.crates.io-1949cf8c6b5b557f/soroban-sdk-23.5.3/src/env.rs:1743:32:
[INFO] [stdout] called `Result::unwrap()` on an `Err` value: Os { code: 30, kind: ReadOnlyFilesystem, message: "Read-only file system" }
[INFO] [stdout] stack backtrace:
[INFO] [stdout]    0:     0x5ad653ebef37 - <unknown>
[INFO] [stdout]    1:     0x5ad653d6cea4 - <unknown>
[INFO] [stdout]    2:     0x5ad653ebe4fb - <unknown>
[INFO] [stdout]    3:     0x5ad653ebe0f9 - <unknown>
[INFO] [stdout]    4:     0x5ad653ebdd7a - <unknown>
[INFO] [stdout]    5:     0x5ad653ebd8ab - <unknown>
[INFO] [stdout]    6:     0x5ad653ee3711 - <unknown>
[INFO] [stdout]    7:     0x5ad653ee36c9 - <unknown>
[INFO] [stdout]    8:     0x5ad653ee3bbc - <unknown>
[INFO] [stdout]    9:     0x5ad653d6cd3b - <unknown>
[INFO] [stdout]   10:     0x5ad653d705f1 - <unknown>
[INFO] [stdout]   11:     0x5ad653e83e16 - <unknown>
[INFO] [stdout]   12:     0x5ad653d51f5a - <unknown>
[INFO] [stdout]   13:     0x5ad653d679b5 - <unknown>
[INFO] [stdout]   14:     0x5ad653efd34b - <unknown>
[INFO] [stdout]   15:     0x5ad653ef8a22 - <unknown>
[INFO] [stdout]   16:     0x5ad653ef84cc - <unknown>
[INFO] [stdout]   17:     0x5ad653f171cc - <unknown>
[INFO] [stdout]   18:     0x5ad653ee53a8 - <unknown>
[INFO] [stdout]   19:     0x723c030f8dfa - <unknown>
[INFO] [stdout]   20:     0x723c0318c3d4 - clone
[INFO] [stdout]   21:                0x0 - <unknown>
[INFO] [stdout] 
[INFO] [stdout] ---- test::set_timeout_ledgers_rejects_zero stdout ----
[INFO] [stdout] Writing test snapshot file for test "test::set_timeout_ledgers_rejects_zero" to "test_snapshots/test/set_timeout_ledgers_rejects_zero.1.json".
[INFO] [stdout] 
[INFO] [stdout] thread 'test::set_timeout_ledgers_rejects_zero' (3829) panicked at /opt/rustwide/cargo-home/registry/src/index.crates.io-1949cf8c6b5b557f/soroban-sdk-23.5.3/src/env.rs:1743:32:
[INFO] [stdout] called `Result::unwrap()` on an `Err` value: Os { code: 30, kind: ReadOnlyFilesystem, message: "Read-only file system" }
[INFO] [stdout] stack backtrace:
[INFO] [stdout]    0:     0x5ad653ebef37 - <unknown>
[INFO] [stdout]    1:     0x5ad653d6cea4 - <unknown>
[INFO] [stdout]    2:     0x5ad653ebe4fb - <unknown>
[INFO] [stdout]    3:     0x5ad653ebe0f9 - <unknown>
[INFO] [stdout]    4:     0x5ad653ebdd7a - <unknown>
[INFO] [stdout]    5:     0x5ad653ebd8ab - <unknown>
[INFO] [stdout]    6:     0x5ad653ee3711 - <unknown>
[INFO] [stdout]    7:     0x5ad653ee36c9 - <unknown>
[INFO] [stdout]    8:     0x5ad653ee3bbc - <unknown>
[INFO] [stdout]    9:     0x5ad653d6cd3b - <unknown>
[INFO] [stdout]   10:     0x5ad653d705f1 - <unknown>
[INFO] [stdout]   11:     0x5ad653e83e16 - <unknown>
[INFO] [stdout]   12:     0x5ad653d51f5a - <unknown>
[INFO] [stdout]   13:     0x5ad653d608e3 - <unknown>
[INFO] [stdout]   14:     0x5ad653efd34b - <unknown>
[INFO] [stdout]   15:     0x5ad653ef8a22 - <unknown>
[INFO] [stdout]   16:     0x5ad653ef84cc - <unknown>
[INFO] [stdout]   17:     0x5ad653f171cc - <unknown>
[INFO] [stdout]   18:     0x5ad653ee53a8 - <unknown>
[INFO] [stdout]   19:     0x723c030f8dfa - <unknown>
[INFO] [stdout]   20:     0x723c0318c3d4 - clone
[INFO] [stdout]   21:                0x0 - <unknown>
[INFO] [stdout] 
[INFO] [stdout] ---- test::resolve_slashing_an_unstaked_losing_worker_is_a_harmless_no_op stdout ----
[INFO] [stdout] Writing test snapshot file for test "test::resolve_slashing_an_unstaked_losing_worker_is_a_harmless_no_op" to "test_snapshots/test/resolve_slashing_an_unstaked_losing_worker_is_a_harmless_no_op.1.json".
[INFO] [stdout] 
[INFO] [stdout] thread 'test::resolve_slashing_an_unstaked_losing_worker_is_a_harmless_no_op' (3821) panicked at /opt/rustwide/cargo-home/registry/src/index.crates.io-1949cf8c6b5b557f/soroban-sdk-23.5.3/src/env.rs:1743:32:
[INFO] [stdout] called `Result::unwrap()` on an `Err` value: Os { code: 30, kind: ReadOnlyFilesystem, message: "Read-only file system" }
[INFO] [stdout] stack backtrace:
[INFO] [stdout]    0:     0x5ad653ebef37 - <unknown>
[INFO] [stdout]    1:     0x5ad653d6cea4 - <unknown>
[INFO] [stdout]    2:     0x5ad653ebe4fb - <unknown>
[INFO] [stdout]    3:     0x5ad653ebe0f9 - <unknown>
[INFO] [stdout]    4:     0x5ad653ebdd7a - <unknown>
[INFO] [stdout]    5:     0x5ad653ebd8ab - <unknown>
[INFO] [stdout]    6:     0x5ad653ee3711 - <unknown>
[INFO] [stdout]    7:     0x5ad653ee36c9 - <unknown>
[INFO] [stdout]    8:     0x5ad653ee3bbc - <unknown>
[INFO] [stdout]    9:     0x5ad653d6cd3b - <unknown>
[INFO] [stdout]   10:     0x5ad653d705f1 - <unknown>
[INFO] [stdout]   11:     0x5ad653e83e16 - <unknown>
[INFO] [stdout]   12:     0x5ad653d51f5a - <unknown>
[INFO] [stdout]   13:     0x5ad653d670c7 - <unknown>
[INFO] [stdout]   14:     0x5ad653efd34b - <unknown>
[INFO] [stdout]   15:     0x5ad653ef8a22 - <unknown>
[INFO] [stdout]   16:     0x5ad653ef84cc - <unknown>
[INFO] [stdout]   17:     0x5ad653f171cc - <unknown>
[INFO] [stdout]   18:     0x5ad653ee53a8 - <unknown>
[INFO] [stdout]   19:     0x723c030f8dfa - <unknown>
[INFO] [stdout]   20:     0x723c0318c3d4 - clone
[INFO] [stdout]   21:                0x0 - <unknown>
[INFO] [stdout] 
[INFO] [stdout] ---- test::resolve_twice_fails stdout ----
[INFO] [stdout] Writing test snapshot file for test "test::resolve_twice_fails" to "test_snapshots/test/resolve_twice_fails.1.json".
[INFO] [stdout] 
[INFO] [stdout] thread 'test::resolve_twice_fails' (3823) panicked at /opt/rustwide/cargo-home/registry/src/index.crates.io-1949cf8c6b5b557f/soroban-sdk-23.5.3/src/env.rs:1743:32:
[INFO] [stdout] called `Result::unwrap()` on an `Err` value: Os { code: 30, kind: ReadOnlyFilesystem, message: "Read-only file system" }
[INFO] [stdout] stack backtrace:
[INFO] [stdout]    0:     0x5ad653ebef37 - <unknown>
[INFO] [stdout]    1:     0x5ad653d6cea4 - <unknown>
[INFO] [stdout]    2:     0x5ad653ebe4fb - <unknown>
[INFO] [stdout]    3:     0x5ad653ebe0f9 - <unknown>
[INFO] [stdout]    4:     0x5ad653ebdd7a - <unknown>
[INFO] [stdout]    5:     0x5ad653ebd8ab - <unknown>
[INFO] [stdout]    6:     0x5ad653ee3711 - <unknown>
[INFO] [stdout]    7:     0x5ad653ee36c9 - <unknown>
[INFO] [stdout]    8:     0x5ad653ee3bbc - <unknown>
[INFO] [stdout]    9:     0x5ad653d6cd3b - <unknown>
[INFO] [stdout]   10:     0x5ad653d705f1 - <unknown>
[INFO] [stdout]   11:     0x5ad653e83e16 - <unknown>
[INFO] [stdout]   12:     0x5ad653d51f5a - <unknown>
[INFO] [stdout]   13:     0x5ad653d5f122 - <unknown>
[INFO] [stdout]   14:     0x5ad653efd34b - <unknown>
[INFO] [stdout]   15:     0x5ad653ef8a22 - <unknown>
[INFO] [stdout]   16:     0x5ad653ef84cc - <unknown>
[INFO] [stdout]   17:     0x5ad653f171cc - <unknown>
[INFO] [stdout]   18:     0x5ad653ee53a8 - <unknown>
[INFO] [stdout]   19:     0x723c030f8dfa - <unknown>
[INFO] [stdout]   20:     0x723c0318c3d4 - clone
[INFO] [stdout]   21:                0x0 - <unknown>
[INFO] [stdout] 
[INFO] [stdout] ---- test::timeout_refund_before_deadline_fails stdout ----
[INFO] [stdout] Writing test snapshot file for test "test::timeout_refund_before_deadline_fails" to "test_snapshots/test/timeout_refund_before_deadline_fails.1.json".
[INFO] [stdout] 
[INFO] [stdout] thread 'test::timeout_refund_before_deadline_fails' (3836) panicked at /opt/rustwide/cargo-home/registry/src/index.crates.io-1949cf8c6b5b557f/soroban-sdk-23.5.3/src/env.rs:1743:32:
[INFO] [stdout] called `Result::unwrap()` on an `Err` value: Os { code: 30, kind: ReadOnlyFilesystem, message: "Read-only file system" }
[INFO] [stdout] stack backtrace:
[INFO] [stdout]    0:     0x5ad653ebef37 - <unknown>
[INFO] [stdout]    1:     0x5ad653d6cea4 - <unknown>
[INFO] [stdout]    2:     0x5ad653ebe4fb - <unknown>
[INFO] [stdout]    3:     0x5ad653ebe0f9 - <unknown>
[INFO] [stdout]    4:     0x5ad653ebdd7a - <unknown>
[INFO] [stdout]    5:     0x5ad653ebd8ab - <unknown>
[INFO] [stdout]    6:     0x5ad653ee3711 - <unknown>
[INFO] [stdout]    7:     0x5ad653ee36c9 - <unknown>
[INFO] [stdout]    8:     0x5ad653ee3bbc - <unknown>
[INFO] [stdout]    9:     0x5ad653d6cd3b - <unknown>
[INFO] [stdout]   10:     0x5ad653d705f1 - <unknown>
[INFO] [stdout]   11:     0x5ad653e83e16 - <unknown>
[INFO] [stdout]   12:     0x5ad653d51f5a - <unknown>
[INFO] [stdout]   13:     0x5ad653d60d32 - <unknown>
[INFO] [stdout]   14:     0x5ad653efd34b - <unknown>
[INFO] [stdout]   15:     0x5ad653ef8a22 - <unknown>
[INFO] [stdout]   16:     0x5ad653ef84cc - <unknown>
[INFO] [stdout]   17:     0x5ad653f171cc - <unknown>
[INFO] [stdout]   18:     0x5ad653ee53a8 - <unknown>
[INFO] [stdout]   19:     0x723c030f8dfa - <unknown>
[INFO] [stdout]   20:     0x723c0318c3d4 - clone
[INFO] [stdout]   21:                0x0 - <unknown>
[INFO] [stdout] 
[INFO] [stdout] ---- test::timeout_refund_after_resolve_is_rejected stdout ----
[INFO] [stdout] Writing test snapshot file for test "test::timeout_refund_after_resolve_is_rejected" to "test_snapshots/test/timeout_refund_after_resolve_is_rejected.1.json".
[INFO] [stdout] 
[INFO] [stdout] thread 'test::timeout_refund_after_resolve_is_rejected' (3835) panicked at /opt/rustwide/cargo-home/registry/src/index.crates.io-1949cf8c6b5b557f/soroban-sdk-23.5.3/src/env.rs:1743:32:
[INFO] [stdout] called `Result::unwrap()` on an `Err` value: Os { code: 30, kind: ReadOnlyFilesystem, message: "Read-only file system" }
[INFO] [stdout] stack backtrace:
[INFO] [stdout]    0:     0x5ad653ebef37 - <unknown>
[INFO] [stdout]    1:     0x5ad653d6cea4 - <unknown>
[INFO] [stdout]    2:     0x5ad653ebe4fb - <unknown>
[INFO] [stdout]    3:     0x5ad653ebe0f9 - <unknown>
[INFO] [stdout]    4:     0x5ad653ebdd7a - <unknown>
[INFO] [stdout]    5:     0x5ad653ebd8ab - <unknown>
[INFO] [stdout]    6:     0x5ad653ee3711 - <unknown>
[INFO] [stdout]    7:     0x5ad653ee36c9 - <unknown>
[INFO] [stdout]    8:     0x5ad653ee3bbc - <unknown>
[INFO] [stdout]    9:     0x5ad653d6cd3b - <unknown>
[INFO] [stdout]   10:     0x5ad653d705f1 - <unknown>
[INFO] [stdout]   11:     0x5ad653e83e16 - <unknown>
[INFO] [stdout]   12:     0x5ad653d51f5a - <unknown>
[INFO] [stdout]   13:     0x5ad653d61a92 - <unknown>
[INFO] [stdout]   14:     0x5ad653efd34b - <unknown>
[INFO] [stdout]   15:     0x5ad653ef8a22 - <unknown>
[INFO] [stdout]   16:     0x5ad653ef84cc - <unknown>
[INFO] [stdout]   17:     0x5ad653f171cc - <unknown>
[INFO] [stdout]   18:     0x5ad653ee53a8 - <unknown>
[INFO] [stdout]   19:     0x723c030f8dfa - <unknown>
[INFO] [stdout]   20:     0x723c0318c3d4 - clone
[INFO] [stdout]   21:                0x0 - <unknown>
[INFO] [stdout] 
[INFO] [stdout] ---- test::timeout_refund_on_unknown_id_fails stdout ----
[INFO] [stdout] Writing test snapshot file for test "test::timeout_refund_on_unknown_id_fails" to "test_snapshots/test/timeout_refund_on_unknown_id_fails.1.json".
[INFO] [stdout] 
[INFO] [stdout] thread 'test::timeout_refund_on_unknown_id_fails' (3838) panicked at /opt/rustwide/cargo-home/registry/src/index.crates.io-1949cf8c6b5b557f/soroban-sdk-23.5.3/src/env.rs:1743:32:
[INFO] [stdout] called `Result::unwrap()` on an `Err` value: Os { code: 30, kind: ReadOnlyFilesystem, message: "Read-only file system" }
[INFO] [stdout] stack backtrace:
[INFO] [stdout]    0:     0x5ad653ebef37 - <unknown>
[INFO] [stdout]    1:     0x5ad653d6cea4 - <unknown>
[INFO] [stdout]    2:     0x5ad653ebe4fb - <unknown>
[INFO] [stdout]    3:     0x5ad653ebe0f9 - <unknown>
[INFO] [stdout]    4:     0x5ad653ebdd7a - <unknown>
[INFO] [stdout]    5:     0x5ad653ebd8ab - <unknown>
[INFO] [stdout]    6:     0x5ad653ee3711 - <unknown>
[INFO] [stdout]    7:     0x5ad653ee36c9 - <unknown>
[INFO] [stdout]    8:     0x5ad653ee3bbc - <unknown>
[INFO] [stdout]    9:     0x5ad653d6cd3b - <unknown>
[INFO] [stdout]   10:     0x5ad653d705f1 - <unknown>
[INFO] [stdout]   11:     0x5ad653e83e16 - <unknown>
[INFO] [stdout]   12:     0x5ad653d51f5a - <unknown>
[INFO] [stdout]   13:     0x5ad653d60b56 - <unknown>
[INFO] [stdout]   14:     0x5ad653efd34b - <unknown>
[INFO] [stdout]   15:     0x5ad653ef8a22 - <unknown>
[INFO] [stdout]   16:     0x5ad653ef84cc - <unknown>
[INFO] [stdout]   17:     0x5ad653f171cc - <unknown>
[INFO] [stdout]   18:     0x5ad653ee53a8 - <unknown>
[INFO] [stdout]   19:     0x723c030f8dfa - <unknown>
[INFO] [stdout]   20:     0x723c0318c3d4 - clone
[INFO] [stdout]   21:                0x0 - <unknown>
[INFO] [stdout] 
[INFO] [stdout] ---- test::token_admin_client_can_mint_additional_funds stdout ----
[INFO] [stdout] Writing test snapshot file for test "test::token_admin_client_can_mint_additional_funds" to "test_snapshots/test/token_admin_client_can_mint_additional_funds.1.json".
[INFO] [stdout] 
[INFO] [stdout] thread 'test::token_admin_client_can_mint_additional_funds' (3839) panicked at /opt/rustwide/cargo-home/registry/src/index.crates.io-1949cf8c6b5b557f/soroban-sdk-23.5.3/src/env.rs:1743:32:
[INFO] [stdout] called `Result::unwrap()` on an `Err` value: Os { code: 30, kind: ReadOnlyFilesystem, message: "Read-only file system" }
[INFO] [stdout] stack backtrace:
[INFO] [stdout]    0:     0x5ad653ebef37 - <unknown>
[INFO] [stdout]    1:     0x5ad653d6cea4 - <unknown>
[INFO] [stdout]    2:     0x5ad653ebe4fb - <unknown>
[INFO] [stdout]    3:     0x5ad653ebe0f9 - <unknown>
[INFO] [stdout]    4:     0x5ad653ebdd7a - <unknown>
[INFO] [stdout]    5:     0x5ad653ebd8ab - <unknown>
[INFO] [stdout]    6:     0x5ad653ee3711 - <unknown>
[INFO] [stdout]    7:     0x5ad653ee36c9 - <unknown>
[INFO] [stdout]    8:     0x5ad653ee3bbc - <unknown>
[INFO] [stdout]    9:     0x5ad653d6cd3b - <unknown>
[INFO] [stdout]   10:     0x5ad653d705f1 - <unknown>
[INFO] [stdout]   11:     0x5ad653e83e16 - <unknown>
[INFO] [stdout]   12:     0x5ad653d51f5a - <unknown>
[INFO] [stdout]   13:     0x5ad653d6300d - <unknown>
[INFO] [stdout]   14:     0x5ad653efd34b - <unknown>
[INFO] [stdout]   15:     0x5ad653ef8a22 - <unknown>
[INFO] [stdout]   16:     0x5ad653ef84cc - <unknown>
[INFO] [stdout]   17:     0x5ad653f171cc - <unknown>
[INFO] [stdout]   18:     0x5ad653ee53a8 - <unknown>
[INFO] [stdout]   19:     0x723c030f8dfa - <unknown>
[INFO] [stdout]   20:     0x723c0318c3d4 - clone
[INFO] [stdout]   21:                0x0 - <unknown>
[INFO] [stdout] 
[INFO] [stdout] ---- test::timeout_refund_exactly_at_deadline_succeeds stdout ----
[INFO] [stdout] Writing test snapshot file for test "test::timeout_refund_exactly_at_deadline_succeeds" to "test_snapshots/test/timeout_refund_exactly_at_deadline_succeeds.1.json".
[INFO] [stdout] 
[INFO] [stdout] thread 'test::timeout_refund_exactly_at_deadline_succeeds' (3837) panicked at /opt/rustwide/cargo-home/registry/src/index.crates.io-1949cf8c6b5b557f/soroban-sdk-23.5.3/src/env.rs:1743:32:
[INFO] [stdout] called `Result::unwrap()` on an `Err` value: Os { code: 30, kind: ReadOnlyFilesystem, message: "Read-only file system" }
[INFO] [stdout] stack backtrace:
[INFO] [stdout]    0:     0x5ad653ebef37 - <unknown>
[INFO] [stdout]    1:     0x5ad653d6cea4 - <unknown>
[INFO] [stdout]    2:     0x5ad653ebe4fb - <unknown>
[INFO] [stdout]    3:     0x5ad653ebe0f9 - <unknown>
[INFO] [stdout]    4:     0x5ad653ebdd7a - <unknown>
[INFO] [stdout]    5:     0x5ad653ebd8ab - <unknown>
[INFO] [stdout]    6:     0x5ad653ee3711 - <unknown>
[INFO] [stdout]    7:     0x5ad653ee36c9 - <unknown>
[INFO] [stdout]    8:     0x5ad653ee3bbc - <unknown>
[INFO] [stdout]    9:     0x5ad653d6cd3b - <unknown>
[INFO] [stdout]   10:     0x5ad653d705f1 - <unknown>
[INFO] [stdout]   11:     0x5ad653e83e16 - <unknown>
[INFO] [stdout]   12:     0x5ad653d51f5a - <unknown>
[INFO] [stdout]   13:     0x5ad653d624c8 - <unknown>
[INFO] [stdout]   14:     0x5ad653efd34b - <unknown>
[INFO] [stdout]   15:     0x5ad653ef8a22 - <unknown>
[INFO] [stdout]   16:     0x5ad653ef84cc - <unknown>
[INFO] [stdout]   17:     0x5ad653f171cc - <unknown>
[INFO] [stdout]   18:     0x5ad653ee53a8 - <unknown>
[INFO] [stdout]   19:     0x723c030f8dfa - <unknown>
[INFO] [stdout]   20:     0x723c0318c3d4 - clone
[INFO] [stdout]   21:                0x0 - <unknown>
[INFO] [stdout] 
[INFO] [stdout] ---- test::stake_zero_or_negative_fails stdout ----
[INFO] [stdout] Writing test snapshot file for test "test::stake_zero_or_negative_fails" to "test_snapshots/test/stake_zero_or_negative_fails.1.json".
[INFO] [stdout] 
[INFO] [stdout] thread 'test::stake_zero_or_negative_fails' (3831) panicked at /opt/rustwide/cargo-home/registry/src/index.crates.io-1949cf8c6b5b557f/soroban-sdk-23.5.3/src/env.rs:1743:32:
[INFO] [stdout] called `Result::unwrap()` on an `Err` value: Os { code: 30, kind: ReadOnlyFilesystem, message: "Read-only file system" }
[INFO] [stdout] stack backtrace:
[INFO] [stdout]    0:     0x5ad653ebef37 - <unknown>
[INFO] [stdout]    1:     0x5ad653d6cea4 - <unknown>
[INFO] [stdout]    2:     0x5ad653ebe4fb - <unknown>
[INFO] [stdout]    3:     0x5ad653ebe0f9 - <unknown>
[INFO] [stdout]    4:     0x5ad653ebdd7a - <unknown>
[INFO] [stdout]    5:     0x5ad653ebd8ab - <unknown>
[INFO] [stdout]    6:     0x5ad653ee3711 - <unknown>
[INFO] [stdout]    7:     0x5ad653ee36c9 - <unknown>
[INFO] [stdout]    8:     0x5ad653ee3bbc - <unknown>
[INFO] [stdout]    9:     0x5ad653d6cd3b - <unknown>
[INFO] [stdout]   10:     0x5ad653d705f1 - <unknown>
[INFO] [stdout]   11:     0x5ad653e83e16 - <unknown>
[INFO] [stdout]   12:     0x5ad653d51f5a - <unknown>
[INFO] [stdout]   13:     0x5ad653d5f472 - <unknown>
[INFO] [stdout]   14:     0x5ad653efd34b - <unknown>
[INFO] [stdout]   15:     0x5ad653ef8a22 - <unknown>
[INFO] [stdout]   16:     0x5ad653ef84cc - <unknown>
[INFO] [stdout]   17:     0x5ad653f171cc - <unknown>
[INFO] [stdout]   18:     0x5ad653ee53a8 - <unknown>
[INFO] [stdout]   19:     0x723c030f8dfa - <unknown>
[INFO] [stdout]   20:     0x723c0318c3d4 - clone
[INFO] [stdout]   21:                0x0 - <unknown>
[INFO] [stdout] 
[INFO] [stdout] ---- test::touch_does_not_change_owed_or_stake_amounts stdout ----
[INFO] [stdout] Writing test snapshot file for test "test::touch_does_not_change_owed_or_stake_amounts" to "test_snapshots/test/touch_does_not_change_owed_or_stake_amounts.1.json".
[INFO] [stdout] 
[INFO] [stdout] thread 'test::touch_does_not_change_owed_or_stake_amounts' (3840) panicked at /opt/rustwide/cargo-home/registry/src/index.crates.io-1949cf8c6b5b557f/soroban-sdk-23.5.3/src/env.rs:1743:32:
[INFO] [stdout] called `Result::unwrap()` on an `Err` value: Os { code: 30, kind: ReadOnlyFilesystem, message: "Read-only file system" }
[INFO] [stdout] stack backtrace:
[INFO] [stdout]    0:     0x5ad653ebef37 - <unknown>
[INFO] [stdout]    1:     0x5ad653d6cea4 - <unknown>
[INFO] [stdout]    2:     0x5ad653ebe4fb - <unknown>
[INFO] [stdout]    3:     0x5ad653ebe0f9 - <unknown>
[INFO] [stdout]    4:     0x5ad653ebdd7a - <unknown>
[INFO] [stdout]    5:     0x5ad653ebd8ab - <unknown>
[INFO] [stdout]    6:     0x5ad653ee3711 - <unknown>
[INFO] [stdout]    7:     0x5ad653ee36c9 - <unknown>
[INFO] [stdout]    8:     0x5ad653ee3bbc - <unknown>
[INFO] [stdout]    9:     0x5ad653d6cd3b - <unknown>
[INFO] [stdout]   10:     0x5ad653d705f1 - <unknown>
[INFO] [stdout]   11:     0x5ad653e83e16 - <unknown>
[INFO] [stdout]   12:     0x5ad653d51f5a - <unknown>
[INFO] [stdout]   13:     0x5ad653d627a0 - <unknown>
[INFO] [stdout]   14:     0x5ad653efd34b - <unknown>
[INFO] [stdout]   15:     0x5ad653ef8a22 - <unknown>
[INFO] [stdout]   16:     0x5ad653ef84cc - <unknown>
[INFO] [stdout]   17:     0x5ad653f171cc - <unknown>
[INFO] [stdout]   18:     0x5ad653ee53a8 - <unknown>
[INFO] [stdout]   19:     0x723c030f8dfa - <unknown>
[INFO] [stdout]   20:     0x723c0318c3d4 - clone
[INFO] [stdout]   21:                0x0 - <unknown>
[INFO] [stdout] 
[INFO] [stdout] ---- test::touch_is_a_harmless_no_op_for_a_worker_with_no_owed_or_stake stdout ----
[INFO] [stdout] Writing test snapshot file for test "test::touch_is_a_harmless_no_op_for_a_worker_with_no_owed_or_stake" to "test_snapshots/test/touch_is_a_harmless_no_op_for_a_worker_with_no_owed_or_stake.1.json".
[INFO] [stdout] 
[INFO] [stdout] thread 'test::touch_is_a_harmless_no_op_for_a_worker_with_no_owed_or_stake' (3841) panicked at /opt/rustwide/cargo-home/registry/src/index.crates.io-1949cf8c6b5b557f/soroban-sdk-23.5.3/src/env.rs:1743:32:
[INFO] [stdout] called `Result::unwrap()` on an `Err` value: Os { code: 30, kind: ReadOnlyFilesystem, message: "Read-only file system" }
[INFO] [stdout] stack backtrace:
[INFO] [stdout]    0:     0x5ad653ebef37 - <unknown>
[INFO] [stdout]    1:     0x5ad653d6cea4 - <unknown>
[INFO] [stdout]    2:     0x5ad653ebe4fb - <unknown>
[INFO] [stdout]    3:     0x5ad653ebe0f9 - <unknown>
[INFO] [stdout]    4:     0x5ad653ebdd7a - <unknown>
[INFO] [stdout]    5:     0x5ad653ebd8ab - <unknown>
[INFO] [stdout]    6:     0x5ad653ee3711 - <unknown>
[INFO] [stdout]    7:     0x5ad653ee36c9 - <unknown>
[INFO] [stdout]    8:     0x5ad653ee3bbc - <unknown>
[INFO] [stdout]    9:     0x5ad653d6cd3b - <unknown>
[INFO] [stdout]   10:     0x5ad653d705f1 - <unknown>
[INFO] [stdout]   11:     0x5ad653e83e16 - <unknown>
[INFO] [stdout]   12:     0x5ad653d51f5a - <unknown>
[INFO] [stdout]   13:     0x5ad653d66dc3 - <unknown>
[INFO] [stdout]   14:     0x5ad653efd34b - <unknown>
[INFO] [stdout]   15:     0x5ad653ef8a22 - <unknown>
[INFO] [stdout]   16:     0x5ad653ef84cc - <unknown>
[INFO] [stdout]   17:     0x5ad653f171cc - <unknown>
[INFO] [stdout]   18:     0x5ad653ee53a8 - <unknown>
[INFO] [stdout]   19:     0x723c030f8dfa - <unknown>
[INFO] [stdout]   20:     0x723c0318c3d4 - clone
[INFO] [stdout]   21:                0x0 - <unknown>
[INFO] [stdout] 
[INFO] [stdout] ---- test::touch_requires_no_authorization_from_anyone stdout ----
[INFO] [stdout] Writing test snapshot file for test "test::touch_requires_no_authorization_from_anyone" to "test_snapshots/test/touch_requires_no_authorization_from_anyone.1.json".
[INFO] [stdout] 
[INFO] [stdout] thread 'test::touch_requires_no_authorization_from_anyone' (3842) panicked at /opt/rustwide/cargo-home/registry/src/index.crates.io-1949cf8c6b5b557f/soroban-sdk-23.5.3/src/env.rs:1743:32:
[INFO] [stdout] called `Result::unwrap()` on an `Err` value: Os { code: 30, kind: ReadOnlyFilesystem, message: "Read-only file system" }
[INFO] [stdout] stack backtrace:
[INFO] [stdout]    0:     0x5ad653ebef37 - <unknown>
[INFO] [stdout]    1:     0x5ad653d6cea4 - <unknown>
[INFO] [stdout]    2:     0x5ad653ebe4fb - <unknown>
[INFO] [stdout]    3:     0x5ad653ebe0f9 - <unknown>
[INFO] [stdout]    4:     0x5ad653ebdd7a - <unknown>
[INFO] [stdout]    5:     0x5ad653ebd8ab - <unknown>
[INFO] [stdout]    6:     0x5ad653ee3711 - <unknown>
[INFO] [stdout]    7:     0x5ad653ee36c9 - <unknown>
[INFO] [stdout]    8:     0x5ad653ee3bbc - <unknown>
[INFO] [stdout]    9:     0x5ad653d6cd3b - <unknown>
[INFO] [stdout]   10:     0x5ad653d705f1 - <unknown>
[INFO] [stdout]   11:     0x5ad653e83e16 - <unknown>
[INFO] [stdout]   12:     0x5ad653d51f5a - <unknown>
[INFO] [stdout]   13:     0x5ad653d62cef - <unknown>
[INFO] [stdout]   14:     0x5ad653efd34b - <unknown>
[INFO] [stdout]   15:     0x5ad653ef8a22 - <unknown>
[INFO] [stdout]   16:     0x5ad653ef84cc - <unknown>
[INFO] [stdout]   17:     0x5ad653f171cc - <unknown>
[INFO] [stdout]   18:     0x5ad653ee53a8 - <unknown>
[INFO] [stdout]   19:     0x723c030f8dfa - <unknown>
[INFO] [stdout]   20:     0x723c0318c3d4 - clone
[INFO] [stdout]   21:                0x0 - <unknown>
[INFO] [stdout] 
[INFO] [stdout] ---- test::set_timeout_ledgers_does_not_affect_an_already_pending_question stdout ----
[INFO] [stdout] Writing test snapshot file for test "test::set_timeout_ledgers_does_not_affect_an_already_pending_question" to "test_snapshots/test/set_timeout_ledgers_does_not_affect_an_already_pending_question.1.json".
[INFO] [stdout] 
[INFO] [stdout] thread 'test::set_timeout_ledgers_does_not_affect_an_already_pending_question' (3828) panicked at /opt/rustwide/cargo-home/registry/src/index.crates.io-1949cf8c6b5b557f/soroban-sdk-23.5.3/src/env.rs:1743:32:
[INFO] [stdout] called `Result::unwrap()` on an `Err` value: Os { code: 30, kind: ReadOnlyFilesystem, message: "Read-only file system" }
[INFO] [stdout] stack backtrace:
[INFO] [stdout]    0:     0x5ad653ebef37 - <unknown>
[INFO] [stdout]    1:     0x5ad653d6cea4 - <unknown>
[INFO] [stdout]    2:     0x5ad653ebe4fb - <unknown>
[INFO] [stdout]    3:     0x5ad653ebe0f9 - <unknown>
[INFO] [stdout]    4:     0x5ad653ebdd7a - <unknown>
[INFO] [stdout]    5:     0x5ad653ebd8ab - <unknown>
[INFO] [stdout]    6:     0x5ad653ee3711 - <unknown>
[INFO] [stdout]    7:     0x5ad653ee36c9 - <unknown>
[INFO] [stdout]    8:     0x5ad653ee3bbc - <unknown>
[INFO] [stdout]    9:     0x5ad653d6cd3b - <unknown>
[INFO] [stdout]   10:     0x5ad653d705f1 - <unknown>
[INFO] [stdout]   11:     0x5ad653e83e16 - <unknown>
[INFO] [stdout]   12:     0x5ad653d51f5a - <unknown>
[INFO] [stdout]   13:     0x5ad653d67719 - <unknown>
[INFO] [stdout]   14:     0x5ad653efd34b - <unknown>
[INFO] [stdout]   15:     0x5ad653ef8a22 - <unknown>
[INFO] [stdout]   16:     0x5ad653ef84cc - <unknown>
[INFO] [stdout]   17:     0x5ad653f171cc - <unknown>
[INFO] [stdout]   18:     0x5ad653ee53a8 - <unknown>
[INFO] [stdout]   19:     0x723c030f8dfa - <unknown>
[INFO] [stdout]   20:     0x723c0318c3d4 - clone
[INFO] [stdout]   21:                0x0 - <unknown>
[INFO] [stdout] 
[INFO] [stdout] ---- test::timeout_refund_after_deadline_succeeds_for_anyone stdout ----
[INFO] [stdout] Writing test snapshot file for test "test::timeout_refund_after_deadline_succeeds_for_anyone" to "test_snapshots/test/timeout_refund_after_deadline_succeeds_for_anyone.1.json".
[INFO] [stdout] 
[INFO] [stdout] thread 'test::timeout_refund_after_deadline_succeeds_for_anyone' (3834) panicked at /opt/rustwide/cargo-home/registry/src/index.crates.io-1949cf8c6b5b557f/soroban-sdk-23.5.3/src/env.rs:1743:32:
[INFO] [stdout] called `Result::unwrap()` on an `Err` value: Os { code: 30, kind: ReadOnlyFilesystem, message: "Read-only file system" }
[INFO] [stdout] stack backtrace:
[INFO] [stdout]    0:     0x5ad653ebef37 - <unknown>
[INFO] [stdout]    1:     0x5ad653d6cea4 - <unknown>
[INFO] [stdout]    2:     0x5ad653ebe4fb - <unknown>
[INFO] [stdout]    3:     0x5ad653ebe0f9 - <unknown>
[INFO] [stdout]    4:     0x5ad653ebdd7a - <unknown>
[INFO] [stdout]    5:     0x5ad653ebd8ab - <unknown>
[INFO] [stdout]    6:     0x5ad653ee3711 - <unknown>
[INFO] [stdout]    7:     0x5ad653ee36c9 - <unknown>
[INFO] [stdout]    8:     0x5ad653ee3bbc - <unknown>
[INFO] [stdout]    9:     0x5ad653d6cd3b - <unknown>
[INFO] [stdout]   10:     0x5ad653d705f1 - <unknown>
[INFO] [stdout]   11:     0x5ad653e83e16 - <unknown>
[INFO] [stdout]   12:     0x5ad653d51f5a - <unknown>
[INFO] [stdout]   13:     0x5ad653d63d2f - <unknown>
[INFO] [stdout]   14:     0x5ad653efd34b - <unknown>
[INFO] [stdout]   15:     0x5ad653ef8a22 - <unknown>
[INFO] [stdout]   16:     0x5ad653ef84cc - <unknown>
[INFO] [stdout]   17:     0x5ad653f171cc - <unknown>
[INFO] [stdout]   18:     0x5ad653ee53a8 - <unknown>
[INFO] [stdout]   19:     0x723c030f8dfa - <unknown>
[INFO] [stdout]   20:     0x723c0318c3d4 - clone
[INFO] [stdout]   21:                0x0 - <unknown>
[INFO] [stdout] 
[INFO] [stdout] ---- test::resolve_slashes_losing_workers_stake_to_the_platform stdout ----
[INFO] [stdout] Writing test snapshot file for test "test::resolve_slashes_losing_workers_stake_to_the_platform" to "test_snapshots/test/resolve_slashes_losing_workers_stake_to_the_platform.1.json".
[INFO] [stdout] 
[INFO] [stdout] thread 'test::resolve_slashes_losing_workers_stake_to_the_platform' (3820) panicked at /opt/rustwide/cargo-home/registry/src/index.crates.io-1949cf8c6b5b557f/soroban-sdk-23.5.3/src/env.rs:1743:32:
[INFO] [stdout] called `Result::unwrap()` on an `Err` value: Os { code: 30, kind: ReadOnlyFilesystem, message: "Read-only file system" }
[INFO] [stdout] stack backtrace:
[INFO] [stdout]    0:     0x5ad653ebef37 - <unknown>
[INFO] [stdout]    1:     0x5ad653d6cea4 - <unknown>
[INFO] [stdout]    2:     0x5ad653ebe4fb - <unknown>
[INFO] [stdout]    3:     0x5ad653ebe0f9 - <unknown>
[INFO] [stdout]    4:     0x5ad653ebdd7a - <unknown>
[INFO] [stdout]    5:     0x5ad653ebd8ab - <unknown>
[INFO] [stdout]    6:     0x5ad653ee3711 - <unknown>
[INFO] [stdout]    7:     0x5ad653ee36c9 - <unknown>
[INFO] [stdout]    8:     0x5ad653ee3bbc - <unknown>
[INFO] [stdout]    9:     0x5ad653d6cd3b - <unknown>
[INFO] [stdout]   10:     0x5ad653d705f1 - <unknown>
[INFO] [stdout]   11:     0x5ad653e83e16 - <unknown>
[INFO] [stdout]   12:     0x5ad653d51f5a - <unknown>
[INFO] [stdout]   13:     0x5ad653d64628 - <unknown>
[INFO] [stdout]   14:     0x5ad653efd34b - <unknown>
[INFO] [stdout]   15:     0x5ad653ef8a22 - <unknown>
[INFO] [stdout]   16:     0x5ad653ef84cc - <unknown>
[INFO] [stdout]   17:     0x5ad653f171cc - <unknown>
[INFO] [stdout]   18:     0x5ad653ee53a8 - <unknown>
[INFO] [stdout]   19:     0x723c030f8dfa - <unknown>
[INFO] [stdout]   20:     0x723c0318c3d4 - clone
[INFO] [stdout]   21:                0x0 - <unknown>
[INFO] [stdout] 
[INFO] [stdout] ---- test::withdraw_balance_more_than_deposited_fails stdout ----
[INFO] [stdout] Writing test snapshot file for test "test::withdraw_balance_more_than_deposited_fails" to "test_snapshots/test/withdraw_balance_more_than_deposited_fails.1.json".
[INFO] [stdout] 
[INFO] [stdout] thread 'test::withdraw_balance_more_than_deposited_fails' (3847) panicked at /opt/rustwide/cargo-home/registry/src/index.crates.io-1949cf8c6b5b557f/soroban-sdk-23.5.3/src/env.rs:1743:32:
[INFO] [stdout] called `Result::unwrap()` on an `Err` value: Os { code: 30, kind: ReadOnlyFilesystem, message: "Read-only file system" }
[INFO] [stdout] stack backtrace:
[INFO] [stdout]    0:     0x5ad653ebef37 - <unknown>
[INFO] [stdout]    1:     0x5ad653d6cea4 - <unknown>
[INFO] [stdout]    2:     0x5ad653ebe4fb - <unknown>
[INFO] [stdout]    3:     0x5ad653ebe0f9 - <unknown>
[INFO] [stdout]    4:     0x5ad653ebdd7a - <unknown>
[INFO] [stdout]    5:     0x5ad653ebd8ab - <unknown>
[INFO] [stdout]    6:     0x5ad653ee3711 - <unknown>
[INFO] [stdout]    7:     0x5ad653ee36c9 - <unknown>
[INFO] [stdout]    8:     0x5ad653ee3bbc - <unknown>
[INFO] [stdout]    9:     0x5ad653d6cd3b - <unknown>
[INFO] [stdout]   10:     0x5ad653d705f1 - <unknown>
[INFO] [stdout]   11:     0x5ad653e83e16 - <unknown>
[INFO] [stdout]   12:     0x5ad653d51f5a - <unknown>
[INFO] [stdout]   13:     0x5ad653d61eaf - <unknown>
[INFO] [stdout]   14:     0x5ad653efd34b - <unknown>
[INFO] [stdout]   15:     0x5ad653ef8a22 - <unknown>
[INFO] [stdout]   16:     0x5ad653ef84cc - <unknown>
[INFO] [stdout]   17:     0x5ad653f171cc - <unknown>
[INFO] [stdout]   18:     0x5ad653ee53a8 - <unknown>
[INFO] [stdout]   19:     0x723c030f8dfa - <unknown>
[INFO] [stdout]   20:     0x723c0318c3d4 - clone
[INFO] [stdout]   21:                0x0 - <unknown>
[INFO] [stdout] 
[INFO] [stdout] ---- test::resolve_splits_pool_and_pays_fee stdout ----
[INFO] [stdout] Writing test snapshot file for test "test::resolve_splits_pool_and_pays_fee" to "test_snapshots/test/resolve_splits_pool_and_pays_fee.1.json".
[INFO] [stdout] 
[INFO] [stdout] thread 'test::resolve_splits_pool_and_pays_fee' (3822) panicked at /opt/rustwide/cargo-home/registry/src/index.crates.io-1949cf8c6b5b557f/soroban-sdk-23.5.3/src/env.rs:1743:32:
[INFO] [stdout] called `Result::unwrap()` on an `Err` value: Os { code: 30, kind: ReadOnlyFilesystem, message: "Read-only file system" }
[INFO] [stdout] stack backtrace:
[INFO] [stdout]    0:     0x5ad653ebef37 - <unknown>
[INFO] [stdout]    1:     0x5ad653d6cea4 - <unknown>
[INFO] [stdout]    2:     0x5ad653ebe4fb - <unknown>
[INFO] [stdout]    3:     0x5ad653ebe0f9 - <unknown>
[INFO] [stdout]    4:     0x5ad653ebdd7a - <unknown>
[INFO] [stdout]    5:     0x5ad653ebd8ab - <unknown>
[INFO] [stdout]    6:     0x5ad653ee3711 - <unknown>
[INFO] [stdout]    7:     0x5ad653ee36c9 - <unknown>
[INFO] [stdout]    8:     0x5ad653ee3bbc - <unknown>
[INFO] [stdout]    9:     0x5ad653d6cd3b - <unknown>
[INFO] [stdout]   10:     0x5ad653d705f1 - <unknown>
[INFO] [stdout]   11:     0x5ad653e83e16 - <unknown>
[INFO] [stdout]   12:     0x5ad653d51f5a - <unknown>
[INFO] [stdout]   13:     0x5ad653d605a6 - <unknown>
[INFO] [stdout]   14:     0x5ad653efd34b - <unknown>
[INFO] [stdout]   15:     0x5ad653ef8a22 - <unknown>
[INFO] [stdout]   16:     0x5ad653ef84cc - <unknown>
[INFO] [stdout]   17:     0x5ad653f171cc - <unknown>
[INFO] [stdout]   18:     0x5ad653ee53a8 - <unknown>
[INFO] [stdout]   19:     0x723c030f8dfa - <unknown>
[INFO] [stdout]   20:     0x723c0318c3d4 - clone
[INFO] [stdout]   21:                0x0 - <unknown>
[INFO] [stdout] 
[INFO] [stdout] ---- test::unstake_returns_funds_and_decrements_balance stdout ----
[INFO] [stdout] Writing test snapshot file for test "test::unstake_returns_funds_and_decrements_balance" to "test_snapshots/test/unstake_returns_funds_and_decrements_balance.1.json".
[INFO] [stdout] 
[INFO] [stdout] thread 'test::unstake_returns_funds_and_decrements_balance' (3844) panicked at /opt/rustwide/cargo-home/registry/src/index.crates.io-1949cf8c6b5b557f/soroban-sdk-23.5.3/src/env.rs:1743:32:
[INFO] [stdout] called `Result::unwrap()` on an `Err` value: Os { code: 30, kind: ReadOnlyFilesystem, message: "Read-only file system" }
[INFO] [stdout] stack backtrace:
[INFO] [stdout]    0:     0x5ad653ebef37 - <unknown>
[INFO] [stdout]    1:     0x5ad653d6cea4 - <unknown>
[INFO] [stdout]    2:     0x5ad653ebe4fb - <unknown>
[INFO] [stdout]    3:     0x5ad653ebe0f9 - <unknown>
[INFO] [stdout]    4:     0x5ad653ebdd7a - <unknown>
[INFO] [stdout]    5:     0x5ad653ebd8ab - <unknown>
[INFO] [stdout]    6:     0x5ad653ee3711 - <unknown>
[INFO] [stdout]    7:     0x5ad653ee36c9 - <unknown>
[INFO] [stdout]    8:     0x5ad653ee3bbc - <unknown>
[INFO] [stdout]    9:     0x5ad653d6cd3b - <unknown>
[INFO] [stdout]   10:     0x5ad653d705f1 - <unknown>
[INFO] [stdout]   11:     0x5ad653e83e16 - <unknown>
[INFO] [stdout]   12:     0x5ad653d51f5a - <unknown>
[INFO] [stdout]   13:     0x5ad653d63342 - <unknown>
[INFO] [stdout]   14:     0x5ad653efd34b - <unknown>
[INFO] [stdout]   15:     0x5ad653ef8a22 - <unknown>
[INFO] [stdout]   16:     0x5ad653ef84cc - <unknown>
[INFO] [stdout]   17:     0x5ad653f171cc - <unknown>
[INFO] [stdout]   18:     0x5ad653ee53a8 - <unknown>
[INFO] [stdout]   19:     0x723c030f8dfa - <unknown>
[INFO] [stdout]   20:     0x723c0318c3d4 - clone
[INFO] [stdout]   21:                0x0 - <unknown>
[INFO] [stdout] 
[INFO] [stdout] ---- test::unstake_more_than_staked_fails stdout ----
[INFO] [stdout] Writing test snapshot file for test "test::unstake_more_than_staked_fails" to "test_snapshots/test/unstake_more_than_staked_fails.1.json".
[INFO] [stdout] 
[INFO] [stdout] thread 'test::unstake_more_than_staked_fails' (3843) panicked at /opt/rustwide/cargo-home/registry/src/index.crates.io-1949cf8c6b5b557f/soroban-sdk-23.5.3/src/env.rs:1743:32:
[INFO] [stdout] called `Result::unwrap()` on an `Err` value: Os { code: 30, kind: ReadOnlyFilesystem, message: "Read-only file system" }
[INFO] [stdout] stack backtrace:
[INFO] [stdout]    0:     0x5ad653ebef37 - <unknown>
[INFO] [stdout]    1:     0x5ad653d6cea4 - <unknown>
[INFO] [stdout]    2:     0x5ad653ebe4fb - <unknown>
[INFO] [stdout]    3:     0x5ad653ebe0f9 - <unknown>
[INFO] [stdout]    4:     0x5ad653ebdd7a - <unknown>
[INFO] [stdout]    5:     0x5ad653ebd8ab - <unknown>
[INFO] [stdout]    6:     0x5ad653ee3711 - <unknown>
[INFO] [stdout]    7:     0x5ad653ee36c9 - <unknown>
[INFO] [stdout]    8:     0x5ad653ee3bbc - <unknown>
[INFO] [stdout]    9:     0x5ad653d6cd3b - <unknown>
[INFO] [stdout]   10:     0x5ad653d705f1 - <unknown>
[INFO] [stdout]   11:     0x5ad653e83e16 - <unknown>
[INFO] [stdout]   12:     0x5ad653d51f5a - <unknown>
[INFO] [stdout]   13:     0x5ad653d5f720 - <unknown>
[INFO] [stdout]   14:     0x5ad653efd34b - <unknown>
[INFO] [stdout]   15:     0x5ad653ef8a22 - <unknown>
[INFO] [stdout]   16:     0x5ad653ef84cc - <unknown>
[INFO] [stdout]   17:     0x5ad653f171cc - <unknown>
[INFO] [stdout]   18:     0x5ad653ee53a8 - <unknown>
[INFO] [stdout]   19:     0x723c030f8dfa - <unknown>
[INFO] [stdout]   20:     0x723c0318c3d4 - clone
[INFO] [stdout]   21:                0x0 - <unknown>
[INFO] [stdout] 
[INFO] [stdout] ---- test::withdraw_accumulates_across_multiple_resolved_questions_before_a_single_payout stdout ----
[INFO] [stdout] Writing test snapshot file for test "test::withdraw_accumulates_across_multiple_resolved_questions_before_a_single_payout" to "test_snapshots/test/withdraw_accumulates_across_multiple_resolved_questions_before_a_single_payout.1.json".
[INFO] [stdout] 
[INFO] [stdout] thread 'test::withdraw_accumulates_across_multiple_resolved_questions_before_a_single_payout' (3846) panicked at /opt/rustwide/cargo-home/registry/src/index.crates.io-1949cf8c6b5b557f/soroban-sdk-23.5.3/src/env.rs:1743:32:
[INFO] [stdout] called `Result::unwrap()` on an `Err` value: Os { code: 30, kind: ReadOnlyFilesystem, message: "Read-only file system" }
[INFO] [stdout] stack backtrace:
[INFO] [stdout]    0:     0x5ad653ebef37 - <unknown>
[INFO] [stdout]    1:     0x5ad653d6cea4 - <unknown>
[INFO] [stdout]    2:     0x5ad653ebe4fb - <unknown>
[INFO] [stdout]    3:     0x5ad653ebe0f9 - <unknown>
[INFO] [stdout]    4:     0x5ad653ebdd7a - <unknown>
[INFO] [stdout]    5:     0x5ad653ebd8ab - <unknown>
[INFO] [stdout]    6:     0x5ad653ee3711 - <unknown>
[INFO] [stdout]    7:     0x5ad653ee36c9 - <unknown>
[INFO] [stdout]    8:     0x5ad653ee3bbc - <unknown>
[INFO] [stdout]    9:     0x5ad653d6cd3b - <unknown>
[INFO] [stdout]   10:     0x5ad653d705f1 - <unknown>
[INFO] [stdout]   11:     0x5ad653e83e16 - <unknown>
[INFO] [stdout]   12:     0x5ad653d51f5a - <unknown>
[INFO] [stdout]   13:     0x5ad653d67de9 - <unknown>
[INFO] [stdout]   14:     0x5ad653efd34b - <unknown>
[INFO] [stdout]   15:     0x5ad653ef8a22 - <unknown>
[INFO] [stdout]   16:     0x5ad653ef84cc - <unknown>
[INFO] [stdout]   17:     0x5ad653f171cc - <unknown>
[INFO] [stdout]   18:     0x5ad653ee53a8 - <unknown>
[INFO] [stdout]   19:     0x723c030f8dfa - <unknown>
[INFO] [stdout]   20:     0x723c0318c3d4 - clone
[INFO] [stdout]   21:                0x0 - <unknown>
[INFO] [stdout] 
[INFO] [stdout] ---- test::withdraw_pays_out_full_accrued_balance_and_zeroes_it stdout ----
[INFO] [stdout] Writing test snapshot file for test "test::withdraw_pays_out_full_accrued_balance_and_zeroes_it" to "test_snapshots/test/withdraw_pays_out_full_accrued_balance_and_zeroes_it.1.json".
[INFO] [stdout] 
[INFO] [stdout] thread 'test::withdraw_pays_out_full_accrued_balance_and_zeroes_it' (3850) panicked at /opt/rustwide/cargo-home/registry/src/index.crates.io-1949cf8c6b5b557f/soroban-sdk-23.5.3/src/env.rs:1743:32:
[INFO] [stdout] called `Result::unwrap()` on an `Err` value: Os { code: 30, kind: ReadOnlyFilesystem, message: "Read-only file system" }
[INFO] [stdout] stack backtrace:
[INFO] [stdout]    0:     0x5ad653ebef37 - <unknown>
[INFO] [stdout]    1:     0x5ad653d6cea4 - <unknown>
[INFO] [stdout]    2:     0x5ad653ebe4fb - <unknown>
[INFO] [stdout]    3:     0x5ad653ebe0f9 - <unknown>
[INFO] [stdout]    4:     0x5ad653ebdd7a - <unknown>
[INFO] [stdout]    5:     0x5ad653ebd8ab - <unknown>
[INFO] [stdout]    6:     0x5ad653ee3711 - <unknown>
[INFO] [stdout]    7:     0x5ad653ee36c9 - <unknown>
[INFO] [stdout]    8:     0x5ad653ee3bbc - <unknown>
[INFO] [stdout]    9:     0x5ad653d6cd3b - <unknown>
[INFO] [stdout]   10:     0x5ad653d705f1 - <unknown>
[INFO] [stdout]   11:     0x5ad653e83e16 - <unknown>
[INFO] [stdout]   12:     0x5ad653d51f5a - <unknown>
[INFO] [stdout]   13:     0x5ad653d649c3 - <unknown>
[INFO] [stdout]   14:     0x5ad653efd34b - <unknown>
[INFO] [stdout]   15:     0x5ad653ef8a22 - <unknown>
[INFO] [stdout]   16:     0x5ad653ef84cc - <unknown>
[INFO] [stdout]   17:     0x5ad653f171cc - <unknown>
[INFO] [stdout]   18:     0x5ad653ee53a8 - <unknown>
[INFO] [stdout]   19:     0x723c030f8dfa - <unknown>
[INFO] [stdout]   20:     0x723c0318c3d4 - clone
[INFO] [stdout]   21:                0x0 - <unknown>
[INFO] [stdout] 
[INFO] [stdout] ---- test::resolve_with_disjoint_valid_lists_still_succeeds stdout ----
[INFO] [stdout] Writing test snapshot file for test "test::resolve_with_disjoint_valid_lists_still_succeeds" to "test_snapshots/test/resolve_with_disjoint_valid_lists_still_succeeds.1.json".
[INFO] [stdout] 
[INFO] [stdout] thread 'test::resolve_with_disjoint_valid_lists_still_succeeds' (3824) panicked at /opt/rustwide/cargo-home/registry/src/index.crates.io-1949cf8c6b5b557f/soroban-sdk-23.5.3/src/env.rs:1743:32:
[INFO] [stdout] called `Result::unwrap()` on an `Err` value: Os { code: 30, kind: ReadOnlyFilesystem, message: "Read-only file system" }
[INFO] [stdout] stack backtrace:
[INFO] [stdout]    0:     0x5ad653ebef37 - <unknown>
[INFO] [stdout]    1:     0x5ad653d6cea4 - <unknown>
[INFO] [stdout]    2:     0x5ad653ebe4fb - <unknown>
[INFO] [stdout]    3:     0x5ad653ebe0f9 - <unknown>
[INFO] [stdout]    4:     0x5ad653ebdd7a - <unknown>
[INFO] [stdout]    5:     0x5ad653ebd8ab - <unknown>
[INFO] [stdout]    6:     0x5ad653ee3711 - <unknown>
[INFO] [stdout]    7:     0x5ad653ee36c9 - <unknown>
[INFO] [stdout]    8:     0x5ad653ee3bbc - <unknown>
[INFO] [stdout]    9:     0x5ad653d6cd3b - <unknown>
[INFO] [stdout]   10:     0x5ad653d705f1 - <unknown>
[INFO] [stdout]   11:     0x5ad653e83e16 - <unknown>
[INFO] [stdout]   12:     0x5ad653d51f5a - <unknown>
[INFO] [stdout]   13:     0x5ad653d63ad1 - <unknown>
[INFO] [stdout]   14:     0x5ad653efd34b - <unknown>
[INFO] [stdout]   15:     0x5ad653ef8a22 - <unknown>
[INFO] [stdout]   16:     0x5ad653ef84cc - <unknown>
[INFO] [stdout]   17:     0x5ad653f171cc - <unknown>
[INFO] [stdout]   18:     0x5ad653ee53a8 - <unknown>
[INFO] [stdout]   19:     0x723c030f8dfa - <unknown>
[INFO] [stdout]   20:     0x723c0318c3d4 - clone
[INFO] [stdout]   21:                0x0 - <unknown>
[INFO] [stdout] 
[INFO] [stdout] ---- test::withdraw_to_sends_funds_to_the_beneficiary_not_the_caller stdout ----
[INFO] [stdout] Writing test snapshot file for test "test::withdraw_to_sends_funds_to_the_beneficiary_not_the_caller" to "test_snapshots/test/withdraw_to_sends_funds_to_the_beneficiary_not_the_caller.1.json".
[INFO] [stdout] 
[INFO] [stdout] thread 'test::withdraw_to_sends_funds_to_the_beneficiary_not_the_caller' (3851) panicked at /opt/rustwide/cargo-home/registry/src/index.crates.io-1949cf8c6b5b557f/soroban-sdk-23.5.3/src/env.rs:1743:32:
[INFO] [stdout] called `Result::unwrap()` on an `Err` value: Os { code: 30, kind: ReadOnlyFilesystem, message: "Read-only file system" }
[INFO] [stdout] stack backtrace:
[INFO] [stdout]    0:     0x5ad653ebef37 - <unknown>
[INFO] [stdout]    1:     0x5ad653d6cea4 - <unknown>
[INFO] [stdout]    2:     0x5ad653ebe4fb - <unknown>
[INFO] [stdout]    3:     0x5ad653ebe0f9 - <unknown>
[INFO] [stdout]    4:     0x5ad653ebdd7a - <unknown>
[INFO] [stdout]    5:     0x5ad653ebd8ab - <unknown>
[INFO] [stdout]    6:     0x5ad653ee3711 - <unknown>
[INFO] [stdout]    7:     0x5ad653ee36c9 - <unknown>
[INFO] [stdout]    8:     0x5ad653ee3bbc - <unknown>
[INFO] [stdout]    9:     0x5ad653d6cd3b - <unknown>
[INFO] [stdout]   10:     0x5ad653d705f1 - <unknown>
[INFO] [stdout]   11:     0x5ad653e83e16 - <unknown>
[INFO] [stdout]   12:     0x5ad653d51f5a - <unknown>
[INFO] [stdout]   13:     0x5ad653d65b83 - <unknown>
[INFO] [stdout]   14:     0x5ad653efd34b - <unknown>
[INFO] [stdout]   15:     0x5ad653ef8a22 - <unknown>
[INFO] [stdout]   16:     0x5ad653ef84cc - <unknown>
[INFO] [stdout]   17:     0x5ad653f171cc - <unknown>
[INFO] [stdout]   18:     0x5ad653ee53a8 - <unknown>
[INFO] [stdout]   19:     0x723c030f8dfa - <unknown>
[INFO] [stdout]   20:     0x723c0318c3d4 - clone
[INFO] [stdout]   21:                0x0 - <unknown>
[INFO] [stdout] 
[INFO] [stdout] ---- test::withdraw_more_than_owed_fails_without_touching_the_balance stdout ----
[INFO] [stdout] Writing test snapshot file for test "test::withdraw_more_than_owed_fails_without_touching_the_balance" to "test_snapshots/test/withdraw_more_than_owed_fails_without_touching_the_balance.1.json".
[INFO] [stdout] 
[INFO] [stdout] thread 'test::withdraw_more_than_owed_fails_without_touching_the_balance' (3849) panicked at /opt/rustwide/cargo-home/registry/src/index.crates.io-1949cf8c6b5b557f/soroban-sdk-23.5.3/src/env.rs:1743:32:
[INFO] [stdout] called `Result::unwrap()` on an `Err` value: Os { code: 30, kind: ReadOnlyFilesystem, message: "Read-only file system" }
[INFO] [stdout] stack backtrace:
[INFO] [stdout]    0:     0x5ad653ebef37 - <unknown>
[INFO] [stdout]    1:     0x5ad653d6cea4 - <unknown>
[INFO] [stdout]    2:     0x5ad653ebe4fb - <unknown>
[INFO] [stdout]    3:     0x5ad653ebe0f9 - <unknown>
[INFO] [stdout]    4:     0x5ad653ebdd7a - <unknown>
[INFO] [stdout]    5:     0x5ad653ebd8ab - <unknown>
[INFO] [stdout]    6:     0x5ad653ee3711 - <unknown>
[INFO] [stdout]    7:     0x5ad653ee36c9 - <unknown>
[INFO] [stdout]    8:     0x5ad653ee3bbc - <unknown>
[INFO] [stdout]    9:     0x5ad653d6cd3b - <unknown>
[INFO] [stdout]   10:     0x5ad653d705f1 - <unknown>
[INFO] [stdout]   11:     0x5ad653e83e16 - <unknown>
[INFO] [stdout]   12:     0x5ad653d51f5a - <unknown>
[INFO] [stdout]   13:     0x5ad653d6620d - <unknown>
[INFO] [stdout]   14:     0x5ad653efd34b - <unknown>
[INFO] [stdout]   15:     0x5ad653ef8a22 - <unknown>
[INFO] [stdout]   16:     0x5ad653ef84cc - <unknown>
[INFO] [stdout]   17:     0x5ad653f171cc - <unknown>
[INFO] [stdout]   18:     0x5ad653ee53a8 - <unknown>
[INFO] [stdout]   19:     0x723c030f8dfa - <unknown>
[INFO] [stdout]   20:     0x723c0318c3d4 - clone
[INFO] [stdout]   21:                0x0 - <unknown>
[INFO] [stdout] 
[INFO] [stdout] ---- test::unstaked_worker_has_zero_stake_by_default stdout ----
[INFO] [stdout] Writing test snapshot file for test "test::unstaked_worker_has_zero_stake_by_default" to "test_snapshots/test/unstaked_worker_has_zero_stake_by_default.1.json".
[INFO] [stdout] 
[INFO] [stdout] thread 'test::unstaked_worker_has_zero_stake_by_default' (3845) panicked at /opt/rustwide/cargo-home/registry/src/index.crates.io-1949cf8c6b5b557f/soroban-sdk-23.5.3/src/env.rs:1743:32:
[INFO] [stdout] called `Result::unwrap()` on an `Err` value: Os { code: 30, kind: ReadOnlyFilesystem, message: "Read-only file system" }
[INFO] [stdout] stack backtrace:
[INFO] [stdout]    0:     0x5ad653ebef37 - <unknown>
[INFO] [stdout]    1:     0x5ad653d6cea4 - <unknown>
[INFO] [stdout]    2:     0x5ad653ebe4fb - <unknown>
[INFO] [stdout]    3:     0x5ad653ebe0f9 - <unknown>
[INFO] [stdout]    4:     0x5ad653ebdd7a - <unknown>
[INFO] [stdout]    5:     0x5ad653ebd8ab - <unknown>
[INFO] [stdout]    6:     0x5ad653ee3711 - <unknown>
[INFO] [stdout]    7:     0x5ad653ee36c9 - <unknown>
[INFO] [stdout]    8:     0x5ad653ee3bbc - <unknown>
[INFO] [stdout]    9:     0x5ad653d6cd3b - <unknown>
[INFO] [stdout]   10:     0x5ad653d705f1 - <unknown>
[INFO] [stdout]   11:     0x5ad653e83e16 - <unknown>
[INFO] [stdout]   12:     0x5ad653d51f5a - <unknown>
[INFO] [stdout]   13:     0x5ad653d61c2b - <unknown>
[INFO] [stdout]   14:     0x5ad653efd34b - <unknown>
[INFO] [stdout]   15:     0x5ad653ef8a22 - <unknown>
[INFO] [stdout]   16:     0x5ad653ef84cc - <unknown>
[INFO] [stdout]   17:     0x5ad653f171cc - <unknown>
[INFO] [stdout]   18:     0x5ad653ee53a8 - <unknown>
[INFO] [stdout]   19:     0x723c030f8dfa - <unknown>
[INFO] [stdout]   20:     0x723c0318c3d4 - clone
[INFO] [stdout]   21:                0x0 - <unknown>
[INFO] [stdout] 
[INFO] [stdout] ---- test::withdraw_balance_returns_funds_and_decrements_balance stdout ----
[INFO] [stdout] Writing test snapshot file for test "test::withdraw_balance_returns_funds_and_decrements_balance" to "test_snapshots/test/withdraw_balance_returns_funds_and_decrements_balance.1.json".
[INFO] [stdout] 
[INFO] [stdout] thread 'test::withdraw_balance_returns_funds_and_decrements_balance' (3848) panicked at /opt/rustwide/cargo-home/registry/src/index.crates.io-1949cf8c6b5b557f/soroban-sdk-23.5.3/src/env.rs:1743:32:
[INFO] [stdout] called `Result::unwrap()` on an `Err` value: Os { code: 30, kind: ReadOnlyFilesystem, message: "Read-only file system" }
[INFO] [stdout] stack backtrace:
[INFO] [stdout]    0:     0x5ad653ebef37 - <unknown>
[INFO] [stdout]    1:     0x5ad653d6cea4 - <unknown>
[INFO] [stdout]    2:     0x5ad653ebe4fb - <unknown>
[INFO] [stdout]    3:     0x5ad653ebe0f9 - <unknown>
[INFO] [stdout]    4:     0x5ad653ebdd7a - <unknown>
[INFO] [stdout]    5:     0x5ad653ebd8ab - <unknown>
[INFO] [stdout]    6:     0x5ad653ee3711 - <unknown>
[INFO] [stdout]    7:     0x5ad653ee36c9 - <unknown>
[INFO] [stdout]    8:     0x5ad653ee3bbc - <unknown>
[INFO] [stdout]    9:     0x5ad653d6cd3b - <unknown>
[INFO] [stdout]   10:     0x5ad653d705f1 - <unknown>
[INFO] [stdout]   11:     0x5ad653e83e16 - <unknown>
[INFO] [stdout]   12:     0x5ad653d51f5a - <unknown>
[INFO] [stdout]   13:     0x5ad653d64ff8 - <unknown>
[INFO] [stdout]   14:     0x5ad653efd34b - <unknown>
[INFO] [stdout]   15:     0x5ad653ef8a22 - <unknown>
[INFO] [stdout]   16:     0x5ad653ef84cc - <unknown>
[INFO] [stdout]   17:     0x5ad653f171cc - <unknown>
[INFO] [stdout]   18:     0x5ad653ee53a8 - <unknown>
[INFO] [stdout]   19:     0x723c030f8dfa - <unknown>
[INFO] [stdout]   20:     0x723c0318c3d4 - clone
[INFO] [stdout]   21:                0x0 - <unknown>
[INFO] [stdout] 
[INFO] [stdout] ---- test::withdraw_zero_or_negative_amount_fails stdout ----
[INFO] [stdout] Writing test snapshot file for test "test::withdraw_zero_or_negative_amount_fails" to "test_snapshots/test/withdraw_zero_or_negative_amount_fails.1.json".
[INFO] [stdout] 
[INFO] [stdout] thread 'test::withdraw_zero_or_negative_amount_fails' (3854) panicked at /opt/rustwide/cargo-home/registry/src/index.crates.io-1949cf8c6b5b557f/soroban-sdk-23.5.3/src/env.rs:1743:32:
[INFO] [stdout] called `Result::unwrap()` on an `Err` value: Os { code: 30, kind: ReadOnlyFilesystem, message: "Read-only file system" }
[INFO] [stdout] stack backtrace:
[INFO] [stdout]    0:     0x5ad653ebef37 - <unknown>
[INFO] [stdout]    1:     0x5ad653d6cea4 - <unknown>
[INFO] [stdout]    2:     0x5ad653ebe4fb - <unknown>
[INFO] [stdout]    3:     0x5ad653ebe0f9 - <unknown>
[INFO] [stdout]    4:     0x5ad653ebdd7a - <unknown>
[INFO] [stdout]    5:     0x5ad653ebd8ab - <unknown>
[INFO] [stdout]    6:     0x5ad653ee3711 - <unknown>
[INFO] [stdout]    7:     0x5ad653ee36c9 - <unknown>
[INFO] [stdout]    8:     0x5ad653ee3bbc - <unknown>
[INFO] [stdout]    9:     0x5ad653d6cd3b - <unknown>
[INFO] [stdout]   10:     0x5ad653d705f1 - <unknown>
[INFO] [stdout]   11:     0x5ad653e83e16 - <unknown>
[INFO] [stdout]   12:     0x5ad653d51f5a - <unknown>
[INFO] [stdout]   13:     0x5ad653d61322 - <unknown>
[INFO] [stdout]   14:     0x5ad653efd34b - <unknown>
[INFO] [stdout]   15:     0x5ad653ef8a22 - <unknown>
[INFO] [stdout]   16:     0x5ad653ef84cc - <unknown>
[INFO] [stdout]   17:     0x5ad653f171cc - <unknown>
[INFO] [stdout]   18:     0x5ad653ee53a8 - <unknown>
[INFO] [stdout]   19:     0x723c030f8dfa - <unknown>
[INFO] [stdout]   20:     0x723c0318c3d4 - clone
[INFO] [stdout]   21:                0x0 - <unknown>
[INFO] [stdout] 
[INFO] [stdout] ---- test::submit_locks_funds stdout ----
[INFO] [stdout] Writing test snapshot file for test "test::submit_locks_funds" to "test_snapshots/test/submit_locks_funds.1.json".
[INFO] [stdout] 
[INFO] [stdout] thread 'test::submit_locks_funds' (3832) panicked at /opt/rustwide/cargo-home/registry/src/index.crates.io-1949cf8c6b5b557f/soroban-sdk-23.5.3/src/env.rs:1743:32:
[INFO] [stdout] called `Result::unwrap()` on an `Err` value: Os { code: 30, kind: ReadOnlyFilesystem, message: "Read-only file system" }
[INFO] [stdout] stack backtrace:
[INFO] [stdout]    0:     0x5ad653ebef37 - <unknown>
[INFO] [stdout]    1:     0x5ad653d6cea4 - <unknown>
[INFO] [stdout]    2:     0x5ad653ebe4fb - <unknown>
[INFO] [stdout]    3:     0x5ad653ebe0f9 - <unknown>
[INFO] [stdout]    4:     0x5ad653ebdd7a - <unknown>
[INFO] [stdout]    5:     0x5ad653ebd8ab - <unknown>
[INFO] [stdout]    6:     0x5ad653ee3711 - <unknown>
[INFO] [stdout]    7:     0x5ad653ee36c9 - <unknown>
[INFO] [stdout]    8:     0x5ad653ee3bbc - <unknown>
[INFO] [stdout]    9:     0x5ad653d6cd3b - <unknown>
[INFO] [stdout]   10:     0x5ad653d705f1 - <unknown>
[INFO] [stdout]   11:     0x5ad653e83e16 - <unknown>
[INFO] [stdout]   12:     0x5ad653d51f5a - <unknown>
[INFO] [stdout]   13:     0x5ad653d5eeca - <unknown>
[INFO] [stdout]   14:     0x5ad653efd34b - <unknown>
[INFO] [stdout]   15:     0x5ad653ef8a22 - <unknown>
[INFO] [stdout]   16:     0x5ad653ef84cc - <unknown>
[INFO] [stdout]   17:     0x5ad653f171cc - <unknown>
[INFO] [stdout]   18:     0x5ad653ee53a8 - <unknown>
[INFO] [stdout]   19:     0x723c030f8dfa - <unknown>
[INFO] [stdout]   20:     0x723c0318c3d4 - clone
[INFO] [stdout]   21:                0x0 - <unknown>
[INFO] [stdout] 
[INFO] [stdout] ---- test::withdraw_with_nothing_owed_fails stdout ----
[INFO] [stdout] Writing test snapshot file for test "test::withdraw_with_nothing_owed_fails" to "test_snapshots/test/withdraw_with_nothing_owed_fails.1.json".
[INFO] [stdout] 
[INFO] [stdout] thread 'test::withdraw_with_nothing_owed_fails' (3853) panicked at /opt/rustwide/cargo-home/registry/src/index.crates.io-1949cf8c6b5b557f/soroban-sdk-23.5.3/src/env.rs:1743:32:
[INFO] [stdout] called `Result::unwrap()` on an `Err` value: Os { code: 30, kind: ReadOnlyFilesystem, message: "Read-only file system" }
[INFO] [stdout] stack backtrace:
[INFO] [stdout]    0:     0x5ad653ebef37 - <unknown>
[INFO] [stdout]    1:     0x5ad653d6cea4 - <unknown>
[INFO] [stdout]    2:     0x5ad653ebe4fb - <unknown>
[INFO] [stdout]    3:     0x5ad653ebe0f9 - <unknown>
[INFO] [stdout]    4:     0x5ad653ebdd7a - <unknown>
[INFO] [stdout]    5:     0x5ad653ebd8ab - <unknown>
[INFO] [stdout]    6:     0x5ad653ee3711 - <unknown>
[INFO] [stdout]    7:     0x5ad653ee36c9 - <unknown>
[INFO] [stdout]    8:     0x5ad653ee3bbc - <unknown>
[INFO] [stdout]    9:     0x5ad653d6cd3b - <unknown>
[INFO] [stdout]   10:     0x5ad653d705f1 - <unknown>
[INFO] [stdout]   11:     0x5ad653e83e16 - <unknown>
[INFO] [stdout]   12:     0x5ad653d51f5a - <unknown>
[INFO] [stdout]   13:     0x5ad653d60a8b - <unknown>
[INFO] [stdout]   14:     0x5ad653efd34b - <unknown>
[INFO] [stdout]   15:     0x5ad653ef8a22 - <unknown>
[INFO] [stdout]   16:     0x5ad653ef84cc - <unknown>
[INFO] [stdout]   17:     0x5ad653f171cc - <unknown>
[INFO] [stdout]   18:     0x5ad653ee53a8 - <unknown>
[INFO] [stdout]   19:     0x723c030f8dfa - <unknown>
[INFO] [stdout]   20:     0x723c0318c3d4 - clone
[INFO] [stdout]   21:                0x0 - <unknown>
[INFO] [stdout] 
[INFO] [stdout] ---- test::withdraw_twice_in_a_row_fails_the_second_time stdout ----
[INFO] [stdout] Writing test snapshot file for test "test::withdraw_twice_in_a_row_fails_the_second_time" to "test_snapshots/test/withdraw_twice_in_a_row_fails_the_second_time.1.json".
[INFO] [stdout] 
[INFO] [stdout] thread 'test::withdraw_twice_in_a_row_fails_the_second_time' (3852) panicked at /opt/rustwide/cargo-home/registry/src/index.crates.io-1949cf8c6b5b557f/soroban-sdk-23.5.3/src/env.rs:1743:32:
[INFO] [stdout] called `Result::unwrap()` on an `Err` value: Os { code: 30, kind: ReadOnlyFilesystem, message: "Read-only file system" }
[INFO] [stdout] stack backtrace:
[INFO] [stdout]    0:     0x5ad653ebef37 - <unknown>
[INFO] [stdout]    1:     0x5ad653d6cea4 - <unknown>
[INFO] [stdout]    2:     0x5ad653ebe4fb - <unknown>
[INFO] [stdout]    3:     0x5ad653ebe0f9 - <unknown>
[INFO] [stdout]    4:     0x5ad653ebdd7a - <unknown>
[INFO] [stdout]    5:     0x5ad653ebd8ab - <unknown>
[INFO] [stdout]    6:     0x5ad653ee3711 - <unknown>
[INFO] [stdout]    7:     0x5ad653ee36c9 - <unknown>
[INFO] [stdout]    8:     0x5ad653ee3bbc - <unknown>
[INFO] [stdout]    9:     0x5ad653d6cd3b - <unknown>
[INFO] [stdout]   10:     0x5ad653d705f1 - <unknown>
[INFO] [stdout]   11:     0x5ad653e83e16 - <unknown>
[INFO] [stdout]   12:     0x5ad653d51f5a - <unknown>
[INFO] [stdout]   13:     0x5ad653d6366b - <unknown>
[INFO] [stdout]   14:     0x5ad653efd34b - <unknown>
[INFO] [stdout]   15:     0x5ad653ef8a22 - <unknown>
[INFO] [stdout]   16:     0x5ad653ef84cc - <unknown>
[INFO] [stdout]   17:     0x5ad653f171cc - <unknown>
[INFO] [stdout]   18:     0x5ad653ee53a8 - <unknown>
[INFO] [stdout]   19:     0x723c030f8dfa - <unknown>
[INFO] [stdout]   20:     0x723c0318c3d4 - clone
[INFO] [stdout]   21:                0x0 - <unknown>
[INFO] [stdout] 
[INFO] [stdout] ---- test::stake_locks_funds_and_get_stake_reflects_it stdout ----
[INFO] [stdout] Writing test snapshot file for test "test::stake_locks_funds_and_get_stake_reflects_it" to "test_snapshots/test/stake_locks_funds_and_get_stake_reflects_it.1.json".
[INFO] [stdout] 
[INFO] [stdout] thread 'test::stake_locks_funds_and_get_stake_reflects_it' (3830) panicked at /opt/rustwide/cargo-home/registry/src/index.crates.io-1949cf8c6b5b557f/soroban-sdk-23.5.3/src/env.rs:1743:32:
[INFO] [stdout] called `Result::unwrap()` on an `Err` value: Os { code: 30, kind: ReadOnlyFilesystem, message: "Read-only file system" }
[INFO] [stdout] stack backtrace:
[INFO] [stdout]    0:     0x5ad653ebef37 - <unknown>
[INFO] [stdout]    1:     0x5ad653d6cea4 - <unknown>
[INFO] [stdout]    2:     0x5ad653ebe4fb - <unknown>
[INFO] [stdout]    3:     0x5ad653ebe0f9 - <unknown>
[INFO] [stdout]    4:     0x5ad653ebdd7a - <unknown>
[INFO] [stdout]    5:     0x5ad653ebd8ab - <unknown>
[INFO] [stdout]    6:     0x5ad653ee3711 - <unknown>
[INFO] [stdout]    7:     0x5ad653ee36c9 - <unknown>
[INFO] [stdout]    8:     0x5ad653ee3bbc - <unknown>
[INFO] [stdout]    9:     0x5ad653d6cd3b - <unknown>
[INFO] [stdout]   10:     0x5ad653d705f1 - <unknown>
[INFO] [stdout]   11:     0x5ad653e83e16 - <unknown>
[INFO] [stdout]   12:     0x5ad653d51f5a - <unknown>
[INFO] [stdout]   13:     0x5ad653d6230b - <unknown>
[INFO] [stdout]   14:     0x5ad653efd34b - <unknown>
[INFO] [stdout]   15:     0x5ad653ef8a22 - <unknown>
[INFO] [stdout]   16:     0x5ad653ef84cc - <unknown>
[INFO] [stdout]   17:     0x5ad653f171cc - <unknown>
[INFO] [stdout]   18:     0x5ad653ee53a8 - <unknown>
[INFO] [stdout]   19:     0x723c030f8dfa - <unknown>
[INFO] [stdout]   20:     0x723c0318c3d4 - clone
[INFO] [stdout]   21:                0x0 - <unknown>
[INFO] [stdout] 
[INFO] [stdout] ---- test::set_timeout_ledgers_applies_to_questions_submitted_afterward stdout ----
[INFO] [stdout] Writing test snapshot file for test "test::set_timeout_ledgers_applies_to_questions_submitted_afterward" to "test_snapshots/test/set_timeout_ledgers_applies_to_questions_submitted_afterward.1.json".
[INFO] [stdout] 
[INFO] [stdout] thread 'test::set_timeout_ledgers_applies_to_questions_submitted_afterward' (3827) panicked at /opt/rustwide/cargo-home/registry/src/index.crates.io-1949cf8c6b5b557f/soroban-sdk-23.5.3/src/env.rs:1743:32:
[INFO] [stdout] called `Result::unwrap()` on an `Err` value: Os { code: 30, kind: ReadOnlyFilesystem, message: "Read-only file system" }
[INFO] [stdout] stack backtrace:
[INFO] [stdout]    0:     0x5ad653ebef37 - <unknown>
[INFO] [stdout]    1:     0x5ad653d6cea4 - <unknown>
[INFO] [stdout]    2:     0x5ad653ebe4fb - <unknown>
[INFO] [stdout]    3:     0x5ad653ebe0f9 - <unknown>
[INFO] [stdout]    4:     0x5ad653ebdd7a - <unknown>
[INFO] [stdout]    5:     0x5ad653ebd8ab - <unknown>
[INFO] [stdout]    6:     0x5ad653ee3711 - <unknown>
[INFO] [stdout]    7:     0x5ad653ee36c9 - <unknown>
[INFO] [stdout]    8:     0x5ad653ee3bbc - <unknown>
[INFO] [stdout]    9:     0x5ad653d6cd3b - <unknown>
[INFO] [stdout]   10:     0x5ad653d705f1 - <unknown>
[INFO] [stdout]   11:     0x5ad653e83e16 - <unknown>
[INFO] [stdout]   12:     0x5ad653d51f5a - <unknown>
[INFO] [stdout]   13:     0x5ad653d66c19 - <unknown>
[INFO] [stdout]   14:     0x5ad653efd34b - <unknown>
[INFO] [stdout]   15:     0x5ad653ef8a22 - <unknown>
[INFO] [stdout]   16:     0x5ad653ef84cc - <unknown>
[INFO] [stdout]   17:     0x5ad653f171cc - <unknown>
[INFO] [stdout]   18:     0x5ad653ee53a8 - <unknown>
[INFO] [stdout]   19:     0x723c030f8dfa - <unknown>
[INFO] [stdout]   20:     0x723c0318c3d4 - clone
[INFO] [stdout]   21:                0x0 - <unknown>
[INFO] [stdout] 
[INFO] [stdout] ---- test::resolve_with_zero_workers_fails stdout ----
[INFO] [stdout] Writing test snapshot file for test "test::resolve_with_zero_workers_fails" to "test_snapshots/test/resolve_with_zero_workers_fails.1.json".
[INFO] [stdout] 
[INFO] [stdout] thread 'test::resolve_with_zero_workers_fails' (3825) panicked at /opt/rustwide/cargo-home/registry/src/index.crates.io-1949cf8c6b5b557f/soroban-sdk-23.5.3/src/env.rs:1743:32:
[INFO] [stdout] called `Result::unwrap()` on an `Err` value: Os { code: 30, kind: ReadOnlyFilesystem, message: "Read-only file system" }
[INFO] [stdout] stack backtrace:
[INFO] [stdout]    0:     0x5ad653ebef37 - <unknown>
[INFO] [stdout]    1:     0x5ad653d6cea4 - <unknown>
[INFO] [stdout]    2:     0x5ad653ebe4fb - <unknown>
[INFO] [stdout]    3:     0x5ad653ebe0f9 - <unknown>
[INFO] [stdout]    4:     0x5ad653ebdd7a - <unknown>
[INFO] [stdout]    5:     0x5ad653ebd8ab - <unknown>
[INFO] [stdout]    6:     0x5ad653ee3711 - <unknown>
[INFO] [stdout]    7:     0x5ad653ee36c9 - <unknown>
[INFO] [stdout]    8:     0x5ad653ee3bbc - <unknown>
[INFO] [stdout]    9:     0x5ad653d6cd3b - <unknown>
[INFO] [stdout]   10:     0x5ad653d705f1 - <unknown>
[INFO] [stdout]   11:     0x5ad653e83e16 - <unknown>
[INFO] [stdout]   12:     0x5ad653d51f5a - <unknown>
[INFO] [stdout]   13:     0x5ad653d5fb5a - <unknown>
[INFO] [stdout]   14:     0x5ad653efd34b - <unknown>
[INFO] [stdout]   15:     0x5ad653ef8a22 - <unknown>
[INFO] [stdout]   16:     0x5ad653ef84cc - <unknown>
[INFO] [stdout]   17:     0x5ad653f171cc - <unknown>
[INFO] [stdout]   18:     0x5ad653ee53a8 - <unknown>
[INFO] [stdout]   19:     0x723c030f8dfa - <unknown>
[INFO] [stdout]   20:     0x723c0318c3d4 - clone
[INFO] [stdout]   21:                0x0 - <unknown>
[INFO] [stdout] 
[INFO] [stdout] ---- test::set_admin_rotates_authority_to_a_new_key stdout ----
[INFO] [stdout] Writing test snapshot file for test "test::set_admin_rotates_authority_to_a_new_key" to "test_snapshots/test/set_admin_rotates_authority_to_a_new_key.1.json".
[INFO] [stdout] 
[INFO] [stdout] thread 'test::set_admin_rotates_authority_to_a_new_key' (3826) panicked at /opt/rustwide/cargo-home/registry/src/index.crates.io-1949cf8c6b5b557f/soroban-sdk-23.5.3/src/env.rs:1743:32:
[INFO] [stdout] called `Result::unwrap()` on an `Err` value: Os { code: 30, kind: ReadOnlyFilesystem, message: "Read-only file system" }
[INFO] [stdout] stack backtrace:
[INFO] [stdout]    0:     0x5ad653ebef37 - <unknown>
[INFO] [stdout]    1:     0x5ad653d6cea4 - <unknown>
[INFO] [stdout]    2:     0x5ad653ebe4fb - <unknown>
[INFO] [stdout]    3:     0x5ad653ebe0f9 - <unknown>
[INFO] [stdout]    4:     0x5ad653ebdd7a - <unknown>
[INFO] [stdout]    5:     0x5ad653ebd8ab - <unknown>
[INFO] [stdout]    6:     0x5ad653ee3711 - <unknown>
[INFO] [stdout]    7:     0x5ad653ee36c9 - <unknown>
[INFO] [stdout]    8:     0x5ad653ee3bbc - <unknown>
[INFO] [stdout]    9:     0x5ad653d6cd3b - <unknown>
[INFO] [stdout]   10:     0x5ad653d705f1 - <unknown>
[INFO] [stdout]   11:     0x5ad653e83e16 - <unknown>
[INFO] [stdout]   12:     0x5ad653d51f5a - <unknown>
[INFO] [stdout]   13:     0x5ad653d61714 - <unknown>
[INFO] [stdout]   14:     0x5ad653efd34b - <unknown>
[INFO] [stdout]   15:     0x5ad653ef8a22 - <unknown>
[INFO] [stdout]   16:     0x5ad653ef84cc - <unknown>
[INFO] [stdout]   17:     0x5ad653f171cc - <unknown>
[INFO] [stdout]   18:     0x5ad653ee53a8 - <unknown>
[INFO] [stdout]   19:     0x723c030f8dfa - <unknown>
[INFO] [stdout]   20:     0x723c0318c3d4 - clone
[INFO] [stdout]   21:                0x0 - <unknown>
[INFO] [stdout] 
[INFO] [stdout] 
[INFO] [stdout] failures:
[INFO] [stdout]     test::charge_draws_down_balance_and_opens_a_normal_question
[INFO] [stdout]     test::charge_more_than_balance_fails_and_opens_no_question
[INFO] [stdout]     test::charge_same_question_id_twice_fails_like_duplicate_submit
[INFO] [stdout]     test::charged_question_can_still_be_refunded_and_refund_timed_out
[INFO] [stdout]     test::charged_question_settles_through_resolve_exactly_like_submit
[INFO] [stdout]     test::deposit_locks_funds_and_get_balance_reflects_it
[INFO] [stdout]     test::deposit_zero_or_negative_amount_fails
[INFO] [stdout]     test::deposits_accumulate_across_calls
[INFO] [stdout]     test::double_initialize_fails
[INFO] [stdout]     test::duplicate_submit_fails
[INFO] [stdout]     test::get_timeout_ledgers_matches_init
[INFO] [stdout]     test::initialize_rejects_zero_timeout
[INFO] [stdout]     test::partial_withdrawal_leaves_the_remainder_claimable_later
[INFO] [stdout]     test::payer_with_no_deposit_has_zero_balance
[INFO] [stdout]     test::refund_after_resolve_is_rejected
[INFO] [stdout]     test::refund_returns_full_amount_and_flips_status
[INFO] [stdout]     test::resolve_and_refund_on_unknown_id_fails
[INFO] [stdout]     test::resolve_rejects_a_worker_appearing_in_both_matching_and_losing_lists
[INFO] [stdout]     test::resolve_rejects_duplicate_addresses_within_the_losing_list
[INFO] [stdout]     test::resolve_rejects_duplicate_addresses_within_the_matching_list
[INFO] [stdout]     test::resolve_sends_dust_to_platform_when_pool_does_not_divide_evenly
[INFO] [stdout]     test::resolve_slashes_losing_workers_stake_to_the_platform
[INFO] [stdout]     test::resolve_slashing_an_unstaked_losing_worker_is_a_harmless_no_op
[INFO] [stdout]     test::resolve_splits_pool_and_pays_fee
[INFO] [stdout]     test::resolve_twice_fails
[INFO] [stdout]     test::resolve_with_disjoint_valid_lists_still_succeeds
[INFO] [stdout]     test::resolve_with_zero_workers_fails
[INFO] [stdout]     test::set_admin_rotates_authority_to_a_new_key
[INFO] [stdout]     test::set_timeout_ledgers_applies_to_questions_submitted_afterward
[INFO] [stdout]     test::set_timeout_ledgers_does_not_affect_an_already_pending_question
[INFO] [stdout]     test::set_timeout_ledgers_rejects_zero
[INFO] [stdout]     test::stake_locks_funds_and_get_stake_reflects_it
[INFO] [stdout]     test::stake_zero_or_negative_fails
[INFO] [stdout]     test::submit_locks_funds
[INFO] [stdout]     test::submit_zero_or_negative_amount_fails
[INFO] [stdout]     test::timeout_refund_after_deadline_succeeds_for_anyone
[INFO] [stdout]     test::timeout_refund_after_resolve_is_rejected
[INFO] [stdout]     test::timeout_refund_before_deadline_fails
[INFO] [stdout]     test::timeout_refund_exactly_at_deadline_succeeds
[INFO] [stdout]     test::timeout_refund_on_unknown_id_fails
[INFO] [stdout]     test::token_admin_client_can_mint_additional_funds
[INFO] [stdout]     test::touch_does_not_change_owed_or_stake_amounts
[INFO] [stdout]     test::touch_is_a_harmless_no_op_for_a_worker_with_no_owed_or_stake
[INFO] [stdout]     test::touch_requires_no_authorization_from_anyone
[INFO] [stdout]     test::unstake_more_than_staked_fails
[INFO] [stdout]     test::unstake_returns_funds_and_decrements_balance
[INFO] [stdout]     test::unstaked_worker_has_zero_stake_by_default
[INFO] [stdout]     test::withdraw_accumulates_across_multiple_resolved_questions_before_a_single_payout
[INFO] [stdout]     test::withdraw_balance_more_than_deposited_fails
[INFO] [stdout]     test::withdraw_balance_returns_funds_and_decrements_balance
[INFO] [stdout]     test::withdraw_more_than_owed_fails_without_touching_the_balance
[INFO] [stdout]     test::withdraw_pays_out_full_accrued_balance_and_zeroes_it
[INFO] [stdout]     test::withdraw_to_sends_funds_to_the_beneficiary_not_the_caller
[INFO] [stdout]     test::withdraw_twice_in_a_row_fails_the_second_time
[INFO] [stdout]     test::withdraw_with_nothing_owed_fails
[INFO] [stdout]     test::withdraw_zero_or_negative_amount_fails
[INFO] [stdout] 
[INFO] [stdout] test result: FAILED. 0 passed; 56 failed; 0 ignored; 0 measured; 0 filtered out; finished in 0.08s
[INFO] [stdout] 
[INFO] [stderr] error: test failed, to rerun pass `--lib`
[INFO] running `Command { std: "docker" "inspect" "a120b7b65df8a9ac89154a224f04d6a7d9af2abe0ec38af71c884cf8953e0e6e", kill_on_drop: false }`
[INFO] running `Command { std: "docker" "rm" "-f" "a120b7b65df8a9ac89154a224f04d6a7d9af2abe0ec38af71c884cf8953e0e6e", kill_on_drop: false }`
[INFO] [stdout] a120b7b65df8a9ac89154a224f04d6a7d9af2abe0ec38af71c884cf8953e0e6e
