[INFO] cloning repository https://github.com/rogerlew/cligen-rs
[INFO] running `Command { std: "git" "-c" "credential.helper=" "-c" "credential.helper=/workspace/cargo-home/bin/git-credential-null" "clone" "--bare" "https://github.com/rogerlew/cligen-rs" "/workspace/cache/git-repos/https%3A%2F%2Fgithub.com%2Frogerlew%2Fcligen-rs", kill_on_drop: false }`
[INFO] [stderr] Cloning into bare repository '/workspace/cache/git-repos/https%3A%2F%2Fgithub.com%2Frogerlew%2Fcligen-rs'...
[INFO] running `Command { std: "git" "rev-parse" "HEAD", kill_on_drop: false }`
[INFO] [stdout] fa4f4968727246e6a3a53512cdf5399b36130112
[INFO] testing rogerlew/cligen-rs against 1.100.0-beta.1+cargoflags=--release for beta-release-1.100-2
[INFO] running `Command { std: "git" "clone" "/workspace/cache/git-repos/https%3A%2F%2Fgithub.com%2Frogerlew%2Fcligen-rs" "/workspace/builds/worker-3-tc2/source", kill_on_drop: false }`
[INFO] [stderr] Cloning into '/workspace/builds/worker-3-tc2/source'...
[INFO] [stderr] done.
[INFO] [stderr] Updating files:  88% (3657/4138)
Updating files:  89% (3683/4138)
Updating files:  90% (3725/4138)
Updating files:  91% (3766/4138)
Updating files:  92% (3807/4138)
Updating files:  93% (3849/4138)
Updating files:  94% (3890/4138)
Updating files:  95% (3932/4138)
Updating files:  96% (3973/4138)
Updating files:  97% (4014/4138)
Updating files:  98% (4056/4138)
Updating files:  99% (4097/4138)
Updating files: 100% (4138/4138)
Updating files: 100% (4138/4138), done.
[INFO] removed /workspace/builds/worker-3-tc2/source/rust-toolchain.toml
[INFO] started tweaking git repo https://github.com/rogerlew/cligen-rs
[INFO] finished tweaking git repo https://github.com/rogerlew/cligen-rs
[INFO] tweaked toml for git repo https://github.com/rogerlew/cligen-rs written to /workspace/builds/worker-3-tc2/source/Cargo.toml
[INFO] validating manifest of git repo https://github.com/rogerlew/cligen-rs on toolchain 1.100.0-beta.1
[INFO] running `Command { std: CARGO_HOME="/workspace/cargo-home" RUSTUP_HOME="/workspace/rustup-home" "/workspace/cargo-home/bin/cargo" "+1.100.0-beta.1" "metadata" "--manifest-path" "Cargo.toml" "--no-deps", kill_on_drop: false }`
[INFO] crate git repo https://github.com/rogerlew/cligen-rs already has a lockfile, it will not be regenerated
[INFO] running `Command { std: CARGO_HOME="/workspace/cargo-home" RUSTUP_HOME="/workspace/rustup-home" "/workspace/cargo-home/bin/cargo" "+1.100.0-beta.1" "fetch" "--manifest-path" "Cargo.toml", kill_on_drop: false }`
[INFO] running `Command { std: "docker" "create" "-v" "/var/lib/crater-agent-workspace/builds/worker-3-tc2/source:/opt/rustwide/workdir:ro,Z" "-v" "/var/lib/crater-agent-workspace/builds/worker-3-tc2/target:/opt/rustwide/target:rw,Z" "-v" "/var/lib/crater-agent-workspace/cargo-home:/opt/rustwide/cargo-home:ro,Z" "-v" "/var/lib/crater-agent-workspace/rustup-home:/opt/rustwide/rustup-home:ro,Z" "-m" "1610612736" "--network" "none" "ghcr.io/rust-lang/crates-build-env/linux@sha256:77db811e55d90add9212f6832c23229e3de5f1c1f9905e8cb07319ea15df73ac" "sleep" "infinity", kill_on_drop: false }`
[INFO] [stdout] ad953d3dfdc1cfa6e4bc5fa2574608b1f2fa3d4653fa1701ae43ddf63c3ccb3f
[INFO] running `Command { std: "docker" "start" "ad953d3dfdc1cfa6e4bc5fa2574608b1f2fa3d4653fa1701ae43ddf63c3ccb3f", kill_on_drop: false }`
[INFO] running `Command { std: "docker" "inspect" "ad953d3dfdc1cfa6e4bc5fa2574608b1f2fa3d4653fa1701ae43ddf63c3ccb3f", kill_on_drop: false }`
[INFO] running `Command { std: "docker" "exec" "-e" "SOURCE_DIR=/opt/rustwide/workdir" "-e" "CARGO_HOME=/opt/rustwide/cargo-home" "-e" "RUSTUP_HOME=/opt/rustwide/rustup-home" "-e" "CARGO_TARGET_DIR=/opt/rustwide/target" "-w" "/opt/rustwide/workdir" "--user" "0:0" "ad953d3dfdc1cfa6e4bc5fa2574608b1f2fa3d4653fa1701ae43ddf63c3ccb3f" "/opt/rustwide/cargo-home/bin/cargo" "+1.100.0-beta.1" "metadata" "--no-deps" "--format-version=1", kill_on_drop: false }`
[INFO] running `Command { std: "docker" "inspect" "ad953d3dfdc1cfa6e4bc5fa2574608b1f2fa3d4653fa1701ae43ddf63c3ccb3f", kill_on_drop: false }`
[INFO] running `Command { std: "docker" "exec" "-e" "SOURCE_DIR=/opt/rustwide/workdir" "-e" "CARGO_HOME=/opt/rustwide/cargo-home" "-e" "RUSTUP_HOME=/opt/rustwide/rustup-home" "-e" "CARGO_TARGET_DIR=/opt/rustwide/target" "-e" "CARGO_INCREMENTAL=0" "-e" "RUST_BACKTRACE=full" "-e" "RUSTFLAGS=--cap-lints=warn" "-e" "RUSTDOCFLAGS=--cap-lints=warn" "-w" "/opt/rustwide/workdir" "--user" "0:0" "ad953d3dfdc1cfa6e4bc5fa2574608b1f2fa3d4653fa1701ae43ddf63c3ccb3f" "/opt/rustwide/cargo-home/bin/cargo" "+1.100.0-beta.1" "build" "--frozen" "--message-format=json" "--release", kill_on_drop: false }`
[INFO] [stderr]    Compiling smallvec v1.15.2
[INFO] [stderr]    Compiling libc v0.2.186
[INFO] [stderr]    Compiling num-traits v0.2.19
[INFO] [stderr]    Compiling ahash v0.8.12
[INFO] [stderr]    Compiling serde v1.0.228
[INFO] [stderr]    Compiling getrandom v0.3.4
[INFO] [stderr]    Compiling arrow-schema v59.1.0
[INFO] [stderr]    Compiling aho-corasick v1.1.4
[INFO] [stderr]    Compiling ref-cast-impl v1.0.25
[INFO] [stderr]    Compiling serde_json v1.0.150
[INFO] [stderr]    Compiling borrow-or-share v0.2.4
[INFO] [stderr]    Compiling unicode-general-category v1.1.0
[INFO] [stderr]    Compiling bit-vec v0.8.0
[INFO] [stderr]    Compiling rustls v0.23.41
[INFO] [stderr]    Compiling flatbuffers v25.12.19
[INFO] [stderr]    Compiling micromap v0.3.0
[INFO] [stderr]    Compiling vsimd v0.8.0
[INFO] [stderr]    Compiling outref v0.5.2
[INFO] [stderr]    Compiling tinyvec v1.12.0
[INFO] [stderr]    Compiling webpki-roots v0.26.11
[INFO] [stderr]    Compiling xattr v1.6.1
[INFO] [stderr]    Compiling jsonschema-regex v0.47.0
[INFO] [stderr]    Compiling icu_normalizer v2.2.0
[INFO] [stderr]    Compiling parking_lot_core v0.9.12
[INFO] [stderr]    Compiling ref-cast v1.0.25
[INFO] [stderr]    Compiling bit-set v0.8.0
[INFO] [stderr]    Compiling parking_lot v0.12.5
[INFO] [stderr]    Compiling indexmap v2.14.0
[INFO] [stderr]    Compiling filetime v0.2.29
[INFO] [stderr]    Compiling twox-hash v2.1.2
[INFO] [stderr]    Compiling num-cmp v0.1.0
[INFO] [stderr]    Compiling uuid-simd v0.8.0
[INFO] [stderr]    Compiling bytecount v0.6.9
[INFO] [stderr]    Compiling sha2 v0.10.9
[INFO] [stderr]    Compiling fluent-uri v0.4.1
[INFO] [stderr]    Compiling idna_adapter v1.2.2
[INFO] [stderr]    Compiling idna v1.1.0
[INFO] [stderr]    Compiling hashbrown v0.14.5
[INFO] [stderr]    Compiling email_address v0.2.9
[INFO] [stderr]    Compiling unicode-normalization v0.1.24
[INFO] [stderr]    Compiling jobserver v0.1.35
[INFO] [stderr]    Compiling tar v0.4.46
[INFO] [stderr]    Compiling unicode-casefold v0.2.0
[INFO] [stderr]    Compiling cc v1.2.66
[INFO] [stderr]    Compiling num-integer v0.1.46
[INFO] [stderr]    Compiling num-complex v0.4.6
[INFO] [stderr]    Compiling half v2.7.1
[INFO] [stderr]    Compiling chrono v0.4.45
[INFO] [stderr]    Compiling url v2.5.8
[INFO] [stderr]    Compiling num-bigint v0.4.8
[INFO] [stderr]    Compiling num-iter v0.1.46
[INFO] [stderr]    Compiling regex-automata v0.4.15
[INFO] [stderr]    Compiling referencing v0.47.0
[INFO] [stderr]    Compiling hashlink v0.9.1
[INFO] [stderr]    Compiling ordered-float v2.10.1
[INFO] [stderr]    Compiling serde_yaml v0.9.34+deprecated
[INFO] [stderr]    Compiling serde-value v0.7.0
[INFO] [stderr]    Compiling zstd-sys v2.0.16+zstd.1.5.7
[INFO] [stderr]    Compiling ring v0.17.14
[INFO] [stderr]    Compiling libsqlite3-sys v0.30.1
[INFO] [stderr]    Compiling arrow-buffer v59.1.0
[INFO] [stderr]    Compiling num-rational v0.4.2
[INFO] [stderr]    Compiling num v0.4.3
[INFO] [stderr]    Compiling fraction v0.15.4
[INFO] [stderr]    Compiling arrow-data v59.1.0
[INFO] [stderr]    Compiling regex v1.13.0
[INFO] [stderr]    Compiling arrow-array v59.1.0
[INFO] [stderr]    Compiling fancy-regex v0.18.0
[INFO] [stderr]    Compiling jsonschema v0.47.0
[INFO] [stderr]    Compiling rustls-webpki v0.103.13
[INFO] [stderr]    Compiling arrow-select v59.1.0
[INFO] [stderr]    Compiling arrow-ipc v59.1.0
[INFO] [stderr]    Compiling ureq v2.12.1
[INFO] [stderr]    Compiling zstd-safe v7.2.4
[INFO] [stderr]    Compiling zstd v0.13.3
[INFO] [stderr]    Compiling parquet v59.1.0
[INFO] [stderr]    Compiling rusqlite v0.32.1
[INFO] [stderr]    Compiling cligen v0.1.0 (/opt/rustwide/workdir/crates/cligen)
[INFO] [stderr]     Finished `release` profile [optimized] target(s) in 5m 03s
[INFO] running `Command { std: "docker" "inspect" "ad953d3dfdc1cfa6e4bc5fa2574608b1f2fa3d4653fa1701ae43ddf63c3ccb3f", kill_on_drop: false }`
[INFO] running `Command { std: "docker" "exec" "-e" "SOURCE_DIR=/opt/rustwide/workdir" "-e" "CARGO_HOME=/opt/rustwide/cargo-home" "-e" "RUSTUP_HOME=/opt/rustwide/rustup-home" "-e" "CARGO_TARGET_DIR=/opt/rustwide/target" "-e" "CARGO_INCREMENTAL=0" "-e" "RUST_BACKTRACE=full" "-e" "RUSTFLAGS=--cap-lints=warn" "-e" "RUSTDOCFLAGS=--cap-lints=warn" "-w" "/opt/rustwide/workdir" "--user" "0:0" "ad953d3dfdc1cfa6e4bc5fa2574608b1f2fa3d4653fa1701ae43ddf63c3ccb3f" "/opt/rustwide/cargo-home/bin/cargo" "+1.100.0-beta.1" "test" "--frozen" "--no-run" "--message-format=json" "--release", kill_on_drop: false }`
[INFO] [stderr]    Compiling cligen v0.1.0 (/opt/rustwide/workdir/crates/cligen)
[INFO] [stderr]     Finished `release` profile [optimized] target(s) in 56.22s
[INFO] running `Command { std: "docker" "inspect" "ad953d3dfdc1cfa6e4bc5fa2574608b1f2fa3d4653fa1701ae43ddf63c3ccb3f", kill_on_drop: false }`
[INFO] running `Command { std: "docker" "exec" "-e" "SOURCE_DIR=/opt/rustwide/workdir" "-e" "CARGO_HOME=/opt/rustwide/cargo-home" "-e" "RUSTUP_HOME=/opt/rustwide/rustup-home" "-e" "CARGO_TARGET_DIR=/opt/rustwide/target" "-e" "CARGO_INCREMENTAL=0" "-e" "RUST_BACKTRACE=full" "-e" "RUSTFLAGS=--cap-lints=warn" "-e" "RUSTDOCFLAGS=--cap-lints=warn" "-w" "/opt/rustwide/workdir" "--user" "0:0" "ad953d3dfdc1cfa6e4bc5fa2574608b1f2fa3d4653fa1701ae43ddf63c3ccb3f" "/opt/rustwide/cargo-home/bin/cargo" "+1.100.0-beta.1" "test" "--frozen" "--release", kill_on_drop: false }`
[INFO] [stderr]     Finished `release` profile [optimized] target(s) in 0.27s
[INFO] [stderr]      Running unittests src/lib.rs (/opt/rustwide/target/release/build/cligen/dbbeacfecc809edc/out/cligen-dbbeacfecc809edc)
[INFO] [stdout] 
[INFO] [stdout] running 52 tests
[INFO] [stdout] test prism::grid::tests::containing_cell_contract_includes_northwest_and_rejects_east_edge ... ok
[INFO] [stdout] test fast_batch::tests::fast_batch_v0_is_repeatable_open_interval_and_does_not_touch_qc ... ok
[INFO] [stdout] test prism::localize::tests::explicit_repair_revives_an_all_dry_month_from_prism ... ok
[INFO] [stdout] test prism::grid::tests::revision_one_manifest_validates ... ok
[INFO] [stdout] test prism::localize::tests::dry_threshold_preserves_occurrence_and_intensity ... ok
[INFO] [stdout] test prism::localize::tests::localization_rewrites_only_registered_rows_and_reparses ... ok
[INFO] [stdout] test prism::localize::tests::probability_snap_uses_the_exact_f6_2_tie_rule ... ok
[INFO] [stdout] test modes::generated_run_tests::generated_bundle_retains_normal_rows_header_and_run_end ... ok
[INFO] [stdout] test prism::localize::tests::canonical_monthly_row_suppresses_leading_zero ... ok
[INFO] [stdout] test prism::grid::tests::layer_contract_rejects_wrong_order ... ok
[INFO] [stdout] test prism::localize::tests::exact_par_keeps_lexical_and_resolved_paths_and_uses_snapshot ... ok
[INFO] [stdout] test prism::run::tests::repair_runspec_binds_extension_in_climate_command_provenance ... ok
[INFO] [stdout] test prism::localize::tests::repair_fails_closed_when_doubled_intensity_cannot_render ... ok
[INFO] [stdout] test prism::run::tests::generated_runspec_is_accepted_shape ... ok
[INFO] [stdout] test prism::run::tests::method_record_names_origin_and_limitations ... ok
[INFO] [stdout] test prism::localize::tests::selection_rejects_malformed_binary_identity_before_cache_access ... ok
[INFO] [stdout] test prism::tests::every_error_variant_renders ... ok
[INFO] [stdout] test quality::estimators::tests::adjusted_skew_null_below_three_or_constant ... ok
[INFO] [stdout] test quality::estimators::tests::average_ranks_share_tied_means ... ok
[INFO] [stdout] test prism::localize::tests::repair_rejects_other_degenerate_states_and_unrepresentable_targets ... ok
[INFO] [stdout] test quality::estimators::tests::covariance_and_nearest_rank_are_pinned ... ok
[INFO] [stdout] test quality::estimators::tests::degenerate_correlations_are_null ... ok
[INFO] [stdout] test quality::estimators::tests::low_frequency_fraction_separates_slow_and_nyquist_cycles ... ok
[INFO] [stdout] test prism::sync::tests::sync_receipt_is_strict_and_members_are_single_components ... ok
[INFO] [stdout] test quality::estimators::tests::adjusted_skew_matches_reference_value ... ok
[INFO] [stdout] test quality::estimators::tests::sample_sd_uses_n_minus_1 ... ok
[INFO] [stdout] test quality::intake::tests::fail_closed_errors_render_their_diagnostics ... ok
[INFO] [stdout] test quality::intake::tests::misordered_rows_fail_closed ... ok
[INFO] [stdout] test quality::intake::tests::run_end_blank_line_is_skipped ... ok
[INFO] [stdout] test quality::targets::tests::effective_skew_applies_source_corrections ... ok
[INFO] [stdout] test quality::targets::tests::stationary_wet_fraction_matches_source_formula ... ok
[INFO] [stdout] test quality::intake::tests::impossible_calendar_dates_fail_closed ... ok
[INFO] [stdout] test rng::tests::source_february_rule_includes_single_storm_ordinals ... ok
[INFO] [stdout] test prism::localize::tests::selected_station_builds_complete_receipts ... ok
[INFO] [stdout] test stations::query::tests::haversine_matches_reference_distances ... ok
[INFO] [stdout] test stations::tests::every_error_variant_renders_its_diagnostic ... ok
[INFO] [stdout] test stations::tests::manifest_validation_fails_closed ... ok
[INFO] [stdout] test stations::tests::unknown_collection_is_a_typed_error ... ok
[INFO] [stdout] test quality::estimators::tests::spearman_is_sign_correct_and_tie_stable ... ok
[INFO] [stdout] test stations::tests::cache_root_resolution_order_is_pinned ... ok
[INFO] [stdout] test stations::tests::embedded_manifests_are_valid_and_cover_the_five_collections ... ok
[INFO] [stdout] test prism::run::tests::method_artifact_declares_station_selection ... ok
[INFO] [stdout] test prism::run::tests::extension_method_artifact_declares_base_and_assumption ... ok
[INFO] [stdout] test prism::sync::tests::extraction_allow_list_and_atomic_publication_are_enforced ... ok
[INFO] [stdout] test modes::generated_run_tests::generated_bundle_retains_observed_source_early_stop ... ok
[INFO] [stdout] test prism::localize::tests::v2_receipt_marks_ratio_undefined_and_reports_encoded_repair ... ok
[INFO] [stdout] test prism::localize::tests::exact_station_id_requires_one_bytewise_catalog_match ... ok
[INFO] [stdout] test stations::query::tests::exact_station_lookup_is_bytewise_and_never_manifest_truncated ... ok
[INFO] [stdout] test prism::localize::tests::automatic_selection_fails_on_semantically_corrupt_candidate ... ok
[INFO] [stdout] test prism::localize::tests::automatic_modes_filter_before_selection_and_report_full_pool ... ok
[INFO] [stdout] test prism::localize::tests::automatic_selection_fails_when_no_candidate_is_localizable ... ok
[INFO] [stdout] test prism::localize::tests::untouched_nonfinite_source_field_is_fatal_for_automatic_and_exact ... ok
[INFO] [stdout] 
[INFO] [stdout] test result: ok. 52 passed; 0 failed; 0 ignored; 0 measured; 0 filtered out; finished in 0.27s
[INFO] [stdout] 
[INFO] [stderr]      Running unittests src/bin/cligen.rs (/opt/rustwide/target/release/build/cligen/d655015875b1cdfc/out/cligen-d655015875b1cdfc)
[INFO] [stdout] 
[INFO] [stdout] running 5 tests
[INFO] [stdout] test tests::elevation_selector_requires_finite_target ... ok
[INFO] [stdout] test tests::closest_localizable_is_the_default_station_source ... ok
[INFO] [stderr]      Running unittests src/bin/cligen-a5b-overlay.rs (/opt/rustwide/target/release/build/cligen/bd98c97f14a2ac4d/out/cligen_a5b_overlay-bd98c97f14a2ac4d)
[INFO] [stdout] test tests::exact_station_sources_never_accept_target_elevation ... ok
[INFO] [stdout] test tests::prism_repair_flag_parses_only_as_explicit_run_option ... ok
[INFO] [stdout] test tests::clap_rejects_conflicting_station_sources ... ok
[INFO] [stdout] 
[INFO] [stdout] test result: ok. 5 passed; 0 failed; 0 ignored; 0 measured; 0 filtered out; finished in 0.00s
[INFO] [stdout] 
[INFO] [stdout] 
[INFO] [stdout] running 11 tests
[INFO] [stdout] test tests::counterfactual_is_deterministic_and_preserves_wet_tuple_multiset ... ok
[INFO] [stdout] test tests::annual_overlay_changes_only_declared_fields_and_repairs_temperatures ... ok
[INFO] [stdout] test tests::every_frozen_profile_requires_its_station_model ... ok
[INFO] [stdout] test tests::year_coverage_consumes_a_complete_prefix_of_the_128_year_plan ... ok
[INFO] [stdout] test tests::fixed_count_selector_preserves_extreme_counts ... ok
[INFO] [stdout] test tests::monthly_effective_factor_prevents_f5_1_precipitation_overflow ... ok
[INFO] [stdout] test tests::plan_validation_is_strict_and_binds_candidate_seven ... ok
[INFO] [stdout] test tests::fixed_width_render_rejects_temperature_and_dewpoint_overflow ... ok
[INFO] [stdout] test tests::header_rewrite_binds_profile_and_extension_seed ... ok
[INFO] [stdout] test tests::strict_json_rejects_unknown_fields_and_accepts_hex_rng_string ... ok
[INFO] [stdout] test tests::executable_runs_end_to_end_and_refuses_overwrite ... ok
[INFO] [stdout] 
[INFO] [stdout] test result: ok. 11 passed; 0 failed; 0 ignored; 0 measured; 0 filtered out; finished in 0.02s
[INFO] [stdout] 
[INFO] [stderr]      Running unittests src/bin/cligen-cli-diff.rs (/opt/rustwide/target/release/build/cligen/896ffd423e321660/out/cligen_cli_diff-896ffd423e321660)
[INFO] [stdout] 
[INFO] [stderr]      Running unittests src/bin/cligen-quality-estimator.rs (/opt/rustwide/target/release/build/cligen/e76810a3448e4708/out/cligen_quality_estimator-e76810a3448e4708)
[INFO] [stdout] running 0 tests
[INFO] [stdout] 
[INFO] [stdout] test result: ok. 0 passed; 0 failed; 0 ignored; 0 measured; 0 filtered out; finished in 0.00s
[INFO] [stdout] 
[INFO] [stdout] 
[INFO] [stdout] running 0 tests
[INFO] [stdout] 
[INFO] [stdout] test result: ok. 0 passed; 0 failed; 0 ignored; 0 measured; 0 filtered out; finished in 0.00s
[INFO] [stdout] 
[INFO] [stderr]      Running tests/a1_output.rs (/opt/rustwide/target/release/build/cligen/216a61e48e496ef0/out/a1_output-216a61e48e496ef0)
[INFO] [stdout] 
[INFO] [stdout] running 7 tests
[INFO] [stdout] test companion_aliases_fail_closed_and_hardlinks_are_safely_replaced ... FAILED
[INFO] [stdout] test aliased_and_reserved_destinations_fail_before_text_publication ... FAILED
[INFO] [stdout] test parquet_collision_preflight_does_not_publish_the_text_artifact ... FAILED
[INFO] [stdout] test source_calendar_storm_text_does_not_pass_through_gregorian_typed_rows ... FAILED
[INFO] [stdout] test suffix_only_parquet_basename_is_a_valid_declared_destination ... FAILED
[INFO] [stdout] test all_climate_goldens_emit_conforming_parquet_and_text_provenance ... FAILED
[INFO] [stdout] test legacy_and_modern_station_inputs_share_values_but_not_input_identity ... FAILED
[INFO] [stdout] 
[INFO] [stdout] failures:
[INFO] [stdout] 
[INFO] [stdout] ---- companion_aliases_fail_closed_and_hardlinks_are_safely_replaced stdout ----
[INFO] [stdout] 
[INFO] [stdout] thread 'companion_aliases_fail_closed_and_hardlinks_are_safely_replaced' (3207) panicked at crates/cligen/tests/a1_output.rs:372:36:
[INFO] [stdout] called `Result::unwrap()` on an `Err` value: Os { code: 30, kind: ReadOnlyFilesystem, message: "Read-only file system" }
[INFO] [stdout] stack backtrace:
[INFO] [stdout]    0:     0x5bd0b0d1ed11 - <<std[617be2ca0a6fd877]::sys::backtrace::BacktraceLock>::print::DisplayBacktrace as core[a373ad73a504971]::fmt::Display>::fmt
[INFO] [stdout]    1:     0x5bd0b0d37c7a - core[a373ad73a504971]::fmt::write
[INFO] [stdout]    2:     0x5bd0b0d2307c - <alloc[2e1b2a31b91974c5]::vec::Vec<u8> as core[a373ad73a504971]::io::write::Write>::write_fmt
[INFO] [stdout]    3:     0x5bd0b0cf8f86 - std[617be2ca0a6fd877]::panicking::default_hook::{closure#0}
[INFO] [stdout]    4:     0x5bd0b0d16369 - std[617be2ca0a6fd877]::panicking::default_hook
[INFO] [stdout]    5:     0x5bd0b036c570 - test[aada8e7e76ba119b]::test_main_inner::{closure#0}
[INFO] [stdout]    6:     0x5bd0b0d16522 - std[617be2ca0a6fd877]::panicking::panic_with_hook
[INFO] [stdout]    7:     0x5bd0b0cf9032 - std[617be2ca0a6fd877]::panicking::panic_handler::{closure#0}
[INFO] [stdout]    8:     0x5bd0b0cf1939 - std[617be2ca0a6fd877]::sys::backtrace::__rust_end_short_backtrace::<std[617be2ca0a6fd877]::panicking::panic_handler::{closure#0}, !>
[INFO] [stdout]    9:     0x5bd0b0cf9f0d - __rustc[ea4f61d10b84890b]::rust_begin_unwind
[INFO] [stdout]   10:     0x5bd0b0d3845c - core[a373ad73a504971]::panicking::panic_fmt
[INFO] [stdout]   11:     0x5bd0b0d38232 - core[a373ad73a504971]::result::unwrap_failed
[INFO] [stdout]   12:     0x5bd0b034ffd6 - <a1_output[c5d7faa2708eb186]::companion_aliases_fail_closed_and_hardlinks_are_safely_replaced::{closure#0} as core[a373ad73a504971]::ops::function::FnOnce<()>>::call_once
[INFO] [stdout]   13:     0x5bd0b035f9bb - test[aada8e7e76ba119b]::__rust_begin_short_backtrace::<core[a373ad73a504971]::result::Result<(), alloc[2e1b2a31b91974c5]::string::String>, fn() -> core[a373ad73a504971]::result::Result<(), alloc[2e1b2a31b91974c5]::string::String>>
[INFO] [stdout]   14:     0x5bd0b036cb95 - test[aada8e7e76ba119b]::run_test::{closure#0}
[INFO] [stdout]   15:     0x5bd0b0366484 - std[617be2ca0a6fd877]::sys::backtrace::__rust_begin_short_backtrace::<test[aada8e7e76ba119b]::run_test::{closure#1}, ()>
[INFO] [stdout]   16:     0x5bd0b036fc22 - <std[617be2ca0a6fd877]::thread::lifecycle::spawn_unchecked<test[aada8e7e76ba119b]::run_test::{closure#1}, ()>::{closure#1} as core[a373ad73a504971]::ops::function::FnOnce<()>>::call_once::{shim:vtable#0}
[INFO] [stdout]   17:     0x5bd0b0d1dd1f - <std[617be2ca0a6fd877]::sys::thread::unix::Thread>::new::thread_start
[INFO] [stdout]   18:     0x78c8c0a85dfa - <unknown>
[INFO] [stdout]   19:     0x78c8c0b193d4 - clone
[INFO] [stdout]   20:                0x0 - <unknown>
[INFO] [stdout] 
[INFO] [stdout] ---- aliased_and_reserved_destinations_fail_before_text_publication stdout ----
[INFO] [stdout] 
[INFO] [stdout] thread 'aliased_and_reserved_destinations_fail_before_text_publication' (3205) panicked at crates/cligen/tests/a1_output.rs:319:38:
[INFO] [stdout] called `Result::unwrap()` on an `Err` value: Os { code: 30, kind: ReadOnlyFilesystem, message: "Read-only file system" }
[INFO] [stdout] stack backtrace:
[INFO] [stdout]    0:     0x5bd0b0d1ed11 - <<std[617be2ca0a6fd877]::sys::backtrace::BacktraceLock>::print::DisplayBacktrace as core[a373ad73a504971]::fmt::Display>::fmt
[INFO] [stdout]    1:     0x5bd0b0d37c7a - core[a373ad73a504971]::fmt::write
[INFO] [stdout]    2:     0x5bd0b0d2307c - <alloc[2e1b2a31b91974c5]::vec::Vec<u8> as core[a373ad73a504971]::io::write::Write>::write_fmt
[INFO] [stdout]    3:     0x5bd0b0cf8f86 - std[617be2ca0a6fd877]::panicking::default_hook::{closure#0}
[INFO] [stdout]    4:     0x5bd0b0d16369 - std[617be2ca0a6fd877]::panicking::default_hook
[INFO] [stdout]    5:     0x5bd0b036c570 - test[aada8e7e76ba119b]::test_main_inner::{closure#0}
[INFO] [stdout]    6:     0x5bd0b0d16522 - std[617be2ca0a6fd877]::panicking::panic_with_hook
[INFO] [stdout]    7:     0x5bd0b0cf9032 - std[617be2ca0a6fd877]::panicking::panic_handler::{closure#0}
[INFO] [stdout]    8:     0x5bd0b0cf1939 - std[617be2ca0a6fd877]::sys::backtrace::__rust_end_short_backtrace::<std[617be2ca0a6fd877]::panicking::panic_handler::{closure#0}, !>
[INFO] [stdout]    9:     0x5bd0b0cf9f0d - __rustc[ea4f61d10b84890b]::rust_begin_unwind
[INFO] [stdout]   10:     0x5bd0b0d3845c - core[a373ad73a504971]::panicking::panic_fmt
[INFO] [stdout]   11:     0x5bd0b0d38232 - core[a373ad73a504971]::result::unwrap_failed
[INFO] [stdout]   12:     0x5bd0b034bf16 - <a1_output[c5d7faa2708eb186]::aliased_and_reserved_destinations_fail_before_text_publication::{closure#0} as core[a373ad73a504971]::ops::function::FnOnce<()>>::call_once
[INFO] [stdout]   13:     0x5bd0b035f9bb - test[aada8e7e76ba119b]::__rust_begin_short_backtrace::<core[a373ad73a504971]::result::Result<(), alloc[2e1b2a31b91974c5]::string::String>, fn() -> core[a373ad73a504971]::result::Result<(), alloc[2e1b2a31b91974c5]::string::String>>
[INFO] [stdout]   14:     0x5bd0b036cb95 - test[aada8e7e76ba119b]::run_test::{closure#0}
[INFO] [stdout]   15:     0x5bd0b0366484 - std[617be2ca0a6fd877]::sys::backtrace::__rust_begin_short_backtrace::<test[aada8e7e76ba119b]::run_test::{closure#1}, ()>
[INFO] [stdout]   16:     0x5bd0b036fc22 - <std[617be2ca0a6fd877]::thread::lifecycle::spawn_unchecked<test[aada8e7e76ba119b]::run_test::{closure#1}, ()>::{closure#1} as core[a373ad73a504971]::ops::function::FnOnce<()>>::call_once::{shim:vtable#0}
[INFO] [stdout]   17:     0x5bd0b0d1dd1f - <std[617be2ca0a6fd877]::sys::thread::unix::Thread>::new::thread_start
[INFO] [stdout]   18:     0x78c8c0a85dfa - <unknown>
[INFO] [stdout]   19:     0x78c8c0b193d4 - clone
[INFO] [stdout]   20:                0x0 - <unknown>
[INFO] [stdout] 
[INFO] [stdout] ---- parquet_collision_preflight_does_not_publish_the_text_artifact stdout ----
[INFO] [stdout] 
[INFO] [stdout] thread 'parquet_collision_preflight_does_not_publish_the_text_artifact' (3209) panicked at crates/cligen/tests/a1_output.rs:225:36:
[INFO] [stdout] called `Result::unwrap()` on an `Err` value: Os { code: 30, kind: ReadOnlyFilesystem, message: "Read-only file system" }
[INFO] [stdout] stack backtrace:
[INFO] [stdout]    0:     0x5bd0b0d1ed11 - <<std[617be2ca0a6fd877]::sys::backtrace::BacktraceLock>::print::DisplayBacktrace as core[a373ad73a504971]::fmt::Display>::fmt
[INFO] [stdout]    1:     0x5bd0b0d37c7a - core[a373ad73a504971]::fmt::write
[INFO] [stdout]    2:     0x5bd0b0d2307c - <alloc[2e1b2a31b91974c5]::vec::Vec<u8> as core[a373ad73a504971]::io::write::Write>::write_fmt
[INFO] [stdout]    3:     0x5bd0b0cf8f86 - std[617be2ca0a6fd877]::panicking::default_hook::{closure#0}
[INFO] [stdout]    4:     0x5bd0b0d16369 - std[617be2ca0a6fd877]::panicking::default_hook
[INFO] [stdout]    5:     0x5bd0b036c570 - test[aada8e7e76ba119b]::test_main_inner::{closure#0}
[INFO] [stdout]    6:     0x5bd0b0d16522 - std[617be2ca0a6fd877]::panicking::panic_with_hook
[INFO] [stdout]    7:     0x5bd0b0cf9032 - std[617be2ca0a6fd877]::panicking::panic_handler::{closure#0}
[INFO] [stdout]    8:     0x5bd0b0cf1939 - std[617be2ca0a6fd877]::sys::backtrace::__rust_end_short_backtrace::<std[617be2ca0a6fd877]::panicking::panic_handler::{closure#0}, !>
[INFO] [stdout]    9:     0x5bd0b0cf9f0d - __rustc[ea4f61d10b84890b]::rust_begin_unwind
[INFO] [stdout]   10:     0x5bd0b0d3845c - core[a373ad73a504971]::panicking::panic_fmt
[INFO] [stdout]   11:     0x5bd0b0d38232 - core[a373ad73a504971]::result::unwrap_failed
[INFO] [stdout]   12:     0x5bd0b034ca54 - <a1_output[c5d7faa2708eb186]::parquet_collision_preflight_does_not_publish_the_text_artifact::{closure#0} as core[a373ad73a504971]::ops::function::FnOnce<()>>::call_once
[INFO] [stdout]   13:     0x5bd0b035f9bb - test[aada8e7e76ba119b]::__rust_begin_short_backtrace::<core[a373ad73a504971]::result::Result<(), alloc[2e1b2a31b91974c5]::string::String>, fn() -> core[a373ad73a504971]::result::Result<(), alloc[2e1b2a31b91974c5]::string::String>>
[INFO] [stdout]   14:     0x5bd0b036cb95 - test[aada8e7e76ba119b]::run_test::{closure#0}
[INFO] [stdout]   15:     0x5bd0b0366484 - std[617be2ca0a6fd877]::sys::backtrace::__rust_begin_short_backtrace::<test[aada8e7e76ba119b]::run_test::{closure#1}, ()>
[INFO] [stdout]   16:     0x5bd0b036fc22 - <std[617be2ca0a6fd877]::thread::lifecycle::spawn_unchecked<test[aada8e7e76ba119b]::run_test::{closure#1}, ()>::{closure#1} as core[a373ad73a504971]::ops::function::FnOnce<()>>::call_once::{shim:vtable#0}
[INFO] [stdout]   17:     0x5bd0b0d1dd1f - <std[617be2ca0a6fd877]::sys::thread::unix::Thread>::new::thread_start
[INFO] [stdout]   18:     0x78c8c0a85dfa - <unknown>
[INFO] [stdout]   19:     0x78c8c0b193d4 - clone
[INFO] [stdout]   20:                0x0 - <unknown>
[INFO] [stdout] 
[INFO] [stdout] ---- source_calendar_storm_text_does_not_pass_through_gregorian_typed_rows stdout ----
[INFO] [stdout] 
[INFO] [stdout] thread 'source_calendar_storm_text_does_not_pass_through_gregorian_typed_rows' (3210) panicked at crates/cligen/tests/a1_output.rs:256:36:
[INFO] [stdout] called `Result::unwrap()` on an `Err` value: Os { code: 30, kind: ReadOnlyFilesystem, message: "Read-only file system" }
[INFO] [stdout] stack backtrace:
[INFO] [stdout]    0:     0x5bd0b0d1ed11 - <<std[617be2ca0a6fd877]::sys::backtrace::BacktraceLock>::print::DisplayBacktrace as core[a373ad73a504971]::fmt::Display>::fmt
[INFO] [stdout]    1:     0x5bd0b0d37c7a - core[a373ad73a504971]::fmt::write
[INFO] [stdout]    2:     0x5bd0b0d2307c - <alloc[2e1b2a31b91974c5]::vec::Vec<u8> as core[a373ad73a504971]::io::write::Write>::write_fmt
[INFO] [stdout]    3:     0x5bd0b0cf8f86 - std[617be2ca0a6fd877]::panicking::default_hook::{closure#0}
[INFO] [stdout]    4:     0x5bd0b0d16369 - std[617be2ca0a6fd877]::panicking::default_hook
[INFO] [stdout]    5:     0x5bd0b036c570 - test[aada8e7e76ba119b]::test_main_inner::{closure#0}
[INFO] [stdout]    6:     0x5bd0b0d16522 - std[617be2ca0a6fd877]::panicking::panic_with_hook
[INFO] [stdout]    7:     0x5bd0b0cf9032 - std[617be2ca0a6fd877]::panicking::panic_handler::{closure#0}
[INFO] [stdout]    8:     0x5bd0b0cf1939 - std[617be2ca0a6fd877]::sys::backtrace::__rust_end_short_backtrace::<std[617be2ca0a6fd877]::panicking::panic_handler::{closure#0}, !>
[INFO] [stdout]    9:     0x5bd0b0cf9f0d - __rustc[ea4f61d10b84890b]::rust_begin_unwind
[INFO] [stdout]   10:     0x5bd0b0d3845c - core[a373ad73a504971]::panicking::panic_fmt
[INFO] [stdout]   11:     0x5bd0b0d38232 - core[a373ad73a504971]::result::unwrap_failed
[INFO] [stdout]   12:     0x5bd0b035241f - <a1_output[c5d7faa2708eb186]::source_calendar_storm_text_does_not_pass_through_gregorian_typed_rows::{closure#0} as core[a373ad73a504971]::ops::function::FnOnce<()>>::call_once
[INFO] [stdout]   13:     0x5bd0b035f9bb - test[aada8e7e76ba119b]::__rust_begin_short_backtrace::<core[a373ad73a504971]::result::Result<(), alloc[2e1b2a31b91974c5]::string::String>, fn() -> core[a373ad73a504971]::result::Result<(), alloc[2e1b2a31b91974c5]::string::String>>
[INFO] [stdout]   14:     0x5bd0b036cb95 - test[aada8e7e76ba119b]::run_test::{closure#0}
[INFO] [stdout]   15:     0x5bd0b0366484 - std[617be2ca0a6fd877]::sys::backtrace::__rust_begin_short_backtrace::<test[aada8e7e76ba119b]::run_test::{closure#1}, ()>
[INFO] [stdout]   16:     0x5bd0b036fc22 - <std[617be2ca0a6fd877]::thread::lifecycle::spawn_unchecked<test[aada8e7e76ba119b]::run_test::{closure#1}, ()>::{closure#1} as core[a373ad73a504971]::ops::function::FnOnce<()>>::call_once::{shim:vtable#0}
[INFO] [stdout]   17:     0x5bd0b0d1dd1f - <std[617be2ca0a6fd877]::sys::thread::unix::Thread>::new::thread_start
[INFO] [stdout]   18:     0x78c8c0a85dfa - <unknown>
[INFO] [stdout]   19:     0x78c8c0b193d4 - clone
[INFO] [stdout]   20:                0x0 - <unknown>
[INFO] [stdout] 
[INFO] [stdout] ---- suffix_only_parquet_basename_is_a_valid_declared_destination stdout ----
[INFO] [stdout] 
[INFO] [stdout] thread 'suffix_only_parquet_basename_is_a_valid_declared_destination' (3211) panicked at crates/cligen/tests/a1_output.rs:293:36:
[INFO] [stdout] called `Result::unwrap()` on an `Err` value: Os { code: 30, kind: ReadOnlyFilesystem, message: "Read-only file system" }
[INFO] [stdout] stack backtrace:
[INFO] [stdout]    0:     0x5bd0b0d1ed11 - <<std[617be2ca0a6fd877]::sys::backtrace::BacktraceLock>::print::DisplayBacktrace as core[a373ad73a504971]::fmt::Display>::fmt
[INFO] [stdout]    1:     0x5bd0b0d37c7a - core[a373ad73a504971]::fmt::write
[INFO] [stdout]    2:     0x5bd0b0d2307c - <alloc[2e1b2a31b91974c5]::vec::Vec<u8> as core[a373ad73a504971]::io::write::Write>::write_fmt
[INFO] [stdout]    3:     0x5bd0b0cf8f86 - std[617be2ca0a6fd877]::panicking::default_hook::{closure#0}
[INFO] [stdout]    4:     0x5bd0b0d16369 - std[617be2ca0a6fd877]::panicking::default_hook
[INFO] [stdout]    5:     0x5bd0b036c570 - test[aada8e7e76ba119b]::test_main_inner::{closure#0}
[INFO] [stdout]    6:     0x5bd0b0d16522 - std[617be2ca0a6fd877]::panicking::panic_with_hook
[INFO] [stdout]    7:     0x5bd0b0cf9032 - std[617be2ca0a6fd877]::panicking::panic_handler::{closure#0}
[INFO] [stdout]    8:     0x5bd0b0cf1939 - std[617be2ca0a6fd877]::sys::backtrace::__rust_end_short_backtrace::<std[617be2ca0a6fd877]::panicking::panic_handler::{closure#0}, !>
[INFO] [stdout]    9:     0x5bd0b0cf9f0d - __rustc[ea4f61d10b84890b]::rust_begin_unwind
[INFO] [stdout]   10:     0x5bd0b0d3845c - core[a373ad73a504971]::panicking::panic_fmt
[INFO] [stdout]   11:     0x5bd0b0d38232 - core[a373ad73a504971]::result::unwrap_failed
[INFO] [stdout]   12:     0x5bd0b034ae1d - <a1_output[c5d7faa2708eb186]::suffix_only_parquet_basename_is_a_valid_declared_destination::{closure#0} as core[a373ad73a504971]::ops::function::FnOnce<()>>::call_once
[INFO] [stdout]   13:     0x5bd0b035f9bb - test[aada8e7e76ba119b]::__rust_begin_short_backtrace::<core[a373ad73a504971]::result::Result<(), alloc[2e1b2a31b91974c5]::string::String>, fn() -> core[a373ad73a504971]::result::Result<(), alloc[2e1b2a31b91974c5]::string::String>>
[INFO] [stdout]   14:     0x5bd0b036cb95 - test[aada8e7e76ba119b]::run_test::{closure#0}
[INFO] [stdout]   15:     0x5bd0b0366484 - std[617be2ca0a6fd877]::sys::backtrace::__rust_begin_short_backtrace::<test[aada8e7e76ba119b]::run_test::{closure#1}, ()>
[INFO] [stdout]   16:     0x5bd0b036fc22 - <std[617be2ca0a6fd877]::thread::lifecycle::spawn_unchecked<test[aada8e7e76ba119b]::run_test::{closure#1}, ()>::{closure#1} as core[a373ad73a504971]::ops::function::FnOnce<()>>::call_once::{shim:vtable#0}
[INFO] [stdout]   17:     0x5bd0b0d1dd1f - <std[617be2ca0a6fd877]::sys::thread::unix::Thread>::new::thread_start
[INFO] [stdout]   18:     0x78c8c0a85dfa - <unknown>
[INFO] [stdout]   19:     0x78c8c0b193d4 - clone
[INFO] [stdout]   20:                0x0 - <unknown>
[INFO] [stdout] 
[INFO] [stdout] ---- all_climate_goldens_emit_conforming_parquet_and_text_provenance stdout ----
[INFO] [stdout] 
[INFO] [stdout] thread 'all_climate_goldens_emit_conforming_parquet_and_text_provenance' (3206) panicked at crates/cligen/tests/a1_output.rs:76:36:
[INFO] [stdout] called `Result::unwrap()` on an `Err` value: Os { code: 30, kind: ReadOnlyFilesystem, message: "Read-only file system" }
[INFO] [stdout] stack backtrace:
[INFO] [stdout]    0:     0x5bd0b0d1ed11 - <<std[617be2ca0a6fd877]::sys::backtrace::BacktraceLock>::print::DisplayBacktrace as core[a373ad73a504971]::fmt::Display>::fmt
[INFO] [stdout]    1:     0x5bd0b0d37c7a - core[a373ad73a504971]::fmt::write
[INFO] [stdout]    2:     0x5bd0b0d2307c - <alloc[2e1b2a31b91974c5]::vec::Vec<u8> as core[a373ad73a504971]::io::write::Write>::write_fmt
[INFO] [stdout]    3:     0x5bd0b0cf8f86 - std[617be2ca0a6fd877]::panicking::default_hook::{closure#0}
[INFO] [stdout]    4:     0x5bd0b0d16369 - std[617be2ca0a6fd877]::panicking::default_hook
[INFO] [stdout]    5:     0x5bd0b036c570 - test[aada8e7e76ba119b]::test_main_inner::{closure#0}
[INFO] [stdout]    6:     0x5bd0b0d16522 - std[617be2ca0a6fd877]::panicking::panic_with_hook
[INFO] [stdout]    7:     0x5bd0b0cf9032 - std[617be2ca0a6fd877]::panicking::panic_handler::{closure#0}
[INFO] [stdout]    8:     0x5bd0b0cf1939 - std[617be2ca0a6fd877]::sys::backtrace::__rust_end_short_backtrace::<std[617be2ca0a6fd877]::panicking::panic_handler::{closure#0}, !>
[INFO] [stdout]    9:     0x5bd0b0cf9f0d - __rustc[ea4f61d10b84890b]::rust_begin_unwind
[INFO] [stdout]   10:     0x5bd0b0d3845c - core[a373ad73a504971]::panicking::panic_fmt
[INFO] [stdout]   11:     0x5bd0b0d38232 - core[a373ad73a504971]::result::unwrap_failed
[INFO] [stdout]   12:     0x5bd0b034ecb2 - <a1_output[c5d7faa2708eb186]::all_climate_goldens_emit_conforming_parquet_and_text_provenance::{closure#0} as core[a373ad73a504971]::ops::function::FnOnce<()>>::call_once
[INFO] [stdout]   13:     0x5bd0b035f9bb - test[aada8e7e76ba119b]::__rust_begin_short_backtrace::<core[a373ad73a504971]::result::Result<(), alloc[2e1b2a31b91974c5]::string::String>, fn() -> core[a373ad73a504971]::result::Result<(), alloc[2e1b2a31b91974c5]::string::String>>
[INFO] [stdout]   14:     0x5bd0b036cb95 - test[aada8e7e76ba119b]::run_test::{closure#0}
[INFO] [stdout]   15:     0x5bd0b0366484 - std[617be2ca0a6fd877]::sys::backtrace::__rust_begin_short_backtrace::<test[aada8e7e76ba119b]::run_test::{closure#1}, ()>
[INFO] [stdout]   16:     0x5bd0b036fc22 - <std[617be2ca0a6fd877]::thread::lifecycle::spawn_unchecked<test[aada8e7e76ba119b]::run_test::{closure#1}, ()>::{closure#1} as core[a373ad73a504971]::ops::function::FnOnce<()>>::call_once::{shim:vtable#0}
[INFO] [stdout]   17:     0x5bd0b0d1dd1f - <std[617be2ca0a6fd877]::sys::thread::unix::Thread>::new::thread_start
[INFO] [stdout]   18:     0x78c8c0a85dfa - <unknown>
[INFO] [stdout]   19:     0x78c8c0b193d4 - clone
[INFO] [stdout]   20:                0x0 - <unknown>
[INFO] [stdout] 
[INFO] [stdout] ---- legacy_and_modern_station_inputs_share_values_but_not_input_identity stdout ----
[INFO] [stdout] 
[INFO] [stdout] thread 'legacy_and_modern_station_inputs_share_values_but_not_input_identity' (3208) panicked at crates/cligen/tests/a1_output.rs:165:36:
[INFO] [stdout] called `Result::unwrap()` on an `Err` value: Os { code: 30, kind: ReadOnlyFilesystem, message: "Read-only file system" }
[INFO] [stdout] stack backtrace:
[INFO] [stdout]    0:     0x5bd0b0d1ed11 - <<std[617be2ca0a6fd877]::sys::backtrace::BacktraceLock>::print::DisplayBacktrace as core[a373ad73a504971]::fmt::Display>::fmt
[INFO] [stdout]    1:     0x5bd0b0d37c7a - core[a373ad73a504971]::fmt::write
[INFO] [stdout]    2:     0x5bd0b0d2307c - <alloc[2e1b2a31b91974c5]::vec::Vec<u8> as core[a373ad73a504971]::io::write::Write>::write_fmt
[INFO] [stdout]    3:     0x5bd0b0cf8f86 - std[617be2ca0a6fd877]::panicking::default_hook::{closure#0}
[INFO] [stdout]    4:     0x5bd0b0d16369 - std[617be2ca0a6fd877]::panicking::default_hook
[INFO] [stdout]    5:     0x5bd0b036c570 - test[aada8e7e76ba119b]::test_main_inner::{closure#0}
[INFO] [stdout]    6:     0x5bd0b0d16522 - std[617be2ca0a6fd877]::panicking::panic_with_hook
[INFO] [stdout]    7:     0x5bd0b0cf9032 - std[617be2ca0a6fd877]::panicking::panic_handler::{closure#0}
[INFO] [stdout]    8:     0x5bd0b0cf1939 - std[617be2ca0a6fd877]::sys::backtrace::__rust_end_short_backtrace::<std[617be2ca0a6fd877]::panicking::panic_handler::{closure#0}, !>
[INFO] [stdout]    9:     0x5bd0b0cf9f0d - __rustc[ea4f61d10b84890b]::rust_begin_unwind
[INFO] [stdout]   10:     0x5bd0b0d3845c - core[a373ad73a504971]::panicking::panic_fmt
[INFO] [stdout]   11:     0x5bd0b0d38232 - core[a373ad73a504971]::result::unwrap_failed
[INFO] [stdout]   12:     0x5bd0b03515ee - <a1_output[c5d7faa2708eb186]::legacy_and_modern_station_inputs_share_values_but_not_input_identity::{closure#0} as core[a373ad73a504971]::ops::function::FnOnce<()>>::call_once
[INFO] [stdout]   13:     0x5bd0b035f9bb - test[aada8e7e76ba119b]::__rust_begin_short_backtrace::<core[a373ad73a504971]::result::Result<(), alloc[2e1b2a31b91974c5]::string::String>, fn() -> core[a373ad73a504971]::result::Result<(), alloc[2e1b2a31b91974c5]::string::String>>
[INFO] [stdout]   14:     0x5bd0b036cb95 - test[aada8e7e76ba119b]::run_test::{closure#0}
[INFO] [stdout]   15:     0x5bd0b0366484 - std[617be2ca0a6fd877]::sys::backtrace::__rust_begin_short_backtrace::<test[aada8e7e76ba119b]::run_test::{closure#1}, ()>
[INFO] [stdout]   16:     0x5bd0b036fc22 - <std[617be2ca0a6fd877]::thread::lifecycle::spawn_unchecked<test[aada8e7e76ba119b]::run_test::{closure#1}, ()>::{closure#1} as core[a373ad73a504971]::ops::function::FnOnce<()>>::call_once::{shim:vtable#0}
[INFO] [stdout]   17:     0x5bd0b0d1dd1f - <std[617be2ca0a6fd877]::sys::thread::unix::Thread>::new::thread_start
[INFO] [stdout]   18:     0x78c8c0a85dfa - <unknown>
[INFO] [stdout]   19:     0x78c8c0b193d4 - clone
[INFO] [stdout]   20:                0x0 - <unknown>
[INFO] [stdout] 
[INFO] [stdout] 
[INFO] [stdout] failures:
[INFO] [stdout]     aliased_and_reserved_destinations_fail_before_text_publication
[INFO] [stdout]     all_climate_goldens_emit_conforming_parquet_and_text_provenance
[INFO] [stdout]     companion_aliases_fail_closed_and_hardlinks_are_safely_replaced
[INFO] [stdout]     legacy_and_modern_station_inputs_share_values_but_not_input_identity
[INFO] [stdout]     parquet_collision_preflight_does_not_publish_the_text_artifact
[INFO] [stdout]     source_calendar_storm_text_does_not_pass_through_gregorian_typed_rows
[INFO] [stdout]     suffix_only_parquet_basename_is_a_valid_declared_destination
[INFO] [stdout] 
[INFO] [stdout] test result: FAILED. 0 passed; 7 failed; 0 ignored; 0 measured; 0 filtered out; finished in 0.01s
[INFO] [stdout] 
[INFO] [stderr] error: test failed, to rerun pass `--test a1_output`
[INFO] running `Command { std: "docker" "inspect" "ad953d3dfdc1cfa6e4bc5fa2574608b1f2fa3d4653fa1701ae43ddf63c3ccb3f", kill_on_drop: false }`
[INFO] running `Command { std: "docker" "rm" "-f" "ad953d3dfdc1cfa6e4bc5fa2574608b1f2fa3d4653fa1701ae43ddf63c3ccb3f", kill_on_drop: false }`
[INFO] [stdout] ad953d3dfdc1cfa6e4bc5fa2574608b1f2fa3d4653fa1701ae43ddf63c3ccb3f
