[INFO] cloning repository https://github.com/rimesoul/keybox-cli
[INFO] running `Command { std: "git" "-c" "credential.helper=" "-c" "credential.helper=/workspace/cargo-home/bin/git-credential-null" "clone" "--bare" "https://github.com/rimesoul/keybox-cli" "/workspace/cache/git-repos/https%3A%2F%2Fgithub.com%2Frimesoul%2Fkeybox-cli", kill_on_drop: false }`
[INFO] [stderr] Cloning into bare repository '/workspace/cache/git-repos/https%3A%2F%2Fgithub.com%2Frimesoul%2Fkeybox-cli'...
[INFO] running `Command { std: "git" "rev-parse" "HEAD", kill_on_drop: false }`
[INFO] [stdout] 08169358b85b5d8ec1e21230d0cb66ffe96dad9c
[INFO] testing rimesoul/keybox-cli against 1.99.0-beta.8+cargoflags=--release for beta-release-1.100-2
[INFO] running `Command { std: "git" "clone" "/workspace/cache/git-repos/https%3A%2F%2Fgithub.com%2Frimesoul%2Fkeybox-cli" "/workspace/builds/worker-7-tc1/source", kill_on_drop: false }`
[INFO] [stderr] Cloning into '/workspace/builds/worker-7-tc1/source'...
[INFO] [stderr] done.
[INFO] started tweaking git repo https://github.com/rimesoul/keybox-cli
[INFO] finished tweaking git repo https://github.com/rimesoul/keybox-cli
[INFO] tweaked toml for git repo https://github.com/rimesoul/keybox-cli written to /workspace/builds/worker-7-tc1/source/Cargo.toml
[INFO] validating manifest of git repo https://github.com/rimesoul/keybox-cli on toolchain 1.99.0-beta.8
[INFO] running `Command { std: CARGO_HOME="/workspace/cargo-home" RUSTUP_HOME="/workspace/rustup-home" "/workspace/cargo-home/bin/cargo" "+1.99.0-beta.8" "metadata" "--manifest-path" "Cargo.toml" "--no-deps", kill_on_drop: false }`
[INFO] crate git repo https://github.com/rimesoul/keybox-cli already has a lockfile, it will not be regenerated
[INFO] running `Command { std: CARGO_HOME="/workspace/cargo-home" RUSTUP_HOME="/workspace/rustup-home" "/workspace/cargo-home/bin/cargo" "+1.99.0-beta.8" "fetch" "--manifest-path" "Cargo.toml", kill_on_drop: false }`
[INFO] [stderr]  Downloading crates ...
[INFO] [stderr]   Downloaded i18n-embed-fl v0.7.0
[INFO] [stderr]   Downloaded i18n-embed v0.14.1
[INFO] [stderr]   Downloaded age-core v0.10.0
[INFO] [stderr]   Downloaded age v0.10.1
[INFO] running `Command { std: "docker" "create" "-v" "/var/lib/crater-agent-workspace/builds/worker-7-tc1/source:/opt/rustwide/workdir:ro,Z" "-v" "/var/lib/crater-agent-workspace/builds/worker-7-tc1/target:/opt/rustwide/target:rw,Z" "-v" "/var/lib/crater-agent-workspace/cargo-home:/opt/rustwide/cargo-home:ro,Z" "-v" "/var/lib/crater-agent-workspace/rustup-home:/opt/rustwide/rustup-home:ro,Z" "-m" "1610612736" "--network" "none" "ghcr.io/rust-lang/crates-build-env/linux@sha256:77db811e55d90add9212f6832c23229e3de5f1c1f9905e8cb07319ea15df73ac" "sleep" "infinity", kill_on_drop: false }`
[INFO] [stdout] ea4640ed3ad26afb63078968ebdb5ca3f24e944ce44958d87e5e398c23e4a4ef
[INFO] running `Command { std: "docker" "start" "ea4640ed3ad26afb63078968ebdb5ca3f24e944ce44958d87e5e398c23e4a4ef", kill_on_drop: false }`
[INFO] running `Command { std: "docker" "inspect" "ea4640ed3ad26afb63078968ebdb5ca3f24e944ce44958d87e5e398c23e4a4ef", kill_on_drop: false }`
[INFO] running `Command { std: "docker" "exec" "-e" "SOURCE_DIR=/opt/rustwide/workdir" "-e" "CARGO_HOME=/opt/rustwide/cargo-home" "-e" "RUSTUP_HOME=/opt/rustwide/rustup-home" "-e" "CARGO_TARGET_DIR=/opt/rustwide/target" "-w" "/opt/rustwide/workdir" "--user" "0:0" "ea4640ed3ad26afb63078968ebdb5ca3f24e944ce44958d87e5e398c23e4a4ef" "/opt/rustwide/cargo-home/bin/cargo" "+1.99.0-beta.8" "metadata" "--no-deps" "--format-version=1", kill_on_drop: false }`
[INFO] running `Command { std: "docker" "inspect" "ea4640ed3ad26afb63078968ebdb5ca3f24e944ce44958d87e5e398c23e4a4ef", kill_on_drop: false }`
[INFO] running `Command { std: "docker" "exec" "-e" "SOURCE_DIR=/opt/rustwide/workdir" "-e" "CARGO_HOME=/opt/rustwide/cargo-home" "-e" "RUSTUP_HOME=/opt/rustwide/rustup-home" "-e" "CARGO_TARGET_DIR=/opt/rustwide/target" "-e" "CARGO_INCREMENTAL=0" "-e" "RUST_BACKTRACE=full" "-e" "RUSTFLAGS=--cap-lints=warn" "-e" "RUSTDOCFLAGS=--cap-lints=warn" "-w" "/opt/rustwide/workdir" "--user" "0:0" "ea4640ed3ad26afb63078968ebdb5ca3f24e944ce44958d87e5e398c23e4a4ef" "/opt/rustwide/cargo-home/bin/cargo" "+1.99.0-beta.8" "build" "--frozen" "--message-format=json" "--release", kill_on_drop: false }`
[INFO] [stderr]    Compiling syn v2.0.117
[INFO] [stderr]    Compiling libc v0.2.186
[INFO] [stderr]    Compiling cfg-if v1.0.4
[INFO] [stderr]    Compiling serde_core v1.0.228
[INFO] [stderr]    Compiling typenum v1.20.1
[INFO] [stderr]    Compiling subtle v2.6.1
[INFO] [stderr]    Compiling thiserror v1.0.69
[INFO] [stderr]    Compiling cpufeatures v0.2.17
[INFO] [stderr]    Compiling same-file v1.0.6
[INFO] [stderr]    Compiling smallvec v1.15.2
[INFO] [stderr]    Compiling generic-array v0.14.7
[INFO] [stderr]    Compiling serde v1.0.228
[INFO] [stderr]    Compiling memchr v2.8.2
[INFO] [stderr]    Compiling autocfg v1.5.1
[INFO] [stderr]    Compiling futures-core v0.3.32
[INFO] [stderr]    Compiling zerocopy v0.8.52
[INFO] [stderr]    Compiling walkdir v2.5.0
[INFO] [stderr]    Compiling rustc-hash v2.1.2
[INFO] [stderr]    Compiling futures-sink v0.3.32
[INFO] [stderr]    Compiling futures-channel v0.3.32
[INFO] [stderr]    Compiling parking_lot_core v0.9.12
[INFO] [stderr]    Compiling log v0.4.32
[INFO] [stderr]    Compiling simd-adler32 v0.3.9
[INFO] [stderr]    Compiling type-map v0.5.1
[INFO] [stderr]    Compiling semver v1.0.28
[INFO] [stderr]    Compiling bitflags v2.13.0
[INFO] [stderr]    Compiling futures-io v0.3.32
[INFO] [stderr]    Compiling slab v0.4.12
[INFO] [stderr]    Compiling self_cell v1.2.2
[INFO] [stderr]    Compiling crc32fast v1.5.0
[INFO] [stderr]    Compiling futures-task v0.3.32
[INFO] [stderr]    Compiling pin-project-lite v0.2.17
[INFO] [stderr]    Compiling scopeguard v1.2.0
[INFO] [stderr]    Compiling self_cell v0.10.3
[INFO] [stderr]    Compiling lock_api v0.4.14
[INFO] [stderr]    Compiling rustc_version v0.4.1
[INFO] [stderr]    Compiling num-traits v0.2.19
[INFO] [stderr]    Compiling proc-macro-error-attr v1.0.4
[INFO] [stderr]    Compiling adler2 v2.0.1
[INFO] [stderr]    Compiling rustc-hash v1.1.0
[INFO] [stderr]    Compiling rustix v1.1.4
[INFO] [stderr]    Compiling syn v1.0.109
[INFO] [stderr]    Compiling miniz_oxide v0.8.9
[INFO] [stderr]    Compiling curve25519-dalek v4.1.3
[INFO] [stderr]    Compiling proc-macro-error v1.0.4
[INFO] [stderr]    Compiling shlex v2.0.1
[INFO] [stderr]    Compiling opaque-debug v0.3.1
[INFO] [stderr]    Compiling utf8parse v0.2.2
[INFO] [stderr]    Compiling linux-raw-sys v0.12.1
[INFO] [stderr]    Compiling anstyle-parse v1.0.0
[INFO] [stderr]    Compiling cc v1.2.64
[INFO] [stderr]    Compiling fdeflate v0.3.7
[INFO] [stderr]    Compiling arc-swap v1.9.1
[INFO] [stderr]    Compiling anstyle v1.0.14
[INFO] [stderr]    Compiling anstyle-query v1.1.5
[INFO] [stderr]    Compiling hashbrown v0.14.5
[INFO] [stderr]    Compiling once_cell v1.21.4
[INFO] [stderr]    Compiling flate2 v1.1.9
[INFO] [stderr]    Compiling minimal-lexical v0.2.1
[INFO] [stderr]    Compiling crypto-common v0.1.7
[INFO] [stderr]    Compiling block-buffer v0.10.4
[INFO] [stderr]    Compiling getrandom v0.2.17
[INFO] [stderr]    Compiling inout v0.1.4
[INFO] [stderr]    Compiling universal-hash v0.5.1
[INFO] [stderr]    Compiling digest v0.10.7
[INFO] [stderr]    Compiling poly1305 v0.8.0
[INFO] [stderr]    Compiling aead v0.5.2
[INFO] [stderr]    Compiling rand_core v0.6.4
[INFO] [stderr]    Compiling is_terminal_polyfill v1.70.2
[INFO] [stderr]    Compiling parking_lot v0.12.5
[INFO] [stderr]    Compiling pxfm v0.1.29
[INFO] [stderr]    Compiling colorchoice v1.0.5
[INFO] [stderr]    Compiling sha2 v0.10.9
[INFO] [stderr]    Compiling lazy_static v1.5.0
[INFO] [stderr]    Compiling hmac v0.12.1
[INFO] [stderr]    Compiling anstream v1.0.0
[INFO] [stderr]    Compiling png v0.18.1
[INFO] [stderr]    Compiling nom v7.1.3
[INFO] [stderr]    Compiling pbkdf2 v0.12.2
[INFO] [stderr]    Compiling hkdf v0.12.4
[INFO] [stderr]    Compiling dashmap v5.5.3
[INFO] [stderr]    Compiling rust-embed-utils v8.11.0
[INFO] [stderr]    Compiling zmij v1.0.21
[INFO] [stderr]    Compiling getrandom v0.4.2
[INFO] [stderr]    Compiling serde_json v1.0.150
[INFO] [stderr]    Compiling byteorder-lite v0.1.0
[INFO] [stderr]    Compiling strsim v0.11.1
[INFO] [stderr]    Compiling strsim v0.10.0
[INFO] [stderr]    Compiling bytemuck v1.25.0
[INFO] [stderr]    Compiling thiserror v2.0.18
[INFO] [stderr]    Compiling x11rb-protocol v0.13.2
[INFO] [stderr]    Compiling io_tee v0.1.1
[INFO] [stderr]    Compiling clap_lex v1.1.0
[INFO] [stderr]    Compiling base64 v0.21.7
[INFO] [stderr]    Compiling option-ext v0.2.0
[INFO] [stderr]    Compiling dirs-sys v0.4.1
[INFO] [stderr]    Compiling clap_builder v4.6.0
[INFO] [stderr]    Compiling rtoolbox v0.0.5
[INFO] [stderr]    Compiling ring v0.17.14
[INFO] [stderr]    Compiling percent-encoding v2.3.2
[INFO] [stderr]    Compiling iana-time-zone v0.1.65
[INFO] [stderr]    Compiling untrusted v0.9.0
[INFO] [stderr]    Compiling bech32 v0.9.1
[INFO] [stderr]    Compiling itoa v1.0.18
[INFO] [stderr]    Compiling chrono v0.4.45
[INFO] [stderr]    Compiling rpassword v7.5.4
[INFO] [stderr]    Compiling dirs v5.0.1
[INFO] [stderr]    Compiling uuid v1.23.3
[INFO] [stderr]    Compiling atty v0.2.14
[INFO] [stderr]    Compiling hex v0.4.3
[INFO] [stderr]    Compiling displaydoc v0.2.6
[INFO] [stderr]    Compiling serde_derive v1.0.228
[INFO] [stderr]    Compiling thiserror-impl v1.0.69
[INFO] [stderr]    Compiling zeroize_derive v1.5.0
[INFO] [stderr]    Compiling rust-embed-impl v8.11.0
[INFO] [stderr]    Compiling futures-macro v0.3.32
[INFO] [stderr]    Compiling curve25519-dalek-derive v0.1.1
[INFO] [stderr]    Compiling pin-project-internal v1.1.13
[INFO] [stderr]    Compiling zeroize v1.9.0
[INFO] [stderr]    Compiling futures-util v0.3.32
[INFO] [stderr]    Compiling tinystr v0.8.3
[INFO] [stderr]    Compiling cipher v0.4.4
[INFO] [stderr]    Compiling unic-langid-impl v0.9.6
[INFO] [stderr]    Compiling ppv-lite86 v0.2.21
[INFO] [stderr]    Compiling rust-embed v8.11.0
[INFO] [stderr]    Compiling secrecy v0.8.0
[INFO] [stderr]    Compiling unic-langid v0.9.6
[INFO] [stderr]    Compiling intl-memoizer v0.5.3
[INFO] [stderr]    Compiling intl_pluralrules v7.0.2
[INFO] [stderr]    Compiling fluent-syntax v0.11.1
[INFO] [stderr]    Compiling fluent-langneg v0.13.1
[INFO] [stderr]    Compiling chacha20 v0.9.1
[INFO] [stderr]    Compiling salsa20 v0.10.2
[INFO] [stderr]    Compiling pin-project v1.1.13
[INFO] [stderr]    Compiling scrypt v0.11.0
[INFO] [stderr]    Compiling clap_derive v4.6.1
[INFO] [stderr]    Compiling thiserror-impl v2.0.18
[INFO] [stderr]    Compiling chacha20poly1305 v0.10.1
[INFO] [stderr]    Compiling moxcms v0.8.1
[INFO] [stderr]    Compiling rand_chacha v0.3.1
[INFO] [stderr]    Compiling fluent-bundle v0.15.3
[INFO] [stderr]    Compiling rand v0.8.6
[INFO] [stderr]    Compiling fluent v0.16.1
[INFO] [stderr]    Compiling x25519-dalek v2.0.1
[INFO] [stderr]    Compiling clap v4.6.1
[INFO] [stderr]    Compiling gethostname v1.1.0
[INFO] [stderr]    Compiling x11rb v0.13.2
[INFO] [stderr]    Compiling toml v0.5.11
[INFO] [stderr]    Compiling basic-toml v0.1.10
[INFO] [stderr]    Compiling futures-executor v0.3.32
[INFO] [stderr]    Compiling i18n-config v0.4.8
[INFO] [stderr]    Compiling futures v0.3.32
[INFO] [stderr]    Compiling cookie-factory v0.3.3
[INFO] [stderr]    Compiling age-core v0.10.0
[INFO] [stderr]    Compiling find-crate v0.6.3
[INFO] [stderr]    Compiling i18n-embed-impl v0.8.4
[INFO] [stderr]    Compiling i18n-embed v0.14.1
[INFO] [stderr]    Compiling i18n-embed-fl v0.7.0
[INFO] [stderr]    Compiling image v0.25.10
[INFO] [stderr]    Compiling age v0.10.1
[INFO] [stderr]    Compiling arboard v3.6.1
[INFO] [stderr]    Compiling keybox v0.3.0 (/opt/rustwide/workdir)
[INFO] [stdout] warning: unused import: `keybox::protect::IdentityProtector`
[INFO] [stdout]   --> src/main.rs:17:5
[INFO] [stdout]    |
[INFO] [stdout] 17 | use keybox::protect::IdentityProtector;
[INFO] [stdout]    |     ^^^^^^^^^^^^^^^^^^^^^^^^^^^^^^^^^^
[INFO] [stdout]    |
[INFO] [stdout]    = note: `#[warn(unused_imports)]` (part of `#[warn(unused)]`) on by default
[INFO] [stdout] 
[INFO] [stdout] 
[INFO] [stderr]     Finished `release` profile [optimized] target(s) in 1m 36s
[INFO] running `Command { std: "docker" "inspect" "ea4640ed3ad26afb63078968ebdb5ca3f24e944ce44958d87e5e398c23e4a4ef", kill_on_drop: false }`
[INFO] running `Command { std: "docker" "exec" "-e" "SOURCE_DIR=/opt/rustwide/workdir" "-e" "CARGO_HOME=/opt/rustwide/cargo-home" "-e" "RUSTUP_HOME=/opt/rustwide/rustup-home" "-e" "CARGO_TARGET_DIR=/opt/rustwide/target" "-e" "CARGO_INCREMENTAL=0" "-e" "RUST_BACKTRACE=full" "-e" "RUSTFLAGS=--cap-lints=warn" "-e" "RUSTDOCFLAGS=--cap-lints=warn" "-w" "/opt/rustwide/workdir" "--user" "0:0" "ea4640ed3ad26afb63078968ebdb5ca3f24e944ce44958d87e5e398c23e4a4ef" "/opt/rustwide/cargo-home/bin/cargo" "+1.99.0-beta.8" "test" "--frozen" "--no-run" "--message-format=json" "--release", kill_on_drop: false }`
[INFO] [stderr]    Compiling rustix v1.1.4
[INFO] [stderr]    Compiling aho-corasick v1.1.4
[INFO] [stderr]    Compiling regex-syntax v0.8.11
[INFO] [stderr]    Compiling predicates-core v1.0.10
[INFO] [stderr]    Compiling float-cmp v0.10.0
[INFO] [stderr]    Compiling difflib v0.4.0
[INFO] [stderr]    Compiling assert_cmd v2.2.2
[INFO] [stderr]    Compiling normalize-line-endings v0.3.0
[INFO] [stderr]    Compiling termtree v0.5.1
[INFO] [stderr]    Compiling wait-timeout v0.2.1
[INFO] [stderr]    Compiling fastrand v2.4.1
[INFO] [stderr]    Compiling once_cell v1.21.4
[INFO] [stderr]    Compiling predicates-tree v1.0.13
[INFO] [stderr]    Compiling regex-automata v0.4.14
[INFO] [stderr]    Compiling gethostname v1.1.0
[INFO] [stderr]    Compiling tempfile v3.27.0
[INFO] [stderr]    Compiling x11rb v0.13.2
[INFO] [stderr]    Compiling arboard v3.6.1
[INFO] [stderr]    Compiling regex v1.12.4
[INFO] [stderr]    Compiling bstr v1.12.1
[INFO] [stderr]    Compiling keybox v0.3.0 (/opt/rustwide/workdir)
[INFO] [stderr]    Compiling predicates v3.1.4
[INFO] [stdout] warning: unused import: `keybox::protect::IdentityProtector`
[INFO] [stdout]   --> src/main.rs:17:5
[INFO] [stdout]    |
[INFO] [stdout] 17 | use keybox::protect::IdentityProtector;
[INFO] [stdout]    |     ^^^^^^^^^^^^^^^^^^^^^^^^^^^^^^^^^^
[INFO] [stdout]    |
[INFO] [stdout]    = note: `#[warn(unused_imports)]` (part of `#[warn(unused)]`) on by default
[INFO] [stdout] 
[INFO] [stdout] 
[INFO] [stdout] warning: unused import: `keybox::protect::IdentityProtector`
[INFO] [stdout]   --> src/main.rs:17:5
[INFO] [stdout]    |
[INFO] [stdout] 17 | use keybox::protect::IdentityProtector;
[INFO] [stdout]    |     ^^^^^^^^^^^^^^^^^^^^^^^^^^^^^^^^^^
[INFO] [stdout]    |
[INFO] [stdout]    = note: `#[warn(unused_imports)]` (part of `#[warn(unused)]`) on by default
[INFO] [stdout] 
[INFO] [stdout] 
[INFO] [stderr]     Finished `release` profile [optimized] target(s) in 56.08s
[INFO] running `Command { std: "docker" "inspect" "ea4640ed3ad26afb63078968ebdb5ca3f24e944ce44958d87e5e398c23e4a4ef", kill_on_drop: false }`
[INFO] running `Command { std: "docker" "exec" "-e" "SOURCE_DIR=/opt/rustwide/workdir" "-e" "CARGO_HOME=/opt/rustwide/cargo-home" "-e" "RUSTUP_HOME=/opt/rustwide/rustup-home" "-e" "CARGO_TARGET_DIR=/opt/rustwide/target" "-e" "CARGO_INCREMENTAL=0" "-e" "RUST_BACKTRACE=full" "-e" "RUSTFLAGS=--cap-lints=warn" "-e" "RUSTDOCFLAGS=--cap-lints=warn" "-w" "/opt/rustwide/workdir" "--user" "0:0" "ea4640ed3ad26afb63078968ebdb5ca3f24e944ce44958d87e5e398c23e4a4ef" "/opt/rustwide/cargo-home/bin/cargo" "+1.99.0-beta.8" "test" "--frozen" "--release", kill_on_drop: false }`
[INFO] [stderr] warning: unused import: `keybox::protect::IdentityProtector`
[INFO] [stderr]   --> src/main.rs:17:5
[INFO] [stderr]    |
[INFO] [stderr] 17 | use keybox::protect::IdentityProtector;
[INFO] [stderr]    |     ^^^^^^^^^^^^^^^^^^^^^^^^^^^^^^^^^^
[INFO] [stderr]    |
[INFO] [stderr]    = note: `#[warn(unused_imports)]` (part of `#[warn(unused)]`) on by default
[INFO] [stderr] 
[INFO] [stderr] warning: `keybox` (bin "keybox") generated 1 warning (run `cargo fix --bin "keybox" -p keybox` to apply 1 suggestion)
[INFO] [stderr] warning: `keybox` (bin "keybox" test) generated 1 warning (1 duplicate)
[INFO] [stderr]     Finished `release` profile [optimized] target(s) in 0.37s
[INFO] [stderr]      Running unittests src/lib.rs (/opt/rustwide/target/release/deps/keybox-f22f545fb9966d20)
[INFO] [stdout] 
[INFO] [stdout] running 60 tests
[INFO] [stdout] test daemon::protocol::tests::test_request_lock_roundtrip ... ok
[INFO] [stdout] test daemon::protocol::tests::test_request_stop_roundtrip ... ok
[INFO] [stdout] test daemon::protocol::tests::test_request_unlock_roundtrip ... ok
[INFO] [stdout] test daemon::protocol::tests::test_response_shutdown_roundtrip ... ok
[INFO] [stdout] test daemon::protocol::tests::test_response_value_roundtrip ... ok
[INFO] [stdout] test error::tests::test_crypto_display ... ok
[INFO] [stdout] test daemon::protocol::tests::test_request_list_roundtrip ... ok
[INFO] [stdout] test daemon::protocol::tests::test_request_ping_roundtrip ... ok
[INFO] [stdout] test daemon::protocol::tests::test_response_error_roundtrip ... ok
[INFO] [stdout] test daemon::token::tests::test_wrong_scope_rejected ... ok
[INFO] [stdout] test daemon::protocol::tests::test_deserialize_unknown_variant ... ok
[INFO] [stdout] test error::tests::test_serialization_json_error ... ok
[INFO] [stdout] test error::tests::test_token_display ... ok
[INFO] [stdout] test daemon::protocol::tests::test_response_unlocked_roundtrip ... ok
[INFO] [stdout] test keystore::format::tests::test_header_size ... ok
[INFO] [stdout] test daemon::protocol::tests::test_response_listjson_roundtrip ... ok
[INFO] [stdout] test error::tests::test_io_error_display_includes_context_and_source ... ok
[INFO] [stdout] test error::tests::test_input_display ... ok
[INFO] [stdout] test keystore::format::tests::test_key_ref_different_keys ... ok
[INFO] [stdout] test keystore::format::tests::test_key_ref_deterministic ... ok
[INFO] [stdout] test daemon::token::tests::test_generate_and_validate ... ok
[INFO] [stdout] test daemon::token::tests::test_multi_scope_token ... ok
[INFO] [stdout] test daemon::token::tests::test_token_uniqueness ... ok
[INFO] [stdout] test daemon::token::tests::test_invalid_token_rejected ... ok
[INFO] [stdout] test daemon::protocol::tests::test_request_get_roundtrip ... ok
[INFO] [stdout] test daemon::token::tests::test_clear_invalidates_all ... ok
[INFO] [stdout] test keystore::format::tests::test_load_wrong_magic ... ok
[INFO] [stdout] test keystore::format::tests::test_tampered_ciphertext_fails ... ok
[INFO] [stdout] test keystore::format::tests::test_wrong_key_fails ... ok
[INFO] [stdout] test error::tests::test_not_found_display ... ok
[INFO] [stdout] test keystore::format::tests::test_encrypt_decrypt_roundtrip ... ok
[INFO] [stdout] test daemon::token::tests::test_purge_removes_expired ... ok
[INFO] [stdout] test keystore::format::tests::test_load_wrong_key_ref ... ok
[INFO] [stdout] test keystore::ops::protector_tests::test_protect_unprotect_roundtrip ... ok
[INFO] [stdout] test daemon::token::tests::test_expired_token_rejected ... ok
[INFO] [stdout] test keystore::format::tests::test_save_load_roundtrip ... ok
[INFO] [stdout] test keystore::ops::tests::test_keystore_path ... ok
[INFO] [stdout] test keystore::schema::tests::test_chrono_now_iso_returns_real_current_time ... ok
[INFO] [stdout] test keystore::schema::tests::test_credential_key_format ... ok
[INFO] [stdout] test keystore::ops::crud_tests::test_init_store_creates_file ... ok
[INFO] [stdout] test keystore::ops::crud_tests::test_add_and_get_credential ... ok
[INFO] [stdout] test keystore::ops::protector_tests::test_unprotect_wrong_data_fails ... ok
[INFO] [stdout] test keystore::ops::crud_tests::test_init_store_rejects_existing ... ok
[INFO] [stdout] test keystore::schema::tests::test_deserialize_credential_with_legacy_last_access_at ... ok
[INFO] [stdout] test keystore::schema::tests::test_deserialize_keystore_missing_optionals ... ok
[INFO] [stdout] test keystore::schema::tests::test_keypair_equality ... ok
[INFO] [stdout] test keystore::schema::tests::test_credential_roundtrip ... ok
[INFO] [stdout] test keystore::schema::tests::test_deserialize_credential_missing_tags ... ok
[INFO] [stdout] test keystore::schema::tests::test_empty_keystore_serialization ... ok
[INFO] [stdout] test keystore::ops::tests::test_load_wrong_key_fails ... ok
[INFO] [stdout] test keystore::ops::tests::test_load_save_with_credential ... ok
[INFO] [stdout] test keystore::ops::tests::test_load_save_empty_store ... ok
[INFO] [stdout] test keystore::ops::crud_tests::test_add_duplicate_rejected ... ok
[INFO] [stdout] test keystore::ops::crud_tests::test_get_password_roundtrip ... ok
[INFO] [stdout] test keystore::ops::crud_tests::test_update_password_wrong_old_rejected ... ok
[INFO] [stdout] test keystore::ops::crud_tests::test_list_filter_by_level ... ok
[INFO] [stdout] test keystore::ops::crud_tests::test_edit_updates_description ... ok
[INFO] [stderr]      Running unittests src/main.rs (/opt/rustwide/target/release/deps/keybox-22253b3e647b83f0)
[INFO] [stdout] test keystore::ops::crud_tests::test_delete_removes_credential ... ok
[INFO] [stdout] test keystore::ops::crud_tests::test_list_masks_secret ... ok
[INFO] [stdout] test keystore::ops::crud_tests::test_update_password_correct_old ... ok
[INFO] [stdout] 
[INFO] [stdout] test result: ok. 60 passed; 0 failed; 0 ignored; 0 measured; 0 filtered out; finished in 0.04s
[INFO] [stdout] 
[INFO] [stdout] 
[INFO] [stdout] running 0 tests
[INFO] [stdout] 
[INFO] [stdout] test result: ok. 0 passed; 0 failed; 0 ignored; 0 measured; 0 filtered out; finished in 0.00s
[INFO] [stdout] 
[INFO] [stderr]      Running tests/integration.rs (/opt/rustwide/target/release/deps/integration-6536ffe8084e8293)
[INFO] [stdout] 
[INFO] [stdout] running 18 tests
[INFO] [stdout] test generate_tests::test_generate_uppercase_no_save ... ok
[INFO] [stdout] test generate_tests::test_generate_digits_only ... ok
[INFO] [stdout] test generate_tests::test_generate_default ... ok
[INFO] [stdout] test generate_tests::test_generate_length ... ok
[INFO] [stdout] test generate_tests::test_generate_passphrase ... ok
[INFO] [stdout] test generate_tests::test_generate_save_duplicate_fails ... ok
[INFO] [stdout] test non_interactive_tests::test_add_invalid_target_format ... FAILED
[INFO] [stdout] test add_get_tests::test_add_and_get_secret_credential ... FAILED
[INFO] [stdout] test non_interactive_tests::test_llm_calling_env_var_blocks_interactive ... ok
[INFO] [stdout] test generate_tests::test_generate_and_save ... FAILED
[INFO] [stdout] test list_delete_tests::test_delete_credential ... ok
[INFO] [stdout] test list_delete_tests::test_list_json_output ... ok
[INFO] [stdout] test list_delete_tests::test_list_accounts_in_domain ... ok
[INFO] [stdout] test update_tests::test_update_nonexistent_fails ... ok
[INFO] [stdout] test update_tests::test_update_requires_tty ... FAILED
[INFO] [stdout] test non_interactive_tests::test_get_nonexistent_fails ... ok
[INFO] [stdout] test list_delete_tests::test_list_domains ... ok
[INFO] [stdout] test daemon_tests::test_init_command_works ... ok
[INFO] [stdout] 
[INFO] [stdout] failures:
[INFO] [stdout] 
[INFO] [stderr] error: test failed, to rerun pass `--test integration`
[INFO] [stdout] ---- non_interactive_tests::test_add_invalid_target_format stdout ----
[INFO] [stdout] 
[INFO] [stdout] thread 'non_interactive_tests::test_add_invalid_target_format' (2934) panicked at tests/integration/non_interactive_tests.rs:51:10:
[INFO] [stdout] Unexpected failure.
[INFO] [stdout] code=1
[INFO] [stdout] stderr=```"Error: \"protector not found: file\"\n"```
[INFO] [stdout] command=`KEYBOX_CONFIG_DIR="/tmp/.tmp0fFqeH" "/opt/rustwide/target/release/keybox" "get" "--user" "testdomain:user" "--force"`
[INFO] [stdout] code=1
[INFO] [stdout] stdout=""
[INFO] [stdout] stderr="Error: \"protector not found: file\"\n"
[INFO] [stdout] 
[INFO] [stdout] stack backtrace:
[INFO] [stdout]    0:     0x55c3f028c965 - <unknown>
[INFO] [stdout]    1:     0x55c3f02731e4 - <unknown>
[INFO] [stdout]    2:     0x55c3f028c00b - <unknown>
[INFO] [stdout]    3:     0x55c3f028bc09 - <unknown>
[INFO] [stdout]    4:     0x55c3f028b88a - <unknown>
[INFO] [stdout]    5:     0x55c3f028b3c3 - <unknown>
[INFO] [stdout]    6:     0x55c3f02b12a1 - <unknown>
[INFO] [stdout]    7:     0x55c3f02b1259 - <unknown>
[INFO] [stdout]    8:     0x55c3f02b175c - <unknown>
[INFO] [stdout]    9:     0x55c3f027307b - <unknown>
[INFO] [stdout]   10:     0x55c3f026f315 - <unknown>
[INFO] [stdout]   11:     0x55c3f026f2b3 - <unknown>
[INFO] [stdout]   12:     0x55c3f0272baf - <unknown>
[INFO] [stdout]   13:     0x55c3f026b674 - <unknown>
[INFO] [stdout]   14:     0x55c3f02cc08b - <unknown>
[INFO] [stdout]   15:     0x55c3f02c8042 - <unknown>
[INFO] [stdout]   16:     0x55c3f02c77ac - <unknown>
[INFO] [stdout]   17:     0x55c3f02e23dc - <unknown>
[INFO] [stdout]   18:     0x55c3f02b2faa - <unknown>
[INFO] [stdout]   19:     0x7c9ac315adfa - <unknown>
[INFO] [stdout]   20:     0x7c9ac31ee3d4 - clone
[INFO] [stdout]   21:                0x0 - <unknown>
[INFO] [stdout] 
[INFO] [stdout] ---- add_get_tests::test_add_and_get_secret_credential stdout ----
[INFO] [stdout] 
[INFO] [stdout] thread 'add_get_tests::test_add_and_get_secret_credential' (2919) panicked at tests/integration/add_get_tests.rs:23:10:
[INFO] [stdout] Unexpected failure.
[INFO] [stdout] code=1
[INFO] [stdout] stderr=```"Error: \"protector not found: file\"\n"```
[INFO] [stdout] command=`KEYBOX_CONFIG_DIR="/tmp/.tmpZr4488" "/opt/rustwide/target/release/keybox" "get" "--user" "gitea:pat" "--force"`
[INFO] [stdout] code=1
[INFO] [stdout] stdout=""
[INFO] [stdout] stderr="Error: \"protector not found: file\"\n"
[INFO] [stdout] 
[INFO] [stdout] stack backtrace:
[INFO] [stdout]    0:     0x55c3f028c965 - <unknown>
[INFO] [stdout]    1:     0x55c3f02731e4 - <unknown>
[INFO] [stdout]    2:     0x55c3f028c00b - <unknown>
[INFO] [stdout]    3:     0x55c3f028bc09 - <unknown>
[INFO] [stdout]    4:     0x55c3f028b88a - <unknown>
[INFO] [stdout]    5:     0x55c3f028b3c3 - <unknown>
[INFO] [stdout]    6:     0x55c3f02b12a1 - <unknown>
[INFO] [stdout]    7:     0x55c3f02b1259 - <unknown>
[INFO] [stdout]    8:     0x55c3f02b175c - <unknown>
[INFO] [stdout]    9:     0x55c3f027307b - <unknown>
[INFO] [stdout]   10:     0x55c3f026f315 - <unknown>
[INFO] [stdout]   11:     0x55c3f026f2b3 - <unknown>
[INFO] [stdout]   12:     0x55c3f0272baf - <unknown>
[INFO] [stdout]   13:     0x55c3f0268c07 - <unknown>
[INFO] [stdout]   14:     0x55c3f02cc08b - <unknown>
[INFO] [stdout]   15:     0x55c3f02c8042 - <unknown>
[INFO] [stdout]   16:     0x55c3f02c77ac - <unknown>
[INFO] [stdout]   17:     0x55c3f02e23dc - <unknown>
[INFO] [stdout]   18:     0x55c3f02b2faa - <unknown>
[INFO] [stdout]   19:     0x7c9ac315adfa - <unknown>
[INFO] [stdout]   20:     0x7c9ac31ee3d4 - clone
[INFO] [stdout]   21:                0x0 - <unknown>
[INFO] [stdout] 
[INFO] [stdout] ---- generate_tests::test_generate_and_save stdout ----
[INFO] [stdout] 
[INFO] [stdout] thread 'generate_tests::test_generate_and_save' (2921) panicked at tests/integration/generate_tests.rs:70:10:
[INFO] [stdout] Unexpected failure.
[INFO] [stdout] code=1
[INFO] [stdout] stderr=```"Error: \"protector not found: file\"\n"```
[INFO] [stdout] command=`KEYBOX_CONFIG_DIR="/tmp/.tmpiSuVs9" "/opt/rustwide/target/release/keybox" "get" "--user" "test:pin" "--force"`
[INFO] [stdout] code=1
[INFO] [stdout] stdout=""
[INFO] [stdout] stderr="Error: \"protector not found: file\"\n"
[INFO] [stdout] 
[INFO] [stdout] stack backtrace:
[INFO] [stdout]    0:     0x55c3f028c965 - <unknown>
[INFO] [stdout]    1:     0x55c3f02731e4 - <unknown>
[INFO] [stdout]    2:     0x55c3f028c00b - <unknown>
[INFO] [stdout]    3:     0x55c3f028bc09 - <unknown>
[INFO] [stdout]    4:     0x55c3f028b88a - <unknown>
[INFO] [stdout]    5:     0x55c3f028b3c3 - <unknown>
[INFO] [stdout]    6:     0x55c3f02b12a1 - <unknown>
[INFO] [stdout]    7:     0x55c3f02b1259 - <unknown>
[INFO] [stdout]    8:     0x55c3f02b175c - <unknown>
[INFO] [stdout]    9:     0x55c3f027307b - <unknown>
[INFO] [stdout]   10:     0x55c3f026f315 - <unknown>
[INFO] [stdout]   11:     0x55c3f026f2b3 - <unknown>
[INFO] [stdout]   12:     0x55c3f0272baf - <unknown>
[INFO] [stdout]   13:     0x55c3f0269348 - <unknown>
[INFO] [stdout]   14:     0x55c3f02cc08b - <unknown>
[INFO] [stdout]   15:     0x55c3f02c8042 - <unknown>
[INFO] [stdout]   16:     0x55c3f02c77ac - <unknown>
[INFO] [stdout]   17:     0x55c3f02e23dc - <unknown>
[INFO] [stdout]   18:     0x55c3f02b2faa - <unknown>
[INFO] [stdout]   19:     0x7c9ac315adfa - <unknown>
[INFO] [stdout]   20:     0x7c9ac31ee3d4 - clone
[INFO] [stdout]   21:                0x0 - <unknown>
[INFO] [stdout] 
[INFO] [stdout] ---- update_tests::test_update_requires_tty stdout ----
[INFO] [stdout] 
[INFO] [stdout] thread 'update_tests::test_update_requires_tty' (2982) panicked at tests/integration/update_tests.rs:48:10:
[INFO] [stdout] Unexpected stderr, failed var.contains(stdin is not a TTY)
[INFO] [stdout] ├── var: Error: "protector not found: file"
[INFO] [stdout] └── var as str: Error: "protector not found: file"
[INFO] [stdout] 
[INFO] [stdout] command=`KEYBOX_CONFIG_DIR="/tmp/.tmp4SUZwK" "/opt/rustwide/target/release/keybox" "update" "password" "gitea:pat"`
[INFO] [stdout] stdin=````
[INFO] [stdout] old-secret
[INFO] [stdout] new-secret-xyz
[INFO] [stdout] new-secret-xyz
[INFO] [stdout] ```
[INFO] [stdout] `
[INFO] [stdout] code=1
[INFO] [stdout] stdout=""
[INFO] [stdout] stderr="Error: \"protector not found: file\"\n"
[INFO] [stdout] 
[INFO] [stdout] stack backtrace:
[INFO] [stdout]    0:     0x55c3f028c965 - <unknown>
[INFO] [stdout]    1:     0x55c3f02731e4 - <unknown>
[INFO] [stdout]    2:     0x55c3f028c00b - <unknown>
[INFO] [stdout]    3:     0x55c3f028bc09 - <unknown>
[INFO] [stdout]    4:     0x55c3f028b88a - <unknown>
[INFO] [stdout]    5:     0x55c3f028b3c3 - <unknown>
[INFO] [stdout]    6:     0x55c3f02b12a1 - <unknown>
[INFO] [stdout]    7:     0x55c3f02b1259 - <unknown>
[INFO] [stdout]    8:     0x55c3f02b175c - <unknown>
[INFO] [stdout]    9:     0x55c3f027307b - <unknown>
[INFO] [stdout]   10:     0x55c3f026f315 - <unknown>
[INFO] [stdout]   11:     0x55c3f026f2b3 - <unknown>
[INFO] [stdout]   12:     0x55c3f0264af2 - <unknown>
[INFO] [stdout]   13:     0x55c3f02684b5 - <unknown>
[INFO] [stdout]   14:     0x55c3f02cc08b - <unknown>
[INFO] [stdout]   15:     0x55c3f02c8042 - <unknown>
[INFO] [stdout]   16:     0x55c3f02c77ac - <unknown>
[INFO] [stdout]   17:     0x55c3f02e23dc - <unknown>
[INFO] [stdout]   18:     0x55c3f02b2faa - <unknown>
[INFO] [stdout]   19:     0x7c9ac315adfa - <unknown>
[INFO] [stdout]   20:     0x7c9ac31ee3d4 - clone
[INFO] [stdout]   21:                0x0 - <unknown>
[INFO] [stdout] 
[INFO] [stdout] 
[INFO] [stdout] failures:
[INFO] [stdout]     add_get_tests::test_add_and_get_secret_credential
[INFO] [stdout]     generate_tests::test_generate_and_save
[INFO] [stdout]     non_interactive_tests::test_add_invalid_target_format
[INFO] [stdout]     update_tests::test_update_requires_tty
[INFO] [stdout] 
[INFO] [stdout] test result: FAILED. 14 passed; 4 failed; 0 ignored; 0 measured; 0 filtered out; finished in 0.08s
[INFO] [stdout] 
[INFO] running `Command { std: "docker" "inspect" "ea4640ed3ad26afb63078968ebdb5ca3f24e944ce44958d87e5e398c23e4a4ef", kill_on_drop: false }`
[INFO] running `Command { std: "docker" "rm" "-f" "ea4640ed3ad26afb63078968ebdb5ca3f24e944ce44958d87e5e398c23e4a4ef", kill_on_drop: false }`
[INFO] [stdout] ea4640ed3ad26afb63078968ebdb5ca3f24e944ce44958d87e5e398c23e4a4ef
