[INFO] cloning repository https://github.com/rajputrajat/vs_solutions
[INFO] running `Command { std: "git" "-c" "credential.helper=" "-c" "credential.helper=/workspace/cargo-home/bin/git-credential-null" "clone" "--bare" "https://github.com/rajputrajat/vs_solutions" "/workspace/cache/git-repos/https%3A%2F%2Fgithub.com%2Frajputrajat%2Fvs_solutions", kill_on_drop: false }`
[INFO] [stderr] Cloning into bare repository '/workspace/cache/git-repos/https%3A%2F%2Fgithub.com%2Frajputrajat%2Fvs_solutions'...
[INFO] running `Command { std: "git" "rev-parse" "HEAD", kill_on_drop: false }`
[INFO] [stdout] 9957bc0b38c10f084bb516107a6fc1a660ae3bc8
[INFO] testing rajputrajat/vs_solutions against 1.100.0-beta.1+cargoflags=--release for beta-release-1.100-2
[INFO] running `Command { std: "git" "clone" "/workspace/cache/git-repos/https%3A%2F%2Fgithub.com%2Frajputrajat%2Fvs_solutions" "/workspace/builds/worker-7-tc2/source", kill_on_drop: false }`
[INFO] [stderr] Cloning into '/workspace/builds/worker-7-tc2/source'...
[INFO] [stderr] done.
[INFO] started tweaking git repo https://github.com/rajputrajat/vs_solutions
[INFO] finished tweaking git repo https://github.com/rajputrajat/vs_solutions
[INFO] tweaked toml for git repo https://github.com/rajputrajat/vs_solutions written to /workspace/builds/worker-7-tc2/source/Cargo.toml
[INFO] validating manifest of git repo https://github.com/rajputrajat/vs_solutions on toolchain 1.100.0-beta.1
[INFO] running `Command { std: CARGO_HOME="/workspace/cargo-home" RUSTUP_HOME="/workspace/rustup-home" "/workspace/cargo-home/bin/cargo" "+1.100.0-beta.1" "metadata" "--manifest-path" "Cargo.toml" "--no-deps", kill_on_drop: false }`
[INFO] crate git repo https://github.com/rajputrajat/vs_solutions already has a lockfile, it will not be regenerated
[INFO] running `Command { std: CARGO_HOME="/workspace/cargo-home" RUSTUP_HOME="/workspace/rustup-home" "/workspace/cargo-home/bin/cargo" "+1.100.0-beta.1" "fetch" "--manifest-path" "Cargo.toml", kill_on_drop: false }`
[INFO] [stderr] warning: virtual workspace defaulting to `resolver = "1"` despite one or more workspace members being on edition 2021 which implies `resolver = "2"`
[INFO] [stderr]   |
[INFO] [stderr]   = note: to keep the current resolver, specify `workspace.resolver = "1"` in the workspace root's manifest
[INFO] [stderr]   = note: to use the edition 2021 resolver, specify `workspace.resolver = "2"` in the workspace root's manifest
[INFO] [stderr]   = note: for more details see https://doc.rust-lang.org/cargo/reference/resolver.html#resolver-versions
[INFO] running `Command { std: "docker" "create" "-v" "/var/lib/crater-agent-workspace/builds/worker-7-tc2/source:/opt/rustwide/workdir:ro,Z" "-v" "/var/lib/crater-agent-workspace/builds/worker-7-tc2/target:/opt/rustwide/target:rw,Z" "-v" "/var/lib/crater-agent-workspace/cargo-home:/opt/rustwide/cargo-home:ro,Z" "-v" "/var/lib/crater-agent-workspace/rustup-home:/opt/rustwide/rustup-home:ro,Z" "-m" "1610612736" "--network" "none" "ghcr.io/rust-lang/crates-build-env/linux@sha256:77db811e55d90add9212f6832c23229e3de5f1c1f9905e8cb07319ea15df73ac" "sleep" "infinity", kill_on_drop: false }`
[INFO] [stdout] 133051b6af463e11d48b2d8d268468eda7b34ea56349984738ff5a271a23cf4a
[INFO] running `Command { std: "docker" "start" "133051b6af463e11d48b2d8d268468eda7b34ea56349984738ff5a271a23cf4a", kill_on_drop: false }`
[INFO] running `Command { std: "docker" "inspect" "133051b6af463e11d48b2d8d268468eda7b34ea56349984738ff5a271a23cf4a", kill_on_drop: false }`
[INFO] running `Command { std: "docker" "exec" "-e" "SOURCE_DIR=/opt/rustwide/workdir" "-e" "CARGO_HOME=/opt/rustwide/cargo-home" "-e" "RUSTUP_HOME=/opt/rustwide/rustup-home" "-e" "CARGO_TARGET_DIR=/opt/rustwide/target" "-w" "/opt/rustwide/workdir" "--user" "0:0" "133051b6af463e11d48b2d8d268468eda7b34ea56349984738ff5a271a23cf4a" "/opt/rustwide/cargo-home/bin/cargo" "+1.100.0-beta.1" "metadata" "--no-deps" "--format-version=1", kill_on_drop: false }`
[INFO] running `Command { std: "docker" "inspect" "133051b6af463e11d48b2d8d268468eda7b34ea56349984738ff5a271a23cf4a", kill_on_drop: false }`
[INFO] running `Command { std: "docker" "exec" "-e" "SOURCE_DIR=/opt/rustwide/workdir" "-e" "CARGO_HOME=/opt/rustwide/cargo-home" "-e" "RUSTUP_HOME=/opt/rustwide/rustup-home" "-e" "CARGO_TARGET_DIR=/opt/rustwide/target" "-e" "CARGO_INCREMENTAL=0" "-e" "RUST_BACKTRACE=full" "-e" "RUSTFLAGS=--cap-lints=warn" "-e" "RUSTDOCFLAGS=--cap-lints=warn" "-w" "/opt/rustwide/workdir" "--user" "0:0" "133051b6af463e11d48b2d8d268468eda7b34ea56349984738ff5a271a23cf4a" "/opt/rustwide/cargo-home/bin/cargo" "+1.100.0-beta.1" "build" "--frozen" "--message-format=json" "--release", kill_on_drop: false }`
[INFO] [stderr] warning: virtual workspace defaulting to `resolver = "1"` despite one or more workspace members being on edition 2021 which implies `resolver = "2"`
[INFO] [stderr]   |
[INFO] [stderr]   = note: to keep the current resolver, specify `workspace.resolver = "1"` in the workspace root's manifest
[INFO] [stderr]   = note: to use the edition 2021 resolver, specify `workspace.resolver = "2"` in the workspace root's manifest
[INFO] [stderr]   = note: for more details see https://doc.rust-lang.org/cargo/reference/resolver.html#resolver-versions
[INFO] [stderr]    Compiling proc-macro2 v1.0.32
[INFO] [stderr]    Compiling unicode-xid v0.2.2
[INFO] [stderr]    Compiling syn v1.0.81
[INFO] [stderr]    Compiling anyhow v1.0.47
[INFO] [stderr]    Compiling serde v1.0.130
[INFO] [stderr]    Compiling unicode-segmentation v1.8.0
[INFO] [stderr]    Compiling pkg-config v0.3.22
[INFO] [stderr]    Compiling smallvec v1.7.0
[INFO] [stderr]    Compiling either v1.6.1
[INFO] [stderr]    Compiling strum v0.21.0
[INFO] [stderr]    Compiling version-compare v0.0.11
[INFO] [stderr]    Compiling libc v0.2.107
[INFO] [stderr]    Compiling futures-core v0.3.17
[INFO] [stderr]    Compiling futures-task v0.3.17
[INFO] [stderr]    Compiling proc-macro-error-attr v1.0.4
[INFO] [stderr]    Compiling proc-macro-error v1.0.4
[INFO] [stderr]    Compiling futures-util v0.3.17
[INFO] [stderr]    Compiling pin-project-lite v0.2.7
[INFO] [stderr]    Compiling itertools v0.10.1
[INFO] [stderr]    Compiling slab v0.4.5
[INFO] [stderr]    Compiling once_cell v1.8.0
[INFO] [stderr]    Compiling futures-channel v0.3.17
[INFO] [stderr]    Compiling ucd-trie v0.1.3
[INFO] [stderr]    Compiling unic-char-range v0.9.0
[INFO] [stderr]    Compiling cfg-expr v0.8.1
[INFO] [stderr]    Compiling unic-common v0.9.0
[INFO] [stderr]    Compiling unic-char-property v0.9.0
[INFO] [stderr]    Compiling tinystr v0.3.4
[INFO] [stderr]    Compiling gio v0.14.8
[INFO] [stderr]    Compiling heck v0.3.3
[INFO] [stderr]    Compiling pest v2.1.3
[INFO] [stderr]    Compiling unic-ucd-version v0.9.0
[INFO] [stderr]    Compiling unic-ucd-bidi v0.9.0
[INFO] [stderr]    Compiling memoffset v0.6.4
[INFO] [stderr]    Compiling arrayvec v0.7.2
[INFO] [stderr]    Compiling futures-io v0.3.17
[INFO] [stderr]    Compiling log v0.4.14
[INFO] [stderr]    Compiling unic-langid-impl v0.9.0
[INFO] [stderr]    Compiling memchr v2.4.1
[INFO] [stderr]    Compiling tracing-core v0.1.21
[INFO] [stderr]    Compiling gtk v0.14.3
[INFO] [stderr]    Compiling unic-bidi v0.9.0
[INFO] [stderr]    Compiling xi-unicode v0.3.0
[INFO] [stderr]    Compiling type-map v0.4.0
[INFO] [stderr]    Compiling kurbo v0.8.2
[INFO] [stderr]    Compiling unic-langid v0.9.0
[INFO] [stderr]    Compiling druid-shell v0.7.0 (https://github.com/linebender/druid.git#0a82b127)
[INFO] [stderr]    Compiling intl_pluralrules v7.0.1
[INFO] [stderr]    Compiling intl-memoizer v0.5.1
[INFO] [stderr]    Compiling fluent-langneg v0.13.0
[INFO] [stderr]    Compiling time v0.3.5
[INFO] [stderr]    Compiling quote v1.0.10
[INFO] [stderr]    Compiling thread_local v1.1.3
[INFO] [stderr]    Compiling semver-parser v0.10.2
[INFO] [stderr]    Compiling instant v0.1.12
[INFO] [stderr]    Compiling keyboard-types v0.6.2
[INFO] [stderr]    Compiling regex-syntax v0.6.25
[INFO] [stderr]    Compiling ansi_term v0.12.1
[INFO] [stderr]    Compiling self_cell v0.10.1
[INFO] [stderr]    Compiling aho-corasick v0.7.18
[INFO] [stderr]    Compiling sln_operations v0.1.0 (/opt/rustwide/workdir/sln_operations)
[INFO] [stderr]    Compiling atty v0.2.14
[INFO] [stderr]    Compiling termcolor v1.1.2
[INFO] [stderr]    Compiling humantime v2.1.0
[INFO] [stderr]    Compiling piet v0.5.0
[INFO] [stderr]    Compiling tracing-subscriber v0.2.25
[INFO] [stderr]    Compiling semver v0.11.0
[INFO] [stderr]    Compiling rustc_version v0.3.3
[INFO] [stderr]    Compiling ui_adapter v0.1.0 (/opt/rustwide/workdir/ui_adapter)
[INFO] [stderr]    Compiling find_slns v0.1.0 (/opt/rustwide/workdir/find_slns)
[INFO] [stderr]    Compiling field-offset v0.3.4
[INFO] [stderr]    Compiling regex v1.5.4
[INFO] [stderr]    Compiling toml v0.5.8
[INFO] [stderr]    Compiling futures-executor v0.3.17
[INFO] [stderr]    Compiling env_logger v0.9.0
[INFO] [stderr]    Compiling thiserror-impl v1.0.30
[INFO] [stderr]    Compiling strum_macros v0.21.1
[INFO] [stderr]    Compiling tracing-attributes v0.1.18
[INFO] [stderr]    Compiling druid-derive v0.4.0 (https://github.com/linebender/druid.git#0a82b127)
[INFO] [stderr]    Compiling tracing v0.1.29
[INFO] [stderr]    Compiling thiserror v1.0.30
[INFO] [stderr]    Compiling system-deps v3.2.0
[INFO] [stderr]    Compiling proc-macro-crate v1.1.0
[INFO] [stderr]    Compiling fluent-syntax v0.11.0
[INFO] [stderr]    Compiling glib-macros v0.14.1
[INFO] [stderr]    Compiling gtk3-macros v0.14.0
[INFO] [stderr]    Compiling glib-sys v0.14.0
[INFO] [stderr]    Compiling gobject-sys v0.14.0
[INFO] [stderr]    Compiling cairo-sys-rs v0.14.9
[INFO] [stderr]    Compiling pango-sys v0.14.0
[INFO] [stderr]    Compiling gio-sys v0.14.0
[INFO] [stderr]    Compiling gdk-pixbuf-sys v0.14.0
[INFO] [stderr]    Compiling atk-sys v0.14.0
[INFO] [stderr]    Compiling gdk-sys v0.14.0
[INFO] [stderr]    Compiling gtk-sys v0.14.0
[INFO] [stderr]    Compiling pangocairo-sys v0.14.0
[INFO] [stderr]    Compiling fluent-bundle v0.15.2
[INFO] [stderr]    Compiling glib v0.14.8
[INFO] [stderr]    Compiling pango v0.14.8
[INFO] [stderr]    Compiling cairo-rs v0.14.9
[INFO] [stderr]    Compiling atk v0.14.0
[INFO] [stderr]    Compiling pangocairo v0.14.0
[INFO] [stderr]    Compiling piet-cairo v0.5.0
[INFO] [stderr]    Compiling piet-common v0.5.0
[INFO] [stderr]    Compiling gdk-pixbuf v0.14.0
[INFO] [stderr]    Compiling gdk v0.14.3
[INFO] [stderr]    Compiling druid v0.7.0 (https://github.com/linebender/druid.git#0a82b127)
[INFO] [stderr]    Compiling ui v0.1.0 (/opt/rustwide/workdir/ui)
[INFO] [stdout] warning: unused import: `scroll_component::ScrollbarsEnabled`
[INFO] [stdout]  --> ui/src/main.rs:2:5
[INFO] [stdout]   |
[INFO] [stdout] 2 |     scroll_component::ScrollbarsEnabled,
[INFO] [stdout]   |     ^^^^^^^^^^^^^^^^^^^^^^^^^^^^^^^^^^^
[INFO] [stdout]   |
[INFO] [stdout]   = note: `#[warn(unused_imports)]` (part of `#[warn(unused)]`) on by default
[INFO] [stdout] 
[INFO] [stdout] 
[INFO] [stdout] warning: field `0` is never read
[INFO] [stdout]   --> ui/src/main.rs:28:14
[INFO] [stdout]    |
[INFO] [stdout] 28 |     Platform(PlatformError),
[INFO] [stdout]    |     -------- ^^^^^^^^^^^^^
[INFO] [stdout]    |     |
[INFO] [stdout]    |     field in this variant
[INFO] [stdout]    |
[INFO] [stdout]    = note: `ErrorUi` has a derived impl for the trait `Debug`, but this is intentionally ignored during dead code analysis
[INFO] [stdout]    = note: `#[warn(dead_code)]` (part of `#[warn(unused)]`) on by default
[INFO] [stdout] help: consider changing the field to be of unit type to suppress this warning while preserving the field numbering, or remove the field
[INFO] [stdout]    |
[INFO] [stdout] 28 -     Platform(PlatformError),
[INFO] [stdout] 28 +     Platform(()),
[INFO] [stdout]    |
[INFO] [stdout] 
[INFO] [stdout] 
[INFO] [stderr]     Finished `release` profile [optimized] target(s) in 2m 35s
[INFO] running `Command { std: "docker" "inspect" "133051b6af463e11d48b2d8d268468eda7b34ea56349984738ff5a271a23cf4a", kill_on_drop: false }`
[INFO] running `Command { std: "docker" "exec" "-e" "SOURCE_DIR=/opt/rustwide/workdir" "-e" "CARGO_HOME=/opt/rustwide/cargo-home" "-e" "RUSTUP_HOME=/opt/rustwide/rustup-home" "-e" "CARGO_TARGET_DIR=/opt/rustwide/target" "-e" "CARGO_INCREMENTAL=0" "-e" "RUST_BACKTRACE=full" "-e" "RUSTFLAGS=--cap-lints=warn" "-e" "RUSTDOCFLAGS=--cap-lints=warn" "-w" "/opt/rustwide/workdir" "--user" "0:0" "133051b6af463e11d48b2d8d268468eda7b34ea56349984738ff5a271a23cf4a" "/opt/rustwide/cargo-home/bin/cargo" "+1.100.0-beta.1" "test" "--frozen" "--no-run" "--message-format=json" "--release", kill_on_drop: false }`
[INFO] [stderr] warning: virtual workspace defaulting to `resolver = "1"` despite one or more workspace members being on edition 2021 which implies `resolver = "2"`
[INFO] [stderr]   |
[INFO] [stderr]   = note: to keep the current resolver, specify `workspace.resolver = "1"` in the workspace root's manifest
[INFO] [stderr]   = note: to use the edition 2021 resolver, specify `workspace.resolver = "2"` in the workspace root's manifest
[INFO] [stderr]   = note: for more details see https://doc.rust-lang.org/cargo/reference/resolver.html#resolver-versions
[INFO] [stderr]    Compiling ui_adapter v0.1.0 (/opt/rustwide/workdir/ui_adapter)
[INFO] [stderr]    Compiling find_slns v0.1.0 (/opt/rustwide/workdir/find_slns)
[INFO] [stderr]    Compiling sln_operations v0.1.0 (/opt/rustwide/workdir/sln_operations)
[INFO] [stderr]    Compiling ui v0.1.0 (/opt/rustwide/workdir/ui)
[INFO] [stdout] warning: unused import: `scroll_component::ScrollbarsEnabled`
[INFO] [stdout]  --> ui/src/main.rs:2:5
[INFO] [stdout]   |
[INFO] [stdout] 2 |     scroll_component::ScrollbarsEnabled,
[INFO] [stdout]   |     ^^^^^^^^^^^^^^^^^^^^^^^^^^^^^^^^^^^
[INFO] [stdout]   |
[INFO] [stdout]   = note: `#[warn(unused_imports)]` (part of `#[warn(unused)]`) on by default
[INFO] [stdout] 
[INFO] [stdout] 
[INFO] [stdout] warning: field `0` is never read
[INFO] [stdout]   --> ui/src/main.rs:28:14
[INFO] [stdout]    |
[INFO] [stdout] 28 |     Platform(PlatformError),
[INFO] [stdout]    |     -------- ^^^^^^^^^^^^^
[INFO] [stdout]    |     |
[INFO] [stdout]    |     field in this variant
[INFO] [stdout]    |
[INFO] [stdout]    = note: `ErrorUi` has a derived impl for the trait `Debug`, but this is intentionally ignored during dead code analysis
[INFO] [stdout]    = note: `#[warn(dead_code)]` (part of `#[warn(unused)]`) on by default
[INFO] [stdout] help: consider changing the field to be of unit type to suppress this warning while preserving the field numbering, or remove the field
[INFO] [stdout]    |
[INFO] [stdout] 28 -     Platform(PlatformError),
[INFO] [stdout] 28 +     Platform(()),
[INFO] [stdout]    |
[INFO] [stdout] 
[INFO] [stdout] 
[INFO] [stderr]     Finished `release` profile [optimized] target(s) in 1.63s
[INFO] running `Command { std: "docker" "inspect" "133051b6af463e11d48b2d8d268468eda7b34ea56349984738ff5a271a23cf4a", kill_on_drop: false }`
[INFO] running `Command { std: "docker" "exec" "-e" "SOURCE_DIR=/opt/rustwide/workdir" "-e" "CARGO_HOME=/opt/rustwide/cargo-home" "-e" "RUSTUP_HOME=/opt/rustwide/rustup-home" "-e" "CARGO_TARGET_DIR=/opt/rustwide/target" "-e" "CARGO_INCREMENTAL=0" "-e" "RUST_BACKTRACE=full" "-e" "RUSTFLAGS=--cap-lints=warn" "-e" "RUSTDOCFLAGS=--cap-lints=warn" "-w" "/opt/rustwide/workdir" "--user" "0:0" "133051b6af463e11d48b2d8d268468eda7b34ea56349984738ff5a271a23cf4a" "/opt/rustwide/cargo-home/bin/cargo" "+1.100.0-beta.1" "test" "--frozen" "--release", kill_on_drop: false }`
[INFO] [stderr] warning: virtual workspace defaulting to `resolver = "1"` despite one or more workspace members being on edition 2021 which implies `resolver = "2"`
[INFO] [stderr]   |
[INFO] [stderr]   = note: to keep the current resolver, specify `workspace.resolver = "1"` in the workspace root's manifest
[INFO] [stderr]   = note: to use the edition 2021 resolver, specify `workspace.resolver = "2"` in the workspace root's manifest
[INFO] [stderr]   = note: for more details see https://doc.rust-lang.org/cargo/reference/resolver.html#resolver-versions
[INFO] [stderr] warning: unused import: `scroll_component::ScrollbarsEnabled`
[INFO] [stderr]  --> ui/src/main.rs:2:5
[INFO] [stderr]   |
[INFO] [stderr] 2 |     scroll_component::ScrollbarsEnabled,
[INFO] [stderr]   |     ^^^^^^^^^^^^^^^^^^^^^^^^^^^^^^^^^^^
[INFO] [stderr]   |
[INFO] [stderr]   = note: `#[warn(unused_imports)]` (part of `#[warn(unused)]`) on by default
[INFO] [stderr] 
[INFO] [stderr] warning: field `0` is never read
[INFO] [stderr]   --> ui/src/main.rs:28:14
[INFO] [stderr]    |
[INFO] [stderr] 28 |     Platform(PlatformError),
[INFO] [stderr]    |     -------- ^^^^^^^^^^^^^
[INFO] [stderr]    |     |
[INFO] [stderr]    |     field in this variant
[INFO] [stderr]    |
[INFO] [stderr]    = note: `ErrorUi` has a derived impl for the trait `Debug`, but this is intentionally ignored during dead code analysis
[INFO] [stderr]    = note: `#[warn(dead_code)]` (part of `#[warn(unused)]`) on by default
[INFO] [stderr] help: consider changing the field to be of unit type to suppress this warning while preserving the field numbering, or remove the field
[INFO] [stderr]    |
[INFO] [stderr] 28 -     Platform(PlatformError),
[INFO] [stderr] 28 +     Platform(()),
[INFO] [stderr]    |
[INFO] [stderr] 
[INFO] [stderr] warning: `ui` (bin "ui" test) generated 2 warnings (run `cargo fix --bin "ui" -p ui --tests` to apply 1 suggestion)
[INFO] [stderr]     Finished `release` profile [optimized] target(s) in 0.15s
[INFO] [stderr]      Running unittests src/lib.rs (/opt/rustwide/target/release/build/find_slns/15483dffc6f512bf/out/find_slns-15483dffc6f512bf)
[INFO] [stdout] 
[INFO] [stdout] running 1 test
[INFO] [stdout] test tests::it_works ... ok
[INFO] [stderr]      Running unittests src/lib.rs (/opt/rustwide/target/release/build/sln_operations/607298302a244e86/out/sln_operations-607298302a244e86)
[INFO] [stdout] 
[INFO] [stdout] test result: ok. 1 passed; 0 failed; 0 ignored; 0 measured; 0 filtered out; finished in 0.00s
[INFO] [stdout] 
[INFO] [stdout] 
[INFO] [stdout] running 3 tests
[INFO] [stdout] test tests::build ... FAILED
[INFO] [stdout] test tests::open ... FAILED
[INFO] [stdout] test tests::kill ... FAILED
[INFO] [stdout] 
[INFO] [stdout] failures:
[INFO] [stdout] 
[INFO] [stdout] ---- tests::build stdout ----
[INFO] [stdout] Error: Os { code: 2, kind: NotFound, message: "No such file or directory" }
[INFO] [stdout] 
[INFO] [stdout] ---- tests::open stdout ----
[INFO] [stdout] Error: Os { code: 2, kind: NotFound, message: "No such file or directory" }
[INFO] [stdout] 
[INFO] [stdout] ---- tests::kill stdout ----
[INFO] [stdout] 
[INFO] [stdout] thread 'tests::kill' (2688) panicked at sln_operations/src/lib.rs:266:34:
[INFO] [stdout] called `Result::unwrap()` on an `Err` value: SendError { .. }
[INFO] [stdout] stack backtrace:
[INFO] [stdout]    0:     0x58ebe5721691 - <<std[617be2ca0a6fd877]::sys::backtrace::BacktraceLock>::print::DisplayBacktrace as core[a373ad73a504971]::fmt::Display>::fmt
[INFO] [stdout]    1:     0x58ebe5736c2a - core[a373ad73a504971]::fmt::write
[INFO] [stdout]    2:     0x58ebe5725dfc - <alloc[2e1b2a31b91974c5]::vec::Vec<u8> as core[a373ad73a504971]::io::write::Write>::write_fmt
[INFO] [stdout]    3:     0x58ebe56fd466 - std[617be2ca0a6fd877]::panicking::default_hook::{closure#0}
[INFO] [stdout]    4:     0x58ebe5719be9 - std[617be2ca0a6fd877]::panicking::default_hook
[INFO] [stdout]    5:     0x58ebe56b5820 - test[aada8e7e76ba119b]::test_main_inner::{closure#0}
[INFO] [stdout]    6:     0x58ebe5719da2 - std[617be2ca0a6fd877]::panicking::panic_with_hook
[INFO] [stdout]    7:     0x58ebe56fd512 - std[617be2ca0a6fd877]::panicking::panic_handler::{closure#0}
[INFO] [stdout]    8:     0x58ebe56f61f9 - std[617be2ca0a6fd877]::sys::backtrace::__rust_end_short_backtrace::<std[617be2ca0a6fd877]::panicking::panic_handler::{closure#0}, !>
[INFO] [stdout]    9:     0x58ebe56fe11d - __rustc[ea4f61d10b84890b]::rust_begin_unwind
[INFO] [stdout]   10:     0x58ebe573738c - core[a373ad73a504971]::panicking::panic_fmt
[INFO] [stdout]   11:     0x58ebe5737162 - core[a373ad73a504971]::result::unwrap_failed
[INFO] [stdout]   12:     0x58ebe5627d3e - <sln_operations[cf0c34201712a795]::tests::kill::{closure#0} as core[a373ad73a504971]::ops::function::FnOnce<()>>::call_once
[INFO] [stdout]   13:     0x58ebe56a8c6b - test[aada8e7e76ba119b]::__rust_begin_short_backtrace::<core[a373ad73a504971]::result::Result<(), alloc[2e1b2a31b91974c5]::string::String>, fn() -> core[a373ad73a504971]::result::Result<(), alloc[2e1b2a31b91974c5]::string::String>>
[INFO] [stdout]   14:     0x58ebe56b5e45 - test[aada8e7e76ba119b]::run_test::{closure#0}
[INFO] [stdout]   15:     0x58ebe56af734 - std[617be2ca0a6fd877]::sys::backtrace::__rust_begin_short_backtrace::<test[aada8e7e76ba119b]::run_test::{closure#1}, ()>
[INFO] [stdout]   16:     0x58ebe56b8ed2 - <std[617be2ca0a6fd877]::thread::lifecycle::spawn_unchecked<test[aada8e7e76ba119b]::run_test::{closure#1}, ()>::{closure#1} as core[a373ad73a504971]::ops::function::FnOnce<()>>::call_once::{shim:vtable#0}
[INFO] [stdout]   17:     0x58ebe5720eef - <std[617be2ca0a6fd877]::sys::thread::unix::Thread>::new::thread_start
[INFO] [stdout]   18:     0x7767b3458dfa - <unknown>
[INFO] [stdout]   19:     0x7767b34ec3d4 - clone
[INFO] [stdout]   20:                0x0 - <unknown>
[INFO] [stdout] 
[INFO] [stdout] 
[INFO] [stdout] failures:
[INFO] [stdout]     tests::build
[INFO] [stdout]     tests::kill
[INFO] [stdout]     tests::open
[INFO] [stdout] 
[INFO] [stdout] test result: FAILED. 0 passed; 3 failed; 0 ignored; 0 measured; 0 filtered out; finished in 1.00s
[INFO] [stdout] 
[INFO] [stderr] error: test failed, to rerun pass `-p sln_operations --lib`
[INFO] running `Command { std: "docker" "inspect" "133051b6af463e11d48b2d8d268468eda7b34ea56349984738ff5a271a23cf4a", kill_on_drop: false }`
[INFO] running `Command { std: "docker" "rm" "-f" "133051b6af463e11d48b2d8d268468eda7b34ea56349984738ff5a271a23cf4a", kill_on_drop: false }`
[INFO] [stdout] 133051b6af463e11d48b2d8d268468eda7b34ea56349984738ff5a271a23cf4a
