[INFO] cloning repository https://github.com/rainqubit/chi-chan
[INFO] running `Command { std: "git" "-c" "credential.helper=" "-c" "credential.helper=/workspace/cargo-home/bin/git-credential-null" "clone" "--bare" "https://github.com/rainqubit/chi-chan" "/workspace/cache/git-repos/https%3A%2F%2Fgithub.com%2Frainqubit%2Fchi-chan", kill_on_drop: false }`
[INFO] [stderr] Cloning into bare repository '/workspace/cache/git-repos/https%3A%2F%2Fgithub.com%2Frainqubit%2Fchi-chan'...
[INFO] running `Command { std: "git" "rev-parse" "HEAD", kill_on_drop: false }`
[INFO] [stdout] 3955d7e9e1148a59f3a77bd5a98d6c48fc42279c
[INFO] testing rainqubit/chi-chan against 1.100.0-beta.1+cargoflags=--release for beta-release-1.100-2
[INFO] running `Command { std: "git" "clone" "/workspace/cache/git-repos/https%3A%2F%2Fgithub.com%2Frainqubit%2Fchi-chan" "/workspace/builds/worker-2-tc2/source", kill_on_drop: false }`
[INFO] [stderr] Cloning into '/workspace/builds/worker-2-tc2/source'...
[INFO] [stderr] done.
[INFO] started tweaking git repo https://github.com/rainqubit/chi-chan
[INFO] finished tweaking git repo https://github.com/rainqubit/chi-chan
[INFO] tweaked toml for git repo https://github.com/rainqubit/chi-chan written to /workspace/builds/worker-2-tc2/source/Cargo.toml
[INFO] validating manifest of git repo https://github.com/rainqubit/chi-chan on toolchain 1.100.0-beta.1
[INFO] running `Command { std: CARGO_HOME="/workspace/cargo-home" RUSTUP_HOME="/workspace/rustup-home" "/workspace/cargo-home/bin/cargo" "+1.100.0-beta.1" "metadata" "--manifest-path" "Cargo.toml" "--no-deps", kill_on_drop: false }`
[INFO] crate git repo https://github.com/rainqubit/chi-chan already has a lockfile, it will not be regenerated
[INFO] running `Command { std: CARGO_HOME="/workspace/cargo-home" RUSTUP_HOME="/workspace/rustup-home" "/workspace/cargo-home/bin/cargo" "+1.100.0-beta.1" "fetch" "--manifest-path" "Cargo.toml", kill_on_drop: false }`
[INFO] running `Command { std: "docker" "create" "-v" "/var/lib/crater-agent-workspace/builds/worker-2-tc2/source:/opt/rustwide/workdir:ro,Z" "-v" "/var/lib/crater-agent-workspace/builds/worker-2-tc2/target:/opt/rustwide/target:rw,Z" "-v" "/var/lib/crater-agent-workspace/cargo-home:/opt/rustwide/cargo-home:ro,Z" "-v" "/var/lib/crater-agent-workspace/rustup-home:/opt/rustwide/rustup-home:ro,Z" "-m" "1610612736" "--network" "none" "ghcr.io/rust-lang/crates-build-env/linux@sha256:77db811e55d90add9212f6832c23229e3de5f1c1f9905e8cb07319ea15df73ac" "sleep" "infinity", kill_on_drop: false }`
[INFO] [stdout] b5d44f788e733060c2f3179bb9696a13521228ed1ed047ca43bbff6ad48674b0
[INFO] running `Command { std: "docker" "start" "b5d44f788e733060c2f3179bb9696a13521228ed1ed047ca43bbff6ad48674b0", kill_on_drop: false }`
[INFO] running `Command { std: "docker" "inspect" "b5d44f788e733060c2f3179bb9696a13521228ed1ed047ca43bbff6ad48674b0", kill_on_drop: false }`
[INFO] running `Command { std: "docker" "exec" "-e" "SOURCE_DIR=/opt/rustwide/workdir" "-e" "CARGO_HOME=/opt/rustwide/cargo-home" "-e" "RUSTUP_HOME=/opt/rustwide/rustup-home" "-e" "CARGO_TARGET_DIR=/opt/rustwide/target" "-w" "/opt/rustwide/workdir" "--user" "0:0" "b5d44f788e733060c2f3179bb9696a13521228ed1ed047ca43bbff6ad48674b0" "/opt/rustwide/cargo-home/bin/cargo" "+1.100.0-beta.1" "metadata" "--no-deps" "--format-version=1", kill_on_drop: false }`
[INFO] running `Command { std: "docker" "inspect" "b5d44f788e733060c2f3179bb9696a13521228ed1ed047ca43bbff6ad48674b0", kill_on_drop: false }`
[INFO] running `Command { std: "docker" "exec" "-e" "SOURCE_DIR=/opt/rustwide/workdir" "-e" "CARGO_HOME=/opt/rustwide/cargo-home" "-e" "RUSTUP_HOME=/opt/rustwide/rustup-home" "-e" "CARGO_TARGET_DIR=/opt/rustwide/target" "-e" "CARGO_INCREMENTAL=0" "-e" "RUST_BACKTRACE=full" "-e" "RUSTFLAGS=--cap-lints=warn" "-e" "RUSTDOCFLAGS=--cap-lints=warn" "-w" "/opt/rustwide/workdir" "--user" "0:0" "b5d44f788e733060c2f3179bb9696a13521228ed1ed047ca43bbff6ad48674b0" "/opt/rustwide/cargo-home/bin/cargo" "+1.100.0-beta.1" "build" "--frozen" "--message-format=json" "--release", kill_on_drop: false }`
[INFO] [stderr]    Compiling autocfg v1.0.0
[INFO] [stderr]    Compiling libc v0.2.74
[INFO] [stderr]    Compiling libm v0.2.1
[INFO] [stderr]    Compiling log v0.4.11
[INFO] [stderr]    Compiling proc-macro2 v0.4.30
[INFO] [stderr]    Compiling xml-rs v0.8.3
[INFO] [stderr]    Compiling bitflags v1.2.1
[INFO] [stderr]    Compiling unicode-xid v0.1.0
[INFO] [stderr]    Compiling maybe-uninit v2.0.0
[INFO] [stderr]    Compiling scopeguard v1.1.0
[INFO] [stderr]    Compiling byteorder v1.3.4
[INFO] [stderr]    Compiling num-traits v0.2.12
[INFO] [stderr]    Compiling crossbeam-utils v0.7.2
[INFO] [stderr]    Compiling memoffset v0.5.5
[INFO] [stderr]    Compiling crossbeam-epoch v0.8.2
[INFO] [stderr]    Compiling cfg-if v0.1.10
[INFO] [stderr]    Compiling pkg-config v0.3.18
[INFO] [stderr]    Compiling quote v0.6.13
[INFO] [stderr]    Compiling void v1.0.2
[INFO] [stderr]    Compiling stb_truetype v0.3.1
[INFO] [stderr]    Compiling autocfg v0.1.7
[INFO] [stderr]    Compiling rustc-hash v1.1.0
[INFO] [stderr]    Compiling syn v0.15.44
[INFO] [stderr]    Compiling libloading v0.6.2
[INFO] [stderr]    Compiling rand_core v0.4.2
[INFO] [stderr]    Compiling linked-hash-map v0.5.3
[INFO] [stderr]    Compiling wayland-scanner v0.23.6
[INFO] [stderr]    Compiling crossbeam-deque v0.7.3
[INFO] [stderr]    Compiling num_cpus v1.13.0
[INFO] [stderr]    Compiling getrandom v0.1.14
[INFO] [stderr]    Compiling nix v0.14.1
[INFO] [stderr]    Compiling iovec v0.1.4
[INFO] [stderr]    Compiling net2 v0.2.34
[INFO] [stderr]    Compiling slab v0.4.2
[INFO] [stderr]    Compiling dlib v0.4.2
[INFO] [stderr]    Compiling approx v0.3.2
[INFO] [stderr]    Compiling ordered-float v1.1.0
[INFO] [stderr]    Compiling mio v0.6.22
[INFO] [stderr]    Compiling rusttype v0.8.3
[INFO] [stderr]    Compiling gl_generator v0.13.1
[INFO] [stderr]    Compiling num-integer v0.1.43
[INFO] [stderr]    Compiling lazycell v1.2.1
[INFO] [stderr]    Compiling rand_core v0.5.1
[INFO] [stderr]    Compiling wayland-sys v0.23.6
[INFO] [stderr]    Compiling rand_core v0.3.1
[INFO] [stderr]    Compiling rayon-core v1.7.1
[INFO] [stderr]    Compiling ppv-lite86 v0.2.8
[INFO] [stderr]    Compiling wayland-client v0.23.6
[INFO] [stderr]    Compiling mio-extras v2.0.6
[INFO] [stderr]    Compiling rand_chacha v0.2.2
[INFO] [stderr]    Compiling wayland-protocols v0.23.6
[INFO] [stderr]    Compiling x11-dl v2.18.5
[INFO] [stderr]    Compiling arrayvec v0.4.12
[INFO] [stderr]    Compiling downcast-rs v1.2.0
[INFO] [stderr]    Compiling walkdir v2.3.1
[INFO] [stderr]    Compiling rand v0.7.3
[INFO] [stderr]    Compiling rusttype v0.7.9
[INFO] [stderr]    Compiling line_drawing v0.7.0
[INFO] [stderr]    Compiling euclid_macros v0.1.0
[INFO] [stderr]    Compiling rand_pcg v0.1.2
[INFO] [stderr]    Compiling rand_chacha v0.1.1
[INFO] [stderr]    Compiling crossbeam-queue v0.2.3
[INFO] [stderr]    Compiling libudev-sys v0.1.4
[INFO] [stderr]    Compiling gl_generator v0.14.0
[INFO] [stderr]    Compiling num-rational v0.2.4
[INFO] [stderr]    Compiling num-iter v0.1.41
[INFO] [stderr]    Compiling rayon v1.3.1
[INFO] [stderr]    Compiling num-complex v0.2.4
[INFO] [stderr]    Compiling draw_state v0.8.0
[INFO] [stderr]    Compiling nodrop v0.1.14
[INFO] [stderr]    Compiling typenum v1.12.0
[INFO] [stderr]    Compiling adler32 v1.2.0
[INFO] [stderr]    Compiling smallvec v1.4.1
[INFO] [stderr]    Compiling num-derive v0.2.5
[INFO] [stderr]    Compiling nix v0.15.0
[INFO] [stderr]    Compiling xi-unicode v0.2.1
[INFO] [stderr]    Compiling xdg v2.2.0
[INFO] [stderr]    Compiling cc v1.0.58
[INFO] [stderr]    Compiling parking_lot_core v0.7.2
[INFO] [stderr]    Compiling gfx_gl v0.6.1
[INFO] [stderr]    Compiling glyph_brush_layout v0.1.9
[INFO] [stderr]    Compiling gfx_core v0.9.2
[INFO] [stderr]    Compiling twox-hash v1.5.0
[INFO] [stderr]    Compiling calloop v0.4.4
[INFO] [stderr]    Compiling wayland-commons v0.23.6
[INFO] [stderr]    Compiling andrew v0.2.1
[INFO] [stderr]    Compiling libloading v0.5.2
[INFO] [stderr]    Compiling euclid v0.19.9
[INFO] [stderr]    Compiling glutin_glx_sys v0.1.6
[INFO] [stderr]    Compiling glutin_egl_sys v0.1.4
[INFO] [stderr]    Compiling memmap v0.7.0
[INFO] [stderr]    Compiling rand v0.6.5
[INFO] [stderr]    Compiling lock_api v0.3.4
[INFO] [stderr]    Compiling lzw v0.10.0
[INFO] [stderr]    Compiling adler v0.2.3
[INFO] [stderr]    Compiling libm v0.1.4
[INFO] [stderr]    Compiling either v1.5.3
[INFO] [stderr]    Compiling gimli v0.22.0
[INFO] [stderr]    Compiling miniz_oxide v0.4.0
[INFO] [stderr]    Compiling parking_lot v0.10.2
[INFO] [stderr]    Compiling lyon_geom v0.12.7
[INFO] [stderr]    Compiling glyph_brush v0.6.3
[INFO] [stderr]    Compiling addr2line v0.13.0
[INFO] [stderr]    Compiling inflate v0.4.5
[INFO] [stderr]    Compiling deflate v0.7.20
[INFO] [stderr]    Compiling rand_xorshift v0.1.1
[INFO] [stderr]    Compiling rand_isaac v0.1.1
[INFO] [stderr]    Compiling rand_hc v0.1.0
[INFO] [stderr]    Compiling num-traits v0.1.43
[INFO] [stderr]    Compiling rand_os v0.1.3
[INFO] [stderr]    Compiling rand_jitter v0.1.4
[INFO] [stderr]    Compiling shared_library v0.1.9
[INFO] [stderr]    Compiling raw-window-handle v0.3.3
[INFO] [stderr]    Compiling rawpointer v0.2.1
[INFO] [stderr]    Compiling color_quant v1.0.1
[INFO] [stderr]    Compiling percent-encoding v2.1.0
[INFO] [stderr]    Compiling object v0.20.0
[INFO] [stderr]    Compiling uuid v0.8.1
[INFO] [stderr]    Compiling rustc-demangle v0.1.16
[INFO] [stderr]    Compiling vec_map v0.8.2
[INFO] [stderr]    Compiling instant v0.1.6
[INFO] [stderr]    Compiling tiff v0.2.2
[INFO] [stderr]    Compiling gif v0.10.3
[INFO] [stderr]    Compiling matrixmultiply v0.2.3
[INFO] [stderr]    Compiling png v0.14.1
[INFO] [stderr]    Compiling osmesa-sys v0.1.2
[INFO] [stderr]    Compiling sid v0.5.2
[INFO] [stderr]    Compiling generic-array v0.12.3
[INFO] [stderr]    Compiling jpeg-decoder v0.1.20
[INFO] [stderr]    Compiling backtrace v0.3.50
[INFO] [stderr]    Compiling glyph_brush v0.5.4
[INFO] [stderr]    Compiling alga v0.9.3
[INFO] [stderr]    Compiling gilrs-core v0.2.6
[INFO] [stderr]    Compiling lyon_path v0.13.2
[INFO] [stderr]    Compiling gfx v0.18.2
[INFO] [stderr]    Compiling coffee v0.4.1
[INFO] [stderr]    Compiling scoped_threadpool v0.1.9
[INFO] [stderr]    Compiling gfx_glyph v0.15.0
[INFO] [stderr]    Compiling image v0.21.3
[INFO] [stderr]    Compiling stretch v0.2.2
[INFO] [stderr]    Compiling gilrs v0.7.4
[INFO] [stderr]    Compiling lyon_tessellation v0.13.5
[INFO] [stderr]    Compiling nalgebra v0.18.1
[INFO] [stderr]    Compiling gfx_device_gl v0.16.2
[INFO] [stderr]    Compiling smithay-client-toolkit v0.6.6
[INFO] [stderr]    Compiling winit v0.22.2
[INFO] [stderr]    Compiling glutin v0.24.1
[INFO] [stderr]    Compiling chichan v0.1.0 (/opt/rustwide/workdir)
[INFO] [stderr]     Finished `release` profile [optimized] target(s) in 3m 18s
[INFO] [stderr] warning: the following packages contain code that will be rejected by a future version of Rust: gfx_device_gl v0.16.2, gilrs-core v0.2.6, glutin v0.24.1, winit v0.22.2
[INFO] [stderr] note: to see what the problems were, use the option `--future-incompat-report`, or run `cargo report future-incompatibilities --id 2`
[INFO] running `Command { std: "docker" "inspect" "b5d44f788e733060c2f3179bb9696a13521228ed1ed047ca43bbff6ad48674b0", kill_on_drop: false }`
[INFO] running `Command { std: "docker" "exec" "-e" "SOURCE_DIR=/opt/rustwide/workdir" "-e" "CARGO_HOME=/opt/rustwide/cargo-home" "-e" "RUSTUP_HOME=/opt/rustwide/rustup-home" "-e" "CARGO_TARGET_DIR=/opt/rustwide/target" "-e" "CARGO_INCREMENTAL=0" "-e" "RUST_BACKTRACE=full" "-e" "RUSTFLAGS=--cap-lints=warn" "-e" "RUSTDOCFLAGS=--cap-lints=warn" "-w" "/opt/rustwide/workdir" "--user" "0:0" "b5d44f788e733060c2f3179bb9696a13521228ed1ed047ca43bbff6ad48674b0" "/opt/rustwide/cargo-home/bin/cargo" "+1.100.0-beta.1" "test" "--frozen" "--no-run" "--message-format=json" "--release", kill_on_drop: false }`
[INFO] [stderr]    Compiling chichan v0.1.0 (/opt/rustwide/workdir)
[INFO] [stderr]     Finished `release` profile [optimized] target(s) in 1.05s
[INFO] [stderr] warning: the following packages contain code that will be rejected by a future version of Rust: gfx_device_gl v0.16.2, gilrs-core v0.2.6, glutin v0.24.1, winit v0.22.2
[INFO] [stderr] note: to see what the problems were, use the option `--future-incompat-report`, or run `cargo report future-incompatibilities --id 2`
[INFO] running `Command { std: "docker" "inspect" "b5d44f788e733060c2f3179bb9696a13521228ed1ed047ca43bbff6ad48674b0", kill_on_drop: false }`
[INFO] running `Command { std: "docker" "exec" "-e" "SOURCE_DIR=/opt/rustwide/workdir" "-e" "CARGO_HOME=/opt/rustwide/cargo-home" "-e" "RUSTUP_HOME=/opt/rustwide/rustup-home" "-e" "CARGO_TARGET_DIR=/opt/rustwide/target" "-e" "CARGO_INCREMENTAL=0" "-e" "RUST_BACKTRACE=full" "-e" "RUSTFLAGS=--cap-lints=warn" "-e" "RUSTDOCFLAGS=--cap-lints=warn" "-w" "/opt/rustwide/workdir" "--user" "0:0" "b5d44f788e733060c2f3179bb9696a13521228ed1ed047ca43bbff6ad48674b0" "/opt/rustwide/cargo-home/bin/cargo" "+1.100.0-beta.1" "test" "--frozen" "--release", kill_on_drop: false }`
[INFO] [stderr]     Finished `release` profile [optimized] target(s) in 0.22s
[INFO] [stderr] warning: the following packages contain code that will be rejected by a future version of Rust: gfx_device_gl v0.16.2, gilrs-core v0.2.6, glutin v0.24.1, winit v0.22.2
[INFO] [stderr] note: to see what the problems were, use the option `--future-incompat-report`, or run `cargo report future-incompatibilities --id 2`
[INFO] [stderr]      Running unittests src/main.rs (/opt/rustwide/target/release/build/chichan/48224ed03121c2b4/out/chichan-48224ed03121c2b4)
[INFO] [stdout] 
[INFO] [stdout] running 7 tests
[INFO] [stdout] test test_chip8::test_chip8::test_OP_8xy3 ... ok
[INFO] [stdout] test test_chip8::test_chip8::test_OP_fx55 ... ok
[INFO] [stdout] test test_chip8::test_chip8::test_OP_8xy0 ... ok
[INFO] [stdout] test test_chip8::test_chip8::test_OP_8xy1 ... ok
[INFO] [stdout] test test_chip8::test_chip8::test_OP_8xy2 ... ok
[INFO] [stdout] test test_chip8::test_chip8::test_OP_00E0 ... FAILED
[INFO] [stdout] test test_chip8::test_chip8::test_video_to_2d ... FAILED
[INFO] [stdout] 
[INFO] [stdout] failures:
[INFO] [stdout] 
[INFO] [stdout] ---- test_chip8::test_chip8::test_OP_00E0 stdout ----
[INFO] [stdout] 
[INFO] [stdout] thread 'test_chip8::test_chip8::test_OP_00E0' (8489) panicked at src/test_chip8.rs:38:42:
[INFO] [stdout] index out of bounds: the len is 2048 but the index is 2048
[INFO] [stdout] stack backtrace:
[INFO] [stdout]    0:     0x5e20c23320f1 - <<std[617be2ca0a6fd877]::sys::backtrace::BacktraceLock>::print::DisplayBacktrace as core[a373ad73a504971]::fmt::Display>::fmt
[INFO] [stdout]    1:     0x5e20c23466ea - core[a373ad73a504971]::fmt::write
[INFO] [stdout]    2:     0x5e20c233630c - <alloc[2e1b2a31b91974c5]::vec::Vec<u8> as core[a373ad73a504971]::io::write::Write>::write_fmt
[INFO] [stdout]    3:     0x5e20c230e556 - std[617be2ca0a6fd877]::panicking::default_hook::{closure#0}
[INFO] [stdout]    4:     0x5e20c232a789 - std[617be2ca0a6fd877]::panicking::default_hook
[INFO] [stdout]    5:     0x5e20c22c3fb0 - test[aada8e7e76ba119b]::test_main_inner::{closure#0}
[INFO] [stdout]    6:     0x5e20c232a942 - std[617be2ca0a6fd877]::panicking::panic_with_hook
[INFO] [stdout]    7:     0x5e20c230e602 - std[617be2ca0a6fd877]::panicking::panic_handler::{closure#0}
[INFO] [stdout]    8:     0x5e20c2307319 - std[617be2ca0a6fd877]::sys::backtrace::__rust_end_short_backtrace::<std[617be2ca0a6fd877]::panicking::panic_handler::{closure#0}, !>
[INFO] [stdout]    9:     0x5e20c230f20d - __rustc[ea4f61d10b84890b]::rust_begin_unwind
[INFO] [stdout]   10:     0x5e20c2346e1c - core[a373ad73a504971]::panicking::panic_fmt
[INFO] [stdout]   11:     0x5e20c2346c6c - core[a373ad73a504971]::panicking::panic_bounds_check
[INFO] [stdout]   12:     0x5e20c22b6bfb - <chichan[3490dae1d2fe5c41]::test_chip8::test_chip8::test_OP_00E0::{closure#0} as core[a373ad73a504971]::ops::function::FnOnce<()>>::call_once
[INFO] [stdout]   13:     0x5e20c22b73fb - test[aada8e7e76ba119b]::__rust_begin_short_backtrace::<core[a373ad73a504971]::result::Result<(), alloc[2e1b2a31b91974c5]::string::String>, fn() -> core[a373ad73a504971]::result::Result<(), alloc[2e1b2a31b91974c5]::string::String>>
[INFO] [stdout]   14:     0x5e20c22c45d5 - test[aada8e7e76ba119b]::run_test::{closure#0}
[INFO] [stdout]   15:     0x5e20c22bdec4 - std[617be2ca0a6fd877]::sys::backtrace::__rust_begin_short_backtrace::<test[aada8e7e76ba119b]::run_test::{closure#1}, ()>
[INFO] [stdout]   16:     0x5e20c22c7662 - <std[617be2ca0a6fd877]::thread::lifecycle::spawn_unchecked<test[aada8e7e76ba119b]::run_test::{closure#1}, ()>::{closure#1} as core[a373ad73a504971]::ops::function::FnOnce<()>>::call_once::{shim:vtable#0}
[INFO] [stdout]   17:     0x5e20c233194f - <std[617be2ca0a6fd877]::sys::thread::unix::Thread>::new::thread_start
[INFO] [stdout]   18:     0x7d63dadd8dfa - <unknown>
[INFO] [stdout]   19:     0x7d63dae6c3d4 - clone
[INFO] [stdout]   20:                0x0 - <unknown>
[INFO] [stdout] 
[INFO] [stdout] ---- test_chip8::test_chip8::test_video_to_2d stdout ----
[INFO] [stdout] 
[INFO] [stdout] thread 'test_chip8::test_chip8::test_video_to_2d' (8495) panicked at src/test_chip8.rs:26:9:
[INFO] [stdout] assertion `left == right` failed
[INFO] [stdout]   left: 0
[INFO] [stdout]  right: 16777215
[INFO] [stdout] stack backtrace:
[INFO] [stdout]    0:     0x5e20c23320f1 - <<std[617be2ca0a6fd877]::sys::backtrace::BacktraceLock>::print::DisplayBacktrace as core[a373ad73a504971]::fmt::Display>::fmt
[INFO] [stdout]    1:     0x5e20c23466ea - core[a373ad73a504971]::fmt::write
[INFO] [stdout]    2:     0x5e20c233630c - <alloc[2e1b2a31b91974c5]::vec::Vec<u8> as core[a373ad73a504971]::io::write::Write>::write_fmt
[INFO] [stdout]    3:     0x5e20c230e556 - std[617be2ca0a6fd877]::panicking::default_hook::{closure#0}
[INFO] [stdout]    4:     0x5e20c232a789 - std[617be2ca0a6fd877]::panicking::default_hook
[INFO] [stdout]    5:     0x5e20c22c3fb0 - test[aada8e7e76ba119b]::test_main_inner::{closure#0}
[INFO] [stdout]    6:     0x5e20c232a942 - std[617be2ca0a6fd877]::panicking::panic_with_hook
[INFO] [stdout]    7:     0x5e20c230e602 - std[617be2ca0a6fd877]::panicking::panic_handler::{closure#0}
[INFO] [stdout]    8:     0x5e20c2307319 - std[617be2ca0a6fd877]::sys::backtrace::__rust_end_short_backtrace::<std[617be2ca0a6fd877]::panicking::panic_handler::{closure#0}, !>
[INFO] [stdout]    9:     0x5e20c230f20d - __rustc[ea4f61d10b84890b]::rust_begin_unwind
[INFO] [stdout]   10:     0x5e20c2346e1c - core[a373ad73a504971]::panicking::panic_fmt
[INFO] [stdout]   11:     0x5e20c2346d33 - core[a373ad73a504971]::panicking::assert_failed_inner
[INFO] [stdout]   12:     0x5e20c2306eea - core[a373ad73a504971]::panicking::assert_failed::<u32, u32>
[INFO] [stdout]   13:     0x5e20c22b72b7 - <chichan[3490dae1d2fe5c41]::test_chip8::test_chip8::test_video_to_2d::{closure#0} as core[a373ad73a504971]::ops::function::FnOnce<()>>::call_once
[INFO] [stdout]   14:     0x5e20c22b73fb - test[aada8e7e76ba119b]::__rust_begin_short_backtrace::<core[a373ad73a504971]::result::Result<(), alloc[2e1b2a31b91974c5]::string::String>, fn() -> core[a373ad73a504971]::result::Result<(), alloc[2e1b2a31b91974c5]::string::String>>
[INFO] [stdout]   15:     0x5e20c22c45d5 - test[aada8e7e76ba119b]::run_test::{closure#0}
[INFO] [stdout]   16:     0x5e20c22bdec4 - std[617be2ca0a6fd877]::sys::backtrace::__rust_begin_short_backtrace::<test[aada8e7e76ba119b]::run_test::{closure#1}, ()>
[INFO] [stdout]   17:     0x5e20c22c7662 - <std[617be2ca0a6fd877]::thread::lifecycle::spawn_unchecked<test[aada8e7e76ba119b]::run_test::{closure#1}, ()>::{closure#1} as core[a373ad73a504971]::ops::function::FnOnce<()>>::call_once::{shim:vtable#0}
[INFO] [stdout]   18:     0x5e20c233194f - <std[617be2ca0a6fd877]::sys::thread::unix::Thread>::new::thread_start
[INFO] [stdout]   19:     0x7d63dadd8dfa - <unknown>
[INFO] [stdout]   20:     0x7d63dae6c3d4 - clone
[INFO] [stdout]   21:                0x0 - <unknown>
[INFO] [stdout] 
[INFO] [stdout] 
[INFO] [stdout] failures:
[INFO] [stdout]     test_chip8::test_chip8::test_OP_00E0
[INFO] [stdout]     test_chip8::test_chip8::test_video_to_2d
[INFO] [stdout] 
[INFO] [stdout] test result: FAILED. 5 passed; 2 failed; 0 ignored; 0 measured; 0 filtered out; finished in 0.01s
[INFO] [stdout] 
[INFO] [stderr] error: test failed, to rerun pass `--bin chichan`
[INFO] running `Command { std: "docker" "inspect" "b5d44f788e733060c2f3179bb9696a13521228ed1ed047ca43bbff6ad48674b0", kill_on_drop: false }`
[INFO] running `Command { std: "docker" "rm" "-f" "b5d44f788e733060c2f3179bb9696a13521228ed1ed047ca43bbff6ad48674b0", kill_on_drop: false }`
[INFO] [stdout] b5d44f788e733060c2f3179bb9696a13521228ed1ed047ca43bbff6ad48674b0
