[INFO] cloning repository https://github.com/rafervi/Rust_jipity
[INFO] running `Command { std: "git" "-c" "credential.helper=" "-c" "credential.helper=/workspace/cargo-home/bin/git-credential-null" "clone" "--bare" "https://github.com/rafervi/Rust_jipity" "/workspace/cache/git-repos/https%3A%2F%2Fgithub.com%2Frafervi%2FRust_jipity", kill_on_drop: false }`
[INFO] [stderr] Cloning into bare repository '/workspace/cache/git-repos/https%3A%2F%2Fgithub.com%2Frafervi%2FRust_jipity'...
[INFO] running `Command { std: "git" "rev-parse" "HEAD", kill_on_drop: false }`
[INFO] [stdout] 70418952232ac60a4492578586cde43013bee88a
[INFO] testing rafervi/Rust_jipity against 1.100.0-beta.1+cargoflags=--release for beta-release-1.100-2
[INFO] running `Command { std: "git" "clone" "/workspace/cache/git-repos/https%3A%2F%2Fgithub.com%2Frafervi%2FRust_jipity" "/workspace/builds/worker-2-tc2/source", kill_on_drop: false }`
[INFO] [stderr] Cloning into '/workspace/builds/worker-2-tc2/source'...
[INFO] [stderr] done.
[INFO] started tweaking git repo https://github.com/rafervi/Rust_jipity
[INFO] finished tweaking git repo https://github.com/rafervi/Rust_jipity
[INFO] tweaked toml for git repo https://github.com/rafervi/Rust_jipity written to /workspace/builds/worker-2-tc2/source/Cargo.toml
[INFO] validating manifest of git repo https://github.com/rafervi/Rust_jipity on toolchain 1.100.0-beta.1
[INFO] running `Command { std: CARGO_HOME="/workspace/cargo-home" RUSTUP_HOME="/workspace/rustup-home" "/workspace/cargo-home/bin/cargo" "+1.100.0-beta.1" "metadata" "--manifest-path" "Cargo.toml" "--no-deps", kill_on_drop: false }`
[INFO] crate git repo https://github.com/rafervi/Rust_jipity already has a lockfile, it will not be regenerated
[INFO] running `Command { std: CARGO_HOME="/workspace/cargo-home" RUSTUP_HOME="/workspace/rustup-home" "/workspace/cargo-home/bin/cargo" "+1.100.0-beta.1" "fetch" "--manifest-path" "Cargo.toml", kill_on_drop: false }`
[INFO] running `Command { std: "docker" "create" "-v" "/var/lib/crater-agent-workspace/builds/worker-2-tc2/source:/opt/rustwide/workdir:ro,Z" "-v" "/var/lib/crater-agent-workspace/builds/worker-2-tc2/target:/opt/rustwide/target:rw,Z" "-v" "/var/lib/crater-agent-workspace/cargo-home:/opt/rustwide/cargo-home:ro,Z" "-v" "/var/lib/crater-agent-workspace/rustup-home:/opt/rustwide/rustup-home:ro,Z" "-m" "1610612736" "--network" "none" "ghcr.io/rust-lang/crates-build-env/linux@sha256:77db811e55d90add9212f6832c23229e3de5f1c1f9905e8cb07319ea15df73ac" "sleep" "infinity", kill_on_drop: false }`
[INFO] [stdout] 198736841c167cca440a49dd6adc70a63c0ac5b6616a9dcb2dfef533902cc46d
[INFO] running `Command { std: "docker" "start" "198736841c167cca440a49dd6adc70a63c0ac5b6616a9dcb2dfef533902cc46d", kill_on_drop: false }`
[INFO] running `Command { std: "docker" "inspect" "198736841c167cca440a49dd6adc70a63c0ac5b6616a9dcb2dfef533902cc46d", kill_on_drop: false }`
[INFO] running `Command { std: "docker" "exec" "-e" "SOURCE_DIR=/opt/rustwide/workdir" "-e" "CARGO_HOME=/opt/rustwide/cargo-home" "-e" "RUSTUP_HOME=/opt/rustwide/rustup-home" "-e" "CARGO_TARGET_DIR=/opt/rustwide/target" "-w" "/opt/rustwide/workdir" "--user" "0:0" "198736841c167cca440a49dd6adc70a63c0ac5b6616a9dcb2dfef533902cc46d" "/opt/rustwide/cargo-home/bin/cargo" "+1.100.0-beta.1" "metadata" "--no-deps" "--format-version=1", kill_on_drop: false }`
[INFO] running `Command { std: "docker" "inspect" "198736841c167cca440a49dd6adc70a63c0ac5b6616a9dcb2dfef533902cc46d", kill_on_drop: false }`
[INFO] running `Command { std: "docker" "exec" "-e" "SOURCE_DIR=/opt/rustwide/workdir" "-e" "CARGO_HOME=/opt/rustwide/cargo-home" "-e" "RUSTUP_HOME=/opt/rustwide/rustup-home" "-e" "CARGO_TARGET_DIR=/opt/rustwide/target" "-e" "CARGO_INCREMENTAL=0" "-e" "RUST_BACKTRACE=full" "-e" "RUSTFLAGS=--cap-lints=warn" "-e" "RUSTDOCFLAGS=--cap-lints=warn" "-w" "/opt/rustwide/workdir" "--user" "0:0" "198736841c167cca440a49dd6adc70a63c0ac5b6616a9dcb2dfef533902cc46d" "/opt/rustwide/cargo-home/bin/cargo" "+1.100.0-beta.1" "build" "--frozen" "--message-format=json" "--release", kill_on_drop: false }`
[INFO] [stderr]    Compiling proc-macro2 v1.0.70
[INFO] [stderr]    Compiling libc v0.2.151
[INFO] [stderr]    Compiling parking_lot_core v0.9.9
[INFO] [stderr]    Compiling pkg-config v0.3.28
[INFO] [stderr]    Compiling smallvec v1.11.2
[INFO] [stderr]    Compiling futures-core v0.3.29
[INFO] [stderr]    Compiling lock_api v0.4.11
[INFO] [stderr]    Compiling futures-task v0.3.29
[INFO] [stderr]    Compiling tracing-core v0.1.32
[INFO] [stderr]    Compiling openssl v0.10.61
[INFO] [stderr]    Compiling futures-util v0.3.29
[INFO] [stderr]    Compiling http v0.2.11
[INFO] [stderr]    Compiling mio v0.8.10
[INFO] [stderr]    Compiling futures-channel v0.3.29
[INFO] [stderr]    Compiling serde v1.0.193
[INFO] [stderr]    Compiling native-tls v0.2.11
[INFO] [stderr]    Compiling futures-sink v0.3.29
[INFO] [stderr]    Compiling hashbrown v0.14.3
[INFO] [stderr]    Compiling unicode-normalization v0.1.22
[INFO] [stderr]    Compiling unicode-bidi v0.3.14
[INFO] [stderr]    Compiling signal-hook v0.3.17
[INFO] [stderr]    Compiling serde_json v1.0.108
[INFO] [stderr]    Compiling async-trait v0.1.74
[INFO] [stderr]    Compiling tracing v0.1.40
[INFO] [stderr]    Compiling encoding_rs v0.8.33
[INFO] [stderr]    Compiling ipnet v2.9.0
[INFO] [stderr]    Compiling base64 v0.21.5
[INFO] [stderr]    Compiling parking_lot v0.12.1
[INFO] [stderr]    Compiling home v0.5.9
[INFO] [stderr]    Compiling strum v0.25.0
[INFO] [stderr]    Compiling dotenv v0.15.0
[INFO] [stderr]    Compiling quote v1.0.33
[INFO] [stderr]    Compiling indexmap v2.1.0
[INFO] [stderr]    Compiling syn v2.0.41
[INFO] [stderr]    Compiling http-body v0.4.6
[INFO] [stderr]    Compiling signal-hook-mio v0.2.3
[INFO] [stderr]    Compiling idna v0.5.0
[INFO] [stderr]    Compiling crossterm v0.27.0
[INFO] [stderr]    Compiling cc v1.0.83
[INFO] [stderr]    Compiling url v2.5.0
[INFO] [stderr]    Compiling openssl-sys v0.9.97
[INFO] [stderr]    Compiling webbrowser v0.8.12
[INFO] [stderr]    Compiling tokio-macros v2.2.0
[INFO] [stderr]    Compiling openssl-macros v0.1.1
[INFO] [stderr]    Compiling serde_derive v1.0.193
[INFO] [stderr]    Compiling ai_functions v0.1.1
[INFO] [stderr]    Compiling strum_macros v0.25.3
[INFO] [stderr]    Compiling tokio v1.35.1
[INFO] [stderr]    Compiling tokio-util v0.7.10
[INFO] [stderr]    Compiling tokio-native-tls v0.3.1
[INFO] [stderr]    Compiling h2 v0.3.22
[INFO] [stderr]    Compiling serde_urlencoded v0.7.1
[INFO] [stderr]    Compiling hyper v0.14.28
[INFO] [stderr]    Compiling hyper-tls v0.5.0
[INFO] [stderr]    Compiling reqwest v0.11.23
[INFO] [stderr]    Compiling auto_gippity v0.1.0 (/opt/rustwide/workdir)
[INFO] [stdout] warning: multiple lines skipped by escaped newline
[INFO] [stdout]   --> src/helpers/general.rs:21:86
[INFO] [stdout]    |
[INFO] [stdout] 21 |       INSTRUCTIONS: You are a function printer. You ONLY print the result of functions.\
[INFO] [stdout]    |  ______________________________________________________________________________________^
[INFO] [stdout] 22 | |
[INFO] [stdout] 23 | |     Nothing else. No commentary. Here is the input to the function {func_input}.\
[INFO] [stdout]    | |____^ skipping everything up to and including this point
[INFO] [stdout] 
[INFO] [stdout] 
[INFO] [stdout] warning: unused import: `serde::Deserialize`
[INFO] [stdout]  --> src/helpers/general.rs:6:5
[INFO] [stdout]   |
[INFO] [stdout] 6 | use serde::Deserialize;
[INFO] [stdout]   |     ^^^^^^^^^^^^^^^^^^
[INFO] [stdout]   |
[INFO] [stdout]   = note: `#[warn(unused_imports)]` (part of `#[warn(unused)]`) on by default
[INFO] [stdout] 
[INFO] [stdout] 
[INFO] [stdout] warning: unused import: `std::error::Error`
[INFO] [stdout]  --> src/models/agents/agents_architects.rs:1:5
[INFO] [stdout]   |
[INFO] [stdout] 1 | use std::error::Error;
[INFO] [stdout]   |     ^^^^^^^^^^^^^^^^^
[INFO] [stdout] 
[INFO] [stdout] 
[INFO] [stdout] warning: unused import: `crate::ai_functions::aifunc_arch::print_project_scope`
[INFO] [stdout]  --> src/models/agents_manager/managing_agent.rs:1:5
[INFO] [stdout]   |
[INFO] [stdout] 1 | use crate::ai_functions::aifunc_arch::print_project_scope;
[INFO] [stdout]   |     ^^^^^^^^^^^^^^^^^^^^^^^^^^^^^^^^^^^^^^^^^^^^^^^^^^^^^
[INFO] [stdout] 
[INFO] [stdout] 
[INFO] [stdout] warning: unused import: `ai_task_request_decoded`
[INFO] [stdout]  --> src/models/agents_manager/managing_agent.rs:3:48
[INFO] [stdout]   |
[INFO] [stdout] 3 | use crate::helpers::general::{ai_task_request, ai_task_request_decoded};
[INFO] [stdout]   |                                                ^^^^^^^^^^^^^^^^^^^^^^^
[INFO] [stdout] 
[INFO] [stdout] 
[INFO] [stdout] warning: unused import: `ProjectScope`
[INFO] [stdout]  --> src/models/agents_manager/managing_agent.rs:6:55
[INFO] [stdout]   |
[INFO] [stdout] 6 | use crate::models::agents::agents_traits::{FactSheet, ProjectScope, SpecialFunctions};
[INFO] [stdout]   |                                                       ^^^^^^^^^^^^
[INFO] [stdout] 
[INFO] [stdout] 
[INFO] [stdout] warning: unused variable: `llm_response`
[INFO] [stdout]   --> src/helpers/general.rs:49:9
[INFO] [stdout]    |
[INFO] [stdout] 49 |     let llm_response = match llm_response_res {
[INFO] [stdout]    |         ^^^^^^^^^^^^ help: if this is intentional, prefix it with an underscore: `_llm_response`
[INFO] [stdout]    |
[INFO] [stdout]    = note: `#[warn(unused_variables)]` (part of `#[warn(unused)]`) on by default
[INFO] [stdout] 
[INFO] [stdout] 
[INFO] [stdout] warning: unused variable: `agent_res`
[INFO] [stdout]   --> src/models/agents_manager/managing_agent.rs:64:21
[INFO] [stdout]    |
[INFO] [stdout] 64 |                 let agent_res: Result<(), Box<dyn std::error::Error>> = agent.execute(&mut self.factsheet).await;
[INFO] [stdout]    |                     ^^^^^^^^^ help: if this is intentional, prefix it with an underscore: `_agent_res`
[INFO] [stdout] 
[INFO] [stdout] 
[INFO] [stderr] warning: unused dependency `strum`
[INFO] [stderr]  --> Cargo.toml:7:1
[INFO] [stderr]   |
[INFO] [stderr] 7 | strum = "0.25.0"
[INFO] [stderr]   | ^^^^^^^^^^^^^^^^
[INFO] [stderr]   |
[INFO] [stderr]   = note: `cargo::unused_dependencies` is set to `warn` by default
[INFO] [stderr] help: consider removing the dependency on `strum`
[INFO] [stderr] warning: unused dependency `strum_macros`
[INFO] [stderr]  --> Cargo.toml:8:1
[INFO] [stderr]   |
[INFO] [stderr] 8 | strum_macros = "0.25.3"
[INFO] [stderr]   | ^^^^^^^^^^^^^^^^^^^^^^^
[INFO] [stderr]   |
[INFO] [stderr] help: consider removing the dependency on `strum_macros`
[INFO] [stderr] warning: unused dependency `webbrowser`
[INFO] [stderr]  --> Cargo.toml:9:1
[INFO] [stderr]   |
[INFO] [stderr] 9 | webbrowser = "0.8.12"
[INFO] [stderr]   | ^^^^^^^^^^^^^^^^^^^^^
[INFO] [stderr]   |
[INFO] [stderr] help: consider removing the dependency on `webbrowser`
[INFO] [stderr] warning: `auto_gippity` (manifest) generated 3 warnings
[INFO] [stderr]     Finished `release` profile [optimized] target(s) in 58.49s
[INFO] running `Command { std: "docker" "inspect" "198736841c167cca440a49dd6adc70a63c0ac5b6616a9dcb2dfef533902cc46d", kill_on_drop: false }`
[INFO] running `Command { std: "docker" "exec" "-e" "SOURCE_DIR=/opt/rustwide/workdir" "-e" "CARGO_HOME=/opt/rustwide/cargo-home" "-e" "RUSTUP_HOME=/opt/rustwide/rustup-home" "-e" "CARGO_TARGET_DIR=/opt/rustwide/target" "-e" "CARGO_INCREMENTAL=0" "-e" "RUST_BACKTRACE=full" "-e" "RUSTFLAGS=--cap-lints=warn" "-e" "RUSTDOCFLAGS=--cap-lints=warn" "-w" "/opt/rustwide/workdir" "--user" "0:0" "198736841c167cca440a49dd6adc70a63c0ac5b6616a9dcb2dfef533902cc46d" "/opt/rustwide/cargo-home/bin/cargo" "+1.100.0-beta.1" "test" "--frozen" "--no-run" "--message-format=json" "--release", kill_on_drop: false }`
[INFO] [stderr]    Compiling auto_gippity v0.1.0 (/opt/rustwide/workdir)
[INFO] [stdout] warning: multiple lines skipped by escaped newline
[INFO] [stdout]   --> src/helpers/general.rs:21:86
[INFO] [stdout]    |
[INFO] [stdout] 21 |       INSTRUCTIONS: You are a function printer. You ONLY print the result of functions.\
[INFO] [stdout]    |  ______________________________________________________________________________________^
[INFO] [stdout] 22 | |
[INFO] [stdout] 23 | |     Nothing else. No commentary. Here is the input to the function {func_input}.\
[INFO] [stdout]    | |____^ skipping everything up to and including this point
[INFO] [stdout] 
[INFO] [stdout] 
[INFO] [stdout] warning: unused import: `serde::Deserialize`
[INFO] [stdout]  --> src/helpers/general.rs:6:5
[INFO] [stdout]   |
[INFO] [stdout] 6 | use serde::Deserialize;
[INFO] [stdout]   |     ^^^^^^^^^^^^^^^^^^
[INFO] [stdout]   |
[INFO] [stdout]   = note: `#[warn(unused_imports)]` (part of `#[warn(unused)]`) on by default
[INFO] [stdout] 
[INFO] [stdout] 
[INFO] [stdout] warning: unused import: `std::error::Error`
[INFO] [stdout]  --> src/models/agents/agents_architects.rs:1:5
[INFO] [stdout]   |
[INFO] [stdout] 1 | use std::error::Error;
[INFO] [stdout]   |     ^^^^^^^^^^^^^^^^^
[INFO] [stdout] 
[INFO] [stdout] 
[INFO] [stdout] warning: unused import: `crate::ai_functions::aifunc_arch::print_project_scope`
[INFO] [stdout]  --> src/models/agents_manager/managing_agent.rs:1:5
[INFO] [stdout]   |
[INFO] [stdout] 1 | use crate::ai_functions::aifunc_arch::print_project_scope;
[INFO] [stdout]   |     ^^^^^^^^^^^^^^^^^^^^^^^^^^^^^^^^^^^^^^^^^^^^^^^^^^^^^
[INFO] [stdout] 
[INFO] [stdout] 
[INFO] [stdout] warning: unused import: `ai_task_request_decoded`
[INFO] [stdout]  --> src/models/agents_manager/managing_agent.rs:3:48
[INFO] [stdout]   |
[INFO] [stdout] 3 | use crate::helpers::general::{ai_task_request, ai_task_request_decoded};
[INFO] [stdout]   |                                                ^^^^^^^^^^^^^^^^^^^^^^^
[INFO] [stdout] 
[INFO] [stdout] 
[INFO] [stdout] warning: unused import: `ProjectScope`
[INFO] [stdout]  --> src/models/agents_manager/managing_agent.rs:6:55
[INFO] [stdout]   |
[INFO] [stdout] 6 | use crate::models::agents::agents_traits::{FactSheet, ProjectScope, SpecialFunctions};
[INFO] [stdout]   |                                                       ^^^^^^^^^^^^
[INFO] [stdout] 
[INFO] [stdout] 
[INFO] [stdout] warning: unused variable: `llm_response`
[INFO] [stdout]   --> src/helpers/general.rs:49:9
[INFO] [stdout]    |
[INFO] [stdout] 49 |     let llm_response = match llm_response_res {
[INFO] [stdout]    |         ^^^^^^^^^^^^ help: if this is intentional, prefix it with an underscore: `_llm_response`
[INFO] [stdout]    |
[INFO] [stdout]    = note: `#[warn(unused_variables)]` (part of `#[warn(unused)]`) on by default
[INFO] [stdout] 
[INFO] [stdout] 
[INFO] [stdout] warning: unused variable: `agent_res`
[INFO] [stdout]   --> src/models/agents_manager/managing_agent.rs:64:21
[INFO] [stdout]    |
[INFO] [stdout] 64 |                 let agent_res: Result<(), Box<dyn std::error::Error>> = agent.execute(&mut self.factsheet).await;
[INFO] [stdout]    |                     ^^^^^^^^^ help: if this is intentional, prefix it with an underscore: `_agent_res`
[INFO] [stdout] 
[INFO] [stdout] 
[INFO] [stderr] warning: unused dependency `strum`
[INFO] [stderr]  --> Cargo.toml:7:1
[INFO] [stderr]   |
[INFO] [stderr] 7 | strum = "0.25.0"
[INFO] [stderr]   | ^^^^^^^^^^^^^^^^
[INFO] [stderr]   |
[INFO] [stderr]   = note: `cargo::unused_dependencies` is set to `warn` by default
[INFO] [stderr] help: consider removing the dependency on `strum`
[INFO] [stderr] warning: unused dependency `strum_macros`
[INFO] [stderr]  --> Cargo.toml:8:1
[INFO] [stderr]   |
[INFO] [stderr] 8 | strum_macros = "0.25.3"
[INFO] [stderr]   | ^^^^^^^^^^^^^^^^^^^^^^^
[INFO] [stderr]   |
[INFO] [stderr] help: consider removing the dependency on `strum_macros`
[INFO] [stderr] warning: unused dependency `webbrowser`
[INFO] [stderr]  --> Cargo.toml:9:1
[INFO] [stderr]   |
[INFO] [stderr] 9 | webbrowser = "0.8.12"
[INFO] [stderr]   | ^^^^^^^^^^^^^^^^^^^^^
[INFO] [stderr]   |
[INFO] [stderr] help: consider removing the dependency on `webbrowser`
[INFO] [stderr] warning: `auto_gippity` (manifest) generated 3 warnings
[INFO] [stderr]     Finished `release` profile [optimized] target(s) in 4.38s
[INFO] running `Command { std: "docker" "inspect" "198736841c167cca440a49dd6adc70a63c0ac5b6616a9dcb2dfef533902cc46d", kill_on_drop: false }`
[INFO] running `Command { std: "docker" "exec" "-e" "SOURCE_DIR=/opt/rustwide/workdir" "-e" "CARGO_HOME=/opt/rustwide/cargo-home" "-e" "RUSTUP_HOME=/opt/rustwide/rustup-home" "-e" "CARGO_TARGET_DIR=/opt/rustwide/target" "-e" "CARGO_INCREMENTAL=0" "-e" "RUST_BACKTRACE=full" "-e" "RUSTFLAGS=--cap-lints=warn" "-e" "RUSTDOCFLAGS=--cap-lints=warn" "-w" "/opt/rustwide/workdir" "--user" "0:0" "198736841c167cca440a49dd6adc70a63c0ac5b6616a9dcb2dfef533902cc46d" "/opt/rustwide/cargo-home/bin/cargo" "+1.100.0-beta.1" "test" "--frozen" "--release", kill_on_drop: false }`
[INFO] [stderr] warning: multiple lines skipped by escaped newline
[INFO] [stderr]   --> src/helpers/general.rs:21:86
[INFO] [stderr]    |
[INFO] [stderr] 21 |       INSTRUCTIONS: You are a function printer. You ONLY print the result of functions.\
[INFO] [stderr]    |  ______________________________________________________________________________________^
[INFO] [stderr] 22 | |
[INFO] [stderr] 23 | |     Nothing else. No commentary. Here is the input to the function {func_input}.\
[INFO] [stderr]    | |____^ skipping everything up to and including this point
[INFO] [stderr] 
[INFO] [stderr] warning: unused import: `serde::Deserialize`
[INFO] [stderr]  --> src/helpers/general.rs:6:5
[INFO] [stderr]   |
[INFO] [stderr] 6 | use serde::Deserialize;
[INFO] [stderr]   |     ^^^^^^^^^^^^^^^^^^
[INFO] [stderr]   |
[INFO] [stderr]   = note: `#[warn(unused_imports)]` (part of `#[warn(unused)]`) on by default
[INFO] [stderr] 
[INFO] [stderr] warning: unused import: `std::error::Error`
[INFO] [stderr]  --> src/models/agents/agents_architects.rs:1:5
[INFO] [stderr]   |
[INFO] [stderr] 1 | use std::error::Error;
[INFO] [stderr]   |     ^^^^^^^^^^^^^^^^^
[INFO] [stderr] 
[INFO] [stderr] warning: unused import: `crate::ai_functions::aifunc_arch::print_project_scope`
[INFO] [stderr]  --> src/models/agents_manager/managing_agent.rs:1:5
[INFO] [stderr]   |
[INFO] [stderr] 1 | use crate::ai_functions::aifunc_arch::print_project_scope;
[INFO] [stderr]   |     ^^^^^^^^^^^^^^^^^^^^^^^^^^^^^^^^^^^^^^^^^^^^^^^^^^^^^
[INFO] [stderr] 
[INFO] [stderr] warning: unused import: `ai_task_request_decoded`
[INFO] [stderr]  --> src/models/agents_manager/managing_agent.rs:3:48
[INFO] [stderr]   |
[INFO] [stderr] 3 | use crate::helpers::general::{ai_task_request, ai_task_request_decoded};
[INFO] [stderr]   |                                                ^^^^^^^^^^^^^^^^^^^^^^^
[INFO] [stderr] 
[INFO] [stderr] warning: unused import: `ProjectScope`
[INFO] [stderr]  --> src/models/agents_manager/managing_agent.rs:6:55
[INFO] [stderr]   |
[INFO] [stderr] 6 | use crate::models::agents::agents_traits::{FactSheet, ProjectScope, SpecialFunctions};
[INFO] [stderr]   |                                                       ^^^^^^^^^^^^
[INFO] [stderr] 
[INFO] [stderr] warning: unused variable: `llm_response`
[INFO] [stderr]   --> src/helpers/general.rs:49:9
[INFO] [stderr]    |
[INFO] [stderr] 49 |     let llm_response = match llm_response_res {
[INFO] [stderr]    |         ^^^^^^^^^^^^ help: if this is intentional, prefix it with an underscore: `_llm_response`
[INFO] [stderr]    |
[INFO] [stderr]    = note: `#[warn(unused_variables)]` (part of `#[warn(unused)]`) on by default
[INFO] [stderr] 
[INFO] [stderr] warning: unused variable: `agent_res`
[INFO] [stderr]   --> src/models/agents_manager/managing_agent.rs:64:21
[INFO] [stderr]    |
[INFO] [stderr] 64 |                 let agent_res: Result<(), Box<dyn std::error::Error>> = agent.execute(&mut self.factsheet).await;
[INFO] [stderr]    |                     ^^^^^^^^^ help: if this is intentional, prefix it with an underscore: `_agent_res`
[INFO] [stderr] 
[INFO] [stderr] warning: `auto_gippity` (bin "auto_gippity" test) generated 8 warnings (run `cargo fix --bin "auto_gippity" -p auto_gippity --tests` to apply 7 suggestions)
[INFO] [stderr] warning: unused dependency `strum`
[INFO] [stderr]  --> Cargo.toml:7:1
[INFO] [stderr]   |
[INFO] [stderr] 7 | strum = "0.25.0"
[INFO] [stderr]   | ^^^^^^^^^^^^^^^^
[INFO] [stderr]   |
[INFO] [stderr]   = note: `cargo::unused_dependencies` is set to `warn` by default
[INFO] [stderr] help: consider removing the dependency on `strum`
[INFO] [stderr] warning: unused dependency `strum_macros`
[INFO] [stderr]  --> Cargo.toml:8:1
[INFO] [stderr]   |
[INFO] [stderr] 8 | strum_macros = "0.25.3"
[INFO] [stderr]   | ^^^^^^^^^^^^^^^^^^^^^^^
[INFO] [stderr]   |
[INFO] [stderr] help: consider removing the dependency on `strum_macros`
[INFO] [stderr] warning: unused dependency `webbrowser`
[INFO] [stderr]  --> Cargo.toml:9:1
[INFO] [stderr]   |
[INFO] [stderr] 9 | webbrowser = "0.8.12"
[INFO] [stderr]   | ^^^^^^^^^^^^^^^^^^^^^
[INFO] [stderr]   |
[INFO] [stderr] help: consider removing the dependency on `webbrowser`
[INFO] [stderr] warning: `auto_gippity` (manifest) generated 3 warnings
[INFO] [stderr]     Finished `release` profile [optimized] target(s) in 0.13s
[INFO] [stderr]      Running unittests src/main.rs (/opt/rustwide/target/release/build/auto_gippity/59b852a6087c0ea3/out/auto_gippity-59b852a6087c0ea3)
[INFO] [stdout] 
[INFO] [stdout] running 7 tests
[INFO] [stdout] test helpers::general::tests::tests_extending_ai_function ... ok
[INFO] [stdout] [38;5;10m[38;5;14m[0m[38;5;10m[38;5;14m[0mtest helpers::command_lines::test::tests_print_agent_msg ... ok
[INFO] [stdout] [38;5;10m[38;5;14m[0m[38;5;10m[38;5;14m[0mtest apis::call_request::tests::tests_call_to_openai ... FAILED
[INFO] [stdout] test models::agents::agents_backend::tests::tests_backend_developer ... FAILED
[INFO] [stdout] test models::agents_manager::managing_agent::tests::tests_managing_agent ... FAILED
[INFO] [stdout] test models::agents::agents_architects::tests::tests_solution_architect ... FAILED
[INFO] [stdout] test helpers::general::tests::tests_ai_task_request ... FAILED
[INFO] [stdout] 
[INFO] [stdout] failures:
[INFO] [stdout] 
[INFO] [stdout] ---- apis::call_request::tests::tests_call_to_openai stdout ----
[INFO] [stdout] 
[INFO] [stdout] thread 'apis::call_request::tests::tests_call_to_openai' (1549) panicked at src/apis/call_request.rs:13:43:
[INFO] [stdout] OPEN_AI_KEY not found in environment variables: NotPresent
[INFO] [stdout] stack backtrace:
[INFO] [stdout]    0:     0x6523856e0e81 - <<std[617be2ca0a6fd877]::sys::backtrace::BacktraceLock>::print::DisplayBacktrace as core[a373ad73a504971]::fmt::Display>::fmt
[INFO] [stdout]    1:     0x6523856f7c6a - core[a373ad73a504971]::fmt::write
[INFO] [stdout]    2:     0x6523856e573c - <alloc[2e1b2a31b91974c5]::vec::Vec<u8> as core[a373ad73a504971]::io::write::Write>::write_fmt
[INFO] [stdout]    3:     0x6523856bb486 - std[617be2ca0a6fd877]::panicking::default_hook::{closure#0}
[INFO] [stdout]    4:     0x6523856d8819 - std[617be2ca0a6fd877]::panicking::default_hook
[INFO] [stdout]    5:     0x652385526e50 - test[aada8e7e76ba119b]::test_main_inner::{closure#0}
[INFO] [stdout]    6:     0x6523856d8b42 - std[617be2ca0a6fd877]::panicking::panic_with_hook
[INFO] [stdout]    7:     0x6523856bb532 - std[617be2ca0a6fd877]::panicking::panic_handler::{closure#0}
[INFO] [stdout]    8:     0x6523856b3d19 - std[617be2ca0a6fd877]::sys::backtrace::__rust_end_short_backtrace::<std[617be2ca0a6fd877]::panicking::panic_handler::{closure#0}, !>
[INFO] [stdout]    9:     0x6523856bc44d - __rustc[ea4f61d10b84890b]::rust_begin_unwind
[INFO] [stdout]   10:     0x6523856f83cc - core[a373ad73a504971]::panicking::panic_fmt
[INFO] [stdout]   11:     0x6523856f81a2 - core[a373ad73a504971]::result::unwrap_failed
[INFO] [stdout]   12:     0x6523855176e8 - auto_gippity[b546671569dbd013]::apis::call_request::tests::tests_call_to_openai::{closure#0}
[INFO] [stdout]   13:     0x6523855026ab - <tokio[a2ee83714af9103f]::runtime::scheduler::current_thread::CurrentThread>::block_on::<core[a373ad73a504971]::pin::Pin<&mut dyn core[a373ad73a504971]::future::future::Future<Output = ()>>>
[INFO] [stdout]   14:     0x652385505612 - <tokio[a2ee83714af9103f]::runtime::runtime::Runtime>::block_on::<core[a373ad73a504971]::pin::Pin<&mut dyn core[a373ad73a504971]::future::future::Future<Output = ()>>>
[INFO] [stdout]   15:     0x65238551853e - <auto_gippity[b546671569dbd013]::apis::call_request::tests::tests_call_to_openai::{closure#0} as core[a373ad73a504971]::ops::function::FnOnce<()>>::call_once
[INFO] [stdout]   16:     0x65238551a29b - test[aada8e7e76ba119b]::__rust_begin_short_backtrace::<core[a373ad73a504971]::result::Result<(), alloc[2e1b2a31b91974c5]::string::String>, fn() -> core[a373ad73a504971]::result::Result<(), alloc[2e1b2a31b91974c5]::string::String>>
[INFO] [stdout]   17:     0x652385527475 - test[aada8e7e76ba119b]::run_test::{closure#0}
[INFO] [stdout]   18:     0x652385520d64 - std[617be2ca0a6fd877]::sys::backtrace::__rust_begin_short_backtrace::<test[aada8e7e76ba119b]::run_test::{closure#1}, ()>
[INFO] [stdout]   19:     0x65238552a502 - <std[617be2ca0a6fd877]::thread::lifecycle::spawn_unchecked<test[aada8e7e76ba119b]::run_test::{closure#1}, ()>::{closure#1} as core[a373ad73a504971]::ops::function::FnOnce<()>>::call_once::{shim:vtable#0}
[INFO] [stdout]   20:     0x6523856dfdef - <std[617be2ca0a6fd877]::sys::thread::unix::Thread>::new::thread_start
[INFO] [stdout]   21:     0x7d761fcc7dfa - <unknown>
[INFO] [stdout]   22:     0x7d761fd5b3d4 - clone
[INFO] [stdout]   23:                0x0 - <unknown>
[INFO] [stdout] 
[INFO] [stdout] ---- models::agents::agents_backend::tests::tests_backend_developer stdout ----
[INFO] [stdout] 
[INFO] [stdout] thread 'models::agents::agents_backend::tests::tests_backend_developer' (1554) panicked at src/models/agents/agents_backend.rs:343:76:
[INFO] [stdout] called `Result::unwrap()` on an `Err` value: Error("missing field `is_external_url_required`", line: 8, column: 9)
[INFO] [stdout] stack backtrace:
[INFO] [stdout]    0:     0x6523856e0e81 - <<std[617be2ca0a6fd877]::sys::backtrace::BacktraceLock>::print::DisplayBacktrace as core[a373ad73a504971]::fmt::Display>::fmt
[INFO] [stdout]    1:     0x6523856f7c6a - core[a373ad73a504971]::fmt::write
[INFO] [stdout]    2:     0x6523856e573c - <alloc[2e1b2a31b91974c5]::vec::Vec<u8> as core[a373ad73a504971]::io::write::Write>::write_fmt
[INFO] [stdout]    3:     0x6523856bb486 - std[617be2ca0a6fd877]::panicking::default_hook::{closure#0}
[INFO] [stdout]    4:     0x6523856d8819 - std[617be2ca0a6fd877]::panicking::default_hook
[INFO] [stdout]    5:     0x652385526e50 - test[aada8e7e76ba119b]::test_main_inner::{closure#0}
[INFO] [stdout]    6:     0x6523856d8b42 - std[617be2ca0a6fd877]::panicking::panic_with_hook
[INFO] [stdout]    7:     0x6523856bb532 - std[617be2ca0a6fd877]::panicking::panic_handler::{closure#0}
[INFO] [stdout]    8:     0x6523856b3d19 - std[617be2ca0a6fd877]::sys::backtrace::__rust_end_short_backtrace::<std[617be2ca0a6fd877]::panicking::panic_handler::{closure#0}, !>
[INFO] [stdout]    9:     0x6523856bc44d - __rustc[ea4f61d10b84890b]::rust_begin_unwind
[INFO] [stdout]   10:     0x6523856f83cc - core[a373ad73a504971]::panicking::panic_fmt
[INFO] [stdout]   11:     0x6523856f81a2 - core[a373ad73a504971]::result::unwrap_failed
[INFO] [stdout]   12:     0x652385507cdb - auto_gippity[b546671569dbd013]::models::agents::agents_backend::tests::tests_backend_developer::{closure#0}
[INFO] [stdout]   13:     0x6523855026ab - <tokio[a2ee83714af9103f]::runtime::scheduler::current_thread::CurrentThread>::block_on::<core[a373ad73a504971]::pin::Pin<&mut dyn core[a373ad73a504971]::future::future::Future<Output = ()>>>
[INFO] [stdout]   14:     0x652385505612 - <tokio[a2ee83714af9103f]::runtime::runtime::Runtime>::block_on::<core[a373ad73a504971]::pin::Pin<&mut dyn core[a373ad73a504971]::future::future::Future<Output = ()>>>
[INFO] [stdout]   15:     0x65238550a00e - <auto_gippity[b546671569dbd013]::models::agents::agents_backend::tests::tests_backend_developer::{closure#0} as core[a373ad73a504971]::ops::function::FnOnce<()>>::call_once
[INFO] [stdout]   16:     0x65238551a29b - test[aada8e7e76ba119b]::__rust_begin_short_backtrace::<core[a373ad73a504971]::result::Result<(), alloc[2e1b2a31b91974c5]::string::String>, fn() -> core[a373ad73a504971]::result::Result<(), alloc[2e1b2a31b91974c5]::string::String>>
[INFO] [stdout]   17:     0x652385527475 - test[aada8e7e76ba119b]::run_test::{closure#0}
[INFO] [stdout]   18:     0x652385520d64 - std[617be2ca0a6fd877]::sys::backtrace::__rust_begin_short_backtrace::<test[aada8e7e76ba119b]::run_test::{closure#1}, ()>
[INFO] [stdout]   19:     0x65238552a502 - <std[617be2ca0a6fd877]::thread::lifecycle::spawn_unchecked<test[aada8e7e76ba119b]::run_test::{closure#1}, ()>::{closure#1} as core[a373ad73a504971]::ops::function::FnOnce<()>>::call_once::{shim:vtable#0}
[INFO] [stdout]   20:     0x6523856dfdef - <std[617be2ca0a6fd877]::sys::thread::unix::Thread>::new::thread_start
[INFO] [stdout]   21:     0x7d761fcc7dfa - <unknown>
[INFO] [stdout]   22:     0x7d761fd5b3d4 - clone
[INFO] [stdout]   23:                0x0 - <unknown>
[INFO] [stdout] 
[INFO] [stdout] ---- models::agents_manager::managing_agent::tests::tests_managing_agent stdout ----
[INFO] [stdout] Agent: Project Managerconvert_user_input_to_goal
[INFO] [stdout] convert_user_input_to_goal
[INFO] [stdout] 
[INFO] [stdout] thread 'models::agents_manager::managing_agent::tests::tests_managing_agent' (1555) panicked at src/apis/call_request.rs:13:43:
[INFO] [stdout] OPEN_AI_KEY not found in environment variables: NotPresent
[INFO] [stdout] stack backtrace:
[INFO] [stdout]    0:     0x6523856e0e81 - <<std[617be2ca0a6fd877]::sys::backtrace::BacktraceLock>::print::DisplayBacktrace as core[a373ad73a504971]::fmt::Display>::fmt
[INFO] [stdout]    1:     0x6523856f7c6a - core[a373ad73a504971]::fmt::write
[INFO] [stdout]    2:     0x6523856e573c - <alloc[2e1b2a31b91974c5]::vec::Vec<u8> as core[a373ad73a504971]::io::write::Write>::write_fmt
[INFO] [stdout]    3:     0x6523856bb486 - std[617be2ca0a6fd877]::panicking::default_hook::{closure#0}
[INFO] [stdout]    4:     0x6523856d8819 - std[617be2ca0a6fd877]::panicking::default_hook
[INFO] [stdout]    5:     0x652385526e50 - test[aada8e7e76ba119b]::test_main_inner::{closure#0}
[INFO] [stdout]    6:     0x6523856d8b42 - std[617be2ca0a6fd877]::panicking::panic_with_hook
[INFO] [stdout]    7:     0x6523856bb532 - std[617be2ca0a6fd877]::panicking::panic_handler::{closure#0}
[INFO] [stdout]    8:     0x6523856b3d19 - std[617be2ca0a6fd877]::sys::backtrace::__rust_end_short_backtrace::<std[617be2ca0a6fd877]::panicking::panic_handler::{closure#0}, !>
[INFO] [stdout]    9:     0x6523856bc44d - __rustc[ea4f61d10b84890b]::rust_begin_unwind
[INFO] [stdout]   10:     0x6523856f83cc - core[a373ad73a504971]::panicking::panic_fmt
[INFO] [stdout]   11:     0x6523856f81a2 - core[a373ad73a504971]::result::unwrap_failed
[INFO] [stdout]   12:     0x65238550ff3c - auto_gippity[b546671569dbd013]::apis::call_request::call_gpt::{closure#0}
[INFO] [stdout]   13:     0x652385510e0f - auto_gippity[b546671569dbd013]::models::agents_manager::managing_agent::tests::tests_managing_agent::{closure#0}
[INFO] [stdout]   14:     0x6523855026ab - <tokio[a2ee83714af9103f]::runtime::scheduler::current_thread::CurrentThread>::block_on::<core[a373ad73a504971]::pin::Pin<&mut dyn core[a373ad73a504971]::future::future::Future<Output = ()>>>
[INFO] [stdout]   15:     0x652385505612 - <tokio[a2ee83714af9103f]::runtime::runtime::Runtime>::block_on::<core[a373ad73a504971]::pin::Pin<&mut dyn core[a373ad73a504971]::future::future::Future<Output = ()>>>
[INFO] [stdout]   16:     0x652385511b7e - <auto_gippity[b546671569dbd013]::models::agents_manager::managing_agent::tests::tests_managing_agent::{closure#0} as core[a373ad73a504971]::ops::function::FnOnce<()>>::call_once
[INFO] [stdout]   17:     0x65238551a29b - test[aada8e7e76ba119b]::__rust_begin_short_backtrace::<core[a373ad73a504971]::result::Result<(), alloc[2e1b2a31b91974c5]::string::String>, fn() -> core[a373ad73a504971]::result::Result<(), alloc[2e1b2a31b91974c5]::string::String>>
[INFO] [stdout]   18:     0x652385527475 - test[aada8e7e76ba119b]::run_test::{closure#0}
[INFO] [stdout]   19:     0x652385520d64 - std[617be2ca0a6fd877]::sys::backtrace::__rust_begin_short_backtrace::<test[aada8e7e76ba119b]::run_test::{closure#1}, ()>
[INFO] [stdout]   20:     0x65238552a502 - <std[617be2ca0a6fd877]::thread::lifecycle::spawn_unchecked<test[aada8e7e76ba119b]::run_test::{closure#1}, ()>::{closure#1} as core[a373ad73a504971]::ops::function::FnOnce<()>>::call_once::{shim:vtable#0}
[INFO] [stdout]   21:     0x6523856dfdef - <std[617be2ca0a6fd877]::sys::thread::unix::Thread>::new::thread_start
[INFO] [stdout]   22:     0x7d761fcc7dfa - <unknown>
[INFO] [stdout]   23:     0x7d761fd5b3d4 - clone
[INFO] [stdout]   24:                0x0 - <unknown>
[INFO] [stdout] 
[INFO] [stdout] ---- models::agents::agents_architects::tests::tests_solution_architect stdout ----
[INFO] [stdout] Agent: Solutions Architect: print_project_scope
[INFO] [stdout] print_project_scope
[INFO] [stdout] 
[INFO] [stdout] thread 'models::agents::agents_architects::tests::tests_solution_architect' (1553) panicked at src/apis/call_request.rs:13:43:
[INFO] [stdout] OPEN_AI_KEY not found in environment variables: NotPresent
[INFO] [stdout] stack backtrace:
[INFO] [stdout]    0:     0x6523856e0e81 - <<std[617be2ca0a6fd877]::sys::backtrace::BacktraceLock>::print::DisplayBacktrace as core[a373ad73a504971]::fmt::Display>::fmt
[INFO] [stdout]    1:     0x6523856f7c6a - core[a373ad73a504971]::fmt::write
[INFO] [stdout]    2:     0x6523856e573c - <alloc[2e1b2a31b91974c5]::vec::Vec<u8> as core[a373ad73a504971]::io::write::Write>::write_fmt
[INFO] [stdout]    3:     0x6523856bb486 - std[617be2ca0a6fd877]::panicking::default_hook::{closure#0}
[INFO] [stdout]    4:     0x6523856d8819 - std[617be2ca0a6fd877]::panicking::default_hook
[INFO] [stdout]    5:     0x652385526e50 - test[aada8e7e76ba119b]::test_main_inner::{closure#0}
[INFO] [stdout]    6:     0x6523856d8b42 - std[617be2ca0a6fd877]::panicking::panic_with_hook
[INFO] [stdout]    7:     0x6523856bb532 - std[617be2ca0a6fd877]::panicking::panic_handler::{closure#0}
[INFO] [stdout]    8:     0x6523856b3d19 - std[617be2ca0a6fd877]::sys::backtrace::__rust_end_short_backtrace::<std[617be2ca0a6fd877]::panicking::panic_handler::{closure#0}, !>
[INFO] [stdout]    9:     0x6523856bc44d - __rustc[ea4f61d10b84890b]::rust_begin_unwind
[INFO] [stdout]   10:     0x6523856f83cc - core[a373ad73a504971]::panicking::panic_fmt
[INFO] [stdout]   11:     0x6523856f81a2 - core[a373ad73a504971]::result::unwrap_failed
[INFO] [stdout]   12:     0x6523854fff2c - auto_gippity[b546671569dbd013]::apis::call_request::call_gpt::{closure#0}
[INFO] [stdout]   13:     0x652385500b8a - auto_gippity[b546671569dbd013]::helpers::general::ai_task_request::{closure#0}
[INFO] [stdout]   14:     0x6523855017ec - <auto_gippity[b546671569dbd013]::models::agents::agents_architects::AgentSolutionArchitect as auto_gippity[b546671569dbd013]::models::agents::agents_traits::SpecialFunctions>::execute::{closure#0}
[INFO] [stdout]   15:     0x65238550494a - auto_gippity[b546671569dbd013]::models::agents::agents_architects::tests::tests_solution_architect::{closure#0}
[INFO] [stdout]   16:     0x6523855026ab - <tokio[a2ee83714af9103f]::runtime::scheduler::current_thread::CurrentThread>::block_on::<core[a373ad73a504971]::pin::Pin<&mut dyn core[a373ad73a504971]::future::future::Future<Output = ()>>>
[INFO] [stdout]   17:     0x652385505612 - <tokio[a2ee83714af9103f]::runtime::runtime::Runtime>::block_on::<core[a373ad73a504971]::pin::Pin<&mut dyn core[a373ad73a504971]::future::future::Future<Output = ()>>>
[INFO] [stdout]   18:     0x65238550548e - <auto_gippity[b546671569dbd013]::models::agents::agents_architects::tests::tests_solution_architect::{closure#0} as core[a373ad73a504971]::ops::function::FnOnce<()>>::call_once
[INFO] [stdout]   19:     0x65238551a29b - test[aada8e7e76ba119b]::__rust_begin_short_backtrace::<core[a373ad73a504971]::result::Result<(), alloc[2e1b2a31b91974c5]::string::String>, fn() -> core[a373ad73a504971]::result::Result<(), alloc[2e1b2a31b91974c5]::string::String>>
[INFO] [stdout]   20:     0x652385527475 - test[aada8e7e76ba119b]::run_test::{closure#0}
[INFO] [stdout]   21:     0x652385520d64 - std[617be2ca0a6fd877]::sys::backtrace::__rust_begin_short_backtrace::<test[aada8e7e76ba119b]::run_test::{closure#1}, ()>
[INFO] [stdout]   22:     0x65238552a502 - <std[617be2ca0a6fd877]::thread::lifecycle::spawn_unchecked<test[aada8e7e76ba119b]::run_test::{closure#1}, ()>::{closure#1} as core[a373ad73a504971]::ops::function::FnOnce<()>>::call_once::{shim:vtable#0}
[INFO] [stdout]   23:     0x6523856dfdef - <std[617be2ca0a6fd877]::sys::thread::unix::Thread>::new::thread_start
[INFO] [stdout]   24:     0x7d761fcc7dfa - <unknown>
[INFO] [stdout]   25:     0x7d761fd5b3d4 - clone
[INFO] [stdout]   26:                0x0 - <unknown>
[INFO] [stdout] 
[INFO] [stdout] ---- helpers::general::tests::tests_ai_task_request stdout ----
[INFO] [stdout] Agent: Managing AgentDefining use requirements
[INFO] [stdout] Defining use requirements
[INFO] [stdout] 
[INFO] [stdout] thread 'helpers::general::tests::tests_ai_task_request' (1551) panicked at src/apis/call_request.rs:13:43:
[INFO] [stdout] OPEN_AI_KEY not found in environment variables: NotPresent
[INFO] [stdout] stack backtrace:
[INFO] [stdout]    0:     0x6523856e0e81 - <<std[617be2ca0a6fd877]::sys::backtrace::BacktraceLock>::print::DisplayBacktrace as core[a373ad73a504971]::fmt::Display>::fmt
[INFO] [stdout]    1:     0x6523856f7c6a - core[a373ad73a504971]::fmt::write
[INFO] [stdout]    2:     0x6523856e573c - <alloc[2e1b2a31b91974c5]::vec::Vec<u8> as core[a373ad73a504971]::io::write::Write>::write_fmt
[INFO] [stdout]    3:     0x6523856bb486 - std[617be2ca0a6fd877]::panicking::default_hook::{closure#0}
[INFO] [stdout]    4:     0x6523856d8819 - std[617be2ca0a6fd877]::panicking::default_hook
[INFO] [stdout]    5:     0x652385526e50 - test[aada8e7e76ba119b]::test_main_inner::{closure#0}
[INFO] [stdout]    6:     0x6523856d8b42 - std[617be2ca0a6fd877]::panicking::panic_with_hook
[INFO] [stdout]    7:     0x6523856bb532 - std[617be2ca0a6fd877]::panicking::panic_handler::{closure#0}
[INFO] [stdout]    8:     0x6523856b3d19 - std[617be2ca0a6fd877]::sys::backtrace::__rust_end_short_backtrace::<std[617be2ca0a6fd877]::panicking::panic_handler::{closure#0}, !>
[INFO] [stdout]    9:     0x6523856bc44d - __rustc[ea4f61d10b84890b]::rust_begin_unwind
[INFO] [stdout]   10:     0x6523856f83cc - core[a373ad73a504971]::panicking::panic_fmt
[INFO] [stdout]   11:     0x6523856f81a2 - core[a373ad73a504971]::result::unwrap_failed
[INFO] [stdout]   12:     0x652385513efc - auto_gippity[b546671569dbd013]::apis::call_request::call_gpt::{closure#0}
[INFO] [stdout]   13:     0x652385514c27 - auto_gippity[b546671569dbd013]::helpers::general::tests::tests_ai_task_request::{closure#0}
[INFO] [stdout]   14:     0x6523855026ab - <tokio[a2ee83714af9103f]::runtime::scheduler::current_thread::CurrentThread>::block_on::<core[a373ad73a504971]::pin::Pin<&mut dyn core[a373ad73a504971]::future::future::Future<Output = ()>>>
[INFO] [stdout]   15:     0x652385505612 - <tokio[a2ee83714af9103f]::runtime::runtime::Runtime>::block_on::<core[a373ad73a504971]::pin::Pin<&mut dyn core[a373ad73a504971]::future::future::Future<Output = ()>>>
[INFO] [stdout]   16:     0x65238551514e - <auto_gippity[b546671569dbd013]::helpers::general::tests::tests_ai_task_request::{closure#0} as core[a373ad73a504971]::ops::function::FnOnce<()>>::call_once
[INFO] [stdout]   17:     0x65238551a29b - test[aada8e7e76ba119b]::__rust_begin_short_backtrace::<core[a373ad73a504971]::result::Result<(), alloc[2e1b2a31b91974c5]::string::String>, fn() -> core[a373ad73a504971]::result::Result<(), alloc[2e1b2a31b91974c5]::string::String>>
[INFO] [stdout]   18:     0x652385527475 - test[aada8e7e76ba119b]::run_test::{closure#0}
[INFO] [stdout]   19:     0x652385520d64 - std[617be2ca0a6fd877]::sys::backtrace::__rust_begin_short_backtrace::<test[aada8e7e76ba119b]::run_test::{closure#1}, ()>
[INFO] [stdout]   20:     0x65238552a502 - <std[617be2ca0a6fd877]::thread::lifecycle::spawn_unchecked<test[aada8e7e76ba119b]::run_test::{closure#1}, ()>::{closure#1} as core[a373ad73a504971]::ops::function::FnOnce<()>>::call_once::{shim:vtable#0}
[INFO] [stdout]   21:     0x6523856dfdef - <std[617be2ca0a6fd877]::sys::thread::unix::Thread>::new::thread_start
[INFO] [stdout]   22:     0x7d761fcc7dfa - <unknown>
[INFO] [stdout]   23:     0x7d761fd5b3d4 - clone
[INFO] [stdout]   24:                0x0 - <unknown>
[INFO] [stdout] 
[INFO] [stdout] 
[INFO] [stdout] failures:
[INFO] [stdout]     apis::call_request::tests::tests_call_to_openai
[INFO] [stdout]     helpers::general::tests::tests_ai_task_request
[INFO] [stdout]     models::agents::agents_architects::tests::tests_solution_architect
[INFO] [stdout]     models::agents::agents_backend::tests::tests_backend_developer
[INFO] [stdout]     models::agents_manager::managing_agent::tests::tests_managing_agent
[INFO] [stdout] 
[INFO] [stderr] error: test failed, to rerun pass `--bin auto_gippity`
[INFO] [stdout] test result: FAILED. 2 passed; 5 failed; 0 ignored; 0 measured; 0 filtered out; finished in 0.01s
[INFO] [stdout] 
[INFO] running `Command { std: "docker" "inspect" "198736841c167cca440a49dd6adc70a63c0ac5b6616a9dcb2dfef533902cc46d", kill_on_drop: false }`
[INFO] running `Command { std: "docker" "rm" "-f" "198736841c167cca440a49dd6adc70a63c0ac5b6616a9dcb2dfef533902cc46d", kill_on_drop: false }`
[INFO] [stdout] 198736841c167cca440a49dd6adc70a63c0ac5b6616a9dcb2dfef533902cc46d
