[INFO] cloning repository https://github.com/qwamicodes/iniza
[INFO] running `Command { std: "git" "-c" "credential.helper=" "-c" "credential.helper=/workspace/cargo-home/bin/git-credential-null" "clone" "--bare" "https://github.com/qwamicodes/iniza" "/workspace/cache/git-repos/https%3A%2F%2Fgithub.com%2Fqwamicodes%2Finiza", kill_on_drop: false }`
[INFO] [stderr] Cloning into bare repository '/workspace/cache/git-repos/https%3A%2F%2Fgithub.com%2Fqwamicodes%2Finiza'...
[INFO] running `Command { std: "git" "rev-parse" "HEAD", kill_on_drop: false }`
[INFO] [stdout] 5bbfd7471517726cd2a40761485826432fb46046
[INFO] testing qwamicodes/iniza against 1.100.0-beta.1+cargoflags=--release for beta-release-1.100-2
[INFO] running `Command { std: "git" "clone" "/workspace/cache/git-repos/https%3A%2F%2Fgithub.com%2Fqwamicodes%2Finiza" "/workspace/builds/worker-3-tc2/source", kill_on_drop: false }`
[INFO] [stderr] Cloning into '/workspace/builds/worker-3-tc2/source'...
[INFO] [stderr] done.
[INFO] started tweaking git repo https://github.com/qwamicodes/iniza
[INFO] finished tweaking git repo https://github.com/qwamicodes/iniza
[INFO] tweaked toml for git repo https://github.com/qwamicodes/iniza written to /workspace/builds/worker-3-tc2/source/Cargo.toml
[INFO] validating manifest of git repo https://github.com/qwamicodes/iniza on toolchain 1.100.0-beta.1
[INFO] running `Command { std: CARGO_HOME="/workspace/cargo-home" RUSTUP_HOME="/workspace/rustup-home" "/workspace/cargo-home/bin/cargo" "+1.100.0-beta.1" "metadata" "--manifest-path" "Cargo.toml" "--no-deps", kill_on_drop: false }`
[INFO] crate git repo https://github.com/qwamicodes/iniza already has a lockfile, it will not be regenerated
[INFO] running `Command { std: CARGO_HOME="/workspace/cargo-home" RUSTUP_HOME="/workspace/rustup-home" "/workspace/cargo-home/bin/cargo" "+1.100.0-beta.1" "fetch" "--manifest-path" "Cargo.toml", kill_on_drop: false }`
[INFO] running `Command { std: "docker" "create" "-v" "/var/lib/crater-agent-workspace/builds/worker-3-tc2/source:/opt/rustwide/workdir:ro,Z" "-v" "/var/lib/crater-agent-workspace/builds/worker-3-tc2/target:/opt/rustwide/target:rw,Z" "-v" "/var/lib/crater-agent-workspace/cargo-home:/opt/rustwide/cargo-home:ro,Z" "-v" "/var/lib/crater-agent-workspace/rustup-home:/opt/rustwide/rustup-home:ro,Z" "-m" "1610612736" "--network" "none" "ghcr.io/rust-lang/crates-build-env/linux@sha256:77db811e55d90add9212f6832c23229e3de5f1c1f9905e8cb07319ea15df73ac" "sleep" "infinity", kill_on_drop: false }`
[INFO] [stdout] 8693a39eee9c49fdb4904d8ff63a2e1955cd2ad190f6e3169c085aac99efffe3
[INFO] running `Command { std: "docker" "start" "8693a39eee9c49fdb4904d8ff63a2e1955cd2ad190f6e3169c085aac99efffe3", kill_on_drop: false }`
[INFO] running `Command { std: "docker" "inspect" "8693a39eee9c49fdb4904d8ff63a2e1955cd2ad190f6e3169c085aac99efffe3", kill_on_drop: false }`
[INFO] running `Command { std: "docker" "exec" "-e" "SOURCE_DIR=/opt/rustwide/workdir" "-e" "CARGO_HOME=/opt/rustwide/cargo-home" "-e" "RUSTUP_HOME=/opt/rustwide/rustup-home" "-e" "CARGO_TARGET_DIR=/opt/rustwide/target" "-w" "/opt/rustwide/workdir" "--user" "0:0" "8693a39eee9c49fdb4904d8ff63a2e1955cd2ad190f6e3169c085aac99efffe3" "/opt/rustwide/cargo-home/bin/cargo" "+1.100.0-beta.1" "metadata" "--no-deps" "--format-version=1", kill_on_drop: false }`
[INFO] running `Command { std: "docker" "inspect" "8693a39eee9c49fdb4904d8ff63a2e1955cd2ad190f6e3169c085aac99efffe3", kill_on_drop: false }`
[INFO] running `Command { std: "docker" "exec" "-e" "SOURCE_DIR=/opt/rustwide/workdir" "-e" "CARGO_HOME=/opt/rustwide/cargo-home" "-e" "RUSTUP_HOME=/opt/rustwide/rustup-home" "-e" "CARGO_TARGET_DIR=/opt/rustwide/target" "-e" "CARGO_INCREMENTAL=0" "-e" "RUST_BACKTRACE=full" "-e" "RUSTFLAGS=--cap-lints=warn" "-e" "RUSTDOCFLAGS=--cap-lints=warn" "-w" "/opt/rustwide/workdir" "--user" "0:0" "8693a39eee9c49fdb4904d8ff63a2e1955cd2ad190f6e3169c085aac99efffe3" "/opt/rustwide/cargo-home/bin/cargo" "+1.100.0-beta.1" "build" "--frozen" "--message-format=json" "--release", kill_on_drop: false }`
[INFO] [stderr]    Compiling libc v0.2.189
[INFO] [stderr]    Compiling proc-macro2 v1.0.107
[INFO] [stderr]    Compiling quote v1.0.47
[INFO] [stderr]    Compiling getrandom v0.4.3
[INFO] [stderr]    Compiling rand_core v0.10.1
[INFO] [stderr]    Compiling typenum v1.20.1
[INFO] [stderr]    Compiling bitflags v2.13.1
[INFO] [stderr]    Compiling cmov v0.5.4
[INFO] [stderr]    Compiling rustversion v1.0.23
[INFO] [stderr]    Compiling rustix v1.1.4
[INFO] [stderr]    Compiling linux-raw-sys v0.12.1
[INFO] [stderr]    Compiling ctutils v0.4.2
[INFO] [stderr]    Compiling thiserror v2.0.20
[INFO] [stderr]    Compiling either v1.18.0
[INFO] [stderr]    Compiling serde_core v1.0.229
[INFO] [stderr]    Compiling hashbrown v0.17.1
[INFO] [stderr]    Compiling const-oid v0.10.2
[INFO] [stderr]    Compiling itertools v0.14.0
[INFO] [stderr]    Compiling castaway v0.2.4
[INFO] [stderr]    Compiling cpufeatures v0.3.1
[INFO] [stderr]    Compiling syn v3.0.4
[INFO] [stderr]    Compiling syn v2.0.119
[INFO] [stderr]    Compiling instability v0.3.13
[INFO] [stderr]    Compiling hybrid-array v0.4.14
[INFO] [stderr]    Compiling compact_str v0.9.1
[INFO] [stderr]    Compiling lru v0.18.4
[INFO] [stderr]    Compiling errno v0.3.14
[INFO] [stderr]    Compiling signal-hook-registry v1.4.8
[INFO] [stderr]    Compiling crypto-common v0.2.2
[INFO] [stderr]    Compiling block-buffer v0.12.1
[INFO] [stderr]    Compiling smallvec v1.16.1
[INFO] [stderr]    Compiling critical-section v1.2.0
[INFO] [stderr]    Compiling io-lifetimes v3.0.1
[INFO] [stderr]    Compiling io-lifetimes v2.0.4
[INFO] [stderr]    Compiling log v0.4.34
[INFO] [stderr]    Compiling parking_lot_core v0.9.12
[INFO] [stderr]    Compiling unicode-truncate v2.0.1
[INFO] [stderr]    Compiling digest v0.11.3
[INFO] [stderr]    Compiling mio v1.2.3
[INFO] [stderr]    Compiling signal-hook v0.3.18
[INFO] [stderr]    Compiling inout v0.2.2
[INFO] [stderr]    Compiling time-core v0.1.9
[INFO] [stderr]    Compiling find-msvc-tools v0.1.11
[INFO] [stderr]    Compiling deranged v0.5.8
[INFO] [stderr]    Compiling io-extras v0.19.0
[INFO] [stderr]    Compiling cc v1.4.4
[INFO] [stderr]    Compiling signal-hook-mio v0.2.5
[INFO] [stderr]    Compiling strum_macros v0.28.0
[INFO] [stderr]    Compiling derive_more-impl v2.1.1
[INFO] [stderr]    Compiling parking_lot v0.12.5
[INFO] [stderr]    Compiling derive_more v2.1.1
[INFO] [stderr]    Compiling line-clipping v0.3.8
[INFO] [stderr]    Compiling base64ct v1.8.3
[INFO] [stderr]    Compiling time v0.3.55
[INFO] [stderr]    Compiling zmij v1.0.23
[INFO] [stderr]    Compiling cap-primitives v4.0.3
[INFO] [stderr]    Compiling darling_core v0.24.1
[INFO] [stderr]    Compiling phc v0.6.1
[INFO] [stderr]    Compiling blake3 v1.8.7
[INFO] [stderr]    Compiling rustix-linux-procfs v0.1.1
[INFO] [stderr]    Compiling fs-set-times v0.20.3
[INFO] [stderr]    Compiling crossterm v0.29.0
[INFO] [stderr]    Compiling strum v0.28.0
[INFO] [stderr]    Compiling cipher v0.5.2
[INFO] [stderr]    Compiling universal-hash v0.6.1
[INFO] [stderr]    Compiling maybe-owned v0.3.4
[INFO] [stderr]    Compiling ipnet v2.12.1
[INFO] [stderr]    Compiling ambient-authority v0.0.2
[INFO] [stderr]    Compiling cap-std v4.0.2
[INFO] [stderr]    Compiling winnow v1.0.4
[INFO] [stderr]    Compiling serde v1.0.229
[INFO] [stderr]    Compiling serde_json v1.0.151
[INFO] [stderr]    Compiling chacha20 v0.10.2
[INFO] [stderr]    Compiling toml_parser v1.1.3+spec-1.1.0
[INFO] [stderr]    Compiling tinyvec v1.12.0
[INFO] [stderr]    Compiling thiserror-impl v2.0.20
[INFO] [stderr]    Compiling serde_derive v1.0.229
[INFO] [stderr]    Compiling poly1305 v0.9.1
[INFO] [stderr]    Compiling password-hash v0.6.1
[INFO] [stderr]    Compiling serde_spanned v1.1.1
[INFO] [stderr]    Compiling toml_datetime v1.1.1+spec-1.1.0
[INFO] [stderr]    Compiling kasuari v0.4.12
[INFO] [stderr]    Compiling aead v0.6.1
[INFO] [stderr]    Compiling hmac v0.13.0
[INFO] [stderr]    Compiling blake2 v0.11.0
[INFO] [stderr]    Compiling memchr v2.8.3
[INFO] [stderr]    Compiling arrayvec v0.7.8
[INFO] [stderr]    Compiling toml_writer v1.1.2+spec-1.1.0
[INFO] [stderr]    Compiling ratatui-core v0.1.2
[INFO] [stderr]    Compiling constant_time_eq v0.4.2
[INFO] [stderr]    Compiling darling_macro v0.24.1
[INFO] [stderr]    Compiling toml v1.1.4+spec-1.1.0
[INFO] [stderr]    Compiling darling v0.24.1
[INFO] [stderr]    Compiling argon2 v0.6.0
[INFO] [stderr]    Compiling hkdf v0.13.0
[INFO] [stderr]    Compiling chacha20poly1305 v0.11.0
[INFO] [stderr]    Compiling unicode-normalization v0.1.25
[INFO] [stderr]    Compiling sha2 v0.11.0
[INFO] [stderr]    Compiling ratatui-widgets v0.3.2
[INFO] [stderr]    Compiling ratatui-crossterm v0.1.2
[INFO] [stderr]    Compiling ratatui-macros v0.7.2
[INFO] [stderr]    Compiling ratatui v0.30.2
[INFO] [stderr]    Compiling iniza v0.3.0 (/opt/rustwide/workdir)
[INFO] [stdout] warning: constant `MAX_EXTENDED_ATTRIBUTE_COUNT` is never used
[INFO] [stdout]  --> src/platform_metadata.rs:6:7
[INFO] [stdout]   |
[INFO] [stdout] 6 | const MAX_EXTENDED_ATTRIBUTE_COUNT: usize = 128;
[INFO] [stdout]   |       ^^^^^^^^^^^^^^^^^^^^^^^^^^^^
[INFO] [stdout]   |
[INFO] [stdout]   = note: `#[warn(dead_code)]` (part of `#[warn(unused)]`) on by default
[INFO] [stdout] 
[INFO] [stdout] 
[INFO] [stdout] warning: constant `MAX_EXTENDED_ATTRIBUTE_NAME` is never used
[INFO] [stdout]  --> src/platform_metadata.rs:7:7
[INFO] [stdout]   |
[INFO] [stdout] 7 | const MAX_EXTENDED_ATTRIBUTE_NAME: usize = 1_024;
[INFO] [stdout]   |       ^^^^^^^^^^^^^^^^^^^^^^^^^^^
[INFO] [stdout] 
[INFO] [stdout] 
[INFO] [stdout] warning: constant `MAX_EXTENDED_ATTRIBUTE_VALUE` is never used
[INFO] [stdout]  --> src/platform_metadata.rs:8:7
[INFO] [stdout]   |
[INFO] [stdout] 8 | const MAX_EXTENDED_ATTRIBUTE_VALUE: usize = 1024 * 1024;
[INFO] [stdout]   |       ^^^^^^^^^^^^^^^^^^^^^^^^^^^^
[INFO] [stdout] 
[INFO] [stdout] 
[INFO] [stdout] warning: constant `MAX_EXTENDED_ATTRIBUTE_TOTAL` is never used
[INFO] [stdout]  --> src/platform_metadata.rs:9:7
[INFO] [stdout]   |
[INFO] [stdout] 9 | const MAX_EXTENDED_ATTRIBUTE_TOTAL: usize = 4 * 1024 * 1024;
[INFO] [stdout]   |       ^^^^^^^^^^^^^^^^^^^^^^^^^^^^
[INFO] [stdout] 
[INFO] [stdout] 
[INFO] [stdout] warning: constant `MAX_ACCESS_CONTROL_TEXT` is never used
[INFO] [stdout]   --> src/platform_metadata.rs:10:7
[INFO] [stdout]    |
[INFO] [stdout] 10 | const MAX_ACCESS_CONTROL_TEXT: usize = 1024 * 1024;
[INFO] [stdout]    |       ^^^^^^^^^^^^^^^^^^^^^^^
[INFO] [stdout] 
[INFO] [stdout] 
[INFO] [stdout] warning: function `validate_extended_attributes` is never used
[INFO] [stdout]    --> src/platform_metadata.rs:335:4
[INFO] [stdout]     |
[INFO] [stdout] 335 | fn validate_extended_attributes(attributes: &[ExtendedAttribute]) -> io::Result<()> {
[INFO] [stdout]     |    ^^^^^^^^^^^^^^^^^^^^^^^^^^^^
[INFO] [stdout] 
[INFO] [stdout] 
[INFO] [stdout] warning: unused `ExitCode` that must be used
[INFO] [stdout]     --> src/main.rs:1455:5
[INFO] [stdout]      |
[INFO] [stdout] 1455 |     run_verify(&arguments, false)?;
[INFO] [stdout]      |     ^^^^^^^^^^^^^^^^^^^^^^^^^^^^^^
[INFO] [stdout]      |
[INFO] [stdout]      = note: `#[warn(unused_must_use)]` (part of `#[warn(unused)]`) on by default
[INFO] [stdout] help: use `let _ = ...` to ignore the resulting value
[INFO] [stdout]      |
[INFO] [stdout] 1455 |     let _ = run_verify(&arguments, false)?;
[INFO] [stdout]      |     +++++++
[INFO] [stdout] 
[INFO] [stdout] 
[INFO] [stdout] warning: unused `ExitCode` that must be used
[INFO] [stdout]     --> src/main.rs:1475:5
[INFO] [stdout]      |
[INFO] [stdout] 1475 |     run_copy(&arguments, false)?;
[INFO] [stdout]      |     ^^^^^^^^^^^^^^^^^^^^^^^^^^^^
[INFO] [stdout]      |
[INFO] [stdout] help: use `let _ = ...` to ignore the resulting value
[INFO] [stdout]      |
[INFO] [stdout] 1475 |     let _ = run_copy(&arguments, false)?;
[INFO] [stdout]      |     +++++++
[INFO] [stdout] 
[INFO] [stdout] 
[INFO] [stdout] warning: unused `ExitCode` that must be used
[INFO] [stdout]     --> src/main.rs:1583:5
[INFO] [stdout]      |
[INFO] [stdout] 1583 |     run_restore(&arguments, false)?;
[INFO] [stdout]      |     ^^^^^^^^^^^^^^^^^^^^^^^^^^^^^^^
[INFO] [stdout]      |
[INFO] [stdout] help: use `let _ = ...` to ignore the resulting value
[INFO] [stdout]      |
[INFO] [stdout] 1583 |     let _ = run_restore(&arguments, false)?;
[INFO] [stdout]      |     +++++++
[INFO] [stdout] 
[INFO] [stdout] 
[INFO] [stderr]     Finished `release` profile [optimized] target(s) in 3m 13s
[INFO] running `Command { std: "docker" "inspect" "8693a39eee9c49fdb4904d8ff63a2e1955cd2ad190f6e3169c085aac99efffe3", kill_on_drop: false }`
[INFO] running `Command { std: "docker" "exec" "-e" "SOURCE_DIR=/opt/rustwide/workdir" "-e" "CARGO_HOME=/opt/rustwide/cargo-home" "-e" "RUSTUP_HOME=/opt/rustwide/rustup-home" "-e" "CARGO_TARGET_DIR=/opt/rustwide/target" "-e" "CARGO_INCREMENTAL=0" "-e" "RUST_BACKTRACE=full" "-e" "RUSTFLAGS=--cap-lints=warn" "-e" "RUSTDOCFLAGS=--cap-lints=warn" "-w" "/opt/rustwide/workdir" "--user" "0:0" "8693a39eee9c49fdb4904d8ff63a2e1955cd2ad190f6e3169c085aac99efffe3" "/opt/rustwide/cargo-home/bin/cargo" "+1.100.0-beta.1" "test" "--frozen" "--no-run" "--message-format=json" "--release", kill_on_drop: false }`
[INFO] [stderr]    Compiling iniza v0.3.0 (/opt/rustwide/workdir)
[INFO] [stdout] warning: constant `MAX_EXTENDED_ATTRIBUTE_COUNT` is never used
[INFO] [stdout]  --> src/platform_metadata.rs:6:7
[INFO] [stdout]   |
[INFO] [stdout] 6 | const MAX_EXTENDED_ATTRIBUTE_COUNT: usize = 128;
[INFO] [stdout]   |       ^^^^^^^^^^^^^^^^^^^^^^^^^^^^
[INFO] [stdout]   |
[INFO] [stdout]   = note: `#[warn(dead_code)]` (part of `#[warn(unused)]`) on by default
[INFO] [stdout] 
[INFO] [stdout] 
[INFO] [stdout] warning: constant `MAX_EXTENDED_ATTRIBUTE_NAME` is never used
[INFO] [stdout]  --> src/platform_metadata.rs:7:7
[INFO] [stdout]   |
[INFO] [stdout] 7 | const MAX_EXTENDED_ATTRIBUTE_NAME: usize = 1_024;
[INFO] [stdout]   |       ^^^^^^^^^^^^^^^^^^^^^^^^^^^
[INFO] [stdout] 
[INFO] [stdout] 
[INFO] [stdout] warning: constant `MAX_EXTENDED_ATTRIBUTE_VALUE` is never used
[INFO] [stdout]  --> src/platform_metadata.rs:8:7
[INFO] [stdout]   |
[INFO] [stdout] 8 | const MAX_EXTENDED_ATTRIBUTE_VALUE: usize = 1024 * 1024;
[INFO] [stdout]   |       ^^^^^^^^^^^^^^^^^^^^^^^^^^^^
[INFO] [stdout] 
[INFO] [stdout] 
[INFO] [stdout] warning: constant `MAX_EXTENDED_ATTRIBUTE_TOTAL` is never used
[INFO] [stdout]  --> src/platform_metadata.rs:9:7
[INFO] [stdout]   |
[INFO] [stdout] 9 | const MAX_EXTENDED_ATTRIBUTE_TOTAL: usize = 4 * 1024 * 1024;
[INFO] [stdout]   |       ^^^^^^^^^^^^^^^^^^^^^^^^^^^^
[INFO] [stdout] 
[INFO] [stdout] 
[INFO] [stdout] warning: constant `MAX_ACCESS_CONTROL_TEXT` is never used
[INFO] [stdout]   --> src/platform_metadata.rs:10:7
[INFO] [stdout]    |
[INFO] [stdout] 10 | const MAX_ACCESS_CONTROL_TEXT: usize = 1024 * 1024;
[INFO] [stdout]    |       ^^^^^^^^^^^^^^^^^^^^^^^
[INFO] [stdout] 
[INFO] [stdout] 
[INFO] [stdout] warning: function `validate_extended_attributes` is never used
[INFO] [stdout]    --> src/platform_metadata.rs:335:4
[INFO] [stdout]     |
[INFO] [stdout] 335 | fn validate_extended_attributes(attributes: &[ExtendedAttribute]) -> io::Result<()> {
[INFO] [stdout]     |    ^^^^^^^^^^^^^^^^^^^^^^^^^^^^
[INFO] [stdout] 
[INFO] [stdout] 
[INFO] [stdout] warning: unused `ExitCode` that must be used
[INFO] [stdout]     --> src/main.rs:1455:5
[INFO] [stdout]      |
[INFO] [stdout] 1455 |     run_verify(&arguments, false)?;
[INFO] [stdout]      |     ^^^^^^^^^^^^^^^^^^^^^^^^^^^^^^
[INFO] [stdout]      |
[INFO] [stdout]      = note: `#[warn(unused_must_use)]` (part of `#[warn(unused)]`) on by default
[INFO] [stdout] help: use `let _ = ...` to ignore the resulting value
[INFO] [stdout]      |
[INFO] [stdout] 1455 |     let _ = run_verify(&arguments, false)?;
[INFO] [stdout]      |     +++++++
[INFO] [stdout] 
[INFO] [stdout] 
[INFO] [stdout] warning: unused `ExitCode` that must be used
[INFO] [stdout]     --> src/main.rs:1475:5
[INFO] [stdout]      |
[INFO] [stdout] 1475 |     run_copy(&arguments, false)?;
[INFO] [stdout]      |     ^^^^^^^^^^^^^^^^^^^^^^^^^^^^
[INFO] [stdout]      |
[INFO] [stdout] help: use `let _ = ...` to ignore the resulting value
[INFO] [stdout]      |
[INFO] [stdout] 1475 |     let _ = run_copy(&arguments, false)?;
[INFO] [stdout]      |     +++++++
[INFO] [stdout] 
[INFO] [stdout] 
[INFO] [stdout] warning: unused `ExitCode` that must be used
[INFO] [stdout]     --> src/main.rs:1583:5
[INFO] [stdout]      |
[INFO] [stdout] 1583 |     run_restore(&arguments, false)?;
[INFO] [stdout]      |     ^^^^^^^^^^^^^^^^^^^^^^^^^^^^^^^
[INFO] [stdout]      |
[INFO] [stdout] help: use `let _ = ...` to ignore the resulting value
[INFO] [stdout]      |
[INFO] [stdout] 1583 |     let _ = run_restore(&arguments, false)?;
[INFO] [stdout]      |     +++++++
[INFO] [stdout] 
[INFO] [stdout] 
[INFO] [stdout] warning: constant `MAX_EXTENDED_ATTRIBUTE_COUNT` is never used
[INFO] [stdout]  --> src/platform_metadata.rs:6:7
[INFO] [stdout]   |
[INFO] [stdout] 6 | const MAX_EXTENDED_ATTRIBUTE_COUNT: usize = 128;
[INFO] [stdout]   |       ^^^^^^^^^^^^^^^^^^^^^^^^^^^^
[INFO] [stdout]   |
[INFO] [stdout]   = note: `#[warn(dead_code)]` (part of `#[warn(unused)]`) on by default
[INFO] [stdout] 
[INFO] [stdout] 
[INFO] [stdout] warning: constant `MAX_EXTENDED_ATTRIBUTE_NAME` is never used
[INFO] [stdout]  --> src/platform_metadata.rs:7:7
[INFO] [stdout]   |
[INFO] [stdout] 7 | const MAX_EXTENDED_ATTRIBUTE_NAME: usize = 1_024;
[INFO] [stdout]   |       ^^^^^^^^^^^^^^^^^^^^^^^^^^^
[INFO] [stdout] 
[INFO] [stdout] 
[INFO] [stdout] warning: constant `MAX_EXTENDED_ATTRIBUTE_VALUE` is never used
[INFO] [stdout]  --> src/platform_metadata.rs:8:7
[INFO] [stdout]   |
[INFO] [stdout] 8 | const MAX_EXTENDED_ATTRIBUTE_VALUE: usize = 1024 * 1024;
[INFO] [stdout]   |       ^^^^^^^^^^^^^^^^^^^^^^^^^^^^
[INFO] [stdout] 
[INFO] [stdout] 
[INFO] [stdout] warning: constant `MAX_EXTENDED_ATTRIBUTE_TOTAL` is never used
[INFO] [stdout]  --> src/platform_metadata.rs:9:7
[INFO] [stdout]   |
[INFO] [stdout] 9 | const MAX_EXTENDED_ATTRIBUTE_TOTAL: usize = 4 * 1024 * 1024;
[INFO] [stdout]   |       ^^^^^^^^^^^^^^^^^^^^^^^^^^^^
[INFO] [stdout] 
[INFO] [stdout] 
[INFO] [stdout] warning: constant `MAX_ACCESS_CONTROL_TEXT` is never used
[INFO] [stdout]   --> src/platform_metadata.rs:10:7
[INFO] [stdout]    |
[INFO] [stdout] 10 | const MAX_ACCESS_CONTROL_TEXT: usize = 1024 * 1024;
[INFO] [stdout]    |       ^^^^^^^^^^^^^^^^^^^^^^^
[INFO] [stdout] 
[INFO] [stdout] 
[INFO] [stdout] warning: function `validate_extended_attributes` is never used
[INFO] [stdout]    --> src/platform_metadata.rs:335:4
[INFO] [stdout]     |
[INFO] [stdout] 335 | fn validate_extended_attributes(attributes: &[ExtendedAttribute]) -> io::Result<()> {
[INFO] [stdout]     |    ^^^^^^^^^^^^^^^^^^^^^^^^^^^^
[INFO] [stdout] 
[INFO] [stdout] 
[INFO] [stdout] warning: unused `ExitCode` that must be used
[INFO] [stdout]     --> src/main.rs:1455:5
[INFO] [stdout]      |
[INFO] [stdout] 1455 |     run_verify(&arguments, false)?;
[INFO] [stdout]      |     ^^^^^^^^^^^^^^^^^^^^^^^^^^^^^^
[INFO] [stdout]      |
[INFO] [stdout]      = note: `#[warn(unused_must_use)]` (part of `#[warn(unused)]`) on by default
[INFO] [stdout] help: use `let _ = ...` to ignore the resulting value
[INFO] [stdout]      |
[INFO] [stdout] 1455 |     let _ = run_verify(&arguments, false)?;
[INFO] [stdout]      |     +++++++
[INFO] [stdout] 
[INFO] [stdout] 
[INFO] [stdout] warning: unused `ExitCode` that must be used
[INFO] [stdout]     --> src/main.rs:1475:5
[INFO] [stdout]      |
[INFO] [stdout] 1475 |     run_copy(&arguments, false)?;
[INFO] [stdout]      |     ^^^^^^^^^^^^^^^^^^^^^^^^^^^^
[INFO] [stdout]      |
[INFO] [stdout] help: use `let _ = ...` to ignore the resulting value
[INFO] [stdout]      |
[INFO] [stdout] 1475 |     let _ = run_copy(&arguments, false)?;
[INFO] [stdout]      |     +++++++
[INFO] [stdout] 
[INFO] [stdout] 
[INFO] [stdout] warning: unused `ExitCode` that must be used
[INFO] [stdout]     --> src/main.rs:1583:5
[INFO] [stdout]      |
[INFO] [stdout] 1583 |     run_restore(&arguments, false)?;
[INFO] [stdout]      |     ^^^^^^^^^^^^^^^^^^^^^^^^^^^^^^^
[INFO] [stdout]      |
[INFO] [stdout] help: use `let _ = ...` to ignore the resulting value
[INFO] [stdout]      |
[INFO] [stdout] 1583 |     let _ = run_restore(&arguments, false)?;
[INFO] [stdout]      |     +++++++
[INFO] [stdout] 
[INFO] [stdout] 
[INFO] [stderr]     Finished `release` profile [optimized] target(s) in 3m 37s
[INFO] running `Command { std: "docker" "inspect" "8693a39eee9c49fdb4904d8ff63a2e1955cd2ad190f6e3169c085aac99efffe3", kill_on_drop: false }`
[INFO] running `Command { std: "docker" "exec" "-e" "SOURCE_DIR=/opt/rustwide/workdir" "-e" "CARGO_HOME=/opt/rustwide/cargo-home" "-e" "RUSTUP_HOME=/opt/rustwide/rustup-home" "-e" "CARGO_TARGET_DIR=/opt/rustwide/target" "-e" "CARGO_INCREMENTAL=0" "-e" "RUST_BACKTRACE=full" "-e" "RUSTFLAGS=--cap-lints=warn" "-e" "RUSTDOCFLAGS=--cap-lints=warn" "-w" "/opt/rustwide/workdir" "--user" "0:0" "8693a39eee9c49fdb4904d8ff63a2e1955cd2ad190f6e3169c085aac99efffe3" "/opt/rustwide/cargo-home/bin/cargo" "+1.100.0-beta.1" "test" "--frozen" "--release", kill_on_drop: false }`
[INFO] [stderr] warning: constant `MAX_EXTENDED_ATTRIBUTE_COUNT` is never used
[INFO] [stderr]  --> src/platform_metadata.rs:6:7
[INFO] [stderr]   |
[INFO] [stderr] 6 | const MAX_EXTENDED_ATTRIBUTE_COUNT: usize = 128;
[INFO] [stderr]   |       ^^^^^^^^^^^^^^^^^^^^^^^^^^^^
[INFO] [stderr]   |
[INFO] [stderr]   = note: `#[warn(dead_code)]` (part of `#[warn(unused)]`) on by default
[INFO] [stderr] 
[INFO] [stderr] warning: constant `MAX_EXTENDED_ATTRIBUTE_NAME` is never used
[INFO] [stderr]  --> src/platform_metadata.rs:7:7
[INFO] [stderr]   |
[INFO] [stderr] 7 | const MAX_EXTENDED_ATTRIBUTE_NAME: usize = 1_024;
[INFO] [stderr]   |       ^^^^^^^^^^^^^^^^^^^^^^^^^^^
[INFO] [stderr] 
[INFO] [stderr] warning: constant `MAX_EXTENDED_ATTRIBUTE_VALUE` is never used
[INFO] [stderr]  --> src/platform_metadata.rs:8:7
[INFO] [stderr]   |
[INFO] [stderr] 8 | const MAX_EXTENDED_ATTRIBUTE_VALUE: usize = 1024 * 1024;
[INFO] [stderr]   |       ^^^^^^^^^^^^^^^^^^^^^^^^^^^^
[INFO] [stderr] 
[INFO] [stderr] warning: constant `MAX_EXTENDED_ATTRIBUTE_TOTAL` is never used
[INFO] [stderr]  --> src/platform_metadata.rs:9:7
[INFO] [stderr]   |
[INFO] [stderr] 9 | const MAX_EXTENDED_ATTRIBUTE_TOTAL: usize = 4 * 1024 * 1024;
[INFO] [stderr]   |       ^^^^^^^^^^^^^^^^^^^^^^^^^^^^
[INFO] [stderr] 
[INFO] [stderr] warning: constant `MAX_ACCESS_CONTROL_TEXT` is never used
[INFO] [stderr]   --> src/platform_metadata.rs:10:7
[INFO] [stderr]    |
[INFO] [stderr] 10 | const MAX_ACCESS_CONTROL_TEXT: usize = 1024 * 1024;
[INFO] [stderr]    |       ^^^^^^^^^^^^^^^^^^^^^^^
[INFO] [stderr] 
[INFO] [stderr] warning: function `validate_extended_attributes` is never used
[INFO] [stderr]    --> src/platform_metadata.rs:335:4
[INFO] [stderr]     |
[INFO] [stderr] 335 | fn validate_extended_attributes(attributes: &[ExtendedAttribute]) -> io::Result<()> {
[INFO] [stderr]     |    ^^^^^^^^^^^^^^^^^^^^^^^^^^^^
[INFO] [stderr] 
[INFO] [stderr] warning: `iniza` (lib) generated 6 warnings
[INFO] [stderr] warning: `iniza` (lib test) generated 6 warnings (6 duplicates)
[INFO] [stderr] warning: unused `ExitCode` that must be used
[INFO] [stderr]     --> src/main.rs:1455:5
[INFO] [stderr]      |
[INFO] [stderr] 1455 |     run_verify(&arguments, false)?;
[INFO] [stderr]      |     ^^^^^^^^^^^^^^^^^^^^^^^^^^^^^^
[INFO] [stderr]      |
[INFO] [stderr]      = note: `#[warn(unused_must_use)]` (part of `#[warn(unused)]`) on by default
[INFO] [stderr] help: use `let _ = ...` to ignore the resulting value
[INFO] [stderr]      |
[INFO] [stderr] 1455 |     let _ = run_verify(&arguments, false)?;
[INFO] [stderr]      |     +++++++
[INFO] [stderr] 
[INFO] [stderr] warning: unused `ExitCode` that must be used
[INFO] [stderr]     --> src/main.rs:1475:5
[INFO] [stderr]      |
[INFO] [stderr] 1475 |     run_copy(&arguments, false)?;
[INFO] [stderr]      |     ^^^^^^^^^^^^^^^^^^^^^^^^^^^^
[INFO] [stderr]      |
[INFO] [stderr] help: use `let _ = ...` to ignore the resulting value
[INFO] [stderr]      |
[INFO] [stderr] 1475 |     let _ = run_copy(&arguments, false)?;
[INFO] [stderr]      |     +++++++
[INFO] [stderr] 
[INFO] [stderr] warning: unused `ExitCode` that must be used
[INFO] [stderr]     --> src/main.rs:1583:5
[INFO] [stderr]      |
[INFO] [stderr] 1583 |     run_restore(&arguments, false)?;
[INFO] [stderr]      |     ^^^^^^^^^^^^^^^^^^^^^^^^^^^^^^^
[INFO] [stderr]      |
[INFO] [stderr] help: use `let _ = ...` to ignore the resulting value
[INFO] [stderr]      |
[INFO] [stderr] 1583 |     let _ = run_restore(&arguments, false)?;
[INFO] [stderr]      |     +++++++
[INFO] [stderr] 
[INFO] [stderr] warning: `iniza` (bin "iniza") generated 3 warnings
[INFO] [stderr] warning: `iniza` (bin "iniza" test) generated 3 warnings (3 duplicates)
[INFO] [stderr]     Finished `release` profile [optimized] target(s) in 0.35s
[INFO] [stderr]      Running unittests src/lib.rs (/opt/rustwide/target/release/build/iniza/5e8e189966783e90/out/iniza-5e8e189966783e90)
[INFO] [stdout] 
[INFO] [stdout] running 0 tests
[INFO] [stdout] 
[INFO] [stdout] test result: ok. 0 passed; 0 failed; 0 ignored; 0 measured; 0 filtered out; finished in 0.00s
[INFO] [stdout] 
[INFO] [stderr]      Running unittests src/main.rs (/opt/rustwide/target/release/build/iniza/fd747a496c2fdd8c/out/iniza-fd747a496c2fdd8c)
[INFO] [stderr]      Running tests/bundle_resume.rs (/opt/rustwide/target/release/build/iniza/432a8c67c58b3e62/out/bundle_resume-432a8c67c58b3e62)
[INFO] [stdout] 
[INFO] [stdout] running 0 tests
[INFO] [stdout] 
[INFO] [stdout] test result: ok. 0 passed; 0 failed; 0 ignored; 0 measured; 0 filtered out; finished in 0.00s
[INFO] [stdout] 
[INFO] [stdout] 
[INFO] [stdout] running 63 tests
[INFO] [stdout] test completed_bundle_publication_atomically_removes_the_partial_name ... FAILED
[INFO] [stdout] test caller_can_hold_recovery_methods_before_pack_writes_any_output ... FAILED
[INFO] [stdout] test checkpoint_directory_sync_failure_never_publishes ... FAILED
[INFO] [stdout] test checkpoint_sync_failure_never_publishes ... FAILED
[INFO] [stdout] test checkpoint_creation_failure_never_publishes ... FAILED
[INFO] [stdout] test checkpoint_write_failure_never_publishes ... FAILED
[INFO] [stdout] test completed_bundle_publication_failure_never_publishes ... FAILED
[INFO] [stdout] test completed_partial_sync_failure_never_publishes ... FAILED
[INFO] [stdout] test completed_bundle_directory_sync_failure_returns_an_error_but_keeps_verifiable_output ... ok
[INFO] [stdout] 
[INFO] [stdout] running 1 test
[INFO] [stdout] test every_partial_artifact_name_is_rejected_even_with_complete_bundle_bytes ... FAILED
[INFO] [stdout] test completed_resume_never_removes_an_unrelated_checkpoint_path_replacement ... FAILED
[INFO] [stdout] test completed_resume_never_removes_an_unrelated_saved_path_replacement ... FAILED
[INFO] [stdout] test checkpoint_capacity_failure_preserves_previous_resumable_progress ... FAILED
[INFO] [stdout] 
[INFO] [stdout] running 1 test
[INFO] [stdout] test corrupted_interrupted_resume_never_displaces_older_authenticated_progress ... ok
[INFO] [stdout] test migration_item_stage_creation_failure_never_publishes ... FAILED
[INFO] [stdout] test journal_sync_failure_preserves_resumable_progress ... FAILED
[INFO] [stdout] test migration_item_stage_flush_failure_never_publishes ... FAILED
[INFO] [stdout] test failed_pack_guidance_distinguishes_retry_resume_restart_and_verify ... ok
[INFO] [stdout] test journal_directory_sync_failure_preserves_resumable_progress ... FAILED
[INFO] [stdout] test migration_item_stage_removal_failure_never_publishes ... FAILED
[INFO] [stdout] test journal_creation_failure_preserves_authenticated_progress_for_resume ... FAILED
[INFO] [stdout] test journal_publication_failure_preserves_resumable_progress ... FAILED
[INFO] [stdout] test pack_checkpoint_promotion_termination_child ... ok
[INFO] [stdout] test owner_can_interrupt_pack_at_a_checkpoint_without_publishing_a_bundle ... ok
[INFO] [stdout] test pack_persistence_termination_child ... ok
[INFO] [stdout] test pack_failure_never_removes_an_unrelated_partial_created_after_preflight ... ok
[INFO] [stdout] test pack_termination_child ... ok
[INFO] [stdout] test migration_item_stage_write_failure_never_publishes ... FAILED
[INFO] [stdout] 
[INFO] [stdout] running 1 test
[INFO] [stdout] 
[INFO] [stdout] running 1 test
[INFO] [stdout] test journal_write_failure_preserves_authenticated_progress_for_resume ... FAILED
[INFO] [stdout] test owner_can_resume_a_paused_bundle_and_restore_every_protected_item ... FAILED
[INFO] [stdout] test pack_rejects_a_replaced_partial_before_checkpoint_or_publication ... ok
[INFO] [stdout] test partial_checkpoint_sync_failure_never_publishes ... FAILED
[INFO] [stdout] test partial_creation_failure_never_publishes ... FAILED
[INFO] [stdout] 
[INFO] [stdout] running 1 test
[INFO] [stdout] test paused_pack_explains_authenticated_resume_without_disclosing_protected_state ... ok
[INFO] [stdout] 
[INFO] [stdout] running 1 test
[INFO] [stdout] test owner_can_pause_resumed_pack_and_resume_again ... FAILED
[INFO] [stdout] test partial_write_failure_never_publishes ... FAILED
[INFO] [stderr] 
[INFO] [stderr] thread 'pack_checkpoint_promotion_termination_child' (3216) panicked at tests/bundle_resume.rs:2038:10:
[INFO] [stderr] called `Result::unwrap()` on an `Err` value: Io { action: "synchronize published Pack promotion journal", path: "/tmp/iniza-pack-resume-3172-1792301084515438512-32", source: Os { code: 9, kind: Uncategorized, message: "Bad file descriptor" } }
[INFO] [stderr] stack backtrace:
[INFO] [stderr]    0:     0x5e014a2e4171 - <<std[617be2ca0a6fd877]::sys::backtrace::BacktraceLock>::print::DisplayBacktrace as core[a373ad73a504971]::fmt::Display>::fmt
[INFO] [stderr]    1:     0x5e014a2f9e7a - core[a373ad73a504971]::fmt::write
[INFO] [stderr]    2:     0x5e014a2e95ac - <std[617be2ca0a6fd877]::sys::stdio::unix::Stderr as core[a373ad73a504971]::io::write::Write>::write_fmt
[INFO] [stderr]    3:     0x5e014a2bc5b6 - std[617be2ca0a6fd877]::panicking::default_hook::{closure#0}
[INFO] [stderr]    4:     0x5e014a2da451 - std[617be2ca0a6fd877]::panicking::default_hook
[INFO] [stderr]    5:     0x5e014a2da60b - std[617be2ca0a6fd877]::panicking::panic_with_hook
[INFO] [stderr]    6:     0x5e014a2bc662 - std[617be2ca0a6fd877]::panicking::panic_handler::{closure#0}
[INFO] [stderr]    7:     0x5e014a2b4fc9 - std[617be2ca0a6fd877]::sys::backtrace::__rust_end_short_backtrace::<std[617be2ca0a6fd877]::panicking::panic_handler::{closure#0}, !>
[INFO] [stderr]    8:     0x5e014a2bd35d - __rustc[ea4f61d10b84890b]::rust_begin_unwind
[INFO] [stderr]    9:     0x5e014a2fa5ec - core[a373ad73a504971]::panicking::panic_fmt
[INFO] [stderr]   10:     0x5e014a2fa3c2 - core[a373ad73a504971]::result::unwrap_failed
[INFO] [stderr]   11:     0x5e014a15ae83 - <bundle_resume[95e75caca5ff0fe0]::pack_checkpoint_promotion_termination_child::{closure#0} as core[a373ad73a504971]::ops::function::FnOnce<()>>::call_once
[INFO] [stderr]   12:     0x5e014a18c5cb - test[aada8e7e76ba119b]::__rust_begin_short_backtrace::<core[a373ad73a504971]::result::Result<(), alloc[2e1b2a31b91974c5]::string::String>, fn() -> core[a373ad73a504971]::result::Result<(), alloc[2e1b2a31b91974c5]::string::String>>
[INFO] [stderr]   13:     0x5e014a1997a5 - test[aada8e7e76ba119b]::run_test::{closure#0}
[INFO] [stderr]   14:     0x5e014a193094 - std[617be2ca0a6fd877]::sys::backtrace::__rust_begin_short_backtrace::<test[aada8e7e76ba119b]::run_test::{closure#1}, ()>
[INFO] [stderr]   15:     0x5e014a19c832 - <std[617be2ca0a6fd877]::thread::lifecycle::spawn_unchecked<test[aada8e7e76ba119b]::run_test::{closure#1}, ()>::{closure#1} as core[a373ad73a504971]::ops::function::FnOnce<()>>::call_once::{shim:vtable#0}
[INFO] [stderr]   16:     0x5e014a2e30bf - <std[617be2ca0a6fd877]::sys::thread::unix::Thread>::new::thread_start
[INFO] [stderr]   17:     0x787328eb1dfa - <unknown>
[INFO] [stderr]   18:     0x787328f453d4 - clone
[INFO] [stderr]   19:                0x0 - <unknown>
[INFO] [stdout] test pack_checkpoint_promotion_termination_child ... FAILED
[INFO] [stdout] 
[INFO] [stdout] failures:
[INFO] [stdout] 
[INFO] [stdout] failures:
[INFO] [stdout]     pack_checkpoint_promotion_termination_child
[INFO] [stdout] 
[INFO] [stdout] test result: FAILED. 0 passed; 1 failed; 0 ignored; 0 measured; 62 filtered out; finished in 9.36s
[INFO] [stdout] 
[INFO] [stdout] test owner_can_resume_after_termination_at_every_checkpoint_promotion_step ... FAILED
[INFO] [stdout] test owner_can_resume_after_termination_at_a_resumed_pack_checkpoint ... FAILED
[INFO] [stdout] 
[INFO] [stdout] running 1 test
[INFO] [stdout] test process_termination_at_every_pack_write_transition_never_creates_false_completion ... FAILED
[INFO] [stdout] test repeated_interrupt_escalates_from_checkpoint_stop_to_immediate_termination ... ok
[INFO] [stdout] test repeated_interrupt_termination_child ... ok
[INFO] [stdout] test process_termination_preserves_only_authenticated_resumable_progress ... FAILED
[INFO] [stdout] test repeated_interrupt_can_terminate_immediately_while_output_remains_partial ... ok
[INFO] [stdout] test resume_rejects_a_changed_source_identity_without_modifying_saved_progress ... ok
[INFO] [stdout] test paused_resume_never_promotes_through_a_replaced_saved_checkpoint ... FAILED
[INFO] [stdout] test resumed_pack_checkpoint_termination_child ... ok
[INFO] [stdout] test paused_resume_never_promotes_through_a_replaced_saved_partial ... FAILED
[INFO] [stdout] test promotion_journal_removal_failure_preserves_resumable_progress ... FAILED
[INFO] [stdout] test promotion_journal_removal_sync_failure_preserves_resumable_progress ... FAILED
[INFO] [stdout] test resumed_checkpoint_move_sync_failure_preserves_resumable_progress ... FAILED
[INFO] [stdout] test resumed_checkpoint_move_failure_preserves_resumable_progress ... FAILED
[INFO] [stdout] test saved_checkpoint_move_failure_preserves_resumable_progress ... FAILED
[INFO] [stdout] test published_journal_sync_failure_preserves_resumable_progress ... FAILED
[INFO] [stdout] test resumed_partial_move_failure_preserves_resumable_progress ... FAILED
[INFO] [stdout] test resumed_partial_move_sync_failure_preserves_resumable_progress ... FAILED
[INFO] [stdout] test saved_checkpoint_move_sync_failure_preserves_resumable_progress ... FAILED
[INFO] [stdout] test resume_rejects_untrusted_inputs_without_changing_saved_progress ... FAILED
[INFO] [stdout] test saved_partial_move_failure_preserves_resumable_progress ... FAILED
[INFO] [stdout] test saved_partial_move_sync_failure_preserves_resumable_progress ... FAILED
[INFO] [stdout] test superseded_checkpoint_removal_failure_preserves_resumable_progress ... FAILED
[INFO] [stdout] test superseded_checkpoint_removal_sync_failure_preserves_resumable_progress ... FAILED
[INFO] [stdout] test superseded_partial_removal_sync_failure_preserves_resumable_progress ... FAILED
[INFO] [stdout] test superseded_partial_removal_failure_preserves_resumable_progress ... FAILED
[INFO] [stdout] 
[INFO] [stdout] failures:
[INFO] [stdout] 
[INFO] [stdout] ---- completed_bundle_publication_atomically_removes_the_partial_name stdout ----
[INFO] [stdout] 
[INFO] [stdout] thread 'completed_bundle_publication_atomically_removes_the_partial_name' (3180) panicked at tests/bundle_resume.rs:534:10:
[INFO] [stdout] called `Result::unwrap()` on an `Err` value: Io { action: "synchronize completed Bundle directory", path: "/tmp/iniza-pack-resume-3172-1792301054452312797-7", source: Os { code: 9, kind: Uncategorized, message: "Bad file descriptor" } }
[INFO] [stdout] stack backtrace:
[INFO] [stdout]    0:     0x59134b87c171 - <<std[617be2ca0a6fd877]::sys::backtrace::BacktraceLock>::print::DisplayBacktrace as core[a373ad73a504971]::fmt::Display>::fmt
[INFO] [stdout]    1:     0x59134b891e7a - core[a373ad73a504971]::fmt::write
[INFO] [stdout]    2:     0x59134b88079c - <alloc[2e1b2a31b91974c5]::vec::Vec<u8> as core[a373ad73a504971]::io::write::Write>::write_fmt
[INFO] [stdout]    3:     0x59134b8545b6 - std[617be2ca0a6fd877]::panicking::default_hook::{closure#0}
[INFO] [stdout]    4:     0x59134b872489 - std[617be2ca0a6fd877]::panicking::default_hook
[INFO] [stdout]    5:     0x59134b731180 - test[aada8e7e76ba119b]::test_main_inner::{closure#0}
[INFO] [stdout]    6:     0x59134b872642 - std[617be2ca0a6fd877]::panicking::panic_with_hook
[INFO] [stdout]    7:     0x59134b854662 - std[617be2ca0a6fd877]::panicking::panic_handler::{closure#0}
[INFO] [stdout]    8:     0x59134b84cfc9 - std[617be2ca0a6fd877]::sys::backtrace::__rust_end_short_backtrace::<std[617be2ca0a6fd877]::panicking::panic_handler::{closure#0}, !>
[INFO] [stdout]    9:     0x59134b85535d - __rustc[ea4f61d10b84890b]::rust_begin_unwind
[INFO] [stdout]   10:     0x59134b8925ec - core[a373ad73a504971]::panicking::panic_fmt
[INFO] [stdout]   11:     0x59134b8923c2 - core[a373ad73a504971]::result::unwrap_failed
[INFO] [stdout]   12:     0x59134b6f8373 - <bundle_resume[95e75caca5ff0fe0]::completed_bundle_publication_atomically_removes_the_partial_name::{closure#0} as core[a373ad73a504971]::ops::function::FnOnce<()>>::call_once
[INFO] [stdout]   13:     0x59134b7245cb - test[aada8e7e76ba119b]::__rust_begin_short_backtrace::<core[a373ad73a504971]::result::Result<(), alloc[2e1b2a31b91974c5]::string::String>, fn() -> core[a373ad73a504971]::result::Result<(), alloc[2e1b2a31b91974c5]::string::String>>
[INFO] [stdout]   14:     0x59134b7317a5 - test[aada8e7e76ba119b]::run_test::{closure#0}
[INFO] [stdout]   15:     0x59134b72b094 - std[617be2ca0a6fd877]::sys::backtrace::__rust_begin_short_backtrace::<test[aada8e7e76ba119b]::run_test::{closure#1}, ()>
[INFO] [stdout]   16:     0x59134b734832 - <std[617be2ca0a6fd877]::thread::lifecycle::spawn_unchecked<test[aada8e7e76ba119b]::run_test::{closure#1}, ()>::{closure#1} as core[a373ad73a504971]::ops::function::FnOnce<()>>::call_once::{shim:vtable#0}
[INFO] [stdout]   17:     0x59134b87b0bf - <std[617be2ca0a6fd877]::sys::thread::unix::Thread>::new::thread_start
[INFO] [stdout]   18:     0x7901c8057dfa - <unknown>
[INFO] [stdout]   19:     0x7901c80eb3d4 - clone
[INFO] [stdout]   20:                0x0 - <unknown>
[INFO] [stdout] 
[INFO] [stdout] ---- caller_can_hold_recovery_methods_before_pack_writes_any_output stdout ----
[INFO] [stdout] 
[INFO] [stdout] thread 'caller_can_hold_recovery_methods_before_pack_writes_any_output' (3173) panicked at tests/bundle_resume.rs:1182:10:
[INFO] [stdout] called `Result::unwrap()` on an `Err` value: Io { action: "synchronize completed Bundle directory", path: "/tmp/iniza-pack-resume-3172-1792301054443480088-4", source: Os { code: 9, kind: Uncategorized, message: "Bad file descriptor" } }
[INFO] [stdout] stack backtrace:
[INFO] [stdout]    0:     0x59134b87c171 - <<std[617be2ca0a6fd877]::sys::backtrace::BacktraceLock>::print::DisplayBacktrace as core[a373ad73a504971]::fmt::Display>::fmt
[INFO] [stdout]    1:     0x59134b891e7a - core[a373ad73a504971]::fmt::write
[INFO] [stdout]    2:     0x59134b88079c - <alloc[2e1b2a31b91974c5]::vec::Vec<u8> as core[a373ad73a504971]::io::write::Write>::write_fmt
[INFO] [stdout]    3:     0x59134b8545b6 - std[617be2ca0a6fd877]::panicking::default_hook::{closure#0}
[INFO] [stdout]    4:     0x59134b872489 - std[617be2ca0a6fd877]::panicking::default_hook
[INFO] [stdout]    5:     0x59134b731180 - test[aada8e7e76ba119b]::test_main_inner::{closure#0}
[INFO] [stdout]    6:     0x59134b872642 - std[617be2ca0a6fd877]::panicking::panic_with_hook
[INFO] [stdout]    7:     0x59134b854662 - std[617be2ca0a6fd877]::panicking::panic_handler::{closure#0}
[INFO] [stdout]    8:     0x59134b84cfc9 - std[617be2ca0a6fd877]::sys::backtrace::__rust_end_short_backtrace::<std[617be2ca0a6fd877]::panicking::panic_handler::{closure#0}, !>
[INFO] [stdout]    9:     0x59134b85535d - __rustc[ea4f61d10b84890b]::rust_begin_unwind
[INFO] [stdout]   10:     0x59134b8925ec - core[a373ad73a504971]::panicking::panic_fmt
[INFO] [stdout]   11:     0x59134b8923c2 - core[a373ad73a504971]::result::unwrap_failed
[INFO] [stdout]   12:     0x59134b6f52f0 - <bundle_resume[95e75caca5ff0fe0]::caller_can_hold_recovery_methods_before_pack_writes_any_output::{closure#0} as core[a373ad73a504971]::ops::function::FnOnce<()>>::call_once
[INFO] [stdout]   13:     0x59134b7245cb - test[aada8e7e76ba119b]::__rust_begin_short_backtrace::<core[a373ad73a504971]::result::Result<(), alloc[2e1b2a31b91974c5]::string::String>, fn() -> core[a373ad73a504971]::result::Result<(), alloc[2e1b2a31b91974c5]::string::String>>
[INFO] [stdout]   14:     0x59134b7317a5 - test[aada8e7e76ba119b]::run_test::{closure#0}
[INFO] [stdout]   15:     0x59134b72b094 - std[617be2ca0a6fd877]::sys::backtrace::__rust_begin_short_backtrace::<test[aada8e7e76ba119b]::run_test::{closure#1}, ()>
[INFO] [stdout]   16:     0x59134b734832 - <std[617be2ca0a6fd877]::thread::lifecycle::spawn_unchecked<test[aada8e7e76ba119b]::run_test::{closure#1}, ()>::{closure#1} as core[a373ad73a504971]::ops::function::FnOnce<()>>::call_once::{shim:vtable#0}
[INFO] [stdout]   17:     0x59134b87b0bf - <std[617be2ca0a6fd877]::sys::thread::unix::Thread>::new::thread_start
[INFO] [stdout]   18:     0x7901c8057dfa - <unknown>
[INFO] [stdout]   19:     0x7901c80eb3d4 - clone
[INFO] [stdout]   20:                0x0 - <unknown>
[INFO] [stdout] 
[INFO] [stdout] ---- checkpoint_directory_sync_failure_never_publishes stdout ----
[INFO] [stdout] 
[INFO] [stdout] thread 'checkpoint_directory_sync_failure_never_publishes' (3176) panicked at tests/bundle_resume.rs:398:10:
[INFO] [stdout] a clean restart at a new destination must remain available: Io { action: "synchronize completed Bundle directory", path: "/tmp/iniza-pack-resume-3172-1792301054441460728-1", source: Os { code: 9, kind: Uncategorized, message: "Bad file descriptor" } }
[INFO] [stdout] stack backtrace:
[INFO] [stdout]    0:     0x59134b87c171 - <<std[617be2ca0a6fd877]::sys::backtrace::BacktraceLock>::print::DisplayBacktrace as core[a373ad73a504971]::fmt::Display>::fmt
[INFO] [stdout]    1:     0x59134b891e7a - core[a373ad73a504971]::fmt::write
[INFO] [stdout]    2:     0x59134b88079c - <alloc[2e1b2a31b91974c5]::vec::Vec<u8> as core[a373ad73a504971]::io::write::Write>::write_fmt
[INFO] [stdout]    3:     0x59134b8545b6 - std[617be2ca0a6fd877]::panicking::default_hook::{closure#0}
[INFO] [stdout]    4:     0x59134b872489 - std[617be2ca0a6fd877]::panicking::default_hook
[INFO] [stdout]    5:     0x59134b731180 - test[aada8e7e76ba119b]::test_main_inner::{closure#0}
[INFO] [stdout]    6:     0x59134b872642 - std[617be2ca0a6fd877]::panicking::panic_with_hook
[INFO] [stdout]    7:     0x59134b854662 - std[617be2ca0a6fd877]::panicking::panic_handler::{closure#0}
[INFO] [stdout]    8:     0x59134b84cfc9 - std[617be2ca0a6fd877]::sys::backtrace::__rust_end_short_backtrace::<std[617be2ca0a6fd877]::panicking::panic_handler::{closure#0}, !>
[INFO] [stdout]    9:     0x59134b85535d - __rustc[ea4f61d10b84890b]::rust_begin_unwind
[INFO] [stdout]   10:     0x59134b8925ec - core[a373ad73a504971]::panicking::panic_fmt
[INFO] [stdout]   11:     0x59134b8923c2 - core[a373ad73a504971]::result::unwrap_failed
[INFO] [stdout]   12:     0x59134b6ef1af - bundle_resume[95e75caca5ff0fe0]::assert_prepublication_failure_is_contained
[INFO] [stdout]   13:     0x59134b6f3d58 - <bundle_resume[95e75caca5ff0fe0]::checkpoint_directory_sync_failure_never_publishes::{closure#0} as core[a373ad73a504971]::ops::function::FnOnce<()>>::call_once
[INFO] [stdout]   14:     0x59134b7245cb - test[aada8e7e76ba119b]::__rust_begin_short_backtrace::<core[a373ad73a504971]::result::Result<(), alloc[2e1b2a31b91974c5]::string::String>, fn() -> core[a373ad73a504971]::result::Result<(), alloc[2e1b2a31b91974c5]::string::String>>
[INFO] [stdout]   15:     0x59134b7317a5 - test[aada8e7e76ba119b]::run_test::{closure#0}
[INFO] [stdout]   16:     0x59134b72b094 - std[617be2ca0a6fd877]::sys::backtrace::__rust_begin_short_backtrace::<test[aada8e7e76ba119b]::run_test::{closure#1}, ()>
[INFO] [stdout]   17:     0x59134b734832 - <std[617be2ca0a6fd877]::thread::lifecycle::spawn_unchecked<test[aada8e7e76ba119b]::run_test::{closure#1}, ()>::{closure#1} as core[a373ad73a504971]::ops::function::FnOnce<()>>::call_once::{shim:vtable#0}
[INFO] [stdout]   18:     0x59134b87b0bf - <std[617be2ca0a6fd877]::sys::thread::unix::Thread>::new::thread_start
[INFO] [stdout]   19:     0x7901c8057dfa - <unknown>
[INFO] [stdout]   20:     0x7901c80eb3d4 - clone
[INFO] [stdout]   21:                0x0 - <unknown>
[INFO] [stdout] 
[INFO] [stdout] ---- checkpoint_sync_failure_never_publishes stdout ----
[INFO] [stdout] 
[INFO] [stdout] thread 'checkpoint_sync_failure_never_publishes' (3177) panicked at tests/bundle_resume.rs:398:10:
[INFO] [stdout] a clean restart at a new destination must remain available: Io { action: "synchronize completed Bundle directory", path: "/tmp/iniza-pack-resume-3172-1792301054441968148-2", source: Os { code: 9, kind: Uncategorized, message: "Bad file descriptor" } }
[INFO] [stdout] stack backtrace:
[INFO] [stdout]    0:     0x59134b87c171 - <<std[617be2ca0a6fd877]::sys::backtrace::BacktraceLock>::print::DisplayBacktrace as core[a373ad73a504971]::fmt::Display>::fmt
[INFO] [stdout]    1:     0x59134b891e7a - core[a373ad73a504971]::fmt::write
[INFO] [stdout]    2:     0x59134b88079c - <alloc[2e1b2a31b91974c5]::vec::Vec<u8> as core[a373ad73a504971]::io::write::Write>::write_fmt
[INFO] [stdout]    3:     0x59134b8545b6 - std[617be2ca0a6fd877]::panicking::default_hook::{closure#0}
[INFO] [stdout]    4:     0x59134b872489 - std[617be2ca0a6fd877]::panicking::default_hook
[INFO] [stdout]    5:     0x59134b731180 - test[aada8e7e76ba119b]::test_main_inner::{closure#0}
[INFO] [stdout]    6:     0x59134b872642 - std[617be2ca0a6fd877]::panicking::panic_with_hook
[INFO] [stdout]    7:     0x59134b854662 - std[617be2ca0a6fd877]::panicking::panic_handler::{closure#0}
[INFO] [stdout]    8:     0x59134b84cfc9 - std[617be2ca0a6fd877]::sys::backtrace::__rust_end_short_backtrace::<std[617be2ca0a6fd877]::panicking::panic_handler::{closure#0}, !>
[INFO] [stdout]    9:     0x59134b85535d - __rustc[ea4f61d10b84890b]::rust_begin_unwind
[INFO] [stdout]   10:     0x59134b8925ec - core[a373ad73a504971]::panicking::panic_fmt
[INFO] [stdout]   11:     0x59134b8923c2 - core[a373ad73a504971]::result::unwrap_failed
[INFO] [stdout]   12:     0x59134b6ef1af - bundle_resume[95e75caca5ff0fe0]::assert_prepublication_failure_is_contained
[INFO] [stdout]   13:     0x59134b6f2408 - <bundle_resume[95e75caca5ff0fe0]::checkpoint_sync_failure_never_publishes::{closure#0} as core[a373ad73a504971]::ops::function::FnOnce<()>>::call_once
[INFO] [stdout]   14:     0x59134b7245cb - test[aada8e7e76ba119b]::__rust_begin_short_backtrace::<core[a373ad73a504971]::result::Result<(), alloc[2e1b2a31b91974c5]::string::String>, fn() -> core[a373ad73a504971]::result::Result<(), alloc[2e1b2a31b91974c5]::string::String>>
[INFO] [stdout]   15:     0x59134b7317a5 - test[aada8e7e76ba119b]::run_test::{closure#0}
[INFO] [stdout]   16:     0x59134b72b094 - std[617be2ca0a6fd877]::sys::backtrace::__rust_begin_short_backtrace::<test[aada8e7e76ba119b]::run_test::{closure#1}, ()>
[INFO] [stdout]   17:     0x59134b734832 - <std[617be2ca0a6fd877]::thread::lifecycle::spawn_unchecked<test[aada8e7e76ba119b]::run_test::{closure#1}, ()>::{closure#1} as core[a373ad73a504971]::ops::function::FnOnce<()>>::call_once::{shim:vtable#0}
[INFO] [stdout]   18:     0x59134b87b0bf - <std[617be2ca0a6fd877]::sys::thread::unix::Thread>::new::thread_start
[INFO] [stdout]   19:     0x7901c8057dfa - <unknown>
[INFO] [stdout]   20:     0x7901c80eb3d4 - clone
[INFO] [stdout]   21:                0x0 - <unknown>
[INFO] [stdout] 
[INFO] [stdout] ---- checkpoint_creation_failure_never_publishes stdout ----
[INFO] [stdout] 
[INFO] [stdout] thread 'checkpoint_creation_failure_never_publishes' (3175) panicked at tests/bundle_resume.rs:398:10:
[INFO] [stdout] a clean restart at a new destination must remain available: Io { action: "synchronize completed Bundle directory", path: "/tmp/iniza-pack-resume-3172-1792301054440968408-0", source: Os { code: 9, kind: Uncategorized, message: "Bad file descriptor" } }
[INFO] [stdout] stack backtrace:
[INFO] [stdout]    0:     0x59134b87c171 - <<std[617be2ca0a6fd877]::sys::backtrace::BacktraceLock>::print::DisplayBacktrace as core[a373ad73a504971]::fmt::Display>::fmt
[INFO] [stdout]    1:     0x59134b891e7a - core[a373ad73a504971]::fmt::write
[INFO] [stdout]    2:     0x59134b88079c - <alloc[2e1b2a31b91974c5]::vec::Vec<u8> as core[a373ad73a504971]::io::write::Write>::write_fmt
[INFO] [stdout]    3:     0x59134b8545b6 - std[617be2ca0a6fd877]::panicking::default_hook::{closure#0}
[INFO] [stdout]    4:     0x59134b872489 - std[617be2ca0a6fd877]::panicking::default_hook
[INFO] [stdout]    5:     0x59134b731180 - test[aada8e7e76ba119b]::test_main_inner::{closure#0}
[INFO] [stdout]    6:     0x59134b872642 - std[617be2ca0a6fd877]::panicking::panic_with_hook
[INFO] [stdout]    7:     0x59134b854662 - std[617be2ca0a6fd877]::panicking::panic_handler::{closure#0}
[INFO] [stdout]    8:     0x59134b84cfc9 - std[617be2ca0a6fd877]::sys::backtrace::__rust_end_short_backtrace::<std[617be2ca0a6fd877]::panicking::panic_handler::{closure#0}, !>
[INFO] [stdout]    9:     0x59134b85535d - __rustc[ea4f61d10b84890b]::rust_begin_unwind
[INFO] [stdout]   10:     0x59134b8925ec - core[a373ad73a504971]::panicking::panic_fmt
[INFO] [stdout]   11:     0x59134b8923c2 - core[a373ad73a504971]::result::unwrap_failed
[INFO] [stdout]   12:     0x59134b6ef1af - bundle_resume[95e75caca5ff0fe0]::assert_prepublication_failure_is_contained
[INFO] [stdout]   13:     0x59134b6f28a8 - <bundle_resume[95e75caca5ff0fe0]::checkpoint_creation_failure_never_publishes::{closure#0} as core[a373ad73a504971]::ops::function::FnOnce<()>>::call_once
[INFO] [stdout]   14:     0x59134b7245cb - test[aada8e7e76ba119b]::__rust_begin_short_backtrace::<core[a373ad73a504971]::result::Result<(), alloc[2e1b2a31b91974c5]::string::String>, fn() -> core[a373ad73a504971]::result::Result<(), alloc[2e1b2a31b91974c5]::string::String>>
[INFO] [stdout]   15:     0x59134b7317a5 - test[aada8e7e76ba119b]::run_test::{closure#0}
[INFO] [stdout]   16:     0x59134b72b094 - std[617be2ca0a6fd877]::sys::backtrace::__rust_begin_short_backtrace::<test[aada8e7e76ba119b]::run_test::{closure#1}, ()>
[INFO] [stdout]   17:     0x59134b734832 - <std[617be2ca0a6fd877]::thread::lifecycle::spawn_unchecked<test[aada8e7e76ba119b]::run_test::{closure#1}, ()>::{closure#1} as core[a373ad73a504971]::ops::function::FnOnce<()>>::call_once::{shim:vtable#0}
[INFO] [stdout]   18:     0x59134b87b0bf - <std[617be2ca0a6fd877]::sys::thread::unix::Thread>::new::thread_start
[INFO] [stdout]   19:     0x7901c8057dfa - <unknown>
[INFO] [stdout]   20:     0x7901c80eb3d4 - clone
[INFO] [stdout]   21:                0x0 - <unknown>
[INFO] [stdout] 
[INFO] [stdout] ---- checkpoint_write_failure_never_publishes stdout ----
[INFO] [stdout] 
[INFO] [stdout] thread 'checkpoint_write_failure_never_publishes' (3178) panicked at tests/bundle_resume.rs:398:10:
[INFO] [stdout] a clean restart at a new destination must remain available: Io { action: "synchronize completed Bundle directory", path: "/tmp/iniza-pack-resume-3172-1792301054442510128-3", source: Os { code: 9, kind: Uncategorized, message: "Bad file descriptor" } }
[INFO] [stdout] stack backtrace:
[INFO] [stdout]    0:     0x59134b87c171 - <<std[617be2ca0a6fd877]::sys::backtrace::BacktraceLock>::print::DisplayBacktrace as core[a373ad73a504971]::fmt::Display>::fmt
[INFO] [stdout]    1:     0x59134b891e7a - core[a373ad73a504971]::fmt::write
[INFO] [stdout]    2:     0x59134b88079c - <alloc[2e1b2a31b91974c5]::vec::Vec<u8> as core[a373ad73a504971]::io::write::Write>::write_fmt
[INFO] [stdout]    3:     0x59134b8545b6 - std[617be2ca0a6fd877]::panicking::default_hook::{closure#0}
[INFO] [stdout]    4:     0x59134b872489 - std[617be2ca0a6fd877]::panicking::default_hook
[INFO] [stdout]    5:     0x59134b731180 - test[aada8e7e76ba119b]::test_main_inner::{closure#0}
[INFO] [stdout]    6:     0x59134b872642 - std[617be2ca0a6fd877]::panicking::panic_with_hook
[INFO] [stdout]    7:     0x59134b854662 - std[617be2ca0a6fd877]::panicking::panic_handler::{closure#0}
[INFO] [stdout]    8:     0x59134b84cfc9 - std[617be2ca0a6fd877]::sys::backtrace::__rust_end_short_backtrace::<std[617be2ca0a6fd877]::panicking::panic_handler::{closure#0}, !>
[INFO] [stdout]    9:     0x59134b85535d - __rustc[ea4f61d10b84890b]::rust_begin_unwind
[INFO] [stdout]   10:     0x59134b8925ec - core[a373ad73a504971]::panicking::panic_fmt
[INFO] [stdout]   11:     0x59134b8923c2 - core[a373ad73a504971]::result::unwrap_failed
[INFO] [stdout]   12:     0x59134b6ef1af - bundle_resume[95e75caca5ff0fe0]::assert_prepublication_failure_is_contained
[INFO] [stdout]   13:     0x59134b6f2448 - <bundle_resume[95e75caca5ff0fe0]::checkpoint_write_failure_never_publishes::{closure#0} as core[a373ad73a504971]::ops::function::FnOnce<()>>::call_once
[INFO] [stdout]   14:     0x59134b7245cb - test[aada8e7e76ba119b]::__rust_begin_short_backtrace::<core[a373ad73a504971]::result::Result<(), alloc[2e1b2a31b91974c5]::string::String>, fn() -> core[a373ad73a504971]::result::Result<(), alloc[2e1b2a31b91974c5]::string::String>>
[INFO] [stdout]   15:     0x59134b7317a5 - test[aada8e7e76ba119b]::run_test::{closure#0}
[INFO] [stdout]   16:     0x59134b72b094 - std[617be2ca0a6fd877]::sys::backtrace::__rust_begin_short_backtrace::<test[aada8e7e76ba119b]::run_test::{closure#1}, ()>
[INFO] [stdout]   17:     0x59134b734832 - <std[617be2ca0a6fd877]::thread::lifecycle::spawn_unchecked<test[aada8e7e76ba119b]::run_test::{closure#1}, ()>::{closure#1} as core[a373ad73a504971]::ops::function::FnOnce<()>>::call_once::{shim:vtable#0}
[INFO] [stdout]   18:     0x59134b87b0bf - <std[617be2ca0a6fd877]::sys::thread::unix::Thread>::new::thread_start
[INFO] [stdout]   19:     0x7901c8057dfa - <unknown>
[INFO] [stdout]   20:     0x7901c80eb3d4 - clone
[INFO] [stdout]   21:                0x0 - <unknown>
[INFO] [stdout] 
[INFO] [stdout] ---- completed_bundle_publication_failure_never_publishes stdout ----
[INFO] [stdout] 
[INFO] [stdout] thread 'completed_bundle_publication_failure_never_publishes' (3181) panicked at tests/bundle_resume.rs:398:10:
[INFO] [stdout] a clean restart at a new destination must remain available: Io { action: "synchronize completed Bundle directory", path: "/tmp/iniza-pack-resume-3172-1792301057638456829-8", source: Os { code: 9, kind: Uncategorized, message: "Bad file descriptor" } }
[INFO] [stdout] stack backtrace:
[INFO] [stdout]    0:     0x59134b87c171 - <<std[617be2ca0a6fd877]::sys::backtrace::BacktraceLock>::print::DisplayBacktrace as core[a373ad73a504971]::fmt::Display>::fmt
[INFO] [stdout]    1:     0x59134b891e7a - core[a373ad73a504971]::fmt::write
[INFO] [stdout]    2:     0x59134b88079c - <alloc[2e1b2a31b91974c5]::vec::Vec<u8> as core[a373ad73a504971]::io::write::Write>::write_fmt
[INFO] [stdout]    3:     0x59134b8545b6 - std[617be2ca0a6fd877]::panicking::default_hook::{closure#0}
[INFO] [stdout]    4:     0x59134b872489 - std[617be2ca0a6fd877]::panicking::default_hook
[INFO] [stdout]    5:     0x59134b731180 - test[aada8e7e76ba119b]::test_main_inner::{closure#0}
[INFO] [stdout]    6:     0x59134b872642 - std[617be2ca0a6fd877]::panicking::panic_with_hook
[INFO] [stdout]    7:     0x59134b854662 - std[617be2ca0a6fd877]::panicking::panic_handler::{closure#0}
[INFO] [stdout]    8:     0x59134b84cfc9 - std[617be2ca0a6fd877]::sys::backtrace::__rust_end_short_backtrace::<std[617be2ca0a6fd877]::panicking::panic_handler::{closure#0}, !>
[INFO] [stdout]    9:     0x59134b85535d - __rustc[ea4f61d10b84890b]::rust_begin_unwind
[INFO] [stdout]   10:     0x59134b8925ec - core[a373ad73a504971]::panicking::panic_fmt
[INFO] [stdout]   11:     0x59134b8923c2 - core[a373ad73a504971]::result::unwrap_failed
[INFO] [stdout]   12:     0x59134b6ef1af - bundle_resume[95e75caca5ff0fe0]::assert_prepublication_failure_is_contained
[INFO] [stdout]   13:     0x59134b6f3e55 - <bundle_resume[95e75caca5ff0fe0]::completed_bundle_publication_failure_never_publishes::{closure#0} as core[a373ad73a504971]::ops::function::FnOnce<()>>::call_once
[INFO] [stdout]   14:     0x59134b7245cb - test[aada8e7e76ba119b]::__rust_begin_short_backtrace::<core[a373ad73a504971]::result::Result<(), alloc[2e1b2a31b91974c5]::string::String>, fn() -> core[a373ad73a504971]::result::Result<(), alloc[2e1b2a31b91974c5]::string::String>>
[INFO] [stdout]   15:     0x59134b7317a5 - test[aada8e7e76ba119b]::run_test::{closure#0}
[INFO] [stdout]   16:     0x59134b72b094 - std[617be2ca0a6fd877]::sys::backtrace::__rust_begin_short_backtrace::<test[aada8e7e76ba119b]::run_test::{closure#1}, ()>
[INFO] [stdout]   17:     0x59134b734832 - <std[617be2ca0a6fd877]::thread::lifecycle::spawn_unchecked<test[aada8e7e76ba119b]::run_test::{closure#1}, ()>::{closure#1} as core[a373ad73a504971]::ops::function::FnOnce<()>>::call_once::{shim:vtable#0}
[INFO] [stdout]   18:     0x59134b87b0bf - <std[617be2ca0a6fd877]::sys::thread::unix::Thread>::new::thread_start
[INFO] [stdout]   19:     0x7901c8057dfa - <unknown>
[INFO] [stdout]   20:     0x7901c80eb3d4 - clone
[INFO] [stdout]   21:                0x0 - <unknown>
[INFO] [stdout] 
[INFO] [stdout] ---- completed_partial_sync_failure_never_publishes stdout ----
[INFO] [stdout] 
[INFO] [stdout] thread 'completed_partial_sync_failure_never_publishes' (3182) panicked at tests/bundle_resume.rs:398:10:
[INFO] [stdout] a clean restart at a new destination must remain available: Io { action: "synchronize completed Bundle directory", path: "/tmp/iniza-pack-resume-3172-1792301057647211599-9", source: Os { code: 9, kind: Uncategorized, message: "Bad file descriptor" } }
[INFO] [stdout] stack backtrace:
[INFO] [stdout]    0:     0x59134b87c171 - <<std[617be2ca0a6fd877]::sys::backtrace::BacktraceLock>::print::DisplayBacktrace as core[a373ad73a504971]::fmt::Display>::fmt
[INFO] [stdout]    1:     0x59134b891e7a - core[a373ad73a504971]::fmt::write
[INFO] [stdout]    2:     0x59134b88079c - <alloc[2e1b2a31b91974c5]::vec::Vec<u8> as core[a373ad73a504971]::io::write::Write>::write_fmt
[INFO] [stdout]    3:     0x59134b8545b6 - std[617be2ca0a6fd877]::panicking::default_hook::{closure#0}
[INFO] [stdout]    4:     0x59134b872489 - std[617be2ca0a6fd877]::panicking::default_hook
[INFO] [stdout]    5:     0x59134b731180 - test[aada8e7e76ba119b]::test_main_inner::{closure#0}
[INFO] [stdout]    6:     0x59134b872642 - std[617be2ca0a6fd877]::panicking::panic_with_hook
[INFO] [stdout]    7:     0x59134b854662 - std[617be2ca0a6fd877]::panicking::panic_handler::{closure#0}
[INFO] [stdout]    8:     0x59134b84cfc9 - std[617be2ca0a6fd877]::sys::backtrace::__rust_end_short_backtrace::<std[617be2ca0a6fd877]::panicking::panic_handler::{closure#0}, !>
[INFO] [stdout]    9:     0x59134b85535d - __rustc[ea4f61d10b84890b]::rust_begin_unwind
[INFO] [stdout]   10:     0x59134b8925ec - core[a373ad73a504971]::panicking::panic_fmt
[INFO] [stdout]   11:     0x59134b8923c2 - core[a373ad73a504971]::result::unwrap_failed
[INFO] [stdout]   12:     0x59134b6ef1af - bundle_resume[95e75caca5ff0fe0]::assert_prepublication_failure_is_contained
[INFO] [stdout]   13:     0x59134b6f3cd5 - <bundle_resume[95e75caca5ff0fe0]::completed_partial_sync_failure_never_publishes::{closure#0} as core[a373ad73a504971]::ops::function::FnOnce<()>>::call_once
[INFO] [stdout]   14:     0x59134b7245cb - test[aada8e7e76ba119b]::__rust_begin_short_backtrace::<core[a373ad73a504971]::result::Result<(), alloc[2e1b2a31b91974c5]::string::String>, fn() -> core[a373ad73a504971]::result::Result<(), alloc[2e1b2a31b91974c5]::string::String>>
[INFO] [stdout]   15:     0x59134b7317a5 - test[aada8e7e76ba119b]::run_test::{closure#0}
[INFO] [stdout]   16:     0x59134b72b094 - std[617be2ca0a6fd877]::sys::backtrace::__rust_begin_short_backtrace::<test[aada8e7e76ba119b]::run_test::{closure#1}, ()>
[INFO] [stdout]   17:     0x59134b734832 - <std[617be2ca0a6fd877]::thread::lifecycle::spawn_unchecked<test[aada8e7e76ba119b]::run_test::{closure#1}, ()>::{closure#1} as core[a373ad73a504971]::ops::function::FnOnce<()>>::call_once::{shim:vtable#0}
[INFO] [stdout]   18:     0x59134b87b0bf - <std[617be2ca0a6fd877]::sys::thread::unix::Thread>::new::thread_start
[INFO] [stdout]   19:     0x7901c8057dfa - <unknown>
[INFO] [stdout]   20:     0x7901c80eb3d4 - clone
[INFO] [stdout]   21:                0x0 - <unknown>
[INFO] [stdout] 
[INFO] [stdout] ---- every_partial_artifact_name_is_rejected_even_with_complete_bundle_bytes stdout ----
[INFO] [stdout] 
[INFO] [stdout] thread 'every_partial_artifact_name_is_rejected_even_with_complete_bundle_bytes' (3186) panicked at tests/bundle_resume.rs:1358:71:
[INFO] [stdout] called `Result::unwrap()` on an `Err` value: Io { action: "synchronize completed Bundle directory", path: "/tmp/iniza-pack-resume-3172-1792301061565488003-14", source: Os { code: 9, kind: Uncategorized, message: "Bad file descriptor" } }
[INFO] [stdout] stack backtrace:
[INFO] [stdout]    0:     0x59134b87c171 - <<std[617be2ca0a6fd877]::sys::backtrace::BacktraceLock>::print::DisplayBacktrace as core[a373ad73a504971]::fmt::Display>::fmt
[INFO] [stdout]    1:     0x59134b891e7a - core[a373ad73a504971]::fmt::write
[INFO] [stdout]    2:     0x59134b88079c - <alloc[2e1b2a31b91974c5]::vec::Vec<u8> as core[a373ad73a504971]::io::write::Write>::write_fmt
[INFO] [stdout]    3:     0x59134b8545b6 - std[617be2ca0a6fd877]::panicking::default_hook::{closure#0}
[INFO] [stdout]    4:     0x59134b872489 - std[617be2ca0a6fd877]::panicking::default_hook
[INFO] [stdout]    5:     0x59134b731180 - test[aada8e7e76ba119b]::test_main_inner::{closure#0}
[INFO] [stdout]    6:     0x59134b872642 - std[617be2ca0a6fd877]::panicking::panic_with_hook
[INFO] [stdout]    7:     0x59134b854662 - std[617be2ca0a6fd877]::panicking::panic_handler::{closure#0}
[INFO] [stdout]    8:     0x59134b84cfc9 - std[617be2ca0a6fd877]::sys::backtrace::__rust_end_short_backtrace::<std[617be2ca0a6fd877]::panicking::panic_handler::{closure#0}, !>
[INFO] [stdout]    9:     0x59134b85535d - __rustc[ea4f61d10b84890b]::rust_begin_unwind
[INFO] [stdout]   10:     0x59134b8925ec - core[a373ad73a504971]::panicking::panic_fmt
[INFO] [stdout]   11:     0x59134b8923c2 - core[a373ad73a504971]::result::unwrap_failed
[INFO] [stdout]   12:     0x59134b70217a - <bundle_resume[95e75caca5ff0fe0]::every_partial_artifact_name_is_rejected_even_with_complete_bundle_bytes::{closure#0} as core[a373ad73a504971]::ops::function::FnOnce<()>>::call_once
[INFO] [stdout]   13:     0x59134b7245cb - test[aada8e7e76ba119b]::__rust_begin_short_backtrace::<core[a373ad73a504971]::result::Result<(), alloc[2e1b2a31b91974c5]::string::String>, fn() -> core[a373ad73a504971]::result::Result<(), alloc[2e1b2a31b91974c5]::string::String>>
[INFO] [stdout]   14:     0x59134b7317a5 - test[aada8e7e76ba119b]::run_test::{closure#0}
[INFO] [stdout]   15:     0x59134b72b094 - std[617be2ca0a6fd877]::sys::backtrace::__rust_begin_short_backtrace::<test[aada8e7e76ba119b]::run_test::{closure#1}, ()>
[INFO] [stdout]   16:     0x59134b734832 - <std[617be2ca0a6fd877]::thread::lifecycle::spawn_unchecked<test[aada8e7e76ba119b]::run_test::{closure#1}, ()>::{closure#1} as core[a373ad73a504971]::ops::function::FnOnce<()>>::call_once::{shim:vtable#0}
[INFO] [stdout]   17:     0x59134b87b0bf - <std[617be2ca0a6fd877]::sys::thread::unix::Thread>::new::thread_start
[INFO] [stdout]   18:     0x7901c8057dfa - <unknown>
[INFO] [stdout]   19:     0x7901c80eb3d4 - clone
[INFO] [stdout]   20:                0x0 - <unknown>
[INFO] [stdout] 
[INFO] [stdout] ---- completed_resume_never_removes_an_unrelated_checkpoint_path_replacement stdout ----
[INFO] [stdout] 
[INFO] [stdout] thread 'completed_resume_never_removes_an_unrelated_checkpoint_path_replacement' (3183) panicked at tests/bundle_resume.rs:1668:10:
[INFO] [stdout] Resume remains bound to the authenticated checkpoint bytes: Io { action: "synchronize completed Bundle directory", path: "/tmp/iniza-pack-resume-3172-1792301058154860587-10", source: Os { code: 9, kind: Uncategorized, message: "Bad file descriptor" } }
[INFO] [stdout] stack backtrace:
[INFO] [stdout]    0:     0x59134b87c171 - <<std[617be2ca0a6fd877]::sys::backtrace::BacktraceLock>::print::DisplayBacktrace as core[a373ad73a504971]::fmt::Display>::fmt
[INFO] [stdout]    1:     0x59134b891e7a - core[a373ad73a504971]::fmt::write
[INFO] [stdout]    2:     0x59134b88079c - <alloc[2e1b2a31b91974c5]::vec::Vec<u8> as core[a373ad73a504971]::io::write::Write>::write_fmt
[INFO] [stdout]    3:     0x59134b8545b6 - std[617be2ca0a6fd877]::panicking::default_hook::{closure#0}
[INFO] [stdout]    4:     0x59134b872489 - std[617be2ca0a6fd877]::panicking::default_hook
[INFO] [stdout]    5:     0x59134b731180 - test[aada8e7e76ba119b]::test_main_inner::{closure#0}
[INFO] [stdout]    6:     0x59134b872642 - std[617be2ca0a6fd877]::panicking::panic_with_hook
[INFO] [stdout]    7:     0x59134b854662 - std[617be2ca0a6fd877]::panicking::panic_handler::{closure#0}
[INFO] [stdout]    8:     0x59134b84cfc9 - std[617be2ca0a6fd877]::sys::backtrace::__rust_end_short_backtrace::<std[617be2ca0a6fd877]::panicking::panic_handler::{closure#0}, !>
[INFO] [stdout]    9:     0x59134b85535d - __rustc[ea4f61d10b84890b]::rust_begin_unwind
[INFO] [stdout]   10:     0x59134b8925ec - core[a373ad73a504971]::panicking::panic_fmt
[INFO] [stdout]   11:     0x59134b8923c2 - core[a373ad73a504971]::result::unwrap_failed
[INFO] [stdout]   12:     0x59134b7017da - <bundle_resume[95e75caca5ff0fe0]::completed_resume_never_removes_an_unrelated_checkpoint_path_replacement::{closure#0} as core[a373ad73a504971]::ops::function::FnOnce<()>>::call_once
[INFO] [stdout]   13:     0x59134b7245cb - test[aada8e7e76ba119b]::__rust_begin_short_backtrace::<core[a373ad73a504971]::result::Result<(), alloc[2e1b2a31b91974c5]::string::String>, fn() -> core[a373ad73a504971]::result::Result<(), alloc[2e1b2a31b91974c5]::string::String>>
[INFO] [stdout]   14:     0x59134b7317a5 - test[aada8e7e76ba119b]::run_test::{closure#0}
[INFO] [stdout]   15:     0x59134b72b094 - std[617be2ca0a6fd877]::sys::backtrace::__rust_begin_short_backtrace::<test[aada8e7e76ba119b]::run_test::{closure#1}, ()>
[INFO] [stdout]   16:     0x59134b734832 - <std[617be2ca0a6fd877]::thread::lifecycle::spawn_unchecked<test[aada8e7e76ba119b]::run_test::{closure#1}, ()>::{closure#1} as core[a373ad73a504971]::ops::function::FnOnce<()>>::call_once::{shim:vtable#0}
[INFO] [stdout]   17:     0x59134b87b0bf - <std[617be2ca0a6fd877]::sys::thread::unix::Thread>::new::thread_start
[INFO] [stdout]   18:     0x7901c8057dfa - <unknown>
[INFO] [stdout]   19:     0x7901c80eb3d4 - clone
[INFO] [stdout]   20:                0x0 - <unknown>
[INFO] [stdout] 
[INFO] [stdout] ---- completed_resume_never_removes_an_unrelated_saved_path_replacement stdout ----
[INFO] [stdout] 
[INFO] [stdout] thread 'completed_resume_never_removes_an_unrelated_saved_path_replacement' (3184) panicked at tests/bundle_resume.rs:1601:10:
[INFO] [stdout] Resume remains bound to the authenticated opened progress: Io { action: "synchronize completed Bundle directory", path: "/tmp/iniza-pack-resume-3172-1792301059640443740-11", source: Os { code: 9, kind: Uncategorized, message: "Bad file descriptor" } }
[INFO] [stdout] stack backtrace:
[INFO] [stdout]    0:     0x59134b87c171 - <<std[617be2ca0a6fd877]::sys::backtrace::BacktraceLock>::print::DisplayBacktrace as core[a373ad73a504971]::fmt::Display>::fmt
[INFO] [stdout]    1:     0x59134b891e7a - core[a373ad73a504971]::fmt::write
[INFO] [stdout]    2:     0x59134b88079c - <alloc[2e1b2a31b91974c5]::vec::Vec<u8> as core[a373ad73a504971]::io::write::Write>::write_fmt
[INFO] [stdout]    3:     0x59134b8545b6 - std[617be2ca0a6fd877]::panicking::default_hook::{closure#0}
[INFO] [stdout]    4:     0x59134b872489 - std[617be2ca0a6fd877]::panicking::default_hook
[INFO] [stdout]    5:     0x59134b731180 - test[aada8e7e76ba119b]::test_main_inner::{closure#0}
[INFO] [stdout]    6:     0x59134b872642 - std[617be2ca0a6fd877]::panicking::panic_with_hook
[INFO] [stdout]    7:     0x59134b854662 - std[617be2ca0a6fd877]::panicking::panic_handler::{closure#0}
[INFO] [stdout]    8:     0x59134b84cfc9 - std[617be2ca0a6fd877]::sys::backtrace::__rust_end_short_backtrace::<std[617be2ca0a6fd877]::panicking::panic_handler::{closure#0}, !>
[INFO] [stdout]    9:     0x59134b85535d - __rustc[ea4f61d10b84890b]::rust_begin_unwind
[INFO] [stdout]   10:     0x59134b8925ec - core[a373ad73a504971]::panicking::panic_fmt
[INFO] [stdout]   11:     0x59134b8923c2 - core[a373ad73a504971]::result::unwrap_failed
[INFO] [stdout]   12:     0x59134b6fc2fa - <bundle_resume[95e75caca5ff0fe0]::completed_resume_never_removes_an_unrelated_saved_path_replacement::{closure#0} as core[a373ad73a504971]::ops::function::FnOnce<()>>::call_once
[INFO] [stdout]   13:     0x59134b7245cb - test[aada8e7e76ba119b]::__rust_begin_short_backtrace::<core[a373ad73a504971]::result::Result<(), alloc[2e1b2a31b91974c5]::string::String>, fn() -> core[a373ad73a504971]::result::Result<(), alloc[2e1b2a31b91974c5]::string::String>>
[INFO] [stdout]   14:     0x59134b7317a5 - test[aada8e7e76ba119b]::run_test::{closure#0}
[INFO] [stdout]   15:     0x59134b72b094 - std[617be2ca0a6fd877]::sys::backtrace::__rust_begin_short_backtrace::<test[aada8e7e76ba119b]::run_test::{closure#1}, ()>
[INFO] [stdout]   16:     0x59134b734832 - <std[617be2ca0a6fd877]::thread::lifecycle::spawn_unchecked<test[aada8e7e76ba119b]::run_test::{closure#1}, ()>::{closure#1} as core[a373ad73a504971]::ops::function::FnOnce<()>>::call_once::{shim:vtable#0}
[INFO] [stdout]   17:     0x59134b87b0bf - <std[617be2ca0a6fd877]::sys::thread::unix::Thread>::new::thread_start
[INFO] [stdout]   18:     0x7901c8057dfa - <unknown>
[INFO] [stdout]   19:     0x7901c80eb3d4 - clone
[INFO] [stdout]   20:                0x0 - <unknown>
[INFO] [stdout] 
[INFO] [stdout] ---- checkpoint_capacity_failure_preserves_previous_resumable_progress stdout ----
[INFO] [stdout] 
[INFO] [stdout] thread 'checkpoint_capacity_failure_preserves_previous_resumable_progress' (3174) panicked at tests/bundle_resume.rs:1480:10:
[INFO] [stdout] called `Result::unwrap()` on an `Err` value: Io { action: "synchronize completed Bundle directory", path: "/tmp/iniza-pack-resume-3172-1792301054445482507-5", source: Os { code: 9, kind: Uncategorized, message: "Bad file descriptor" } }
[INFO] [stdout] stack backtrace:
[INFO] [stdout]    0:     0x59134b87c171 - <<std[617be2ca0a6fd877]::sys::backtrace::BacktraceLock>::print::DisplayBacktrace as core[a373ad73a504971]::fmt::Display>::fmt
[INFO] [stdout]    1:     0x59134b891e7a - core[a373ad73a504971]::fmt::write
[INFO] [stdout]    2:     0x59134b88079c - <alloc[2e1b2a31b91974c5]::vec::Vec<u8> as core[a373ad73a504971]::io::write::Write>::write_fmt
[INFO] [stdout]    3:     0x59134b8545b6 - std[617be2ca0a6fd877]::panicking::default_hook::{closure#0}
[INFO] [stdout]    4:     0x59134b872489 - std[617be2ca0a6fd877]::panicking::default_hook
[INFO] [stdout]    5:     0x59134b731180 - test[aada8e7e76ba119b]::test_main_inner::{closure#0}
[INFO] [stdout]    6:     0x59134b872642 - std[617be2ca0a6fd877]::panicking::panic_with_hook
[INFO] [stdout]    7:     0x59134b854662 - std[617be2ca0a6fd877]::panicking::panic_handler::{closure#0}
[INFO] [stdout]    8:     0x59134b84cfc9 - std[617be2ca0a6fd877]::sys::backtrace::__rust_end_short_backtrace::<std[617be2ca0a6fd877]::panicking::panic_handler::{closure#0}, !>
[INFO] [stdout]    9:     0x59134b85535d - __rustc[ea4f61d10b84890b]::rust_begin_unwind
[INFO] [stdout]   10:     0x59134b8925ec - core[a373ad73a504971]::panicking::panic_fmt
[INFO] [stdout]   11:     0x59134b8923c2 - core[a373ad73a504971]::result::unwrap_failed
[INFO] [stdout]   12:     0x59134b6fa6f3 - <bundle_resume[95e75caca5ff0fe0]::checkpoint_capacity_failure_preserves_previous_resumable_progress::{closure#0} as core[a373ad73a504971]::ops::function::FnOnce<()>>::call_once
[INFO] [stdout]   13:     0x59134b7245cb - test[aada8e7e76ba119b]::__rust_begin_short_backtrace::<core[a373ad73a504971]::result::Result<(), alloc[2e1b2a31b91974c5]::string::String>, fn() -> core[a373ad73a504971]::result::Result<(), alloc[2e1b2a31b91974c5]::string::String>>
[INFO] [stdout]   14:     0x59134b7317a5 - test[aada8e7e76ba119b]::run_test::{closure#0}
[INFO] [stdout]   15:     0x59134b72b094 - std[617be2ca0a6fd877]::sys::backtrace::__rust_begin_short_backtrace::<test[aada8e7e76ba119b]::run_test::{closure#1}, ()>
[INFO] [stdout]   16:     0x59134b734832 - <std[617be2ca0a6fd877]::thread::lifecycle::spawn_unchecked<test[aada8e7e76ba119b]::run_test::{closure#1}, ()>::{closure#1} as core[a373ad73a504971]::ops::function::FnOnce<()>>::call_once::{shim:vtable#0}
[INFO] [stdout]   17:     0x59134b87b0bf - <std[617be2ca0a6fd877]::sys::thread::unix::Thread>::new::thread_start
[INFO] [stdout]   18:     0x7901c8057dfa - <unknown>
[INFO] [stdout]   19:     0x7901c80eb3d4 - clone
[INFO] [stdout]   20:                0x0 - <unknown>
[INFO] [stdout] 
[INFO] [stdout] ---- migration_item_stage_creation_failure_never_publishes stdout ----
[INFO] [stdout] 
[INFO] [stdout] thread 'migration_item_stage_creation_failure_never_publishes' (3195) panicked at tests/bundle_resume.rs:398:10:
[INFO] [stdout] a clean restart at a new destination must remain available: Io { action: "synchronize completed Bundle directory", path: "/tmp/iniza-pack-resume-3172-1792301071067492341-22", source: Os { code: 9, kind: Uncategorized, message: "Bad file descriptor" } }
[INFO] [stdout] stack backtrace:
[INFO] [stdout]    0:     0x59134b87c171 - <<std[617be2ca0a6fd877]::sys::backtrace::BacktraceLock>::print::DisplayBacktrace as core[a373ad73a504971]::fmt::Display>::fmt
[INFO] [stdout]    1:     0x59134b891e7a - core[a373ad73a504971]::fmt::write
[INFO] [stdout]    2:     0x59134b88079c - <alloc[2e1b2a31b91974c5]::vec::Vec<u8> as core[a373ad73a504971]::io::write::Write>::write_fmt
[INFO] [stdout]    3:     0x59134b8545b6 - std[617be2ca0a6fd877]::panicking::default_hook::{closure#0}
[INFO] [stdout]    4:     0x59134b872489 - std[617be2ca0a6fd877]::panicking::default_hook
[INFO] [stdout]    5:     0x59134b731180 - test[aada8e7e76ba119b]::test_main_inner::{closure#0}
[INFO] [stdout]    6:     0x59134b872642 - std[617be2ca0a6fd877]::panicking::panic_with_hook
[INFO] [stdout]    7:     0x59134b854662 - std[617be2ca0a6fd877]::panicking::panic_handler::{closure#0}
[INFO] [stdout]    8:     0x59134b84cfc9 - std[617be2ca0a6fd877]::sys::backtrace::__rust_end_short_backtrace::<std[617be2ca0a6fd877]::panicking::panic_handler::{closure#0}, !>
[INFO] [stdout]    9:     0x59134b85535d - __rustc[ea4f61d10b84890b]::rust_begin_unwind
[INFO] [stdout]   10:     0x59134b8925ec - core[a373ad73a504971]::panicking::panic_fmt
[INFO] [stdout]   11:     0x59134b8923c2 - core[a373ad73a504971]::result::unwrap_failed
[INFO] [stdout]   12:     0x59134b6ef1af - bundle_resume[95e75caca5ff0fe0]::assert_prepublication_failure_is_contained
[INFO] [stdout]   13:     0x59134b6f3ed5 - <bundle_resume[95e75caca5ff0fe0]::migration_item_stage_creation_failure_never_publishes::{closure#0} as core[a373ad73a504971]::ops::function::FnOnce<()>>::call_once
[INFO] [stdout]   14:     0x59134b7245cb - test[aada8e7e76ba119b]::__rust_begin_short_backtrace::<core[a373ad73a504971]::result::Result<(), alloc[2e1b2a31b91974c5]::string::String>, fn() -> core[a373ad73a504971]::result::Result<(), alloc[2e1b2a31b91974c5]::string::String>>
[INFO] [stdout]   15:     0x59134b7317a5 - test[aada8e7e76ba119b]::run_test::{closure#0}
[INFO] [stdout]   16:     0x59134b72b094 - std[617be2ca0a6fd877]::sys::backtrace::__rust_begin_short_backtrace::<test[aada8e7e76ba119b]::run_test::{closure#1}, ()>
[INFO] [stdout]   17:     0x59134b734832 - <std[617be2ca0a6fd877]::thread::lifecycle::spawn_unchecked<test[aada8e7e76ba119b]::run_test::{closure#1}, ()>::{closure#1} as core[a373ad73a504971]::ops::function::FnOnce<()>>::call_once::{shim:vtable#0}
[INFO] [stdout]   18:     0x59134b87b0bf - <std[617be2ca0a6fd877]::sys::thread::unix::Thread>::new::thread_start
[INFO] [stdout]   19:     0x7901c8057dfa - <unknown>
[INFO] [stdout]   20:     0x7901c80eb3d4 - clone
[INFO] [stdout]   21:                0x0 - <unknown>
[INFO] [stdout] 
[INFO] [stdout] ---- journal_sync_failure_preserves_resumable_progress stdout ----
[INFO] [stdout] 
[INFO] [stdout] thread 'journal_sync_failure_preserves_resumable_progress' (3193) panicked at tests/bundle_resume.rs:242:10:
[INFO] [stdout] authenticated progress must remain resumable after a destination failure: Io { action: "synchronize published Pack promotion journal", path: "/tmp/iniza-pack-resume-3172-1792301067555455557-20", source: Os { code: 9, kind: Uncategorized, message: "Bad file descriptor" } }
[INFO] [stdout] stack backtrace:
[INFO] [stdout]    0:     0x59134b87c171 - <<std[617be2ca0a6fd877]::sys::backtrace::BacktraceLock>::print::DisplayBacktrace as core[a373ad73a504971]::fmt::Display>::fmt
[INFO] [stdout]    1:     0x59134b891e7a - core[a373ad73a504971]::fmt::write
[INFO] [stdout]    2:     0x59134b88079c - <alloc[2e1b2a31b91974c5]::vec::Vec<u8> as core[a373ad73a504971]::io::write::Write>::write_fmt
[INFO] [stdout]    3:     0x59134b8545b6 - std[617be2ca0a6fd877]::panicking::default_hook::{closure#0}
[INFO] [stdout]    4:     0x59134b872489 - std[617be2ca0a6fd877]::panicking::default_hook
[INFO] [stdout]    5:     0x59134b731180 - test[aada8e7e76ba119b]::test_main_inner::{closure#0}
[INFO] [stdout]    6:     0x59134b872642 - std[617be2ca0a6fd877]::panicking::panic_with_hook
[INFO] [stdout]    7:     0x59134b854662 - std[617be2ca0a6fd877]::panicking::panic_handler::{closure#0}
[INFO] [stdout]    8:     0x59134b84cfc9 - std[617be2ca0a6fd877]::sys::backtrace::__rust_end_short_backtrace::<std[617be2ca0a6fd877]::panicking::panic_handler::{closure#0}, !>
[INFO] [stdout]    9:     0x59134b85535d - __rustc[ea4f61d10b84890b]::rust_begin_unwind
[INFO] [stdout]   10:     0x59134b8925ec - core[a373ad73a504971]::panicking::panic_fmt
[INFO] [stdout]   11:     0x59134b8923c2 - core[a373ad73a504971]::result::unwrap_failed
[INFO] [stdout]   12:     0x59134b6ee432 - bundle_resume[95e75caca5ff0fe0]::assert_promotion_failure_is_resumable
[INFO] [stdout]   13:     0x59134b6f3d95 - <bundle_resume[95e75caca5ff0fe0]::journal_sync_failure_preserves_resumable_progress::{closure#0} as core[a373ad73a504971]::ops::function::FnOnce<()>>::call_once
[INFO] [stdout]   14:     0x59134b7245cb - test[aada8e7e76ba119b]::__rust_begin_short_backtrace::<core[a373ad73a504971]::result::Result<(), alloc[2e1b2a31b91974c5]::string::String>, fn() -> core[a373ad73a504971]::result::Result<(), alloc[2e1b2a31b91974c5]::string::String>>
[INFO] [stdout]   15:     0x59134b7317a5 - test[aada8e7e76ba119b]::run_test::{closure#0}
[INFO] [stdout]   16:     0x59134b72b094 - std[617be2ca0a6fd877]::sys::backtrace::__rust_begin_short_backtrace::<test[aada8e7e76ba119b]::run_test::{closure#1}, ()>
[INFO] [stdout]   17:     0x59134b734832 - <std[617be2ca0a6fd877]::thread::lifecycle::spawn_unchecked<test[aada8e7e76ba119b]::run_test::{closure#1}, ()>::{closure#1} as core[a373ad73a504971]::ops::function::FnOnce<()>>::call_once::{shim:vtable#0}
[INFO] [stdout]   18:     0x59134b87b0bf - <std[617be2ca0a6fd877]::sys::thread::unix::Thread>::new::thread_start
[INFO] [stdout]   19:     0x7901c8057dfa - <unknown>
[INFO] [stdout]   20:     0x7901c80eb3d4 - clone
[INFO] [stdout]   21:                0x0 - <unknown>
[INFO] [stdout] 
[INFO] [stdout] ---- migration_item_stage_flush_failure_never_publishes stdout ----
[INFO] [stdout] 
[INFO] [stdout] thread 'migration_item_stage_flush_failure_never_publishes' (3198) panicked at tests/bundle_resume.rs:398:10:
[INFO] [stdout] a clean restart at a new destination must remain available: Io { action: "synchronize completed Bundle directory", path: "/tmp/iniza-pack-resume-3172-1792301076046235339-24", source: Os { code: 9, kind: Uncategorized, message: "Bad file descriptor" } }
[INFO] [stdout] stack backtrace:
[INFO] [stdout]    0:     0x59134b87c171 - <<std[617be2ca0a6fd877]::sys::backtrace::BacktraceLock>::print::DisplayBacktrace as core[a373ad73a504971]::fmt::Display>::fmt
[INFO] [stdout]    1:     0x59134b891e7a - core[a373ad73a504971]::fmt::write
[INFO] [stdout]    2:     0x59134b88079c - <alloc[2e1b2a31b91974c5]::vec::Vec<u8> as core[a373ad73a504971]::io::write::Write>::write_fmt
[INFO] [stdout]    3:     0x59134b8545b6 - std[617be2ca0a6fd877]::panicking::default_hook::{closure#0}
[INFO] [stdout]    4:     0x59134b872489 - std[617be2ca0a6fd877]::panicking::default_hook
[INFO] [stdout]    5:     0x59134b731180 - test[aada8e7e76ba119b]::test_main_inner::{closure#0}
[INFO] [stdout]    6:     0x59134b872642 - std[617be2ca0a6fd877]::panicking::panic_with_hook
[INFO] [stdout]    7:     0x59134b854662 - std[617be2ca0a6fd877]::panicking::panic_handler::{closure#0}
[INFO] [stdout]    8:     0x59134b84cfc9 - std[617be2ca0a6fd877]::sys::backtrace::__rust_end_short_backtrace::<std[617be2ca0a6fd877]::panicking::panic_handler::{closure#0}, !>
[INFO] [stdout]    9:     0x59134b85535d - __rustc[ea4f61d10b84890b]::rust_begin_unwind
[INFO] [stdout]   10:     0x59134b8925ec - core[a373ad73a504971]::panicking::panic_fmt
[INFO] [stdout]   11:     0x59134b8923c2 - core[a373ad73a504971]::result::unwrap_failed
[INFO] [stdout]   12:     0x59134b6ef1af - bundle_resume[95e75caca5ff0fe0]::assert_prepublication_failure_is_contained
[INFO] [stdout]   13:     0x59134b6f3dd5 - <bundle_resume[95e75caca5ff0fe0]::migration_item_stage_flush_failure_never_publishes::{closure#0} as core[a373ad73a504971]::ops::function::FnOnce<()>>::call_once
[INFO] [stdout]   14:     0x59134b7245cb - test[aada8e7e76ba119b]::__rust_begin_short_backtrace::<core[a373ad73a504971]::result::Result<(), alloc[2e1b2a31b91974c5]::string::String>, fn() -> core[a373ad73a504971]::result::Result<(), alloc[2e1b2a31b91974c5]::string::String>>
[INFO] [stdout]   15:     0x59134b7317a5 - test[aada8e7e76ba119b]::run_test::{closure#0}
[INFO] [stdout]   16:     0x59134b72b094 - std[617be2ca0a6fd877]::sys::backtrace::__rust_begin_short_backtrace::<test[aada8e7e76ba119b]::run_test::{closure#1}, ()>
[INFO] [stdout]   17:     0x59134b734832 - <std[617be2ca0a6fd877]::thread::lifecycle::spawn_unchecked<test[aada8e7e76ba119b]::run_test::{closure#1}, ()>::{closure#1} as core[a373ad73a504971]::ops::function::FnOnce<()>>::call_once::{shim:vtable#0}
[INFO] [stdout]   18:     0x59134b87b0bf - <std[617be2ca0a6fd877]::sys::thread::unix::Thread>::new::thread_start
[INFO] [stdout]   19:     0x7901c8057dfa - <unknown>
[INFO] [stdout]   20:     0x7901c80eb3d4 - clone
[INFO] [stdout]   21:                0x0 - <unknown>
[INFO] [stdout] 
[INFO] [stdout] ---- journal_directory_sync_failure_preserves_resumable_progress stdout ----
[INFO] [stdout] 
[INFO] [stdout] thread 'journal_directory_sync_failure_preserves_resumable_progress' (3189) panicked at tests/bundle_resume.rs:242:10:
[INFO] [stdout] authenticated progress must remain resumable after a destination failure: Io { action: "synchronize published Pack promotion journal", path: "/tmp/iniza-pack-resume-3172-1792301064668465157-16", source: Os { code: 9, kind: Uncategorized, message: "Bad file descriptor" } }
[INFO] [stdout] stack backtrace:
[INFO] [stdout]    0:     0x59134b87c171 - <<std[617be2ca0a6fd877]::sys::backtrace::BacktraceLock>::print::DisplayBacktrace as core[a373ad73a504971]::fmt::Display>::fmt
[INFO] [stdout]    1:     0x59134b891e7a - core[a373ad73a504971]::fmt::write
[INFO] [stdout]    2:     0x59134b88079c - <alloc[2e1b2a31b91974c5]::vec::Vec<u8> as core[a373ad73a504971]::io::write::Write>::write_fmt
[INFO] [stdout]    3:     0x59134b8545b6 - std[617be2ca0a6fd877]::panicking::default_hook::{closure#0}
[INFO] [stdout]    4:     0x59134b872489 - std[617be2ca0a6fd877]::panicking::default_hook
[INFO] [stdout]    5:     0x59134b731180 - test[aada8e7e76ba119b]::test_main_inner::{closure#0}
[INFO] [stdout]    6:     0x59134b872642 - std[617be2ca0a6fd877]::panicking::panic_with_hook
[INFO] [stdout]    7:     0x59134b854662 - std[617be2ca0a6fd877]::panicking::panic_handler::{closure#0}
[INFO] [stdout]    8:     0x59134b84cfc9 - std[617be2ca0a6fd877]::sys::backtrace::__rust_end_short_backtrace::<std[617be2ca0a6fd877]::panicking::panic_handler::{closure#0}, !>
[INFO] [stdout]    9:     0x59134b85535d - __rustc[ea4f61d10b84890b]::rust_begin_unwind
[INFO] [stdout]   10:     0x59134b8925ec - core[a373ad73a504971]::panicking::panic_fmt
[INFO] [stdout]   11:     0x59134b8923c2 - core[a373ad73a504971]::result::unwrap_failed
[INFO] [stdout]   12:     0x59134b6ee432 - bundle_resume[95e75caca5ff0fe0]::assert_promotion_failure_is_resumable
[INFO] [stdout]   13:     0x59134b6f4015 - <bundle_resume[95e75caca5ff0fe0]::journal_directory_sync_failure_preserves_resumable_progress::{closure#0} as core[a373ad73a504971]::ops::function::FnOnce<()>>::call_once
[INFO] [stdout]   14:     0x59134b7245cb - test[aada8e7e76ba119b]::__rust_begin_short_backtrace::<core[a373ad73a504971]::result::Result<(), alloc[2e1b2a31b91974c5]::string::String>, fn() -> core[a373ad73a504971]::result::Result<(), alloc[2e1b2a31b91974c5]::string::String>>
[INFO] [stdout]   15:     0x59134b7317a5 - test[aada8e7e76ba119b]::run_test::{closure#0}
[INFO] [stdout]   16:     0x59134b72b094 - std[617be2ca0a6fd877]::sys::backtrace::__rust_begin_short_backtrace::<test[aada8e7e76ba119b]::run_test::{closure#1}, ()>
[INFO] [stdout]   17:     0x59134b734832 - <std[617be2ca0a6fd877]::thread::lifecycle::spawn_unchecked<test[aada8e7e76ba119b]::run_test::{closure#1}, ()>::{closure#1} as core[a373ad73a504971]::ops::function::FnOnce<()>>::call_once::{shim:vtable#0}
[INFO] [stdout]   18:     0x59134b87b0bf - <std[617be2ca0a6fd877]::sys::thread::unix::Thread>::new::thread_start
[INFO] [stdout]   19:     0x7901c8057dfa - <unknown>
[INFO] [stdout]   20:     0x7901c80eb3d4 - clone
[INFO] [stdout]   21:                0x0 - <unknown>
[INFO] [stdout] 
[INFO] [stdout] ---- migration_item_stage_removal_failure_never_publishes stdout ----
[INFO] [stdout] 
[INFO] [stdout] thread 'migration_item_stage_removal_failure_never_publishes' (3199) panicked at tests/bundle_resume.rs:398:10:
[INFO] [stdout] a clean restart at a new destination must remain available: Io { action: "synchronize completed Bundle directory", path: "/tmp/iniza-pack-resume-3172-1792301077430469875-25", source: Os { code: 9, kind: Uncategorized, message: "Bad file descriptor" } }
[INFO] [stdout] stack backtrace:
[INFO] [stdout]    0:     0x59134b87c171 - <<std[617be2ca0a6fd877]::sys::backtrace::BacktraceLock>::print::DisplayBacktrace as core[a373ad73a504971]::fmt::Display>::fmt
[INFO] [stdout]    1:     0x59134b891e7a - core[a373ad73a504971]::fmt::write
[INFO] [stdout]    2:     0x59134b88079c - <alloc[2e1b2a31b91974c5]::vec::Vec<u8> as core[a373ad73a504971]::io::write::Write>::write_fmt
[INFO] [stdout]    3:     0x59134b8545b6 - std[617be2ca0a6fd877]::panicking::default_hook::{closure#0}
[INFO] [stdout]    4:     0x59134b872489 - std[617be2ca0a6fd877]::panicking::default_hook
[INFO] [stdout]    5:     0x59134b731180 - test[aada8e7e76ba119b]::test_main_inner::{closure#0}
[INFO] [stdout]    6:     0x59134b872642 - std[617be2ca0a6fd877]::panicking::panic_with_hook
[INFO] [stdout]    7:     0x59134b854662 - std[617be2ca0a6fd877]::panicking::panic_handler::{closure#0}
[INFO] [stdout]    8:     0x59134b84cfc9 - std[617be2ca0a6fd877]::sys::backtrace::__rust_end_short_backtrace::<std[617be2ca0a6fd877]::panicking::panic_handler::{closure#0}, !>
[INFO] [stdout]    9:     0x59134b85535d - __rustc[ea4f61d10b84890b]::rust_begin_unwind
[INFO] [stdout]   10:     0x59134b8925ec - core[a373ad73a504971]::panicking::panic_fmt
[INFO] [stdout]   11:     0x59134b8923c2 - core[a373ad73a504971]::result::unwrap_failed
[INFO] [stdout]   12:     0x59134b6ef1af - bundle_resume[95e75caca5ff0fe0]::assert_prepublication_failure_is_contained
[INFO] [stdout]   13:     0x59134b6f3e95 - <bundle_resume[95e75caca5ff0fe0]::migration_item_stage_removal_failure_never_publishes::{closure#0} as core[a373ad73a504971]::ops::function::FnOnce<()>>::call_once
[INFO] [stdout]   14:     0x59134b7245cb - test[aada8e7e76ba119b]::__rust_begin_short_backtrace::<core[a373ad73a504971]::result::Result<(), alloc[2e1b2a31b91974c5]::string::String>, fn() -> core[a373ad73a504971]::result::Result<(), alloc[2e1b2a31b91974c5]::string::String>>
[INFO] [stdout]   15:     0x59134b7317a5 - test[aada8e7e76ba119b]::run_test::{closure#0}
[INFO] [stdout]   16:     0x59134b72b094 - std[617be2ca0a6fd877]::sys::backtrace::__rust_begin_short_backtrace::<test[aada8e7e76ba119b]::run_test::{closure#1}, ()>
[INFO] [stdout]   17:     0x59134b734832 - <std[617be2ca0a6fd877]::thread::lifecycle::spawn_unchecked<test[aada8e7e76ba119b]::run_test::{closure#1}, ()>::{closure#1} as core[a373ad73a504971]::ops::function::FnOnce<()>>::call_once::{shim:vtable#0}
[INFO] [stdout]   18:     0x59134b87b0bf - <std[617be2ca0a6fd877]::sys::thread::unix::Thread>::new::thread_start
[INFO] [stdout]   19:     0x7901c8057dfa - <unknown>
[INFO] [stdout]   20:     0x7901c80eb3d4 - clone
[INFO] [stdout]   21:                0x0 - <unknown>
[INFO] [stdout] 
[INFO] [stdout] ---- journal_creation_failure_preserves_authenticated_progress_for_resume stdout ----
[INFO] [stdout] 
[INFO] [stdout] thread 'journal_creation_failure_preserves_authenticated_progress_for_resume' (3188) panicked at tests/bundle_resume.rs:242:10:
[INFO] [stdout] authenticated progress must remain resumable after a destination failure: Io { action: "synchronize published Pack promotion journal", path: "/tmp/iniza-pack-resume-3172-1792301064669444817-17", source: Os { code: 9, kind: Uncategorized, message: "Bad file descriptor" } }
[INFO] [stdout] stack backtrace:
[INFO] [stdout]    0:     0x59134b87c171 - <<std[617be2ca0a6fd877]::sys::backtrace::BacktraceLock>::print::DisplayBacktrace as core[a373ad73a504971]::fmt::Display>::fmt
[INFO] [stdout]    1:     0x59134b891e7a - core[a373ad73a504971]::fmt::write
[INFO] [stdout]    2:     0x59134b88079c - <alloc[2e1b2a31b91974c5]::vec::Vec<u8> as core[a373ad73a504971]::io::write::Write>::write_fmt
[INFO] [stdout]    3:     0x59134b8545b6 - std[617be2ca0a6fd877]::panicking::default_hook::{closure#0}
[INFO] [stdout]    4:     0x59134b872489 - std[617be2ca0a6fd877]::panicking::default_hook
[INFO] [stdout]    5:     0x59134b731180 - test[aada8e7e76ba119b]::test_main_inner::{closure#0}
[INFO] [stdout]    6:     0x59134b872642 - std[617be2ca0a6fd877]::panicking::panic_with_hook
[INFO] [stdout]    7:     0x59134b854662 - std[617be2ca0a6fd877]::panicking::panic_handler::{closure#0}
[INFO] [stdout]    8:     0x59134b84cfc9 - std[617be2ca0a6fd877]::sys::backtrace::__rust_end_short_backtrace::<std[617be2ca0a6fd877]::panicking::panic_handler::{closure#0}, !>
[INFO] [stdout]    9:     0x59134b85535d - __rustc[ea4f61d10b84890b]::rust_begin_unwind
[INFO] [stdout]   10:     0x59134b8925ec - core[a373ad73a504971]::panicking::panic_fmt
[INFO] [stdout]   11:     0x59134b8923c2 - core[a373ad73a504971]::result::unwrap_failed
[INFO] [stdout]   12:     0x59134b6ee432 - bundle_resume[95e75caca5ff0fe0]::assert_promotion_failure_is_resumable
[INFO] [stdout]   13:     0x59134b6ff3a8 - <bundle_resume[95e75caca5ff0fe0]::journal_creation_failure_preserves_authenticated_progress_for_resume::{closure#0} as core[a373ad73a504971]::ops::function::FnOnce<()>>::call_once
[INFO] [stdout]   14:     0x59134b7245cb - test[aada8e7e76ba119b]::__rust_begin_short_backtrace::<core[a373ad73a504971]::result::Result<(), alloc[2e1b2a31b91974c5]::string::String>, fn() -> core[a373ad73a504971]::result::Result<(), alloc[2e1b2a31b91974c5]::string::String>>
[INFO] [stdout]   15:     0x59134b7317a5 - test[aada8e7e76ba119b]::run_test::{closure#0}
[INFO] [stdout]   16:     0x59134b72b094 - std[617be2ca0a6fd877]::sys::backtrace::__rust_begin_short_backtrace::<test[aada8e7e76ba119b]::run_test::{closure#1}, ()>
[INFO] [stdout]   17:     0x59134b734832 - <std[617be2ca0a6fd877]::thread::lifecycle::spawn_unchecked<test[aada8e7e76ba119b]::run_test::{closure#1}, ()>::{closure#1} as core[a373ad73a504971]::ops::function::FnOnce<()>>::call_once::{shim:vtable#0}
[INFO] [stdout]   18:     0x59134b87b0bf - <std[617be2ca0a6fd877]::sys::thread::unix::Thread>::new::thread_start
[INFO] [stdout]   19:     0x7901c8057dfa - <unknown>
[INFO] [stdout]   20:     0x7901c80eb3d4 - clone
[INFO] [stdout]   21:                0x0 - <unknown>
[INFO] [stdout] 
[INFO] [stdout] ---- journal_publication_failure_preserves_resumable_progress stdout ----
[INFO] [stdout] 
[INFO] [stdout] thread 'journal_publication_failure_preserves_resumable_progress' (3192) panicked at tests/bundle_resume.rs:242:10:
[INFO] [stdout] authenticated progress must remain resumable after a destination failure: Io { action: "synchronize published Pack promotion journal", path: "/tmp/iniza-pack-resume-3172-1792301065313806122-18", source: Os { code: 9, kind: Uncategorized, message: "Bad file descriptor" } }
[INFO] [stdout] stack backtrace:
[INFO] [stdout]    0:     0x59134b87c171 - <<std[617be2ca0a6fd877]::sys::backtrace::BacktraceLock>::print::DisplayBacktrace as core[a373ad73a504971]::fmt::Display>::fmt
[INFO] [stdout]    1:     0x59134b891e7a - core[a373ad73a504971]::fmt::write
[INFO] [stdout]    2:     0x59134b88079c - <alloc[2e1b2a31b91974c5]::vec::Vec<u8> as core[a373ad73a504971]::io::write::Write>::write_fmt
[INFO] [stdout]    3:     0x59134b8545b6 - std[617be2ca0a6fd877]::panicking::default_hook::{closure#0}
[INFO] [stdout]    4:     0x59134b872489 - std[617be2ca0a6fd877]::panicking::default_hook
[INFO] [stdout]    5:     0x59134b731180 - test[aada8e7e76ba119b]::test_main_inner::{closure#0}
[INFO] [stdout]    6:     0x59134b872642 - std[617be2ca0a6fd877]::panicking::panic_with_hook
[INFO] [stdout]    7:     0x59134b854662 - std[617be2ca0a6fd877]::panicking::panic_handler::{closure#0}
[INFO] [stdout]    8:     0x59134b84cfc9 - std[617be2ca0a6fd877]::sys::backtrace::__rust_end_short_backtrace::<std[617be2ca0a6fd877]::panicking::panic_handler::{closure#0}, !>
[INFO] [stdout]    9:     0x59134b85535d - __rustc[ea4f61d10b84890b]::rust_begin_unwind
[INFO] [stdout]   10:     0x59134b8925ec - core[a373ad73a504971]::panicking::panic_fmt
[INFO] [stdout]   11:     0x59134b8923c2 - core[a373ad73a504971]::result::unwrap_failed
[INFO] [stdout]   12:     0x59134b6ee432 - bundle_resume[95e75caca5ff0fe0]::assert_promotion_failure_is_resumable
[INFO] [stdout]   13:     0x59134b6f3f55 - <bundle_resume[95e75caca5ff0fe0]::journal_publication_failure_preserves_resumable_progress::{closure#0} as core[a373ad73a504971]::ops::function::FnOnce<()>>::call_once
[INFO] [stdout]   14:     0x59134b7245cb - test[aada8e7e76ba119b]::__rust_begin_short_backtrace::<core[a373ad73a504971]::result::Result<(), alloc[2e1b2a31b91974c5]::string::String>, fn() -> core[a373ad73a504971]::result::Result<(), alloc[2e1b2a31b91974c5]::string::String>>
[INFO] [stdout]   15:     0x59134b7317a5 - test[aada8e7e76ba119b]::run_test::{closure#0}
[INFO] [stdout]   16:     0x59134b72b094 - std[617be2ca0a6fd877]::sys::backtrace::__rust_begin_short_backtrace::<test[aada8e7e76ba119b]::run_test::{closure#1}, ()>
[INFO] [stdout]   17:     0x59134b734832 - <std[617be2ca0a6fd877]::thread::lifecycle::spawn_unchecked<test[aada8e7e76ba119b]::run_test::{closure#1}, ()>::{closure#1} as core[a373ad73a504971]::ops::function::FnOnce<()>>::call_once::{shim:vtable#0}
[INFO] [stdout]   18:     0x59134b87b0bf - <std[617be2ca0a6fd877]::sys::thread::unix::Thread>::new::thread_start
[INFO] [stdout]   19:     0x7901c8057dfa - <unknown>
[INFO] [stdout]   20:     0x7901c80eb3d4 - clone
[INFO] [stdout]   21:                0x0 - <unknown>
[INFO] [stdout] 
[INFO] [stdout] ---- migration_item_stage_write_failure_never_publishes stdout ----
[INFO] [stdout] 
[INFO] [stdout] thread 'migration_item_stage_write_failure_never_publishes' (3200) panicked at tests/bundle_resume.rs:398:10:
[INFO] [stdout] a clean restart at a new destination must remain available: Io { action: "synchronize completed Bundle directory", path: "/tmp/iniza-pack-resume-3172-1792301081775461649-27", source: Os { code: 9, kind: Uncategorized, message: "Bad file descriptor" } }
[INFO] [stdout] stack backtrace:
[INFO] [stdout]    0:     0x59134b87c171 - <<std[617be2ca0a6fd877]::sys::backtrace::BacktraceLock>::print::DisplayBacktrace as core[a373ad73a504971]::fmt::Display>::fmt
[INFO] [stdout]    1:     0x59134b891e7a - core[a373ad73a504971]::fmt::write
[INFO] [stdout]    2:     0x59134b88079c - <alloc[2e1b2a31b91974c5]::vec::Vec<u8> as core[a373ad73a504971]::io::write::Write>::write_fmt
[INFO] [stdout]    3:     0x59134b8545b6 - std[617be2ca0a6fd877]::panicking::default_hook::{closure#0}
[INFO] [stdout]    4:     0x59134b872489 - std[617be2ca0a6fd877]::panicking::default_hook
[INFO] [stdout]    5:     0x59134b731180 - test[aada8e7e76ba119b]::test_main_inner::{closure#0}
[INFO] [stdout]    6:     0x59134b872642 - std[617be2ca0a6fd877]::panicking::panic_with_hook
[INFO] [stdout]    7:     0x59134b854662 - std[617be2ca0a6fd877]::panicking::panic_handler::{closure#0}
[INFO] [stdout]    8:     0x59134b84cfc9 - std[617be2ca0a6fd877]::sys::backtrace::__rust_end_short_backtrace::<std[617be2ca0a6fd877]::panicking::panic_handler::{closure#0}, !>
[INFO] [stdout]    9:     0x59134b85535d - __rustc[ea4f61d10b84890b]::rust_begin_unwind
[INFO] [stdout]   10:     0x59134b8925ec - core[a373ad73a504971]::panicking::panic_fmt
[INFO] [stdout]   11:     0x59134b8923c2 - core[a373ad73a504971]::result::unwrap_failed
[INFO] [stdout]   12:     0x59134b6ef1af - bundle_resume[95e75caca5ff0fe0]::assert_prepublication_failure_is_contained
[INFO] [stdout]   13:     0x59134b6f3e15 - <bundle_resume[95e75caca5ff0fe0]::migration_item_stage_write_failure_never_publishes::{closure#0} as core[a373ad73a504971]::ops::function::FnOnce<()>>::call_once
[INFO] [stdout]   14:     0x59134b7245cb - test[aada8e7e76ba119b]::__rust_begin_short_backtrace::<core[a373ad73a504971]::result::Result<(), alloc[2e1b2a31b91974c5]::string::String>, fn() -> core[a373ad73a504971]::result::Result<(), alloc[2e1b2a31b91974c5]::string::String>>
[INFO] [stdout]   15:     0x59134b7317a5 - test[aada8e7e76ba119b]::run_test::{closure#0}
[INFO] [stdout]   16:     0x59134b72b094 - std[617be2ca0a6fd877]::sys::backtrace::__rust_begin_short_backtrace::<test[aada8e7e76ba119b]::run_test::{closure#1}, ()>
[INFO] [stdout]   17:     0x59134b734832 - <std[617be2ca0a6fd877]::thread::lifecycle::spawn_unchecked<test[aada8e7e76ba119b]::run_test::{closure#1}, ()>::{closure#1} as core[a373ad73a504971]::ops::function::FnOnce<()>>::call_once::{shim:vtable#0}
[INFO] [stdout]   18:     0x59134b87b0bf - <std[617be2ca0a6fd877]::sys::thread::unix::Thread>::new::thread_start
[INFO] [stdout]   19:     0x7901c8057dfa - <unknown>
[INFO] [stdout]   20:     0x7901c80eb3d4 - clone
[INFO] [stdout]   21:                0x0 - <unknown>
[INFO] [stdout] 
[INFO] [stdout] ---- journal_write_failure_preserves_authenticated_progress_for_resume stdout ----
[INFO] [stdout] 
[INFO] [stdout] thread 'journal_write_failure_preserves_authenticated_progress_for_resume' (3194) panicked at tests/bundle_resume.rs:242:10:
[INFO] [stdout] authenticated progress must remain resumable after a destination failure: Io { action: "synchronize published Pack promotion journal", path: "/tmp/iniza-pack-resume-3172-1792301070683451850-21", source: Os { code: 9, kind: Uncategorized, message: "Bad file descriptor" } }
[INFO] [stdout] stack backtrace:
[INFO] [stdout]    0:     0x59134b87c171 - <<std[617be2ca0a6fd877]::sys::backtrace::BacktraceLock>::print::DisplayBacktrace as core[a373ad73a504971]::fmt::Display>::fmt
[INFO] [stdout]    1:     0x59134b891e7a - core[a373ad73a504971]::fmt::write
[INFO] [stdout]    2:     0x59134b88079c - <alloc[2e1b2a31b91974c5]::vec::Vec<u8> as core[a373ad73a504971]::io::write::Write>::write_fmt
[INFO] [stdout]    3:     0x59134b8545b6 - std[617be2ca0a6fd877]::panicking::default_hook::{closure#0}
[INFO] [stdout]    4:     0x59134b872489 - std[617be2ca0a6fd877]::panicking::default_hook
[INFO] [stdout]    5:     0x59134b731180 - test[aada8e7e76ba119b]::test_main_inner::{closure#0}
[INFO] [stdout]    6:     0x59134b872642 - std[617be2ca0a6fd877]::panicking::panic_with_hook
[INFO] [stdout]    7:     0x59134b854662 - std[617be2ca0a6fd877]::panicking::panic_handler::{closure#0}
[INFO] [stdout]    8:     0x59134b84cfc9 - std[617be2ca0a6fd877]::sys::backtrace::__rust_end_short_backtrace::<std[617be2ca0a6fd877]::panicking::panic_handler::{closure#0}, !>
[INFO] [stdout]    9:     0x59134b85535d - __rustc[ea4f61d10b84890b]::rust_begin_unwind
[INFO] [stdout]   10:     0x59134b8925ec - core[a373ad73a504971]::panicking::panic_fmt
[INFO] [stdout]   11:     0x59134b8923c2 - core[a373ad73a504971]::result::unwrap_failed
[INFO] [stdout]   12:     0x59134b6ee432 - bundle_resume[95e75caca5ff0fe0]::assert_promotion_failure_is_resumable
[INFO] [stdout]   13:     0x59134b6fab58 - <bundle_resume[95e75caca5ff0fe0]::journal_write_failure_preserves_authenticated_progress_for_resume::{closure#0} as core[a373ad73a504971]::ops::function::FnOnce<()>>::call_once
[INFO] [stdout]   14:     0x59134b7245cb - test[aada8e7e76ba119b]::__rust_begin_short_backtrace::<core[a373ad73a504971]::result::Result<(), alloc[2e1b2a31b91974c5]::string::String>, fn() -> core[a373ad73a504971]::result::Result<(), alloc[2e1b2a31b91974c5]::string::String>>
[INFO] [stdout]   15:     0x59134b7317a5 - test[aada8e7e76ba119b]::run_test::{closure#0}
[INFO] [stdout]   16:     0x59134b72b094 - std[617be2ca0a6fd877]::sys::backtrace::__rust_begin_short_backtrace::<test[aada8e7e76ba119b]::run_test::{closure#1}, ()>
[INFO] [stdout]   17:     0x59134b734832 - <std[617be2ca0a6fd877]::thread::lifecycle::spawn_unchecked<test[aada8e7e76ba119b]::run_test::{closure#1}, ()>::{closure#1} as core[a373ad73a504971]::ops::function::FnOnce<()>>::call_once::{shim:vtable#0}
[INFO] [stdout]   18:     0x59134b87b0bf - <std[617be2ca0a6fd877]::sys::thread::unix::Thread>::new::thread_start
[INFO] [stdout]   19:     0x7901c8057dfa - <unknown>
[INFO] [stdout]   20:     0x7901c80eb3d4 - clone
[INFO] [stdout]   21:                0x0 - <unknown>
[INFO] [stdout] 
[INFO] [stdout] ---- owner_can_resume_a_paused_bundle_and_restore_every_protected_item stdout ----
[INFO] [stdout] 
[INFO] [stdout] thread 'owner_can_resume_a_paused_bundle_and_restore_every_protected_item' (3203) panicked at tests/bundle_resume.rs:878:10:
[INFO] [stdout] an authenticated paused Bundle should resume to completion: Io { action: "synchronize completed Bundle directory", path: "/tmp/iniza-pack-resume-3172-1792301083154977265-30", source: Os { code: 9, kind: Uncategorized, message: "Bad file descriptor" } }
[INFO] [stdout] stack backtrace:
[INFO] [stdout]    0:     0x59134b87c171 - <<std[617be2ca0a6fd877]::sys::backtrace::BacktraceLock>::print::DisplayBacktrace as core[a373ad73a504971]::fmt::Display>::fmt
[INFO] [stdout]    1:     0x59134b891e7a - core[a373ad73a504971]::fmt::write
[INFO] [stdout]    2:     0x59134b88079c - <alloc[2e1b2a31b91974c5]::vec::Vec<u8> as core[a373ad73a504971]::io::write::Write>::write_fmt
[INFO] [stdout]    3:     0x59134b8545b6 - std[617be2ca0a6fd877]::panicking::default_hook::{closure#0}
[INFO] [stdout]    4:     0x59134b872489 - std[617be2ca0a6fd877]::panicking::default_hook
[INFO] [stdout]    5:     0x59134b731180 - test[aada8e7e76ba119b]::test_main_inner::{closure#0}
[INFO] [stdout]    6:     0x59134b872642 - std[617be2ca0a6fd877]::panicking::panic_with_hook
[INFO] [stdout]    7:     0x59134b854662 - std[617be2ca0a6fd877]::panicking::panic_handler::{closure#0}
[INFO] [stdout]    8:     0x59134b84cfc9 - std[617be2ca0a6fd877]::sys::backtrace::__rust_end_short_backtrace::<std[617be2ca0a6fd877]::panicking::panic_handler::{closure#0}, !>
[INFO] [stdout]    9:     0x59134b85535d - __rustc[ea4f61d10b84890b]::rust_begin_unwind
[INFO] [stdout]   10:     0x59134b8925ec - core[a373ad73a504971]::panicking::panic_fmt
[INFO] [stdout]   11:     0x59134b8923c2 - core[a373ad73a504971]::result::unwrap_failed
[INFO] [stdout]   12:     0x59134b6fb74a - <bundle_resume[95e75caca5ff0fe0]::owner_can_resume_a_paused_bundle_and_restore_every_protected_item::{closure#0} as core[a373ad73a504971]::ops::function::FnOnce<()>>::call_once
[INFO] [stdout]   13:     0x59134b7245cb - test[aada8e7e76ba119b]::__rust_begin_short_backtrace::<core[a373ad73a504971]::result::Result<(), alloc[2e1b2a31b91974c5]::string::String>, fn() -> core[a373ad73a504971]::result::Result<(), alloc[2e1b2a31b91974c5]::string::String>>
[INFO] [stdout]   14:     0x59134b7317a5 - test[aada8e7e76ba119b]::run_test::{closure#0}
[INFO] [stdout]   15:     0x59134b72b094 - std[617be2ca0a6fd877]::sys::backtrace::__rust_begin_short_backtrace::<test[aada8e7e76ba119b]::run_test::{closure#1}, ()>
[INFO] [stdout]   16:     0x59134b734832 - <std[617be2ca0a6fd877]::thread::lifecycle::spawn_unchecked<test[aada8e7e76ba119b]::run_test::{closure#1}, ()>::{closure#1} as core[a373ad73a504971]::ops::function::FnOnce<()>>::call_once::{shim:vtable#0}
[INFO] [stdout]   17:     0x59134b87b0bf - <std[617be2ca0a6fd877]::sys::thread::unix::Thread>::new::thread_start
[INFO] [stdout]   18:     0x7901c8057dfa - <unknown>
[INFO] [stdout]   19:     0x7901c80eb3d4 - clone
[INFO] [stdout]   20:                0x0 - <unknown>
[INFO] [stdout] 
[INFO] [stdout] ---- partial_checkpoint_sync_failure_never_publishes stdout ----
[INFO] [stdout] 
[INFO] [stdout] thread 'partial_checkpoint_sync_failure_never_publishes' (3211) panicked at tests/bundle_resume.rs:398:10:
[INFO] [stdout] a clean restart at a new destination must remain available: Io { action: "synchronize completed Bundle directory", path: "/tmp/iniza-pack-resume-3172-1792301086586579481-35", source: Os { code: 9, kind: Uncategorized, message: "Bad file descriptor" } }
[INFO] [stdout] stack backtrace:
[INFO] [stdout]    0:     0x59134b87c171 - <<std[617be2ca0a6fd877]::sys::backtrace::BacktraceLock>::print::DisplayBacktrace as core[a373ad73a504971]::fmt::Display>::fmt
[INFO] [stdout]    1:     0x59134b891e7a - core[a373ad73a504971]::fmt::write
[INFO] [stdout]    2:     0x59134b88079c - <alloc[2e1b2a31b91974c5]::vec::Vec<u8> as core[a373ad73a504971]::io::write::Write>::write_fmt
[INFO] [stdout]    3:     0x59134b8545b6 - std[617be2ca0a6fd877]::panicking::default_hook::{closure#0}
[INFO] [stdout]    4:     0x59134b872489 - std[617be2ca0a6fd877]::panicking::default_hook
[INFO] [stdout]    5:     0x59134b731180 - test[aada8e7e76ba119b]::test_main_inner::{closure#0}
[INFO] [stdout]    6:     0x59134b872642 - std[617be2ca0a6fd877]::panicking::panic_with_hook
[INFO] [stdout]    7:     0x59134b854662 - std[617be2ca0a6fd877]::panicking::panic_handler::{closure#0}
[INFO] [stdout]    8:     0x59134b84cfc9 - std[617be2ca0a6fd877]::sys::backtrace::__rust_end_short_backtrace::<std[617be2ca0a6fd877]::panicking::panic_handler::{closure#0}, !>
[INFO] [stdout]    9:     0x59134b85535d - __rustc[ea4f61d10b84890b]::rust_begin_unwind
[INFO] [stdout]   10:     0x59134b8925ec - core[a373ad73a504971]::panicking::panic_fmt
[INFO] [stdout]   11:     0x59134b8923c2 - core[a373ad73a504971]::result::unwrap_failed
[INFO] [stdout]   12:     0x59134b6ef1af - bundle_resume[95e75caca5ff0fe0]::assert_prepublication_failure_is_contained
[INFO] [stdout]   13:     0x59134b6f3d18 - <bundle_resume[95e75caca5ff0fe0]::partial_checkpoint_sync_failure_never_publishes::{closure#0} as core[a373ad73a504971]::ops::function::FnOnce<()>>::call_once
[INFO] [stdout]   14:     0x59134b7245cb - test[aada8e7e76ba119b]::__rust_begin_short_backtrace::<core[a373ad73a504971]::result::Result<(), alloc[2e1b2a31b91974c5]::string::String>, fn() -> core[a373ad73a504971]::result::Result<(), alloc[2e1b2a31b91974c5]::string::String>>
[INFO] [stdout]   15:     0x59134b7317a5 - test[aada8e7e76ba119b]::run_test::{closure#0}
[INFO] [stdout]   16:     0x59134b72b094 - std[617be2ca0a6fd877]::sys::backtrace::__rust_begin_short_backtrace::<test[aada8e7e76ba119b]::run_test::{closure#1}, ()>
[INFO] [stdout]   17:     0x59134b734832 - <std[617be2ca0a6fd877]::thread::lifecycle::spawn_unchecked<test[aada8e7e76ba119b]::run_test::{closure#1}, ()>::{closure#1} as core[a373ad73a504971]::ops::function::FnOnce<()>>::call_once::{shim:vtable#0}
[INFO] [stdout]   18:     0x59134b87b0bf - <std[617be2ca0a6fd877]::sys::thread::unix::Thread>::new::thread_start
[INFO] [stdout]   19:     0x7901c8057dfa - <unknown>
[INFO] [stdout]   20:     0x7901c80eb3d4 - clone
[INFO] [stdout]   21:                0x0 - <unknown>
[INFO] [stdout] 
[INFO] [stdout] ---- partial_creation_failure_never_publishes stdout ----
[INFO] [stdout] 
[INFO] [stdout] thread 'partial_creation_failure_never_publishes' (3213) panicked at tests/bundle_resume.rs:398:10:
[INFO] [stdout] a clean restart at a new destination must remain available: Io { action: "synchronize completed Bundle directory", path: "/tmp/iniza-pack-resume-3172-1792301087352473222-36", source: Os { code: 9, kind: Uncategorized, message: "Bad file descriptor" } }
[INFO] [stdout] stack backtrace:
[INFO] [stdout]    0:     0x59134b87c171 - <<std[617be2ca0a6fd877]::sys::backtrace::BacktraceLock>::print::DisplayBacktrace as core[a373ad73a504971]::fmt::Display>::fmt
[INFO] [stdout]    1:     0x59134b891e7a - core[a373ad73a504971]::fmt::write
[INFO] [stdout]    2:     0x59134b88079c - <alloc[2e1b2a31b91974c5]::vec::Vec<u8> as core[a373ad73a504971]::io::write::Write>::write_fmt
[INFO] [stdout]    3:     0x59134b8545b6 - std[617be2ca0a6fd877]::panicking::default_hook::{closure#0}
[INFO] [stdout]    4:     0x59134b872489 - std[617be2ca0a6fd877]::panicking::default_hook
[INFO] [stdout]    5:     0x59134b731180 - test[aada8e7e76ba119b]::test_main_inner::{closure#0}
[INFO] [stdout]    6:     0x59134b872642 - std[617be2ca0a6fd877]::panicking::panic_with_hook
[INFO] [stdout]    7:     0x59134b854662 - std[617be2ca0a6fd877]::panicking::panic_handler::{closure#0}
[INFO] [stdout]    8:     0x59134b84cfc9 - std[617be2ca0a6fd877]::sys::backtrace::__rust_end_short_backtrace::<std[617be2ca0a6fd877]::panicking::panic_handler::{closure#0}, !>
[INFO] [stdout]    9:     0x59134b85535d - __rustc[ea4f61d10b84890b]::rust_begin_unwind
[INFO] [stdout]   10:     0x59134b8925ec - core[a373ad73a504971]::panicking::panic_fmt
[INFO] [stdout]   11:     0x59134b8923c2 - core[a373ad73a504971]::result::unwrap_failed
[INFO] [stdout]   12:     0x59134b6ef1af - bundle_resume[95e75caca5ff0fe0]::assert_prepublication_failure_is_contained
[INFO] [stdout]   13:     0x59134b6f2482 - <bundle_resume[95e75caca5ff0fe0]::partial_creation_failure_never_publishes::{closure#0} as core[a373ad73a504971]::ops::function::FnOnce<()>>::call_once
[INFO] [stdout]   14:     0x59134b7245cb - test[aada8e7e76ba119b]::__rust_begin_short_backtrace::<core[a373ad73a504971]::result::Result<(), alloc[2e1b2a31b91974c5]::string::String>, fn() -> core[a373ad73a504971]::result::Result<(), alloc[2e1b2a31b91974c5]::string::String>>
[INFO] [stdout]   15:     0x59134b7317a5 - test[aada8e7e76ba119b]::run_test::{closure#0}
[INFO] [stdout]   16:     0x59134b72b094 - std[617be2ca0a6fd877]::sys::backtrace::__rust_begin_short_backtrace::<test[aada8e7e76ba119b]::run_test::{closure#1}, ()>
[INFO] [stdout]   17:     0x59134b734832 - <std[617be2ca0a6fd877]::thread::lifecycle::spawn_unchecked<test[aada8e7e76ba119b]::run_test::{closure#1}, ()>::{closure#1} as core[a373ad73a504971]::ops::function::FnOnce<()>>::call_once::{shim:vtable#0}
[INFO] [stdout]   18:     0x59134b87b0bf - <std[617be2ca0a6fd877]::sys::thread::unix::Thread>::new::thread_start
[INFO] [stdout]   19:     0x7901c8057dfa - <unknown>
[INFO] [stdout]   20:     0x7901c80eb3d4 - clone
[INFO] [stdout]   21:                0x0 - <unknown>
[INFO] [stdout] 
[INFO] [stdout] ---- owner_can_pause_resumed_pack_and_resume_again stdout ----
[INFO] [stdout] 
[INFO] [stdout] thread 'owner_can_pause_resumed_pack_and_resume_again' (3202) panicked at tests/bundle_resume.rs:977:10:
[INFO] [stdout] called `Result::unwrap()` on an `Err` value: Io { action: "synchronize published Pack promotion journal", path: "/tmp/iniza-pack-resume-3172-1792301082384618964-29", source: Os { code: 9, kind: Uncategorized, message: "Bad file descriptor" } }
[INFO] [stdout] stack backtrace:
[INFO] [stdout]    0:     0x59134b87c171 - <<std[617be2ca0a6fd877]::sys::backtrace::BacktraceLock>::print::DisplayBacktrace as core[a373ad73a504971]::fmt::Display>::fmt
[INFO] [stdout]    1:     0x59134b891e7a - core[a373ad73a504971]::fmt::write
[INFO] [stdout]    2:     0x59134b88079c - <alloc[2e1b2a31b91974c5]::vec::Vec<u8> as core[a373ad73a504971]::io::write::Write>::write_fmt
[INFO] [stdout]    3:     0x59134b8545b6 - std[617be2ca0a6fd877]::panicking::default_hook::{closure#0}
[INFO] [stdout]    4:     0x59134b872489 - std[617be2ca0a6fd877]::panicking::default_hook
[INFO] [stdout]    5:     0x59134b731180 - test[aada8e7e76ba119b]::test_main_inner::{closure#0}
[INFO] [stdout]    6:     0x59134b872642 - std[617be2ca0a6fd877]::panicking::panic_with_hook
[INFO] [stdout]    7:     0x59134b854662 - std[617be2ca0a6fd877]::panicking::panic_handler::{closure#0}
[INFO] [stdout]    8:     0x59134b84cfc9 - std[617be2ca0a6fd877]::sys::backtrace::__rust_end_short_backtrace::<std[617be2ca0a6fd877]::panicking::panic_handler::{closure#0}, !>
[INFO] [stdout]    9:     0x59134b85535d - __rustc[ea4f61d10b84890b]::rust_begin_unwind
[INFO] [stdout]   10:     0x59134b8925ec - core[a373ad73a504971]::panicking::panic_fmt
[INFO] [stdout]   11:     0x59134b8923c2 - core[a373ad73a504971]::result::unwrap_failed
[INFO] [stdout]   12:     0x59134b6f3937 - <bundle_resume[95e75caca5ff0fe0]::owner_can_pause_resumed_pack_and_resume_again::{closure#0} as core[a373ad73a504971]::ops::function::FnOnce<()>>::call_once
[INFO] [stdout]   13:     0x59134b7245cb - test[aada8e7e76ba119b]::__rust_begin_short_backtrace::<core[a373ad73a504971]::result::Result<(), alloc[2e1b2a31b91974c5]::string::String>, fn() -> core[a373ad73a504971]::result::Result<(), alloc[2e1b2a31b91974c5]::string::String>>
[INFO] [stdout]   14:     0x59134b7317a5 - test[aada8e7e76ba119b]::run_test::{closure#0}
[INFO] [stdout]   15:     0x59134b72b094 - std[617be2ca0a6fd877]::sys::backtrace::__rust_begin_short_backtrace::<test[aada8e7e76ba119b]::run_test::{closure#1}, ()>
[INFO] [stdout]   16:     0x59134b734832 - <std[617be2ca0a6fd877]::thread::lifecycle::spawn_unchecked<test[aada8e7e76ba119b]::run_test::{closure#1}, ()>::{closure#1} as core[a373ad73a504971]::ops::function::FnOnce<()>>::call_once::{shim:vtable#0}
[INFO] [stdout]   17:     0x59134b87b0bf - <std[617be2ca0a6fd877]::sys::thread::unix::Thread>::new::thread_start
[INFO] [stdout]   18:     0x7901c8057dfa - <unknown>
[INFO] [stdout]   19:     0x7901c80eb3d4 - clone
[INFO] [stdout]   20:                0x0 - <unknown>
[INFO] [stdout] 
[INFO] [stdout] ---- partial_write_failure_never_publishes stdout ----
[INFO] [stdout] 
[INFO] [stdout] thread 'partial_write_failure_never_publishes' (3217) panicked at tests/bundle_resume.rs:398:10:
[INFO] [stdout] a clean restart at a new destination must remain available: Io { action: "synchronize completed Bundle directory", path: "/tmp/iniza-pack-resume-3172-1792301089767455573-38", source: Os { code: 9, kind: Uncategorized, message: "Bad file descriptor" } }
[INFO] [stdout] stack backtrace:
[INFO] [stdout]    0:     0x59134b87c171 - <<std[617be2ca0a6fd877]::sys::backtrace::BacktraceLock>::print::DisplayBacktrace as core[a373ad73a504971]::fmt::Display>::fmt
[INFO] [stdout]    1:     0x59134b891e7a - core[a373ad73a504971]::fmt::write
[INFO] [stdout]    2:     0x59134b88079c - <alloc[2e1b2a31b91974c5]::vec::Vec<u8> as core[a373ad73a504971]::io::write::Write>::write_fmt
[INFO] [stdout]    3:     0x59134b8545b6 - std[617be2ca0a6fd877]::panicking::default_hook::{closure#0}
[INFO] [stdout]    4:     0x59134b872489 - std[617be2ca0a6fd877]::panicking::default_hook
[INFO] [stdout]    5:     0x59134b731180 - test[aada8e7e76ba119b]::test_main_inner::{closure#0}
[INFO] [stdout]    6:     0x59134b872642 - std[617be2ca0a6fd877]::panicking::panic_with_hook
[INFO] [stdout]    7:     0x59134b854662 - std[617be2ca0a6fd877]::panicking::panic_handler::{closure#0}
[INFO] [stdout]    8:     0x59134b84cfc9 - std[617be2ca0a6fd877]::sys::backtrace::__rust_end_short_backtrace::<std[617be2ca0a6fd877]::panicking::panic_handler::{closure#0}, !>
[INFO] [stdout]    9:     0x59134b85535d - __rustc[ea4f61d10b84890b]::rust_begin_unwind
[INFO] [stdout]   10:     0x59134b8925ec - core[a373ad73a504971]::panicking::panic_fmt
[INFO] [stdout]   11:     0x59134b8923c2 - core[a373ad73a504971]::result::unwrap_failed
[INFO] [stdout]   12:     0x59134b6ef1af - bundle_resume[95e75caca5ff0fe0]::assert_prepublication_failure_is_contained
[INFO] [stdout]   13:     0x59134b6f23c5 - <bundle_resume[95e75caca5ff0fe0]::partial_write_failure_never_publishes::{closure#0} as core[a373ad73a504971]::ops::function::FnOnce<()>>::call_once
[INFO] [stdout]   14:     0x59134b7245cb - test[aada8e7e76ba119b]::__rust_begin_short_backtrace::<core[a373ad73a504971]::result::Result<(), alloc[2e1b2a31b91974c5]::string::String>, fn() -> core[a373ad73a504971]::result::Result<(), alloc[2e1b2a31b91974c5]::string::String>>
[INFO] [stdout]   15:     0x59134b7317a5 - test[aada8e7e76ba119b]::run_test::{closure#0}
[INFO] [stdout]   16:     0x59134b72b094 - std[617be2ca0a6fd877]::sys::backtrace::__rust_begin_short_backtrace::<test[aada8e7e76ba119b]::run_test::{closure#1}, ()>
[INFO] [stdout]   17:     0x59134b734832 - <std[617be2ca0a6fd877]::thread::lifecycle::spawn_unchecked<test[aada8e7e76ba119b]::run_test::{closure#1}, ()>::{closure#1} as core[a373ad73a504971]::ops::function::FnOnce<()>>::call_once::{shim:vtable#0}
[INFO] [stdout]   18:     0x59134b87b0bf - <std[617be2ca0a6fd877]::sys::thread::unix::Thread>::new::thread_start
[INFO] [stdout]   19:     0x7901c8057dfa - <unknown>
[INFO] [stdout]   20:     0x7901c80eb3d4 - clone
[INFO] [stdout]   21:                0x0 - <unknown>
[INFO] [stdout] 
[INFO] [stdout] ---- owner_can_resume_after_termination_at_every_checkpoint_promotion_step stdout ----
[INFO] [stdout] 
[INFO] [stdout] thread 'owner_can_resume_after_termination_at_every_checkpoint_promotion_step' (3205) panicked at tests/bundle_resume.rs:2084:9:
[INFO] [stdout] assertion `left == right` failed: promotion-journal-written child failed unexpectedly
[INFO] [stdout]   left: Some(101)
[INFO] [stdout]  right: Some(73)
[INFO] [stdout] stack backtrace:
[INFO] [stdout]    0:     0x59134b87c171 - <<std[617be2ca0a6fd877]::sys::backtrace::BacktraceLock>::print::DisplayBacktrace as core[a373ad73a504971]::fmt::Display>::fmt
[INFO] [stdout]    1:     0x59134b891e7a - core[a373ad73a504971]::fmt::write
[INFO] [stdout]    2:     0x59134b88079c - <alloc[2e1b2a31b91974c5]::vec::Vec<u8> as core[a373ad73a504971]::io::write::Write>::write_fmt
[INFO] [stdout]    3:     0x59134b8545b6 - std[617be2ca0a6fd877]::panicking::default_hook::{closure#0}
[INFO] [stdout]    4:     0x59134b872489 - std[617be2ca0a6fd877]::panicking::default_hook
[INFO] [stdout]    5:     0x59134b731180 - test[aada8e7e76ba119b]::test_main_inner::{closure#0}
[INFO] [stdout]    6:     0x59134b872642 - std[617be2ca0a6fd877]::panicking::panic_with_hook
[INFO] [stdout]    7:     0x59134b854662 - std[617be2ca0a6fd877]::panicking::panic_handler::{closure#0}
[INFO] [stdout]    8:     0x59134b84cfc9 - std[617be2ca0a6fd877]::sys::backtrace::__rust_end_short_backtrace::<std[617be2ca0a6fd877]::panicking::panic_handler::{closure#0}, !>
[INFO] [stdout]    9:     0x59134b85535d - __rustc[ea4f61d10b84890b]::rust_begin_unwind
[INFO] [stdout]   10:     0x59134b8925ec - core[a373ad73a504971]::panicking::panic_fmt
[INFO] [stdout]   11:     0x59134b892563 - core[a373ad73a504971]::panicking::assert_failed_inner
[INFO] [stdout]   12:     0x59134b723072 - core[a373ad73a504971]::panicking::assert_failed::<core[a373ad73a504971]::option::Option<i32>, core[a373ad73a504971]::option::Option<i32>>
[INFO] [stdout]   13:     0x59134b700c75 - <bundle_resume[95e75caca5ff0fe0]::owner_can_resume_after_termination_at_every_checkpoint_promotion_step::{closure#0} as core[a373ad73a504971]::ops::function::FnOnce<()>>::call_once
[INFO] [stdout]   14:     0x59134b7245cb - test[aada8e7e76ba119b]::__rust_begin_short_backtrace::<core[a373ad73a504971]::result::Result<(), alloc[2e1b2a31b91974c5]::string::String>, fn() -> core[a373ad73a504971]::result::Result<(), alloc[2e1b2a31b91974c5]::string::String>>
[INFO] [stdout]   15:     0x59134b7317a5 - test[aada8e7e76ba119b]::run_test::{closure#0}
[INFO] [stdout]   16:     0x59134b72b094 - std[617be2ca0a6fd877]::sys::backtrace::__rust_begin_short_backtrace::<test[aada8e7e76ba119b]::run_test::{closure#1}, ()>
[INFO] [stdout]   17:     0x59134b734832 - <std[617be2ca0a6fd877]::thread::lifecycle::spawn_unchecked<test[aada8e7e76ba119b]::run_test::{closure#1}, ()>::{closure#1} as core[a373ad73a504971]::ops::function::FnOnce<()>>::call_once::{shim:vtable#0}
[INFO] [stdout]   18:     0x59134b87b0bf - <std[617be2ca0a6fd877]::sys::thread::unix::Thread>::new::thread_start
[INFO] [stdout]   19:     0x7901c8057dfa - <unknown>
[INFO] [stdout]   20:     0x7901c80eb3d4 - clone
[INFO] [stdout]   21:                0x0 - <unknown>
[INFO] [stdout] 
[INFO] [stdout] ---- owner_can_resume_after_termination_at_a_resumed_pack_checkpoint stdout ----
[INFO] [stdout] 
[INFO] [stdout] thread 'owner_can_resume_after_termination_at_a_resumed_pack_checkpoint' (3204) panicked at tests/bundle_resume.rs:1913:10:
[INFO] [stdout] the latest authenticated checkpoint should remain resumable: Io { action: "synchronize published Pack promotion journal", path: "/tmp/iniza-pack-resume-3172-1792301083997102184-31", source: Os { code: 9, kind: Uncategorized, message: "Bad file descriptor" } }
[INFO] [stdout] stack backtrace:
[INFO] [stdout]    0:     0x59134b87c171 - <<std[617be2ca0a6fd877]::sys::backtrace::BacktraceLock>::print::DisplayBacktrace as core[a373ad73a504971]::fmt::Display>::fmt
[INFO] [stdout]    1:     0x59134b891e7a - core[a373ad73a504971]::fmt::write
[INFO] [stdout]    2:     0x59134b88079c - <alloc[2e1b2a31b91974c5]::vec::Vec<u8> as core[a373ad73a504971]::io::write::Write>::write_fmt
[INFO] [stdout]    3:     0x59134b8545b6 - std[617be2ca0a6fd877]::panicking::default_hook::{closure#0}
[INFO] [stdout]    4:     0x59134b872489 - std[617be2ca0a6fd877]::panicking::default_hook
[INFO] [stdout]    5:     0x59134b731180 - test[aada8e7e76ba119b]::test_main_inner::{closure#0}
[INFO] [stdout]    6:     0x59134b872642 - std[617be2ca0a6fd877]::panicking::panic_with_hook
[INFO] [stdout]    7:     0x59134b854662 - std[617be2ca0a6fd877]::panicking::panic_handler::{closure#0}
[INFO] [stdout]    8:     0x59134b84cfc9 - std[617be2ca0a6fd877]::sys::backtrace::__rust_end_short_backtrace::<std[617be2ca0a6fd877]::panicking::panic_handler::{closure#0}, !>
[INFO] [stdout]    9:     0x59134b85535d - __rustc[ea4f61d10b84890b]::rust_begin_unwind
[INFO] [stdout]   10:     0x59134b8925ec - core[a373ad73a504971]::panicking::panic_fmt
[INFO] [stdout]   11:     0x59134b8923c2 - core[a373ad73a504971]::result::unwrap_failed
[INFO] [stdout]   12:     0x59134b6f6198 - <bundle_resume[95e75caca5ff0fe0]::owner_can_resume_after_termination_at_a_resumed_pack_checkpoint::{closure#0} as core[a373ad73a504971]::ops::function::FnOnce<()>>::call_once
[INFO] [stdout]   13:     0x59134b7245cb - test[aada8e7e76ba119b]::__rust_begin_short_backtrace::<core[a373ad73a504971]::result::Result<(), alloc[2e1b2a31b91974c5]::string::String>, fn() -> core[a373ad73a504971]::result::Result<(), alloc[2e1b2a31b91974c5]::string::String>>
[INFO] [stdout]   14:     0x59134b7317a5 - test[aada8e7e76ba119b]::run_test::{closure#0}
[INFO] [stdout]   15:     0x59134b72b094 - std[617be2ca0a6fd877]::sys::backtrace::__rust_begin_short_backtrace::<test[aada8e7e76ba119b]::run_test::{closure#1}, ()>
[INFO] [stdout]   16:     0x59134b734832 - <std[617be2ca0a6fd877]::thread::lifecycle::spawn_unchecked<test[aada8e7e76ba119b]::run_test::{closure#1}, ()>::{closure#1} as core[a373ad73a504971]::ops::function::FnOnce<()>>::call_once::{shim:vtable#0}
[INFO] [stdout]   17:     0x59134b87b0bf - <std[617be2ca0a6fd877]::sys::thread::unix::Thread>::new::thread_start
[INFO] [stdout]   18:     0x7901c8057dfa - <unknown>
[INFO] [stdout]   19:     0x7901c80eb3d4 - clone
[INFO] [stdout]   20:                0x0 - <unknown>
[INFO] [stdout] 
[INFO] [stdout] ---- process_termination_at_every_pack_write_transition_never_creates_false_completion stdout ----
[INFO] [stdout] 
[INFO] [stdout] thread 'process_termination_at_every_pack_write_transition_never_creates_false_completion' (3221) panicked at tests/bundle_resume.rs:670:41:
[INFO] [stdout] clean restart after create-partial failed: could not synchronize completed Bundle directory at /tmp/iniza-pack-resume-3172-1792301093311485066-42: Bad file descriptor (os error 9)
[INFO] [stdout] stack backtrace:
[INFO] [stdout]    0:     0x59134b87c171 - <<std[617be2ca0a6fd877]::sys::backtrace::BacktraceLock>::print::DisplayBacktrace as core[a373ad73a504971]::fmt::Display>::fmt
[INFO] [stdout]    1:     0x59134b891e7a - core[a373ad73a504971]::fmt::write
[INFO] [stdout]    2:     0x59134b88079c - <alloc[2e1b2a31b91974c5]::vec::Vec<u8> as core[a373ad73a504971]::io::write::Write>::write_fmt
[INFO] [stdout]    3:     0x59134b8545b6 - std[617be2ca0a6fd877]::panicking::default_hook::{closure#0}
[INFO] [stdout]    4:     0x59134b872489 - std[617be2ca0a6fd877]::panicking::default_hook
[INFO] [stdout]    5:     0x59134b731180 - test[aada8e7e76ba119b]::test_main_inner::{closure#0}
[INFO] [stdout]    6:     0x59134b872642 - std[617be2ca0a6fd877]::panicking::panic_with_hook
[INFO] [stdout]    7:     0x59134b854662 - std[617be2ca0a6fd877]::panicking::panic_handler::{closure#0}
[INFO] [stdout]    8:     0x59134b84cfc9 - std[617be2ca0a6fd877]::sys::backtrace::__rust_end_short_backtrace::<std[617be2ca0a6fd877]::panicking::panic_handler::{closure#0}, !>
[INFO] [stdout]    9:     0x59134b85535d - __rustc[ea4f61d10b84890b]::rust_begin_unwind
[INFO] [stdout]   10:     0x59134b8925ec - core[a373ad73a504971]::panicking::panic_fmt
[INFO] [stdout]   11:     0x59134b6ecaf5 - bundle_resume[95e75caca5ff0fe0]::process_termination_at_every_pack_write_transition_never_creates_false_completion::{closure#0}
[INFO] [stdout]   12:     0x59134b7074c2 - <bundle_resume[95e75caca5ff0fe0]::process_termination_at_every_pack_write_transition_never_creates_false_completion::{closure#0} as core[a373ad73a504971]::ops::function::FnOnce<()>>::call_once
[INFO] [stdout]   13:     0x59134b7245cb - test[aada8e7e76ba119b]::__rust_begin_short_backtrace::<core[a373ad73a504971]::result::Result<(), alloc[2e1b2a31b91974c5]::string::String>, fn() -> core[a373ad73a504971]::result::Result<(), alloc[2e1b2a31b91974c5]::string::String>>
[INFO] [stdout]   14:     0x59134b7317a5 - test[aada8e7e76ba119b]::run_test::{closure#0}
[INFO] [stdout]   15:     0x59134b72b094 - std[617be2ca0a6fd877]::sys::backtrace::__rust_begin_short_backtrace::<test[aada8e7e76ba119b]::run_test::{closure#1}, ()>
[INFO] [stdout]   16:     0x59134b734832 - <std[617be2ca0a6fd877]::thread::lifecycle::spawn_unchecked<test[aada8e7e76ba119b]::run_test::{closure#1}, ()>::{closure#1} as core[a373ad73a504971]::ops::function::FnOnce<()>>::call_once::{shim:vtable#0}
[INFO] [stdout]   17:     0x59134b87b0bf - <std[617be2ca0a6fd877]::sys::thread::unix::Thread>::new::thread_start
[INFO] [stdout]   18:     0x7901c8057dfa - <unknown>
[INFO] [stdout]   19:     0x7901c80eb3d4 - clone
[INFO] [stdout]   20:                0x0 - <unknown>
[INFO] [stdout] 
[INFO] [stdout] ---- process_termination_preserves_only_authenticated_resumable_progress stdout ----
[INFO] [stdout] 
[INFO] [stdout] thread 'process_termination_preserves_only_authenticated_resumable_progress' (3224) panicked at tests/bundle_resume.rs:1293:22:
[INFO] [stdout] called `Result::unwrap()` on an `Err` value: Io { action: "synchronize completed Bundle directory", path: "/tmp/iniza-pack-resume-3172-1792301093421474973-43", source: Os { code: 9, kind: Uncategorized, message: "Bad file descriptor" } }
[INFO] [stdout] stack backtrace:
[INFO] [stdout]    0:     0x59134b87c171 - <<std[617be2ca0a6fd877]::sys::backtrace::BacktraceLock>::print::DisplayBacktrace as core[a373ad73a504971]::fmt::Display>::fmt
[INFO] [stdout]    1:     0x59134b891e7a - core[a373ad73a504971]::fmt::write
[INFO] [stdout]    2:     0x59134b88079c - <alloc[2e1b2a31b91974c5]::vec::Vec<u8> as core[a373ad73a504971]::io::write::Write>::write_fmt
[INFO] [stdout]    3:     0x59134b8545b6 - std[617be2ca0a6fd877]::panicking::default_hook::{closure#0}
[INFO] [stdout]    4:     0x59134b872489 - std[617be2ca0a6fd877]::panicking::default_hook
[INFO] [stdout]    5:     0x59134b731180 - test[aada8e7e76ba119b]::test_main_inner::{closure#0}
[INFO] [stdout]    6:     0x59134b872642 - std[617be2ca0a6fd877]::panicking::panic_with_hook
[INFO] [stdout]    7:     0x59134b854662 - std[617be2ca0a6fd877]::panicking::panic_handler::{closure#0}
[INFO] [stdout]    8:     0x59134b84cfc9 - std[617be2ca0a6fd877]::sys::backtrace::__rust_end_short_backtrace::<std[617be2ca0a6fd877]::panicking::panic_handler::{closure#0}, !>
[INFO] [stdout]    9:     0x59134b85535d - __rustc[ea4f61d10b84890b]::rust_begin_unwind
[INFO] [stdout]   10:     0x59134b8925ec - core[a373ad73a504971]::panicking::panic_fmt
[INFO] [stdout]   11:     0x59134b8923c2 - core[a373ad73a504971]::result::unwrap_failed
[INFO] [stdout]   12:     0x59134b6fec87 - <bundle_resume[95e75caca5ff0fe0]::process_termination_preserves_only_authenticated_resumable_progress::{closure#0} as core[a373ad73a504971]::ops::function::FnOnce<()>>::call_once
[INFO] [stdout]   13:     0x59134b7245cb - test[aada8e7e76ba119b]::__rust_begin_short_backtrace::<core[a373ad73a504971]::result::Result<(), alloc[2e1b2a31b91974c5]::string::String>, fn() -> core[a373ad73a504971]::result::Result<(), alloc[2e1b2a31b91974c5]::string::String>>
[INFO] [stdout]   14:     0x59134b7317a5 - test[aada8e7e76ba119b]::run_test::{closure#0}
[INFO] [stdout]   15:     0x59134b72b094 - std[617be2ca0a6fd877]::sys::backtrace::__rust_begin_short_backtrace::<test[aada8e7e76ba119b]::run_test::{closure#1}, ()>
[INFO] [stdout]   16:     0x59134b734832 - <std[617be2ca0a6fd877]::thread::lifecycle::spawn_unchecked<test[aada8e7e76ba119b]::run_test::{closure#1}, ()>::{closure#1} as core[a373ad73a504971]::ops::function::FnOnce<()>>::call_once::{shim:vtable#0}
[INFO] [stdout]   17:     0x59134b87b0bf - <std[617be2ca0a6fd877]::sys::thread::unix::Thread>::new::thread_start
[INFO] [stdout]   18:     0x7901c8057dfa - <unknown>
[INFO] [stdout]   19:     0x7901c80eb3d4 - clone
[INFO] [stdout]   20:                0x0 - <unknown>
[INFO] [stdout] 
[INFO] [stdout] ---- paused_resume_never_promotes_through_a_replaced_saved_checkpoint stdout ----
[INFO] [stdout] 
[INFO] [stdout] thread 'paused_resume_never_promotes_through_a_replaced_saved_checkpoint' (3219) panicked at tests/bundle_resume.rs:1827:5:
[INFO] [stdout] assertion failed: error.to_string().contains("identity changed")
[INFO] [stdout] stack backtrace:
[INFO] [stdout]    0:     0x59134b87c171 - <<std[617be2ca0a6fd877]::sys::backtrace::BacktraceLock>::print::DisplayBacktrace as core[a373ad73a504971]::fmt::Display>::fmt
[INFO] [stdout]    1:     0x59134b891e7a - core[a373ad73a504971]::fmt::write
[INFO] [stdout]    2:     0x59134b88079c - <alloc[2e1b2a31b91974c5]::vec::Vec<u8> as core[a373ad73a504971]::io::write::Write>::write_fmt
[INFO] [stdout]    3:     0x59134b8545b6 - std[617be2ca0a6fd877]::panicking::default_hook::{closure#0}
[INFO] [stdout]    4:     0x59134b872489 - std[617be2ca0a6fd877]::panicking::default_hook
[INFO] [stdout]    5:     0x59134b731180 - test[aada8e7e76ba119b]::test_main_inner::{closure#0}
[INFO] [stdout]    6:     0x59134b872642 - std[617be2ca0a6fd877]::panicking::panic_with_hook
[INFO] [stdout]    7:     0x59134b854694 - std[617be2ca0a6fd877]::panicking::panic_handler::{closure#0}
[INFO] [stdout]    8:     0x59134b84cfc9 - std[617be2ca0a6fd877]::sys::backtrace::__rust_end_short_backtrace::<std[617be2ca0a6fd877]::panicking::panic_handler::{closure#0}, !>
[INFO] [stdout]    9:     0x59134b85535d - __rustc[ea4f61d10b84890b]::rust_begin_unwind
[INFO] [stdout]   10:     0x59134b8925ec - core[a373ad73a504971]::panicking::panic_fmt
[INFO] [stdout]   11:     0x59134b8925b2 - core[a373ad73a504971]::panicking::panic
[INFO] [stdout]   12:     0x59134b6f973b - <bundle_resume[95e75caca5ff0fe0]::paused_resume_never_promotes_through_a_replaced_saved_checkpoint::{closure#0} as core[a373ad73a504971]::ops::function::FnOnce<()>>::call_once
[INFO] [stdout]   13:     0x59134b7245cb - test[aada8e7e76ba119b]::__rust_begin_short_backtrace::<core[a373ad73a504971]::result::Result<(), alloc[2e1b2a31b91974c5]::string::String>, fn() -> core[a373ad73a504971]::result::Result<(), alloc[2e1b2a31b91974c5]::string::String>>
[INFO] [stdout]   14:     0x59134b7317a5 - test[aada8e7e76ba119b]::run_test::{closure#0}
[INFO] [stdout]   15:     0x59134b72b094 - std[617be2ca0a6fd877]::sys::backtrace::__rust_begin_short_backtrace::<test[aada8e7e76ba119b]::run_test::{closure#1}, ()>
[INFO] [stdout]   16:     0x59134b734832 - <std[617be2ca0a6fd877]::thread::lifecycle::spawn_unchecked<test[aada8e7e76ba119b]::run_test::{closure#1}, ()>::{closure#1} as core[a373ad73a504971]::ops::function::FnOnce<()>>::call_once::{shim:vtable#0}
[INFO] [stdout]   17:     0x59134b87b0bf - <std[617be2ca0a6fd877]::sys::thread::unix::Thread>::new::thread_start
[INFO] [stdout]   18:     0x7901c8057dfa - <unknown>
[INFO] [stdout]   19:     0x7901c80eb3d4 - clone
[INFO] [stdout]   20:                0x0 - <unknown>
[INFO] [stdout] 
[INFO] [stdout] ---- paused_resume_never_promotes_through_a_replaced_saved_partial stdout ----
[INFO] [stdout] 
[INFO] [stdout] thread 'paused_resume_never_promotes_through_a_replaced_saved_partial' (3220) panicked at tests/bundle_resume.rs:1747:5:
[INFO] [stdout] assertion failed: error.to_string().contains("identity changed")
[INFO] [stdout] stack backtrace:
[INFO] [stdout]    0:     0x59134b87c171 - <<std[617be2ca0a6fd877]::sys::backtrace::BacktraceLock>::print::DisplayBacktrace as core[a373ad73a504971]::fmt::Display>::fmt
[INFO] [stdout]    1:     0x59134b891e7a - core[a373ad73a504971]::fmt::write
[INFO] [stdout]    2:     0x59134b88079c - <alloc[2e1b2a31b91974c5]::vec::Vec<u8> as core[a373ad73a504971]::io::write::Write>::write_fmt
[INFO] [stdout]    3:     0x59134b8545b6 - std[617be2ca0a6fd877]::panicking::default_hook::{closure#0}
[INFO] [stdout]    4:     0x59134b872489 - std[617be2ca0a6fd877]::panicking::default_hook
[INFO] [stdout]    5:     0x59134b731180 - test[aada8e7e76ba119b]::test_main_inner::{closure#0}
[INFO] [stdout]    6:     0x59134b872642 - std[617be2ca0a6fd877]::panicking::panic_with_hook
[INFO] [stdout]    7:     0x59134b854694 - std[617be2ca0a6fd877]::panicking::panic_handler::{closure#0}
[INFO] [stdout]    8:     0x59134b84cfc9 - std[617be2ca0a6fd877]::sys::backtrace::__rust_end_short_backtrace::<std[617be2ca0a6fd877]::panicking::panic_handler::{closure#0}, !>
[INFO] [stdout]    9:     0x59134b85535d - __rustc[ea4f61d10b84890b]::rust_begin_unwind
[INFO] [stdout]   10:     0x59134b8925ec - core[a373ad73a504971]::panicking::panic_fmt
[INFO] [stdout]   11:     0x59134b8925b2 - core[a373ad73a504971]::panicking::panic
[INFO] [stdout]   12:     0x59134b6f4a8b - <bundle_resume[95e75caca5ff0fe0]::paused_resume_never_promotes_through_a_replaced_saved_partial::{closure#0} as core[a373ad73a504971]::ops::function::FnOnce<()>>::call_once
[INFO] [stdout]   13:     0x59134b7245cb - test[aada8e7e76ba119b]::__rust_begin_short_backtrace::<core[a373ad73a504971]::result::Result<(), alloc[2e1b2a31b91974c5]::string::String>, fn() -> core[a373ad73a504971]::result::Result<(), alloc[2e1b2a31b91974c5]::string::String>>
[INFO] [stdout]   14:     0x59134b7317a5 - test[aada8e7e76ba119b]::run_test::{closure#0}
[INFO] [stdout]   15:     0x59134b72b094 - std[617be2ca0a6fd877]::sys::backtrace::__rust_begin_short_backtrace::<test[aada8e7e76ba119b]::run_test::{closure#1}, ()>
[INFO] [stdout]   16:     0x59134b734832 - <std[617be2ca0a6fd877]::thread::lifecycle::spawn_unchecked<test[aada8e7e76ba119b]::run_test::{closure#1}, ()>::{closure#1} as core[a373ad73a504971]::ops::function::FnOnce<()>>::call_once::{shim:vtable#0}
[INFO] [stdout]   17:     0x59134b87b0bf - <std[617be2ca0a6fd877]::sys::thread::unix::Thread>::new::thread_start
[INFO] [stdout]   18:     0x7901c8057dfa - <unknown>
[INFO] [stdout]   19:     0x7901c80eb3d4 - clone
[INFO] [stdout]   20:                0x0 - <unknown>
[INFO] [stdout] 
[INFO] [stdout] ---- promotion_journal_removal_failure_preserves_resumable_progress stdout ----
[INFO] [stdout] 
[INFO] [stdout] thread 'promotion_journal_removal_failure_preserves_resumable_progress' (3227) panicked at tests/bundle_resume.rs:234:5:
[INFO] [stdout] assertion failed: persistence.failed.load(Ordering::SeqCst)
[INFO] [stdout] stack backtrace:
[INFO] [stdout]    0:     0x59134b87c171 - <<std[617be2ca0a6fd877]::sys::backtrace::BacktraceLock>::print::DisplayBacktrace as core[a373ad73a504971]::fmt::Display>::fmt
[INFO] [stdout]    1:     0x59134b891e7a - core[a373ad73a504971]::fmt::write
[INFO] [stdout]    2:     0x59134b88079c - <alloc[2e1b2a31b91974c5]::vec::Vec<u8> as core[a373ad73a504971]::io::write::Write>::write_fmt
[INFO] [stdout]    3:     0x59134b8545b6 - std[617be2ca0a6fd877]::panicking::default_hook::{closure#0}
[INFO] [stdout]    4:     0x59134b872489 - std[617be2ca0a6fd877]::panicking::default_hook
[INFO] [stdout]    5:     0x59134b731180 - test[aada8e7e76ba119b]::test_main_inner::{closure#0}
[INFO] [stdout]    6:     0x59134b872642 - std[617be2ca0a6fd877]::panicking::panic_with_hook
[INFO] [stdout]    7:     0x59134b854694 - std[617be2ca0a6fd877]::panicking::panic_handler::{closure#0}
[INFO] [stdout]    8:     0x59134b84cfc9 - std[617be2ca0a6fd877]::sys::backtrace::__rust_end_short_backtrace::<std[617be2ca0a6fd877]::panicking::panic_handler::{closure#0}, !>
[INFO] [stdout]    9:     0x59134b85535d - __rustc[ea4f61d10b84890b]::rust_begin_unwind
[INFO] [stdout]   10:     0x59134b8925ec - core[a373ad73a504971]::panicking::panic_fmt
[INFO] [stdout]   11:     0x59134b8925b2 - core[a373ad73a504971]::panicking::panic
[INFO] [stdout]   12:     0x59134b6ee32c - bundle_resume[95e75caca5ff0fe0]::assert_promotion_failure_is_resumable
[INFO] [stdout]   13:     0x59134b6f5455 - <bundle_resume[95e75caca5ff0fe0]::promotion_journal_removal_failure_preserves_resumable_progress::{closure#0} as core[a373ad73a504971]::ops::function::FnOnce<()>>::call_once
[INFO] [stdout]   14:     0x59134b7245cb - test[aada8e7e76ba119b]::__rust_begin_short_backtrace::<core[a373ad73a504971]::result::Result<(), alloc[2e1b2a31b91974c5]::string::String>, fn() -> core[a373ad73a504971]::result::Result<(), alloc[2e1b2a31b91974c5]::string::String>>
[INFO] [stdout]   15:     0x59134b7317a5 - test[aada8e7e76ba119b]::run_test::{closure#0}
[INFO] [stdout]   16:     0x59134b72b094 - std[617be2ca0a6fd877]::sys::backtrace::__rust_begin_short_backtrace::<test[aada8e7e76ba119b]::run_test::{closure#1}, ()>
[INFO] [stdout]   17:     0x59134b734832 - <std[617be2ca0a6fd877]::thread::lifecycle::spawn_unchecked<test[aada8e7e76ba119b]::run_test::{closure#1}, ()>::{closure#1} as core[a373ad73a504971]::ops::function::FnOnce<()>>::call_once::{shim:vtable#0}
[INFO] [stdout]   18:     0x59134b87b0bf - <std[617be2ca0a6fd877]::sys::thread::unix::Thread>::new::thread_start
[INFO] [stdout]   19:     0x7901c8057dfa - <unknown>
[INFO] [stdout]   20:     0x7901c80eb3d4 - clone
[INFO] [stdout]   21:                0x0 - <unknown>
[INFO] [stdout] 
[INFO] [stdout] ---- promotion_journal_removal_sync_failure_preserves_resumable_progress stdout ----
[INFO] [stdout] 
[INFO] [stdout] thread 'promotion_journal_removal_sync_failure_preserves_resumable_progress' (3228) panicked at tests/bundle_resume.rs:234:5:
[INFO] [stdout] assertion failed: persistence.failed.load(Ordering::SeqCst)
[INFO] [stdout] stack backtrace:
[INFO] [stdout]    0:     0x59134b87c171 - <<std[617be2ca0a6fd877]::sys::backtrace::BacktraceLock>::print::DisplayBacktrace as core[a373ad73a504971]::fmt::Display>::fmt
[INFO] [stdout]    1:     0x59134b891e7a - core[a373ad73a504971]::fmt::write
[INFO] [stdout]    2:     0x59134b88079c - <alloc[2e1b2a31b91974c5]::vec::Vec<u8> as core[a373ad73a504971]::io::write::Write>::write_fmt
[INFO] [stdout]    3:     0x59134b8545b6 - std[617be2ca0a6fd877]::panicking::default_hook::{closure#0}
[INFO] [stdout]    4:     0x59134b872489 - std[617be2ca0a6fd877]::panicking::default_hook
[INFO] [stdout]    5:     0x59134b731180 - test[aada8e7e76ba119b]::test_main_inner::{closure#0}
[INFO] [stdout]    6:     0x59134b872642 - std[617be2ca0a6fd877]::panicking::panic_with_hook
[INFO] [stdout]    7:     0x59134b854694 - std[617be2ca0a6fd877]::panicking::panic_handler::{closure#0}
[INFO] [stdout]    8:     0x59134b84cfc9 - std[617be2ca0a6fd877]::sys::backtrace::__rust_end_short_backtrace::<std[617be2ca0a6fd877]::panicking::panic_handler::{closure#0}, !>
[INFO] [stdout]    9:     0x59134b85535d - __rustc[ea4f61d10b84890b]::rust_begin_unwind
[INFO] [stdout]   10:     0x59134b8925ec - core[a373ad73a504971]::panicking::panic_fmt
[INFO] [stdout]   11:     0x59134b8925b2 - core[a373ad73a504971]::panicking::panic
[INFO] [stdout]   12:     0x59134b6ee32c - bundle_resume[95e75caca5ff0fe0]::assert_promotion_failure_is_resumable
[INFO] [stdout]   13:     0x59134b6ff365 - <bundle_resume[95e75caca5ff0fe0]::promotion_journal_removal_sync_failure_preserves_resumable_progress::{closure#0} as core[a373ad73a504971]::ops::function::FnOnce<()>>::call_once
[INFO] [stdout]   14:     0x59134b7245cb - test[aada8e7e76ba119b]::__rust_begin_short_backtrace::<core[a373ad73a504971]::result::Result<(), alloc[2e1b2a31b91974c5]::string::String>, fn() -> core[a373ad73a504971]::result::Result<(), alloc[2e1b2a31b91974c5]::string::String>>
[INFO] [stdout]   15:     0x59134b7317a5 - test[aada8e7e76ba119b]::run_test::{closure#0}
[INFO] [stdout]   16:     0x59134b72b094 - std[617be2ca0a6fd877]::sys::backtrace::__rust_begin_short_backtrace::<test[aada8e7e76ba119b]::run_test::{closure#1}, ()>
[INFO] [stdout]   17:     0x59134b734832 - <std[617be2ca0a6fd877]::thread::lifecycle::spawn_unchecked<test[aada8e7e76ba119b]::run_test::{closure#1}, ()>::{closure#1} as core[a373ad73a504971]::ops::function::FnOnce<()>>::call_once::{shim:vtable#0}
[INFO] [stdout]   18:     0x59134b87b0bf - <std[617be2ca0a6fd877]::sys::thread::unix::Thread>::new::thread_start
[INFO] [stdout]   19:     0x7901c8057dfa - <unknown>
[INFO] [stdout]   20:     0x7901c80eb3d4 - clone
[INFO] [stdout]   21:                0x0 - <unknown>
[INFO] [stdout] 
[INFO] [stdout] ---- resumed_checkpoint_move_sync_failure_preserves_resumable_progress stdout ----
[INFO] [stdout] 
[INFO] [stdout] thread 'resumed_checkpoint_move_sync_failure_preserves_resumable_progress' (3238) panicked at tests/bundle_resume.rs:234:5:
[INFO] [stdout] assertion failed: persistence.failed.load(Ordering::SeqCst)
[INFO] [stdout] stack backtrace:
[INFO] [stdout]    0:     0x59134b87c171 - <<std[617be2ca0a6fd877]::sys::backtrace::BacktraceLock>::print::DisplayBacktrace as core[a373ad73a504971]::fmt::Display>::fmt
[INFO] [stdout]    1:     0x59134b891e7a - core[a373ad73a504971]::fmt::write
[INFO] [stdout]    2:     0x59134b88079c - <alloc[2e1b2a31b91974c5]::vec::Vec<u8> as core[a373ad73a504971]::io::write::Write>::write_fmt
[INFO] [stdout]    3:     0x59134b8545b6 - std[617be2ca0a6fd877]::panicking::default_hook::{closure#0}
[INFO] [stdout]    4:     0x59134b872489 - std[617be2ca0a6fd877]::panicking::default_hook
[INFO] [stdout]    5:     0x59134b731180 - test[aada8e7e76ba119b]::test_main_inner::{closure#0}
[INFO] [stdout]    6:     0x59134b872642 - std[617be2ca0a6fd877]::panicking::panic_with_hook
[INFO] [stdout]    7:     0x59134b854694 - std[617be2ca0a6fd877]::panicking::panic_handler::{closure#0}
[INFO] [stdout]    8:     0x59134b84cfc9 - std[617be2ca0a6fd877]::sys::backtrace::__rust_end_short_backtrace::<std[617be2ca0a6fd877]::panicking::panic_handler::{closure#0}, !>
[INFO] [stdout]    9:     0x59134b85535d - __rustc[ea4f61d10b84890b]::rust_begin_unwind
[INFO] [stdout]   10:     0x59134b8925ec - core[a373ad73a504971]::panicking::panic_fmt
[INFO] [stdout]   11:     0x59134b8925b2 - core[a373ad73a504971]::panicking::panic
[INFO] [stdout]   12:     0x59134b6ee32c - bundle_resume[95e75caca5ff0fe0]::assert_promotion_failure_is_resumable
[INFO] [stdout]   13:     0x59134b6fbb05 - <bundle_resume[95e75caca5ff0fe0]::resumed_checkpoint_move_sync_failure_preserves_resumable_progress::{closure#0} as core[a373ad73a504971]::ops::function::FnOnce<()>>::call_once
[INFO] [stdout]   14:     0x59134b7245cb - test[aada8e7e76ba119b]::__rust_begin_short_backtrace::<core[a373ad73a504971]::result::Result<(), alloc[2e1b2a31b91974c5]::string::String>, fn() -> core[a373ad73a504971]::result::Result<(), alloc[2e1b2a31b91974c5]::string::String>>
[INFO] [stdout]   15:     0x59134b7317a5 - test[aada8e7e76ba119b]::run_test::{closure#0}
[INFO] [stdout]   16:     0x59134b72b094 - std[617be2ca0a6fd877]::sys::backtrace::__rust_begin_short_backtrace::<test[aada8e7e76ba119b]::run_test::{closure#1}, ()>
[INFO] [stdout]   17:     0x59134b734832 - <std[617be2ca0a6fd877]::thread::lifecycle::spawn_unchecked<test[aada8e7e76ba119b]::run_test::{closure#1}, ()>::{closure#1} as core[a373ad73a504971]::ops::function::FnOnce<()>>::call_once::{shim:vtable#0}
[INFO] [stdout]   18:     0x59134b87b0bf - <std[617be2ca0a6fd877]::sys::thread::unix::Thread>::new::thread_start
[INFO] [stdout]   19:     0x7901c8057dfa - <unknown>
[INFO] [stdout]   20:     0x7901c80eb3d4 - clone
[INFO] [stdout]   21:                0x0 - <unknown>
[INFO] [stdout] 
[INFO] [stdout] ---- resumed_checkpoint_move_failure_preserves_resumable_progress stdout ----
[INFO] [stdout] 
[INFO] [stdout] thread 'resumed_checkpoint_move_failure_preserves_resumable_progress' (3237) panicked at tests/bundle_resume.rs:234:5:
[INFO] [stdout] assertion failed: persistence.failed.load(Ordering::SeqCst)
[INFO] [stdout] stack backtrace:
[INFO] [stdout]    0:     0x59134b87c171 - <<std[617be2ca0a6fd877]::sys::backtrace::BacktraceLock>::print::DisplayBacktrace as core[a373ad73a504971]::fmt::Display>::fmt
[INFO] [stdout]    1:     0x59134b891e7a - core[a373ad73a504971]::fmt::write
[INFO] [stdout]    2:     0x59134b88079c - <alloc[2e1b2a31b91974c5]::vec::Vec<u8> as core[a373ad73a504971]::io::write::Write>::write_fmt
[INFO] [stdout]    3:     0x59134b8545b6 - std[617be2ca0a6fd877]::panicking::default_hook::{closure#0}
[INFO] [stdout]    4:     0x59134b872489 - std[617be2ca0a6fd877]::panicking::default_hook
[INFO] [stdout]    5:     0x59134b731180 - test[aada8e7e76ba119b]::test_main_inner::{closure#0}
[INFO] [stdout]    6:     0x59134b872642 - std[617be2ca0a6fd877]::panicking::panic_with_hook
[INFO] [stdout]    7:     0x59134b854694 - std[617be2ca0a6fd877]::panicking::panic_handler::{closure#0}
[INFO] [stdout]    8:     0x59134b84cfc9 - std[617be2ca0a6fd877]::sys::backtrace::__rust_end_short_backtrace::<std[617be2ca0a6fd877]::panicking::panic_handler::{closure#0}, !>
[INFO] [stdout]    9:     0x59134b85535d - __rustc[ea4f61d10b84890b]::rust_begin_unwind
[INFO] [stdout]   10:     0x59134b8925ec - core[a373ad73a504971]::panicking::panic_fmt
[INFO] [stdout]   11:     0x59134b8925b2 - core[a373ad73a504971]::panicking::panic
[INFO] [stdout]   12:     0x59134b6ee32c - bundle_resume[95e75caca5ff0fe0]::assert_promotion_failure_is_resumable
[INFO] [stdout]   13:     0x59134b6f4095 - <bundle_resume[95e75caca5ff0fe0]::resumed_checkpoint_move_failure_preserves_resumable_progress::{closure#0} as core[a373ad73a504971]::ops::function::FnOnce<()>>::call_once
[INFO] [stdout]   14:     0x59134b7245cb - test[aada8e7e76ba119b]::__rust_begin_short_backtrace::<core[a373ad73a504971]::result::Result<(), alloc[2e1b2a31b91974c5]::string::String>, fn() -> core[a373ad73a504971]::result::Result<(), alloc[2e1b2a31b91974c5]::string::String>>
[INFO] [stdout]   15:     0x59134b7317a5 - test[aada8e7e76ba119b]::run_test::{closure#0}
[INFO] [stdout]   16:     0x59134b72b094 - std[617be2ca0a6fd877]::sys::backtrace::__rust_begin_short_backtrace::<test[aada8e7e76ba119b]::run_test::{closure#1}, ()>
[INFO] [stdout]   17:     0x59134b734832 - <std[617be2ca0a6fd877]::thread::lifecycle::spawn_unchecked<test[aada8e7e76ba119b]::run_test::{closure#1}, ()>::{closure#1} as core[a373ad73a504971]::ops::function::FnOnce<()>>::call_once::{shim:vtable#0}
[INFO] [stdout]   18:     0x59134b87b0bf - <std[617be2ca0a6fd877]::sys::thread::unix::Thread>::new::thread_start
[INFO] [stdout]   19:     0x7901c8057dfa - <unknown>
[INFO] [stdout]   20:     0x7901c80eb3d4 - clone
[INFO] [stdout]   21:                0x0 - <unknown>
[INFO] [stdout] 
[INFO] [stdout] ---- saved_checkpoint_move_failure_preserves_resumable_progress stdout ----
[INFO] [stdout] 
[INFO] [stdout] thread 'saved_checkpoint_move_failure_preserves_resumable_progress' (3242) panicked at tests/bundle_resume.rs:234:5:
[INFO] [stdout] assertion failed: persistence.failed.load(Ordering::SeqCst)
[INFO] [stdout] stack backtrace:
[INFO] [stdout]    0:     0x59134b87c171 - <<std[617be2ca0a6fd877]::sys::backtrace::BacktraceLock>::print::DisplayBacktrace as core[a373ad73a504971]::fmt::Display>::fmt
[INFO] [stdout]    1:     0x59134b891e7a - core[a373ad73a504971]::fmt::write
[INFO] [stdout]    2:     0x59134b88079c - <alloc[2e1b2a31b91974c5]::vec::Vec<u8> as core[a373ad73a504971]::io::write::Write>::write_fmt
[INFO] [stdout]    3:     0x59134b8545b6 - std[617be2ca0a6fd877]::panicking::default_hook::{closure#0}
[INFO] [stdout]    4:     0x59134b872489 - std[617be2ca0a6fd877]::panicking::default_hook
[INFO] [stdout]    5:     0x59134b731180 - test[aada8e7e76ba119b]::test_main_inner::{closure#0}
[INFO] [stdout]    6:     0x59134b872642 - std[617be2ca0a6fd877]::panicking::panic_with_hook
[INFO] [stdout]    7:     0x59134b854694 - std[617be2ca0a6fd877]::panicking::panic_handler::{closure#0}
[INFO] [stdout]    8:     0x59134b84cfc9 - std[617be2ca0a6fd877]::sys::backtrace::__rust_end_short_backtrace::<std[617be2ca0a6fd877]::panicking::panic_handler::{closure#0}, !>
[INFO] [stdout]    9:     0x59134b85535d - __rustc[ea4f61d10b84890b]::rust_begin_unwind
[INFO] [stdout]   10:     0x59134b8925ec - core[a373ad73a504971]::panicking::panic_fmt
[INFO] [stdout]   11:     0x59134b8925b2 - core[a373ad73a504971]::panicking::panic
[INFO] [stdout]   12:     0x59134b6ee32c - bundle_resume[95e75caca5ff0fe0]::assert_promotion_failure_is_resumable
[INFO] [stdout]   13:     0x59134b6f3fd5 - <bundle_resume[95e75caca5ff0fe0]::saved_checkpoint_move_failure_preserves_resumable_progress::{closure#0} as core[a373ad73a504971]::ops::function::FnOnce<()>>::call_once
[INFO] [stdout]   14:     0x59134b7245cb - test[aada8e7e76ba119b]::__rust_begin_short_backtrace::<core[a373ad73a504971]::result::Result<(), alloc[2e1b2a31b91974c5]::string::String>, fn() -> core[a373ad73a504971]::result::Result<(), alloc[2e1b2a31b91974c5]::string::String>>
[INFO] [stdout]   15:     0x59134b7317a5 - test[aada8e7e76ba119b]::run_test::{closure#0}
[INFO] [stdout]   16:     0x59134b72b094 - std[617be2ca0a6fd877]::sys::backtrace::__rust_begin_short_backtrace::<test[aada8e7e76ba119b]::run_test::{closure#1}, ()>
[INFO] [stdout]   17:     0x59134b734832 - <std[617be2ca0a6fd877]::thread::lifecycle::spawn_unchecked<test[aada8e7e76ba119b]::run_test::{closure#1}, ()>::{closure#1} as core[a373ad73a504971]::ops::function::FnOnce<()>>::call_once::{shim:vtable#0}
[INFO] [stdout]   18:     0x59134b87b0bf - <std[617be2ca0a6fd877]::sys::thread::unix::Thread>::new::thread_start
[INFO] [stdout]   19:     0x7901c8057dfa - <unknown>
[INFO] [stdout]   20:     0x7901c80eb3d4 - clone
[INFO] [stdout]   21:                0x0 - <unknown>
[INFO] [stdout] 
[INFO] [stdout] ---- published_journal_sync_failure_preserves_resumable_progress stdout ----
[INFO] [stdout] 
[INFO] [stdout] thread 'published_journal_sync_failure_preserves_resumable_progress' (3229) panicked at tests/bundle_resume.rs:242:10:
[INFO] [stdout] authenticated progress must remain resumable after a destination failure: Io { action: "synchronize authenticated Pack checkpoint move", path: "/tmp/iniza-pack-resume-3172-1792301097369457827-46", source: Os { code: 9, kind: Uncategorized, message: "Bad file descriptor" } }
[INFO] [stdout] stack backtrace:
[INFO] [stdout]    0:     0x59134b87c171 - <<std[617be2ca0a6fd877]::sys::backtrace::BacktraceLock>::print::DisplayBacktrace as core[a373ad73a504971]::fmt::Display>::fmt
[INFO] [stdout]    1:     0x59134b891e7a - core[a373ad73a504971]::fmt::write
[INFO] [stdout]    2:     0x59134b88079c - <alloc[2e1b2a31b91974c5]::vec::Vec<u8> as core[a373ad73a504971]::io::write::Write>::write_fmt
[INFO] [stdout]    3:     0x59134b8545b6 - std[617be2ca0a6fd877]::panicking::default_hook::{closure#0}
[INFO] [stdout]    4:     0x59134b872489 - std[617be2ca0a6fd877]::panicking::default_hook
[INFO] [stdout]    5:     0x59134b731180 - test[aada8e7e76ba119b]::test_main_inner::{closure#0}
[INFO] [stdout]    6:     0x59134b872642 - std[617be2ca0a6fd877]::panicking::panic_with_hook
[INFO] [stdout]    7:     0x59134b854662 - std[617be2ca0a6fd877]::panicking::panic_handler::{closure#0}
[INFO] [stdout]    8:     0x59134b84cfc9 - std[617be2ca0a6fd877]::sys::backtrace::__rust_end_short_backtrace::<std[617be2ca0a6fd877]::panicking::panic_handler::{closure#0}, !>
[INFO] [stdout]    9:     0x59134b85535d - __rustc[ea4f61d10b84890b]::rust_begin_unwind
[INFO] [stdout]   10:     0x59134b8925ec - core[a373ad73a504971]::panicking::panic_fmt
[INFO] [stdout]   11:     0x59134b8923c2 - core[a373ad73a504971]::result::unwrap_failed
[INFO] [stdout]   12:     0x59134b6ee432 - bundle_resume[95e75caca5ff0fe0]::assert_promotion_failure_is_resumable
[INFO] [stdout]   13:     0x59134b6f4055 - <bundle_resume[95e75caca5ff0fe0]::published_journal_sync_failure_preserves_resumable_progress::{closure#0} as core[a373ad73a504971]::ops::function::FnOnce<()>>::call_once
[INFO] [stdout]   14:     0x59134b7245cb - test[aada8e7e76ba119b]::__rust_begin_short_backtrace::<core[a373ad73a504971]::result::Result<(), alloc[2e1b2a31b91974c5]::string::String>, fn() -> core[a373ad73a504971]::result::Result<(), alloc[2e1b2a31b91974c5]::string::String>>
[INFO] [stdout]   15:     0x59134b7317a5 - test[aada8e7e76ba119b]::run_test::{closure#0}
[INFO] [stdout]   16:     0x59134b72b094 - std[617be2ca0a6fd877]::sys::backtrace::__rust_begin_short_backtrace::<test[aada8e7e76ba119b]::run_test::{closure#1}, ()>
[INFO] [stdout]   17:     0x59134b734832 - <std[617be2ca0a6fd877]::thread::lifecycle::spawn_unchecked<test[aada8e7e76ba119b]::run_test::{closure#1}, ()>::{closure#1} as core[a373ad73a504971]::ops::function::FnOnce<()>>::call_once::{shim:vtable#0}
[INFO] [stdout]   18:     0x59134b87b0bf - <std[617be2ca0a6fd877]::sys::thread::unix::Thread>::new::thread_start
[INFO] [stdout]   19:     0x7901c8057dfa - <unknown>
[INFO] [stdout]   20:     0x7901c80eb3d4 - clone
[INFO] [stdout]   21:                0x0 - <unknown>
[INFO] [stdout] 
[INFO] [stdout] ---- resumed_partial_move_failure_preserves_resumable_progress stdout ----
[INFO] [stdout] 
[INFO] [stdout] thread 'resumed_partial_move_failure_preserves_resumable_progress' (3240) panicked at tests/bundle_resume.rs:234:5:
[INFO] [stdout] assertion failed: persistence.failed.load(Ordering::SeqCst)
[INFO] [stdout] stack backtrace:
[INFO] [stdout]    0:     0x59134b87c171 - <<std[617be2ca0a6fd877]::sys::backtrace::BacktraceLock>::print::DisplayBacktrace as core[a373ad73a504971]::fmt::Display>::fmt
[INFO] [stdout]    1:     0x59134b891e7a - core[a373ad73a504971]::fmt::write
[INFO] [stdout]    2:     0x59134b88079c - <alloc[2e1b2a31b91974c5]::vec::Vec<u8> as core[a373ad73a504971]::io::write::Write>::write_fmt
[INFO] [stdout]    3:     0x59134b8545b6 - std[617be2ca0a6fd877]::panicking::default_hook::{closure#0}
[INFO] [stdout]    4:     0x59134b872489 - std[617be2ca0a6fd877]::panicking::default_hook
[INFO] [stdout]    5:     0x59134b731180 - test[aada8e7e76ba119b]::test_main_inner::{closure#0}
[INFO] [stdout]    6:     0x59134b872642 - std[617be2ca0a6fd877]::panicking::panic_with_hook
[INFO] [stdout]    7:     0x59134b854694 - std[617be2ca0a6fd877]::panicking::panic_handler::{closure#0}
[INFO] [stdout]    8:     0x59134b84cfc9 - std[617be2ca0a6fd877]::sys::backtrace::__rust_end_short_backtrace::<std[617be2ca0a6fd877]::panicking::panic_handler::{closure#0}, !>
[INFO] [stdout]    9:     0x59134b85535d - __rustc[ea4f61d10b84890b]::rust_begin_unwind
[INFO] [stderr] error: test failed, to rerun pass `--test bundle_resume`
[INFO] [stdout]   10:     0x59134b8925ec - core[a373ad73a504971]::panicking::panic_fmt
[INFO] [stdout]   11:     0x59134b8925b2 - core[a373ad73a504971]::panicking::panic
[INFO] [stdout]   12:     0x59134b6ee32c - bundle_resume[95e75caca5ff0fe0]::assert_promotion_failure_is_resumable
[INFO] [stdout]   13:     0x59134b6f3f95 - <bundle_resume[95e75caca5ff0fe0]::resumed_partial_move_failure_preserves_resumable_progress::{closure#0} as core[a373ad73a504971]::ops::function::FnOnce<()>>::call_once
[INFO] [stdout]   14:     0x59134b7245cb - test[aada8e7e76ba119b]::__rust_begin_short_backtrace::<core[a373ad73a504971]::result::Result<(), alloc[2e1b2a31b91974c5]::string::String>, fn() -> core[a373ad73a504971]::result::Result<(), alloc[2e1b2a31b91974c5]::string::String>>
[INFO] [stdout]   15:     0x59134b7317a5 - test[aada8e7e76ba119b]::run_test::{closure#0}
[INFO] [stdout]   16:     0x59134b72b094 - std[617be2ca0a6fd877]::sys::backtrace::__rust_begin_short_backtrace::<test[aada8e7e76ba119b]::run_test::{closure#1}, ()>
[INFO] [stdout]   17:     0x59134b734832 - <std[617be2ca0a6fd877]::thread::lifecycle::spawn_unchecked<test[aada8e7e76ba119b]::run_test::{closure#1}, ()>::{closure#1} as core[a373ad73a504971]::ops::function::FnOnce<()>>::call_once::{shim:vtable#0}
[INFO] [stdout]   18:     0x59134b87b0bf - <std[617be2ca0a6fd877]::sys::thread::unix::Thread>::new::thread_start
[INFO] [stdout]   19:     0x7901c8057dfa - <unknown>
[INFO] [stdout]   20:     0x7901c80eb3d4 - clone
[INFO] [stdout]   21:                0x0 - <unknown>
[INFO] [stdout] 
[INFO] [stdout] ---- resumed_partial_move_sync_failure_preserves_resumable_progress stdout ----
[INFO] [stdout] 
[INFO] [stdout] thread 'resumed_partial_move_sync_failure_preserves_resumable_progress' (3241) panicked at tests/bundle_resume.rs:234:5:
[INFO] [stdout] assertion failed: persistence.failed.load(Ordering::SeqCst)
[INFO] [stdout] stack backtrace:
[INFO] [stdout]    0:     0x59134b87c171 - <<std[617be2ca0a6fd877]::sys::backtrace::BacktraceLock>::print::DisplayBacktrace as core[a373ad73a504971]::fmt::Display>::fmt
[INFO] [stdout]    1:     0x59134b891e7a - core[a373ad73a504971]::fmt::write
[INFO] [stdout]    2:     0x59134b88079c - <alloc[2e1b2a31b91974c5]::vec::Vec<u8> as core[a373ad73a504971]::io::write::Write>::write_fmt
[INFO] [stdout]    3:     0x59134b8545b6 - std[617be2ca0a6fd877]::panicking::default_hook::{closure#0}
[INFO] [stdout]    4:     0x59134b872489 - std[617be2ca0a6fd877]::panicking::default_hook
[INFO] [stdout]    5:     0x59134b731180 - test[aada8e7e76ba119b]::test_main_inner::{closure#0}
[INFO] [stdout]    6:     0x59134b872642 - std[617be2ca0a6fd877]::panicking::panic_with_hook
[INFO] [stdout]    7:     0x59134b854694 - std[617be2ca0a6fd877]::panicking::panic_handler::{closure#0}
[INFO] [stdout]    8:     0x59134b84cfc9 - std[617be2ca0a6fd877]::sys::backtrace::__rust_end_short_backtrace::<std[617be2ca0a6fd877]::panicking::panic_handler::{closure#0}, !>
[INFO] [stdout]    9:     0x59134b85535d - __rustc[ea4f61d10b84890b]::rust_begin_unwind
[INFO] [stdout]   10:     0x59134b8925ec - core[a373ad73a504971]::panicking::panic_fmt
[INFO] [stdout]   11:     0x59134b8925b2 - core[a373ad73a504971]::panicking::panic
[INFO] [stdout]   12:     0x59134b6ee32c - bundle_resume[95e75caca5ff0fe0]::assert_promotion_failure_is_resumable
[INFO] [stdout]   13:     0x59134b6f5495 - <bundle_resume[95e75caca5ff0fe0]::resumed_partial_move_sync_failure_preserves_resumable_progress::{closure#0} as core[a373ad73a504971]::ops::function::FnOnce<()>>::call_once
[INFO] [stdout]   14:     0x59134b7245cb - test[aada8e7e76ba119b]::__rust_begin_short_backtrace::<core[a373ad73a504971]::result::Result<(), alloc[2e1b2a31b91974c5]::string::String>, fn() -> core[a373ad73a504971]::result::Result<(), alloc[2e1b2a31b91974c5]::string::String>>
[INFO] [stdout]   15:     0x59134b7317a5 - test[aada8e7e76ba119b]::run_test::{closure#0}
[INFO] [stdout]   16:     0x59134b72b094 - std[617be2ca0a6fd877]::sys::backtrace::__rust_begin_short_backtrace::<test[aada8e7e76ba119b]::run_test::{closure#1}, ()>
[INFO] [stdout]   17:     0x59134b734832 - <std[617be2ca0a6fd877]::thread::lifecycle::spawn_unchecked<test[aada8e7e76ba119b]::run_test::{closure#1}, ()>::{closure#1} as core[a373ad73a504971]::ops::function::FnOnce<()>>::call_once::{shim:vtable#0}
[INFO] [stdout]   18:     0x59134b87b0bf - <std[617be2ca0a6fd877]::sys::thread::unix::Thread>::new::thread_start
[INFO] [stdout]   19:     0x7901c8057dfa - <unknown>
[INFO] [stdout]   20:     0x7901c80eb3d4 - clone
[INFO] [stdout]   21:                0x0 - <unknown>
[INFO] [stdout] 
[INFO] [stdout] ---- saved_checkpoint_move_sync_failure_preserves_resumable_progress stdout ----
[INFO] [stdout] 
[INFO] [stdout] thread 'saved_checkpoint_move_sync_failure_preserves_resumable_progress' (3243) panicked at tests/bundle_resume.rs:234:5:
[INFO] [stdout] assertion failed: persistence.failed.load(Ordering::SeqCst)
[INFO] [stdout] stack backtrace:
[INFO] [stdout]    0:     0x59134b87c171 - <<std[617be2ca0a6fd877]::sys::backtrace::BacktraceLock>::print::DisplayBacktrace as core[a373ad73a504971]::fmt::Display>::fmt
[INFO] [stdout]    1:     0x59134b891e7a - core[a373ad73a504971]::fmt::write
[INFO] [stdout]    2:     0x59134b88079c - <alloc[2e1b2a31b91974c5]::vec::Vec<u8> as core[a373ad73a504971]::io::write::Write>::write_fmt
[INFO] [stdout]    3:     0x59134b8545b6 - std[617be2ca0a6fd877]::panicking::default_hook::{closure#0}
[INFO] [stdout]    4:     0x59134b872489 - std[617be2ca0a6fd877]::panicking::default_hook
[INFO] [stdout]    5:     0x59134b731180 - test[aada8e7e76ba119b]::test_main_inner::{closure#0}
[INFO] [stdout]    6:     0x59134b872642 - std[617be2ca0a6fd877]::panicking::panic_with_hook
[INFO] [stdout]    7:     0x59134b854694 - std[617be2ca0a6fd877]::panicking::panic_handler::{closure#0}
[INFO] [stdout]    8:     0x59134b84cfc9 - std[617be2ca0a6fd877]::sys::backtrace::__rust_end_short_backtrace::<std[617be2ca0a6fd877]::panicking::panic_handler::{closure#0}, !>
[INFO] [stdout]    9:     0x59134b85535d - __rustc[ea4f61d10b84890b]::rust_begin_unwind
[INFO] [stdout]   10:     0x59134b8925ec - core[a373ad73a504971]::panicking::panic_fmt
[INFO] [stdout]   11:     0x59134b8925b2 - core[a373ad73a504971]::panicking::panic
[INFO] [stdout]   12:     0x59134b6ee32c - bundle_resume[95e75caca5ff0fe0]::assert_promotion_failure_is_resumable
[INFO] [stdout]   13:     0x59134b6f7d65 - <bundle_resume[95e75caca5ff0fe0]::saved_checkpoint_move_sync_failure_preserves_resumable_progress::{closure#0} as core[a373ad73a504971]::ops::function::FnOnce<()>>::call_once
[INFO] [stdout]   14:     0x59134b7245cb - test[aada8e7e76ba119b]::__rust_begin_short_backtrace::<core[a373ad73a504971]::result::Result<(), alloc[2e1b2a31b91974c5]::string::String>, fn() -> core[a373ad73a504971]::result::Result<(), alloc[2e1b2a31b91974c5]::string::String>>
[INFO] [stdout]   15:     0x59134b7317a5 - test[aada8e7e76ba119b]::run_test::{closure#0}
[INFO] [stdout]   16:     0x59134b72b094 - std[617be2ca0a6fd877]::sys::backtrace::__rust_begin_short_backtrace::<test[aada8e7e76ba119b]::run_test::{closure#1}, ()>
[INFO] [stdout]   17:     0x59134b734832 - <std[617be2ca0a6fd877]::thread::lifecycle::spawn_unchecked<test[aada8e7e76ba119b]::run_test::{closure#1}, ()>::{closure#1} as core[a373ad73a504971]::ops::function::FnOnce<()>>::call_once::{shim:vtable#0}
[INFO] [stdout]   18:     0x59134b87b0bf - <std[617be2ca0a6fd877]::sys::thread::unix::Thread>::new::thread_start
[INFO] [stdout]   19:     0x7901c8057dfa - <unknown>
[INFO] [stdout]   20:     0x7901c80eb3d4 - clone
[INFO] [stdout]   21:                0x0 - <unknown>
[INFO] [stdout] 
[INFO] [stdout] ---- resume_rejects_untrusted_inputs_without_changing_saved_progress stdout ----
[INFO] [stdout] 
[INFO] [stdout] thread 'resume_rejects_untrusted_inputs_without_changing_saved_progress' (3236) panicked at tests/bundle_resume.rs:1130:26:
[INFO] [stdout] called `Result::unwrap()` on an `Err` value: Io { action: "synchronize completed Bundle directory", path: "/tmp/iniza-pack-resume-3172-1792301118584422008-63", source: Os { code: 9, kind: Uncategorized, message: "Bad file descriptor" } }
[INFO] [stdout] stack backtrace:
[INFO] [stdout]    0:     0x59134b87c171 - <<std[617be2ca0a6fd877]::sys::backtrace::BacktraceLock>::print::DisplayBacktrace as core[a373ad73a504971]::fmt::Display>::fmt
[INFO] [stdout]    1:     0x59134b891e7a - core[a373ad73a504971]::fmt::write
[INFO] [stdout]    2:     0x59134b88079c - <alloc[2e1b2a31b91974c5]::vec::Vec<u8> as core[a373ad73a504971]::io::write::Write>::write_fmt
[INFO] [stdout]    3:     0x59134b8545b6 - std[617be2ca0a6fd877]::panicking::default_hook::{closure#0}
[INFO] [stdout]    4:     0x59134b872489 - std[617be2ca0a6fd877]::panicking::default_hook
[INFO] [stdout]    5:     0x59134b731180 - test[aada8e7e76ba119b]::test_main_inner::{closure#0}
[INFO] [stdout]    6:     0x59134b872642 - std[617be2ca0a6fd877]::panicking::panic_with_hook
[INFO] [stdout]    7:     0x59134b854662 - std[617be2ca0a6fd877]::panicking::panic_handler::{closure#0}
[INFO] [stdout]    8:     0x59134b84cfc9 - std[617be2ca0a6fd877]::sys::backtrace::__rust_end_short_backtrace::<std[617be2ca0a6fd877]::panicking::panic_handler::{closure#0}, !>
[INFO] [stdout]    9:     0x59134b85535d - __rustc[ea4f61d10b84890b]::rust_begin_unwind
[INFO] [stdout]   10:     0x59134b8925ec - core[a373ad73a504971]::panicking::panic_fmt
[INFO] [stdout]   11:     0x59134b8923c2 - core[a373ad73a504971]::result::unwrap_failed
[INFO] [stdout]   12:     0x59134b6f771f - <bundle_resume[95e75caca5ff0fe0]::resume_rejects_untrusted_inputs_without_changing_saved_progress::{closure#0} as core[a373ad73a504971]::ops::function::FnOnce<()>>::call_once
[INFO] [stdout]   13:     0x59134b7245cb - test[aada8e7e76ba119b]::__rust_begin_short_backtrace::<core[a373ad73a504971]::result::Result<(), alloc[2e1b2a31b91974c5]::string::String>, fn() -> core[a373ad73a504971]::result::Result<(), alloc[2e1b2a31b91974c5]::string::String>>
[INFO] [stdout]   14:     0x59134b7317a5 - test[aada8e7e76ba119b]::run_test::{closure#0}
[INFO] [stdout]   15:     0x59134b72b094 - std[617be2ca0a6fd877]::sys::backtrace::__rust_begin_short_backtrace::<test[aada8e7e76ba119b]::run_test::{closure#1}, ()>
[INFO] [stdout]   16:     0x59134b734832 - <std[617be2ca0a6fd877]::thread::lifecycle::spawn_unchecked<test[aada8e7e76ba119b]::run_test::{closure#1}, ()>::{closure#1} as core[a373ad73a504971]::ops::function::FnOnce<()>>::call_once::{shim:vtable#0}
[INFO] [stdout]   17:     0x59134b87b0bf - <std[617be2ca0a6fd877]::sys::thread::unix::Thread>::new::thread_start
[INFO] [stdout]   18:     0x7901c8057dfa - <unknown>
[INFO] [stdout]   19:     0x7901c80eb3d4 - clone
[INFO] [stdout]   20:                0x0 - <unknown>
[INFO] [stdout] 
[INFO] [stdout] ---- saved_partial_move_failure_preserves_resumable_progress stdout ----
[INFO] [stdout] 
[INFO] [stdout] thread 'saved_partial_move_failure_preserves_resumable_progress' (3244) panicked at tests/bundle_resume.rs:234:5:
[INFO] [stdout] assertion failed: persistence.failed.load(Ordering::SeqCst)
[INFO] [stdout] stack backtrace:
[INFO] [stdout]    0:     0x59134b87c171 - <<std[617be2ca0a6fd877]::sys::backtrace::BacktraceLock>::print::DisplayBacktrace as core[a373ad73a504971]::fmt::Display>::fmt
[INFO] [stdout]    1:     0x59134b891e7a - core[a373ad73a504971]::fmt::write
[INFO] [stdout]    2:     0x59134b88079c - <alloc[2e1b2a31b91974c5]::vec::Vec<u8> as core[a373ad73a504971]::io::write::Write>::write_fmt
[INFO] [stdout]    3:     0x59134b8545b6 - std[617be2ca0a6fd877]::panicking::default_hook::{closure#0}
[INFO] [stdout]    4:     0x59134b872489 - std[617be2ca0a6fd877]::panicking::default_hook
[INFO] [stdout]    5:     0x59134b731180 - test[aada8e7e76ba119b]::test_main_inner::{closure#0}
[INFO] [stdout]    6:     0x59134b872642 - std[617be2ca0a6fd877]::panicking::panic_with_hook
[INFO] [stdout]    7:     0x59134b854694 - std[617be2ca0a6fd877]::panicking::panic_handler::{closure#0}
[INFO] [stdout]    8:     0x59134b84cfc9 - std[617be2ca0a6fd877]::sys::backtrace::__rust_end_short_backtrace::<std[617be2ca0a6fd877]::panicking::panic_handler::{closure#0}, !>
[INFO] [stdout]    9:     0x59134b85535d - __rustc[ea4f61d10b84890b]::rust_begin_unwind
[INFO] [stdout]   10:     0x59134b8925ec - core[a373ad73a504971]::panicking::panic_fmt
[INFO] [stdout]   11:     0x59134b8925b2 - core[a373ad73a504971]::panicking::panic
[INFO] [stdout]   12:     0x59134b6ee32c - bundle_resume[95e75caca5ff0fe0]::assert_promotion_failure_is_resumable
[INFO] [stdout]   13:     0x59134b6f3f15 - <bundle_resume[95e75caca5ff0fe0]::saved_partial_move_failure_preserves_resumable_progress::{closure#0} as core[a373ad73a504971]::ops::function::FnOnce<()>>::call_once
[INFO] [stdout]   14:     0x59134b7245cb - test[aada8e7e76ba119b]::__rust_begin_short_backtrace::<core[a373ad73a504971]::result::Result<(), alloc[2e1b2a31b91974c5]::string::String>, fn() -> core[a373ad73a504971]::result::Result<(), alloc[2e1b2a31b91974c5]::string::String>>
[INFO] [stdout]   15:     0x59134b7317a5 - test[aada8e7e76ba119b]::run_test::{closure#0}
[INFO] [stdout]   16:     0x59134b72b094 - std[617be2ca0a6fd877]::sys::backtrace::__rust_begin_short_backtrace::<test[aada8e7e76ba119b]::run_test::{closure#1}, ()>
[INFO] [stdout]   17:     0x59134b734832 - <std[617be2ca0a6fd877]::thread::lifecycle::spawn_unchecked<test[aada8e7e76ba119b]::run_test::{closure#1}, ()>::{closure#1} as core[a373ad73a504971]::ops::function::FnOnce<()>>::call_once::{shim:vtable#0}
[INFO] [stdout]   18:     0x59134b87b0bf - <std[617be2ca0a6fd877]::sys::thread::unix::Thread>::new::thread_start
[INFO] [stdout]   19:     0x7901c8057dfa - <unknown>
[INFO] [stdout]   20:     0x7901c80eb3d4 - clone
[INFO] [stdout]   21:                0x0 - <unknown>
[INFO] [stdout] 
[INFO] [stdout] ---- saved_partial_move_sync_failure_preserves_resumable_progress stdout ----
[INFO] [stdout] 
[INFO] [stdout] thread 'saved_partial_move_sync_failure_preserves_resumable_progress' (3245) panicked at tests/bundle_resume.rs:234:5:
[INFO] [stdout] assertion failed: persistence.failed.load(Ordering::SeqCst)
[INFO] [stdout] stack backtrace:
[INFO] [stdout]    0:     0x59134b87c171 - <<std[617be2ca0a6fd877]::sys::backtrace::BacktraceLock>::print::DisplayBacktrace as core[a373ad73a504971]::fmt::Display>::fmt
[INFO] [stdout]    1:     0x59134b891e7a - core[a373ad73a504971]::fmt::write
[INFO] [stdout]    2:     0x59134b88079c - <alloc[2e1b2a31b91974c5]::vec::Vec<u8> as core[a373ad73a504971]::io::write::Write>::write_fmt
[INFO] [stdout]    3:     0x59134b8545b6 - std[617be2ca0a6fd877]::panicking::default_hook::{closure#0}
[INFO] [stdout]    4:     0x59134b872489 - std[617be2ca0a6fd877]::panicking::default_hook
[INFO] [stdout]    5:     0x59134b731180 - test[aada8e7e76ba119b]::test_main_inner::{closure#0}
[INFO] [stdout]    6:     0x59134b872642 - std[617be2ca0a6fd877]::panicking::panic_with_hook
[INFO] [stdout]    7:     0x59134b854694 - std[617be2ca0a6fd877]::panicking::panic_handler::{closure#0}
[INFO] [stdout]    8:     0x59134b84cfc9 - std[617be2ca0a6fd877]::sys::backtrace::__rust_end_short_backtrace::<std[617be2ca0a6fd877]::panicking::panic_handler::{closure#0}, !>
[INFO] [stdout]    9:     0x59134b85535d - __rustc[ea4f61d10b84890b]::rust_begin_unwind
[INFO] [stdout]   10:     0x59134b8925ec - core[a373ad73a504971]::panicking::panic_fmt
[INFO] [stdout]   11:     0x59134b8925b2 - core[a373ad73a504971]::panicking::panic
[INFO] [stdout]   12:     0x59134b6ee32c - bundle_resume[95e75caca5ff0fe0]::assert_promotion_failure_is_resumable
[INFO] [stdout]   13:     0x59134b6f40d5 - <bundle_resume[95e75caca5ff0fe0]::saved_partial_move_sync_failure_preserves_resumable_progress::{closure#0} as core[a373ad73a504971]::ops::function::FnOnce<()>>::call_once
[INFO] [stdout]   14:     0x59134b7245cb - test[aada8e7e76ba119b]::__rust_begin_short_backtrace::<core[a373ad73a504971]::result::Result<(), alloc[2e1b2a31b91974c5]::string::String>, fn() -> core[a373ad73a504971]::result::Result<(), alloc[2e1b2a31b91974c5]::string::String>>
[INFO] [stdout]   15:     0x59134b7317a5 - test[aada8e7e76ba119b]::run_test::{closure#0}
[INFO] [stdout]   16:     0x59134b72b094 - std[617be2ca0a6fd877]::sys::backtrace::__rust_begin_short_backtrace::<test[aada8e7e76ba119b]::run_test::{closure#1}, ()>
[INFO] [stdout]   17:     0x59134b734832 - <std[617be2ca0a6fd877]::thread::lifecycle::spawn_unchecked<test[aada8e7e76ba119b]::run_test::{closure#1}, ()>::{closure#1} as core[a373ad73a504971]::ops::function::FnOnce<()>>::call_once::{shim:vtable#0}
[INFO] [stdout]   18:     0x59134b87b0bf - <std[617be2ca0a6fd877]::sys::thread::unix::Thread>::new::thread_start
[INFO] [stdout]   19:     0x7901c8057dfa - <unknown>
[INFO] [stdout]   20:     0x7901c80eb3d4 - clone
[INFO] [stdout]   21:                0x0 - <unknown>
[INFO] [stdout] 
[INFO] [stdout] ---- superseded_checkpoint_removal_failure_preserves_resumable_progress stdout ----
[INFO] [stdout] 
[INFO] [stdout] thread 'superseded_checkpoint_removal_failure_preserves_resumable_progress' (3246) panicked at tests/bundle_resume.rs:234:5:
[INFO] [stdout] assertion failed: persistence.failed.load(Ordering::SeqCst)
[INFO] [stdout] stack backtrace:
[INFO] [stdout]    0:     0x59134b87c171 - <<std[617be2ca0a6fd877]::sys::backtrace::BacktraceLock>::print::DisplayBacktrace as core[a373ad73a504971]::fmt::Display>::fmt
[INFO] [stdout]    1:     0x59134b891e7a - core[a373ad73a504971]::fmt::write
[INFO] [stdout]    2:     0x59134b88079c - <alloc[2e1b2a31b91974c5]::vec::Vec<u8> as core[a373ad73a504971]::io::write::Write>::write_fmt
[INFO] [stdout]    3:     0x59134b8545b6 - std[617be2ca0a6fd877]::panicking::default_hook::{closure#0}
[INFO] [stdout]    4:     0x59134b872489 - std[617be2ca0a6fd877]::panicking::default_hook
[INFO] [stdout]    5:     0x59134b731180 - test[aada8e7e76ba119b]::test_main_inner::{closure#0}
[INFO] [stdout]    6:     0x59134b872642 - std[617be2ca0a6fd877]::panicking::panic_with_hook
[INFO] [stdout]    7:     0x59134b854694 - std[617be2ca0a6fd877]::panicking::panic_handler::{closure#0}
[INFO] [stdout]    8:     0x59134b84cfc9 - std[617be2ca0a6fd877]::sys::backtrace::__rust_end_short_backtrace::<std[617be2ca0a6fd877]::panicking::panic_handler::{closure#0}, !>
[INFO] [stdout]    9:     0x59134b85535d - __rustc[ea4f61d10b84890b]::rust_begin_unwind
[INFO] [stdout]   10:     0x59134b8925ec - core[a373ad73a504971]::panicking::panic_fmt
[INFO] [stdout]   11:     0x59134b8925b2 - core[a373ad73a504971]::panicking::panic
[INFO] [stdout]   12:     0x59134b6ee32c - bundle_resume[95e75caca5ff0fe0]::assert_promotion_failure_is_resumable
[INFO] [stdout]   13:     0x59134b6fd705 - <bundle_resume[95e75caca5ff0fe0]::superseded_checkpoint_removal_failure_preserves_resumable_progress::{closure#0} as core[a373ad73a504971]::ops::function::FnOnce<()>>::call_once
[INFO] [stdout]   14:     0x59134b7245cb - test[aada8e7e76ba119b]::__rust_begin_short_backtrace::<core[a373ad73a504971]::result::Result<(), alloc[2e1b2a31b91974c5]::string::String>, fn() -> core[a373ad73a504971]::result::Result<(), alloc[2e1b2a31b91974c5]::string::String>>
[INFO] [stdout]   15:     0x59134b7317a5 - test[aada8e7e76ba119b]::run_test::{closure#0}
[INFO] [stdout]   16:     0x59134b72b094 - std[617be2ca0a6fd877]::sys::backtrace::__rust_begin_short_backtrace::<test[aada8e7e76ba119b]::run_test::{closure#1}, ()>
[INFO] [stdout]   17:     0x59134b734832 - <std[617be2ca0a6fd877]::thread::lifecycle::spawn_unchecked<test[aada8e7e76ba119b]::run_test::{closure#1}, ()>::{closure#1} as core[a373ad73a504971]::ops::function::FnOnce<()>>::call_once::{shim:vtable#0}
[INFO] [stdout]   18:     0x59134b87b0bf - <std[617be2ca0a6fd877]::sys::thread::unix::Thread>::new::thread_start
[INFO] [stdout]   19:     0x7901c8057dfa - <unknown>
[INFO] [stdout]   20:     0x7901c80eb3d4 - clone
[INFO] [stdout]   21:                0x0 - <unknown>
[INFO] [stdout] 
[INFO] [stdout] ---- superseded_checkpoint_removal_sync_failure_preserves_resumable_progress stdout ----
[INFO] [stdout] 
[INFO] [stdout] thread 'superseded_checkpoint_removal_sync_failure_preserves_resumable_progress' (3247) panicked at tests/bundle_resume.rs:234:5:
[INFO] [stdout] assertion failed: persistence.failed.load(Ordering::SeqCst)
[INFO] [stdout] stack backtrace:
[INFO] [stdout]    0:     0x59134b87c171 - <<std[617be2ca0a6fd877]::sys::backtrace::BacktraceLock>::print::DisplayBacktrace as core[a373ad73a504971]::fmt::Display>::fmt
[INFO] [stdout]    1:     0x59134b891e7a - core[a373ad73a504971]::fmt::write
[INFO] [stdout]    2:     0x59134b88079c - <alloc[2e1b2a31b91974c5]::vec::Vec<u8> as core[a373ad73a504971]::io::write::Write>::write_fmt
[INFO] [stdout]    3:     0x59134b8545b6 - std[617be2ca0a6fd877]::panicking::default_hook::{closure#0}
[INFO] [stdout]    4:     0x59134b872489 - std[617be2ca0a6fd877]::panicking::default_hook
[INFO] [stdout]    5:     0x59134b731180 - test[aada8e7e76ba119b]::test_main_inner::{closure#0}
[INFO] [stdout]    6:     0x59134b872642 - std[617be2ca0a6fd877]::panicking::panic_with_hook
[INFO] [stdout]    7:     0x59134b854694 - std[617be2ca0a6fd877]::panicking::panic_handler::{closure#0}
[INFO] [stdout]    8:     0x59134b84cfc9 - std[617be2ca0a6fd877]::sys::backtrace::__rust_end_short_backtrace::<std[617be2ca0a6fd877]::panicking::panic_handler::{closure#0}, !>
[INFO] [stdout]    9:     0x59134b85535d - __rustc[ea4f61d10b84890b]::rust_begin_unwind
[INFO] [stdout]   10:     0x59134b8925ec - core[a373ad73a504971]::panicking::panic_fmt
[INFO] [stdout]   11:     0x59134b8925b2 - core[a373ad73a504971]::panicking::panic
[INFO] [stdout]   12:     0x59134b6ee32c - bundle_resume[95e75caca5ff0fe0]::assert_promotion_failure_is_resumable
[INFO] [stdout]   13:     0x59134b702a15 - <bundle_resume[95e75caca5ff0fe0]::superseded_checkpoint_removal_sync_failure_preserves_resumable_progress::{closure#0} as core[a373ad73a504971]::ops::function::FnOnce<()>>::call_once
[INFO] [stdout]   14:     0x59134b7245cb - test[aada8e7e76ba119b]::__rust_begin_short_backtrace::<core[a373ad73a504971]::result::Result<(), alloc[2e1b2a31b91974c5]::string::String>, fn() -> core[a373ad73a504971]::result::Result<(), alloc[2e1b2a31b91974c5]::string::String>>
[INFO] [stdout]   15:     0x59134b7317a5 - test[aada8e7e76ba119b]::run_test::{closure#0}
[INFO] [stdout]   16:     0x59134b72b094 - std[617be2ca0a6fd877]::sys::backtrace::__rust_begin_short_backtrace::<test[aada8e7e76ba119b]::run_test::{closure#1}, ()>
[INFO] [stdout]   17:     0x59134b734832 - <std[617be2ca0a6fd877]::thread::lifecycle::spawn_unchecked<test[aada8e7e76ba119b]::run_test::{closure#1}, ()>::{closure#1} as core[a373ad73a504971]::ops::function::FnOnce<()>>::call_once::{shim:vtable#0}
[INFO] [stdout]   18:     0x59134b87b0bf - <std[617be2ca0a6fd877]::sys::thread::unix::Thread>::new::thread_start
[INFO] [stdout]   19:     0x7901c8057dfa - <unknown>
[INFO] [stdout]   20:     0x7901c80eb3d4 - clone
[INFO] [stdout]   21:                0x0 - <unknown>
[INFO] [stdout] 
[INFO] [stdout] ---- superseded_partial_removal_sync_failure_preserves_resumable_progress stdout ----
[INFO] [stdout] 
[INFO] [stdout] thread 'superseded_partial_removal_sync_failure_preserves_resumable_progress' (3249) panicked at tests/bundle_resume.rs:234:5:
[INFO] [stdout] assertion failed: persistence.failed.load(Ordering::SeqCst)
[INFO] [stdout] stack backtrace:
[INFO] [stdout]    0:     0x59134b87c171 - <<std[617be2ca0a6fd877]::sys::backtrace::BacktraceLock>::print::DisplayBacktrace as core[a373ad73a504971]::fmt::Display>::fmt
[INFO] [stdout]    1:     0x59134b891e7a - core[a373ad73a504971]::fmt::write
[INFO] [stdout]    2:     0x59134b88079c - <alloc[2e1b2a31b91974c5]::vec::Vec<u8> as core[a373ad73a504971]::io::write::Write>::write_fmt
[INFO] [stdout]    3:     0x59134b8545b6 - std[617be2ca0a6fd877]::panicking::default_hook::{closure#0}
[INFO] [stdout]    4:     0x59134b872489 - std[617be2ca0a6fd877]::panicking::default_hook
[INFO] [stdout]    5:     0x59134b731180 - test[aada8e7e76ba119b]::test_main_inner::{closure#0}
[INFO] [stdout]    6:     0x59134b872642 - std[617be2ca0a6fd877]::panicking::panic_with_hook
[INFO] [stdout]    7:     0x59134b854694 - std[617be2ca0a6fd877]::panicking::panic_handler::{closure#0}
[INFO] [stdout]    8:     0x59134b84cfc9 - std[617be2ca0a6fd877]::sys::backtrace::__rust_end_short_backtrace::<std[617be2ca0a6fd877]::panicking::panic_handler::{closure#0}, !>
[INFO] [stdout]    9:     0x59134b85535d - __rustc[ea4f61d10b84890b]::rust_begin_unwind
[INFO] [stdout]   10:     0x59134b8925ec - core[a373ad73a504971]::panicking::panic_fmt
[INFO] [stdout]   11:     0x59134b8925b2 - core[a373ad73a504971]::panicking::panic
[INFO] [stdout]   12:     0x59134b6ee32c - bundle_resume[95e75caca5ff0fe0]::assert_promotion_failure_is_resumable
[INFO] [stdout]   13:     0x59134b6ffcd5 - <bundle_resume[95e75caca5ff0fe0]::superseded_partial_removal_sync_failure_preserves_resumable_progress::{closure#0} as core[a373ad73a504971]::ops::function::FnOnce<()>>::call_once
[INFO] [stdout]   14:     0x59134b7245cb - test[aada8e7e76ba119b]::__rust_begin_short_backtrace::<core[a373ad73a504971]::result::Result<(), alloc[2e1b2a31b91974c5]::string::String>, fn() -> core[a373ad73a504971]::result::Result<(), alloc[2e1b2a31b91974c5]::string::String>>
[INFO] [stdout]   15:     0x59134b7317a5 - test[aada8e7e76ba119b]::run_test::{closure#0}
[INFO] [stdout]   16:     0x59134b72b094 - std[617be2ca0a6fd877]::sys::backtrace::__rust_begin_short_backtrace::<test[aada8e7e76ba119b]::run_test::{closure#1}, ()>
[INFO] [stdout]   17:     0x59134b734832 - <std[617be2ca0a6fd877]::thread::lifecycle::spawn_unchecked<test[aada8e7e76ba119b]::run_test::{closure#1}, ()>::{closure#1} as core[a373ad73a504971]::ops::function::FnOnce<()>>::call_once::{shim:vtable#0}
[INFO] [stdout]   18:     0x59134b87b0bf - <std[617be2ca0a6fd877]::sys::thread::unix::Thread>::new::thread_start
[INFO] [stdout]   19:     0x7901c8057dfa - <unknown>
[INFO] [stdout]   20:     0x7901c80eb3d4 - clone
[INFO] [stdout]   21:                0x0 - <unknown>
[INFO] [stdout] 
[INFO] [stdout] ---- superseded_partial_removal_failure_preserves_resumable_progress stdout ----
[INFO] [stdout] 
[INFO] [stdout] thread 'superseded_partial_removal_failure_preserves_resumable_progress' (3248) panicked at tests/bundle_resume.rs:234:5:
[INFO] [stdout] assertion failed: persistence.failed.load(Ordering::SeqCst)
[INFO] [stdout] stack backtrace:
[INFO] [stdout]    0:     0x59134b87c171 - <<std[617be2ca0a6fd877]::sys::backtrace::BacktraceLock>::print::DisplayBacktrace as core[a373ad73a504971]::fmt::Display>::fmt
[INFO] [stdout]    1:     0x59134b891e7a - core[a373ad73a504971]::fmt::write
[INFO] [stdout]    2:     0x59134b88079c - <alloc[2e1b2a31b91974c5]::vec::Vec<u8> as core[a373ad73a504971]::io::write::Write>::write_fmt
[INFO] [stdout]    3:     0x59134b8545b6 - std[617be2ca0a6fd877]::panicking::default_hook::{closure#0}
[INFO] [stdout]    4:     0x59134b872489 - std[617be2ca0a6fd877]::panicking::default_hook
[INFO] [stdout]    5:     0x59134b731180 - test[aada8e7e76ba119b]::test_main_inner::{closure#0}
[INFO] [stdout]    6:     0x59134b872642 - std[617be2ca0a6fd877]::panicking::panic_with_hook
[INFO] [stdout]    7:     0x59134b854694 - std[617be2ca0a6fd877]::panicking::panic_handler::{closure#0}
[INFO] [stdout]    8:     0x59134b84cfc9 - std[617be2ca0a6fd877]::sys::backtrace::__rust_end_short_backtrace::<std[617be2ca0a6fd877]::panicking::panic_handler::{closure#0}, !>
[INFO] [stdout]    9:     0x59134b85535d - __rustc[ea4f61d10b84890b]::rust_begin_unwind
[INFO] [stdout]   10:     0x59134b8925ec - core[a373ad73a504971]::panicking::panic_fmt
[INFO] [stdout]   11:     0x59134b8925b2 - core[a373ad73a504971]::panicking::panic
[INFO] [stdout]   12:     0x59134b6ee32c - bundle_resume[95e75caca5ff0fe0]::assert_promotion_failure_is_resumable
[INFO] [stdout]   13:     0x59134b6f7da5 - <bundle_resume[95e75caca5ff0fe0]::superseded_partial_removal_failure_preserves_resumable_progress::{closure#0} as core[a373ad73a504971]::ops::function::FnOnce<()>>::call_once
[INFO] [stdout]   14:     0x59134b7245cb - test[aada8e7e76ba119b]::__rust_begin_short_backtrace::<core[a373ad73a504971]::result::Result<(), alloc[2e1b2a31b91974c5]::string::String>, fn() -> core[a373ad73a504971]::result::Result<(), alloc[2e1b2a31b91974c5]::string::String>>
[INFO] [stdout]   15:     0x59134b7317a5 - test[aada8e7e76ba119b]::run_test::{closure#0}
[INFO] [stdout]   16:     0x59134b72b094 - std[617be2ca0a6fd877]::sys::backtrace::__rust_begin_short_backtrace::<test[aada8e7e76ba119b]::run_test::{closure#1}, ()>
[INFO] [stdout]   17:     0x59134b734832 - <std[617be2ca0a6fd877]::thread::lifecycle::spawn_unchecked<test[aada8e7e76ba119b]::run_test::{closure#1}, ()>::{closure#1} as core[a373ad73a504971]::ops::function::FnOnce<()>>::call_once::{shim:vtable#0}
[INFO] [stdout]   18:     0x59134b87b0bf - <std[617be2ca0a6fd877]::sys::thread::unix::Thread>::new::thread_start
[INFO] [stdout]   19:     0x7901c8057dfa - <unknown>
[INFO] [stdout]   20:     0x7901c80eb3d4 - clone
[INFO] [stdout]   21:                0x0 - <unknown>
[INFO] [stdout] 
[INFO] [stdout] 
[INFO] [stdout] failures:
[INFO] [stdout]     caller_can_hold_recovery_methods_before_pack_writes_any_output
[INFO] [stdout]     checkpoint_capacity_failure_preserves_previous_resumable_progress
[INFO] [stdout]     checkpoint_creation_failure_never_publishes
[INFO] [stdout]     checkpoint_directory_sync_failure_never_publishes
[INFO] [stdout]     checkpoint_sync_failure_never_publishes
[INFO] [stdout]     checkpoint_write_failure_never_publishes
[INFO] [stdout]     completed_bundle_publication_atomically_removes_the_partial_name
[INFO] [stdout]     completed_bundle_publication_failure_never_publishes
[INFO] [stdout]     completed_partial_sync_failure_never_publishes
[INFO] [stdout]     completed_resume_never_removes_an_unrelated_checkpoint_path_replacement
[INFO] [stdout]     completed_resume_never_removes_an_unrelated_saved_path_replacement
[INFO] [stdout]     every_partial_artifact_name_is_rejected_even_with_complete_bundle_bytes
[INFO] [stdout]     journal_creation_failure_preserves_authenticated_progress_for_resume
[INFO] [stdout]     journal_directory_sync_failure_preserves_resumable_progress
[INFO] [stdout]     journal_publication_failure_preserves_resumable_progress
[INFO] [stdout]     journal_sync_failure_preserves_resumable_progress
[INFO] [stdout]     journal_write_failure_preserves_authenticated_progress_for_resume
[INFO] [stdout]     migration_item_stage_creation_failure_never_publishes
[INFO] [stdout]     migration_item_stage_flush_failure_never_publishes
[INFO] [stdout]     migration_item_stage_removal_failure_never_publishes
[INFO] [stdout]     migration_item_stage_write_failure_never_publishes
[INFO] [stdout]     owner_can_pause_resumed_pack_and_resume_again
[INFO] [stdout]     owner_can_resume_a_paused_bundle_and_restore_every_protected_item
[INFO] [stdout]     owner_can_resume_after_termination_at_a_resumed_pack_checkpoint
[INFO] [stdout]     owner_can_resume_after_termination_at_every_checkpoint_promotion_step
[INFO] [stdout]     partial_checkpoint_sync_failure_never_publishes
[INFO] [stdout]     partial_creation_failure_never_publishes
[INFO] [stdout]     partial_write_failure_never_publishes
[INFO] [stdout]     paused_resume_never_promotes_through_a_replaced_saved_checkpoint
[INFO] [stdout]     paused_resume_never_promotes_through_a_replaced_saved_partial
[INFO] [stdout]     process_termination_at_every_pack_write_transition_never_creates_false_completion
[INFO] [stdout]     process_termination_preserves_only_authenticated_resumable_progress
[INFO] [stdout]     promotion_journal_removal_failure_preserves_resumable_progress
[INFO] [stdout]     promotion_journal_removal_sync_failure_preserves_resumable_progress
[INFO] [stdout]     published_journal_sync_failure_preserves_resumable_progress
[INFO] [stdout]     resume_rejects_untrusted_inputs_without_changing_saved_progress
[INFO] [stdout]     resumed_checkpoint_move_failure_preserves_resumable_progress
[INFO] [stdout]     resumed_checkpoint_move_sync_failure_preserves_resumable_progress
[INFO] [stdout]     resumed_partial_move_failure_preserves_resumable_progress
[INFO] [stdout]     resumed_partial_move_sync_failure_preserves_resumable_progress
[INFO] [stdout]     saved_checkpoint_move_failure_preserves_resumable_progress
[INFO] [stdout]     saved_checkpoint_move_sync_failure_preserves_resumable_progress
[INFO] [stdout]     saved_partial_move_failure_preserves_resumable_progress
[INFO] [stdout]     saved_partial_move_sync_failure_preserves_resumable_progress
[INFO] [stdout]     superseded_checkpoint_removal_failure_preserves_resumable_progress
[INFO] [stdout]     superseded_checkpoint_removal_sync_failure_preserves_resumable_progress
[INFO] [stdout]     superseded_partial_removal_failure_preserves_resumable_progress
[INFO] [stdout]     superseded_partial_removal_sync_failure_preserves_resumable_progress
[INFO] [stdout] 
[INFO] [stdout] test result: FAILED. 15 passed; 48 failed; 0 ignored; 0 measured; 0 filtered out; finished in 75.06s
[INFO] [stdout] 
[INFO] running `Command { std: "docker" "inspect" "8693a39eee9c49fdb4904d8ff63a2e1955cd2ad190f6e3169c085aac99efffe3", kill_on_drop: false }`
[INFO] running `Command { std: "docker" "rm" "-f" "8693a39eee9c49fdb4904d8ff63a2e1955cd2ad190f6e3169c085aac99efffe3", kill_on_drop: false }`
[INFO] [stdout] 8693a39eee9c49fdb4904d8ff63a2e1955cd2ad190f6e3169c085aac99efffe3
