[INFO] cloning repository https://github.com/qubit-ltd/rs-redact-derive
[INFO] running `Command { std: "git" "-c" "credential.helper=" "-c" "credential.helper=/workspace/cargo-home/bin/git-credential-null" "clone" "--bare" "https://github.com/qubit-ltd/rs-redact-derive" "/workspace/cache/git-repos/https%3A%2F%2Fgithub.com%2Fqubit-ltd%2Frs-redact-derive", kill_on_drop: false }`
[INFO] [stderr] Cloning into bare repository '/workspace/cache/git-repos/https%3A%2F%2Fgithub.com%2Fqubit-ltd%2Frs-redact-derive'...
[INFO] running `Command { std: "git" "rev-parse" "HEAD", kill_on_drop: false }`
[INFO] [stdout] fdb0ad4b73d5a22745d5db1326075eaa852ec483
[INFO] testing qubit-ltd/rs-redact-derive against 1.99.0-beta.8+cargoflags=--release for beta-release-1.100-2
[INFO] running `Command { std: "git" "clone" "/workspace/cache/git-repos/https%3A%2F%2Fgithub.com%2Fqubit-ltd%2Frs-redact-derive" "/workspace/builds/worker-6-tc1/source", kill_on_drop: false }`
[INFO] [stderr] Cloning into '/workspace/builds/worker-6-tc1/source'...
[INFO] [stderr] done.
[INFO] removed /workspace/builds/worker-6-tc1/source/rust-toolchain.toml
[INFO] started tweaking git repo https://github.com/qubit-ltd/rs-redact-derive
[INFO] removed 0 missing tests
[INFO] finished tweaking git repo https://github.com/qubit-ltd/rs-redact-derive
[INFO] tweaked toml for git repo https://github.com/qubit-ltd/rs-redact-derive written to /workspace/builds/worker-6-tc1/source/Cargo.toml
[INFO] validating manifest of git repo https://github.com/qubit-ltd/rs-redact-derive on toolchain 1.99.0-beta.8
[INFO] running `Command { std: CARGO_HOME="/workspace/cargo-home" RUSTUP_HOME="/workspace/rustup-home" "/workspace/cargo-home/bin/cargo" "+1.99.0-beta.8" "metadata" "--manifest-path" "Cargo.toml" "--no-deps", kill_on_drop: false }`
[INFO] crate git repo https://github.com/qubit-ltd/rs-redact-derive already has a lockfile, it will not be regenerated
[INFO] running `Command { std: CARGO_HOME="/workspace/cargo-home" RUSTUP_HOME="/workspace/rustup-home" "/workspace/cargo-home/bin/cargo" "+1.99.0-beta.8" "fetch" "--manifest-path" "Cargo.toml", kill_on_drop: false }`
[INFO] [stderr]     Updating crates.io index
[INFO] [stderr]  Downloading crates ...
[INFO] [stderr]   Downloaded trybuild v1.0.120
[INFO] [stderr]   Downloaded target-triple v1.0.1
[INFO] [stderr]   Downloaded qubit-json v0.9.0
[INFO] [stderr]   Downloaded qubit-budget v0.5.0
[INFO] [stderr]   Downloaded qubit-redact v0.5.0
[INFO] running `Command { std: "docker" "create" "-v" "/var/lib/crater-agent-workspace/builds/worker-6-tc1/source:/opt/rustwide/workdir:ro,Z" "-v" "/var/lib/crater-agent-workspace/builds/worker-6-tc1/target:/opt/rustwide/target:rw,Z" "-v" "/var/lib/crater-agent-workspace/cargo-home:/opt/rustwide/cargo-home:ro,Z" "-v" "/var/lib/crater-agent-workspace/rustup-home:/opt/rustwide/rustup-home:ro,Z" "-m" "1610612736" "--network" "none" "ghcr.io/rust-lang/crates-build-env/linux@sha256:77db811e55d90add9212f6832c23229e3de5f1c1f9905e8cb07319ea15df73ac" "sleep" "infinity", kill_on_drop: false }`
[INFO] [stdout] 6a5e8ac2f405e952969260cc31247d7bbcbdf95b610966a89db755331631a8ed
[INFO] running `Command { std: "docker" "start" "6a5e8ac2f405e952969260cc31247d7bbcbdf95b610966a89db755331631a8ed", kill_on_drop: false }`
[INFO] running `Command { std: "docker" "inspect" "6a5e8ac2f405e952969260cc31247d7bbcbdf95b610966a89db755331631a8ed", kill_on_drop: false }`
[INFO] running `Command { std: "docker" "exec" "-e" "SOURCE_DIR=/opt/rustwide/workdir" "-e" "CARGO_HOME=/opt/rustwide/cargo-home" "-e" "RUSTUP_HOME=/opt/rustwide/rustup-home" "-e" "CARGO_TARGET_DIR=/opt/rustwide/target" "-w" "/opt/rustwide/workdir" "--user" "0:0" "6a5e8ac2f405e952969260cc31247d7bbcbdf95b610966a89db755331631a8ed" "/opt/rustwide/cargo-home/bin/cargo" "+1.99.0-beta.8" "metadata" "--no-deps" "--format-version=1", kill_on_drop: false }`
[INFO] running `Command { std: "docker" "inspect" "6a5e8ac2f405e952969260cc31247d7bbcbdf95b610966a89db755331631a8ed", kill_on_drop: false }`
[INFO] running `Command { std: "docker" "exec" "-e" "SOURCE_DIR=/opt/rustwide/workdir" "-e" "CARGO_HOME=/opt/rustwide/cargo-home" "-e" "RUSTUP_HOME=/opt/rustwide/rustup-home" "-e" "CARGO_TARGET_DIR=/opt/rustwide/target" "-e" "CARGO_INCREMENTAL=0" "-e" "RUST_BACKTRACE=full" "-e" "RUSTFLAGS=--cap-lints=warn" "-e" "RUSTDOCFLAGS=--cap-lints=warn" "-w" "/opt/rustwide/workdir" "--user" "0:0" "6a5e8ac2f405e952969260cc31247d7bbcbdf95b610966a89db755331631a8ed" "/opt/rustwide/cargo-home/bin/cargo" "+1.99.0-beta.8" "build" "--frozen" "--message-format=json" "--release", kill_on_drop: false }`
[INFO] [stderr]    Compiling indexmap v2.14.1
[INFO] [stderr]    Compiling syn v2.0.119
[INFO] [stderr]    Compiling toml_edit v0.25.13+spec-1.1.0
[INFO] [stderr]    Compiling proc-macro-crate v3.5.0
[INFO] [stderr]    Compiling qubit-redact-derive v0.5.0 (/opt/rustwide/workdir)
[INFO] [stderr]     Finished `release` profile [optimized] target(s) in 11.13s
[INFO] running `Command { std: "docker" "inspect" "6a5e8ac2f405e952969260cc31247d7bbcbdf95b610966a89db755331631a8ed", kill_on_drop: false }`
[INFO] running `Command { std: "docker" "exec" "-e" "SOURCE_DIR=/opt/rustwide/workdir" "-e" "CARGO_HOME=/opt/rustwide/cargo-home" "-e" "RUSTUP_HOME=/opt/rustwide/rustup-home" "-e" "CARGO_TARGET_DIR=/opt/rustwide/target" "-e" "CARGO_INCREMENTAL=0" "-e" "RUST_BACKTRACE=full" "-e" "RUSTFLAGS=--cap-lints=warn" "-e" "RUSTDOCFLAGS=--cap-lints=warn" "-w" "/opt/rustwide/workdir" "--user" "0:0" "6a5e8ac2f405e952969260cc31247d7bbcbdf95b610966a89db755331631a8ed" "/opt/rustwide/cargo-home/bin/cargo" "+1.99.0-beta.8" "test" "--frozen" "--no-run" "--message-format=json" "--release", kill_on_drop: false }`
[INFO] [stderr]    Compiling serde_core v1.0.229
[INFO] [stderr]    Compiling serde_json v1.0.151
[INFO] [stderr]    Compiling target-triple v1.0.1
[INFO] [stderr]    Compiling num-traits v0.2.19
[INFO] [stderr]    Compiling bigdecimal v0.4.10
[INFO] [stderr]    Compiling toml_parser v1.1.3+spec-1.1.0
[INFO] [stderr]    Compiling toml_datetime v1.1.1+spec-1.1.0
[INFO] [stderr]    Compiling syn v3.0.4
[INFO] [stderr]    Compiling indexmap v2.14.1
[INFO] [stderr]    Compiling serde v1.0.229
[INFO] [stderr]    Compiling thiserror v2.0.20
[INFO] [stderr]    Compiling syn v2.0.119
[INFO] [stderr]    Compiling toml_writer v1.1.2+spec-1.1.0
[INFO] [stderr]    Compiling termcolor v1.4.1
[INFO] [stderr]    Compiling toml v1.1.5+spec-1.1.0
[INFO] [stderr]    Compiling num-integer v0.1.47
[INFO] [stderr]    Compiling toml_edit v0.25.13+spec-1.1.0
[INFO] [stderr]    Compiling num-bigint v0.4.8
[INFO] [stderr]    Compiling proc-macro-crate v3.5.0
[INFO] [stderr]    Compiling serde_derive v1.0.229
[INFO] [stderr]    Compiling thiserror-impl v2.0.20
[INFO] [stderr]    Compiling serde_spanned v1.1.1
[INFO] [stderr]    Compiling qubit-budget v0.5.0
[INFO] [stderr]    Compiling qubit-redact-derive v0.5.0 (/opt/rustwide/workdir)
[INFO] [stderr]    Compiling qubit-json v0.9.0
[INFO] [stderr]    Compiling trybuild v1.0.120
[INFO] [stderr]    Compiling qubit-redact v0.5.0
[INFO] [stderr]     Finished `release` profile [optimized] target(s) in 1m 07s
[INFO] running `Command { std: "docker" "inspect" "6a5e8ac2f405e952969260cc31247d7bbcbdf95b610966a89db755331631a8ed", kill_on_drop: false }`
[INFO] running `Command { std: "docker" "exec" "-e" "SOURCE_DIR=/opt/rustwide/workdir" "-e" "CARGO_HOME=/opt/rustwide/cargo-home" "-e" "RUSTUP_HOME=/opt/rustwide/rustup-home" "-e" "CARGO_TARGET_DIR=/opt/rustwide/target" "-e" "CARGO_INCREMENTAL=0" "-e" "RUST_BACKTRACE=full" "-e" "RUSTFLAGS=--cap-lints=warn" "-e" "RUSTDOCFLAGS=--cap-lints=warn" "-w" "/opt/rustwide/workdir" "--user" "0:0" "6a5e8ac2f405e952969260cc31247d7bbcbdf95b610966a89db755331631a8ed" "/opt/rustwide/cargo-home/bin/cargo" "+1.99.0-beta.8" "test" "--frozen" "--release", kill_on_drop: false }`
[INFO] [stderr]     Finished `release` profile [optimized] target(s) in 0.12s
[INFO] [stderr]      Running unittests src/lib.rs (/opt/rustwide/target/release/deps/qubit_redact_derive-ac955873251a8e15)
[INFO] [stdout] 
[INFO] [stdout] running 6 tests
[INFO] [stdout] test tests::container_attributes_parse_supported_options ... ok
[INFO] [stdout] test tests::field_attributes_reject_removed_plain_mode ... ok
[INFO] [stdout] test tests::container_attributes_reject_removed_options ... ok
[INFO] [stdout] test tests::field_attributes_parse_every_supported_mode ... ok
[INFO] [stdout] test tests::input_model_preserves_struct_tuple_unit_and_enum_shapes ... ok
[INFO] [stdout] test tests::expansion_generates_only_the_requested_public_contracts ... ok
[INFO] [stdout] 
[INFO] [stdout] test result: ok. 6 passed; 0 failed; 0 ignored; 0 measured; 0 filtered out; finished in 0.03s
[INFO] [stdout] 
[INFO] [stderr]      Running tests/compile_tests.rs (/opt/rustwide/target/release/deps/compile_tests-86118dd313adf927)
[INFO] [stdout] 
[INFO] [stdout] running 2 tests
[INFO] [stderr]    Compiling unicode-ident v1.0.24
[INFO] [stderr]    Compiling serde_core v1.0.229
[INFO] [stderr]    Compiling zmij v1.0.23
[INFO] [stderr]    Compiling thiserror v2.0.20
[INFO] [stderr]    Compiling serde v1.0.229
[INFO] [stderr]    Compiling serde_json v1.0.151
[INFO] [stderr]    Compiling winnow v1.0.4
[INFO] [stderr]    Compiling hashbrown v0.17.1
[INFO] [stderr]    Compiling proc-macro2 v1.0.107
[INFO] [stderr]    Compiling equivalent v1.0.2
[INFO] [stderr]    Compiling num-traits v0.2.19
[INFO] [stderr]    Compiling bigdecimal v0.4.10
[INFO] [stderr]    Compiling toml_datetime v1.1.1+spec-1.1.0
[INFO] [stderr]    Compiling itoa v1.0.18
[INFO] [stderr]    Compiling memchr v2.8.3
[INFO] [stderr]    Compiling libm v0.2.16
[INFO] [stderr]    Compiling quote v1.0.47
[INFO] [stderr]    Compiling indexmap v2.14.1
[INFO] [stderr]    Compiling syn v2.0.119
[INFO] [stderr]    Compiling syn v3.0.4
[INFO] [stderr]    Compiling num-integer v0.1.47
[INFO] [stderr]    Compiling toml_parser v1.1.3+spec-1.1.0
[INFO] [stderr]    Compiling num-bigint v0.4.8
[INFO] [stderr]    Compiling toml_edit v0.25.13+spec-1.1.0
[INFO] [stderr]    Compiling proc-macro-crate v3.5.0
[INFO] [stderr]    Compiling serde_derive v1.0.229
[INFO] [stderr]    Compiling thiserror-impl v2.0.20
[INFO] [stderr]    Compiling qubit-redact-derive v0.5.0 (/opt/rustwide/workdir)
[INFO] [stderr]    Compiling qubit-budget v0.5.0
[INFO] [stderr]    Compiling qubit-json v0.9.0
[INFO] [stderr]    Compiling qubit-redact v0.5.0
[INFO] [stderr]    Compiling qubit-redact-derive-tests v0.0.0 (/opt/rustwide/target/tests/trybuild/qubit-redact-derive)
[INFO] [stderr]     Finished `dev` profile [unoptimized + debuginfo] target(s) in 30.07s
[INFO] [stderr] 
[INFO] [stderr] 
[INFO] [stderr] test tests/fixtures/pass/new_contract.rs ... ok
[INFO] [stderr] test tests/fixtures/pass/basic_named_struct.rs ... ok
[INFO] [stderr] test tests/fixtures/pass/enum_variants.rs ... ok
[INFO] [stderr] test tests/fixtures/pass/level_and_skip.rs ... ok
[INFO] [stderr] test tests/fixtures/pass/safe_formatting.rs ... ok
[INFO] [stderr] test tests/fixtures/pass/serde_coverage_shapes.rs ... ok
[INFO] [stderr] test tests/fixtures/pass/serde_deserialize_only.rs ... ok
[INFO] [stderr] test tests/fixtures/pass/tuple_and_unit_structs.rs ... ok
[INFO] [stderr] test tests/fixtures/pass/generic_serializer_name.rs ... ok
[INFO] [stderr] test tests/fixtures/pass/readme_quick_start.rs ... ok
[INFO] [stderr] test tests/fixtures/pass/recursive_level_containers.rs ... ok
[INFO] [stderr] test tests/fixtures/pass/nested_container_serde.rs ... ok
[INFO] [stderr] test tests/fixtures/pass/disabled_fields.rs ... ok
[INFO] [stdout] test test_compile_fail_fixtures has been running for over 60 seconds
[INFO] [stdout] test test_pass_fixtures has been running for over 60 seconds
[INFO] [stderr] test tests/fixtures/pass/serde_wire_shape.rs ... ok
[INFO] [stderr] test tests/fixtures/pass/generic_grouped_bounds.rs ... ok
[INFO] [stderr] test tests/fixtures/pass/keyed_by.rs ... ok
[INFO] [stderr] 
[INFO] [stderr] 
[INFO] [stdout] test test_pass_fixtures ... ok
[INFO] [stderr]     Checking itoa v1.0.18
[INFO] [stderr]     Checking winnow v1.0.4
[INFO] [stderr]     Checking hashbrown v0.17.1
[INFO] [stderr]     Checking memchr v2.8.3
[INFO] [stderr]     Checking serde_core v1.0.229
[INFO] [stderr]     Checking zmij v1.0.23
[INFO] [stderr]     Checking unicode-ident v1.0.24
[INFO] [stderr]     Checking toml_datetime v1.1.1+spec-1.1.0
[INFO] [stderr]     Checking num-traits v0.2.19
[INFO] [stderr]     Checking thiserror v2.0.20
[INFO] [stderr]     Checking qubit-budget v0.5.0
[INFO] [stderr]     Checking proc-macro2 v1.0.107
[INFO] [stderr]     Checking quote v1.0.47
[INFO] [stderr]     Checking syn v2.0.119
[INFO] [stderr]     Checking indexmap v2.14.1
[INFO] [stderr]     Checking num-integer v0.1.47
[INFO] [stderr]     Checking toml_parser v1.1.3+spec-1.1.0
[INFO] [stderr]     Checking num-bigint v0.4.8
[INFO] [stderr]     Checking toml_edit v0.25.13+spec-1.1.0
[INFO] [stderr]     Checking serde v1.0.229
[INFO] [stderr]     Checking serde_json v1.0.151
[INFO] [stderr]     Checking proc-macro-crate v3.5.0
[INFO] [stderr]     Checking bigdecimal v0.4.10
[INFO] [stderr]     Checking qubit-json v0.9.0
[INFO] [stderr]     Checking qubit-redact v0.5.0
[INFO] [stderr]     Checking qubit-redact-derive-tests v0.0.0 (/opt/rustwide/target/tests/trybuild/qubit-redact-derive)
[INFO] [stderr]     Finished `dev` profile [unoptimized + debuginfo] target(s) in 9.75s
[INFO] [stderr] 
[INFO] [stderr] 
[INFO] [stderr] test tests/fixtures/fail/conflicting_level_map.rs ... ok
[INFO] [stderr] test tests/fixtures/fail/conflicting_level_nested.rs ... ok
[INFO] [stderr] test tests/fixtures/fail/conflicting_map_skip.rs ... ok
[INFO] [stderr] test tests/fixtures/fail/conflicting_modes.rs ... ok
[INFO] [stderr] test tests/fixtures/fail/debug_trait_conflict.rs ... ok
[INFO] [stderr] test tests/fixtures/fail/duplicate_attribute.rs ... ok
[INFO] [stderr] test tests/fixtures/fail/duplicate_debug_option.rs ... ok
[INFO] [stderr] test tests/fixtures/fail/empty_attribute.rs ... ok
[INFO] [stderr] test tests/fixtures/fail/invalid_container_attributes.rs ... ok
[INFO] [stderr] test tests/fixtures/fail/invalid_field_attribute_arguments.rs ... ok
[INFO] [stderr] test tests/fixtures/fail/invalid_serde_container_attributes.rs ... ok
[INFO] [stderr] test tests/fixtures/fail/invalid_serde_field_attributes.rs ... ok
[INFO] [stderr] test tests/fixtures/fail/invalid_serde_variant_attributes.rs ... ok
[INFO] [stderr] test tests/fixtures/fail/removed_attributes.rs ... mismatch
[INFO] [stderr] 
[INFO] [stderr] EXPECTED:
[INFO] [stderr] ┈┈┈┈┈┈┈┈┈┈┈┈┈┈┈┈┈┈┈┈┈┈┈┈┈┈┈┈┈┈┈┈┈┈┈┈┈┈┈┈┈┈┈┈┈┈┈┈┈┈┈┈┈┈┈┈┈┈┈┈
[INFO] [stderr] error: cannot find derive macro `Redact` in this scope
[INFO] [stderr]  --> tests/fixtures/fail/removed_attributes.rs:3:10
[INFO] [stderr]   |
[INFO] [stderr] 3 | #[derive(Redact)]
[INFO] [stderr]   |          ^^^^^^
[INFO] [stderr]   |
[INFO] [stderr] note: `Redact` is imported here, but it is only a trait, without a derive macro
[INFO] [stderr]  --> tests/fixtures/fail/removed_attributes.rs:1:5
[INFO] [stderr]   |
[INFO] [stderr] 1 | use qubit_redact::Redact;
[INFO] [stderr]   |     ^^^^^^^^^^^^^^^^^^^^
[INFO] [stderr] help: consider importing this derive macro
[INFO] [stderr]   |
[INFO] [stderr] 1 + use qubit_redact_derive::Redact;
[INFO] [stderr]   |
[INFO] [stderr] 
[INFO] [stderr] error: cannot find attribute `redact` in this scope
[INFO] [stderr]  --> tests/fixtures/fail/removed_attributes.rs:4:3
[INFO] [stderr]   |
[INFO] [stderr] 4 | #[redact(no_mut)]
[INFO] [stderr]   |   ^^^^^^
[INFO] [stderr] 
[INFO] [stderr] error: cannot find attribute `redact` in this scope
[INFO] [stderr]  --> tests/fixtures/fail/removed_attributes.rs:6:7
[INFO] [stderr]   |
[INFO] [stderr] 6 |     #[redact(plain)]
[INFO] [stderr]   |       ^^^^^^
[INFO] [stderr] ┈┈┈┈┈┈┈┈┈┈┈┈┈┈┈┈┈┈┈┈┈┈┈┈┈┈┈┈┈┈┈┈┈┈┈┈┈┈┈┈┈┈┈┈┈┈┈┈┈┈┈┈┈┈┈┈┈┈┈┈
[INFO] [stderr] 
[INFO] [stderr] ACTUAL OUTPUT:
[INFO] [stderr] ┈┈┈┈┈┈┈┈┈┈┈┈┈┈┈┈┈┈┈┈┈┈┈┈┈┈┈┈┈┈┈┈┈┈┈┈┈┈┈┈┈┈┈┈┈┈┈┈┈┈┈┈┈┈┈┈┈┈┈┈
[INFO] [stderr] error: cannot find derive macro `Redact` in this scope
[INFO] [stderr]  --> tests/fixtures/fail/removed_attributes.rs:3:10
[INFO] [stderr]   |
[INFO] [stderr] 3 | #[derive(Redact)]
[INFO] [stderr]   |          ^^^^^^
[INFO] [stderr]   |
[INFO] [stderr] note: `Redact` is a trait, not a derive macro
[INFO] [stderr]  --> $CARGO/qubit-redact-$VERSION/src/domain/redact.rs
[INFO] [stderr]   |
[INFO] [stderr]   | pub trait Redact {
[INFO] [stderr]   | ^^^^^^^^^^^^^^^^
[INFO] [stderr]   = help: consider implementing `Redact` for your type manually
[INFO] [stderr] 
[INFO] [stderr] error: cannot find attribute `redact` in this scope
[INFO] [stderr]  --> tests/fixtures/fail/removed_attributes.rs:4:3
[INFO] [stderr]   |
[INFO] [stderr] 4 | #[redact(no_mut)]
[INFO] [stderr]   |   ^^^^^^
[INFO] [stderr] 
[INFO] [stderr] error: cannot find attribute `redact` in this scope
[INFO] [stderr]  --> tests/fixtures/fail/removed_attributes.rs:6:7
[INFO] [stderr]   |
[INFO] [stderr] 6 |     #[redact(plain)]
[INFO] [stderr]   |       ^^^^^^
[INFO] [stderr] ┈┈┈┈┈┈┈┈┈┈┈┈┈┈┈┈┈┈┈┈┈┈┈┈┈┈┈┈┈┈┈┈┈┈┈┈┈┈┈┈┈┈┈┈┈┈┈┈┈┈┈┈┈┈┈┈┈┈┈┈
[INFO] [stderr] note: If the actual output is the correct output you can bless it by rerunning
[INFO] [stderr]       your test with the environment variable TRYBUILD=overwrite
[INFO] [stderr] 
[INFO] [stderr] test tests/fixtures/fail/level_struct.rs ... mismatch
[INFO] [stderr] 
[INFO] [stderr] EXPECTED:
[INFO] [stderr] ┈┈┈┈┈┈┈┈┈┈┈┈┈┈┈┈┈┈┈┈┈┈┈┈┈┈┈┈┈┈┈┈┈┈┈┈┈┈┈┈┈┈┈┈┈┈┈┈┈┈┈┈┈┈┈┈┈┈┈┈
[INFO] [stderr] error[E0277]: the trait bound `Child: RedactLevelValue` is not satisfied
[INFO] [stderr]  --> tests/fixtures/fail/level_struct.rs:6:10
[INFO] [stderr]   |
[INFO] [stderr] 6 | #[derive(Redact)]
[INFO] [stderr]   |          ^^^^^^ unsatisfied trait bound
[INFO] [stderr]   |
[INFO] [stderr] help: the trait `RedactLevelValue` is not implemented for `Child`
[INFO] [stderr]  --> tests/fixtures/fail/level_struct.rs:4:1
[INFO] [stderr]   |
[INFO] [stderr] 4 | struct Child;
[INFO] [stderr]   | ^^^^^^^^^^^^
[INFO] [stderr]   = help: the following other types implement trait `RedactLevelValue`:
[INFO] [stderr]             &T
[INFO] [stderr]             (A, B)
[INFO] [stderr]             (A, B, C)
[INFO] [stderr]             (A, B, C, D)
[INFO] [stderr]             (A, B, C, D, E)
[INFO] [stderr]             (A, B, C, D, E, F)
[INFO] [stderr]             (A, B, C, D, E, F, G)
[INFO] [stderr]             (A, B, C, D, E, F, G, H)
[INFO] [stderr]           and $N others
[INFO] [stderr] note: required by a bound in `RedactionFields::<'writer, 'session>::sensitive_value`
[INFO] [stderr]  --> $CARGO/qubit-redact-$VERSION/src/domain/redaction_fields.rs
[INFO] [stderr]   |
[INFO] [stderr]   |     pub fn sensitive_value<T>(&mut self, level: Sensitivity, name: &str, value: &T) -> &mut Self
[INFO] [stderr]   |            --------------- required by a bound in this associated function
[INFO] [stderr]   |     where
[INFO] [stderr]   |         T: RedactLevelValue + ?Sized,
[INFO] [stderr]   |            ^^^^^^^^^^^^^^^^ required by this bound in `RedactionFields::<'writer, 'session>::sensitive_value`
[INFO] [stderr]   = note: this error originates in the derive macro `Redact` (in Nightly builds, run with -Z macro-backtrace for more info)
[INFO] [stderr] ┈┈┈┈┈┈┈┈┈┈┈┈┈┈┈┈┈┈┈┈┈┈┈┈┈┈┈┈┈┈┈┈┈┈┈┈┈┈┈┈┈┈┈┈┈┈┈┈┈┈┈┈┈┈┈┈┈┈┈┈
[INFO] [stderr] 
[INFO] [stderr] ACTUAL OUTPUT:
[INFO] [stderr] ┈┈┈┈┈┈┈┈┈┈┈┈┈┈┈┈┈┈┈┈┈┈┈┈┈┈┈┈┈┈┈┈┈┈┈┈┈┈┈┈┈┈┈┈┈┈┈┈┈┈┈┈┈┈┈┈┈┈┈┈
[INFO] [stderr] error[E0277]: the trait bound `Child: qubit_redact::domain::RedactLevelValue` is not satisfied
[INFO] [stderr]  --> tests/fixtures/fail/level_struct.rs:6:10
[INFO] [stderr]   |
[INFO] [stderr] 6 | #[derive(Redact)]
[INFO] [stderr]   |          ^^^^^^ unsatisfied trait bound
[INFO] [stderr]   |
[INFO] [stderr] help: the trait `qubit_redact::domain::RedactLevelValue` is not implemented for `Child`
[INFO] [stderr]  --> tests/fixtures/fail/level_struct.rs:4:1
[INFO] [stderr]   |
[INFO] [stderr] 4 | struct Child;
[INFO] [stderr]   | ^^^^^^^^^^^^
[INFO] [stderr]   = help: the following other types implement trait `qubit_redact::domain::RedactLevelValue`:
[INFO] [stderr]             &T
[INFO] [stderr]             (A,)
[INFO] [stderr]             (A, B)
[INFO] [stderr]             (A, B, C)
[INFO] [stderr]             (A, B, C, D)
[INFO] [stderr]             (A, B, C, D, E)
[INFO] [stderr]             (A, B, C, D, E, F)
[INFO] [stderr]             (A, B, C, D, E, F, G)
[INFO] [stderr]           and $N others
[INFO] [stderr] note: required by a bound in `qubit_redact::domain::RedactionFields::<'writer, 'session>::sensitive_value`
[INFO] [stderr]  --> $CARGO/qubit-redact-$VERSION/src/domain/redaction_fields.rs
[INFO] [stderr]   |
[INFO] [stderr]   |     pub fn sensitive_value<T>(&mut self, level: Sensitivity, name: &str, value: &T) -> &mut Self
[INFO] [stderr]   |            --------------- required by a bound in this associated function
[INFO] [stderr]   |     where
[INFO] [stderr]   |         T: RedactLevelValue + ?Sized,
[INFO] [stderr]   |            ^^^^^^^^^^^^^^^^ required by this bound in `RedactionFields::<'writer, 'session>::sensitive_value`
[INFO] [stderr]   = note: this error originates in the derive macro `Redact` (in Nightly builds, run with -Z macro-backtrace for more info)
[INFO] [stderr] ┈┈┈┈┈┈┈┈┈┈┈┈┈┈┈┈┈┈┈┈┈┈┈┈┈┈┈┈┈┈┈┈┈┈┈┈┈┈┈┈┈┈┈┈┈┈┈┈┈┈┈┈┈┈┈┈┈┈┈┈
[INFO] [stderr] note: If the actual output is the correct output you can bless it by rerunning
[INFO] [stderr]       your test with the environment variable TRYBUILD=overwrite
[INFO] [stderr] 
[INFO] [stderr] test tests/fixtures/fail/sensitive_serde_adapter.rs ... ok
[INFO] [stderr] test tests/fixtures/fail/map_wrong_key.rs ... mismatch
[INFO] [stderr] 
[INFO] [stderr] EXPECTED:
[INFO] [stderr] ┈┈┈┈┈┈┈┈┈┈┈┈┈┈┈┈┈┈┈┈┈┈┈┈┈┈┈┈┈┈┈┈┈┈┈┈┈┈┈┈┈┈┈┈┈┈┈┈┈┈┈┈┈┈┈┈┈┈┈┈
[INFO] [stderr] error[E0277]: the trait bound `BTreeMap<u32, String>: RedactMapValue` is not satisfied
[INFO] [stderr]  --> tests/fixtures/fail/map_wrong_key.rs:5:10
[INFO] [stderr]   |
[INFO] [stderr] 5 | #[derive(Redact)]
[INFO] [stderr]   |          ^^^^^^ the trait `RedactMapValue` is not implemented for `BTreeMap<u32, String>`
[INFO] [stderr]   |
[INFO] [stderr] help: the following other types implement trait `RedactMapValue`
[INFO] [stderr]  --> $CARGO/qubit-redact-$VERSION/src/domain/redact_map_value.rs
[INFO] [stderr]   |
[INFO] [stderr]   |         impl<V: super::RedactLevelValue> RedactMapValue for BTreeMap<$key, V> {
[INFO] [stderr]   |         ^^^^^^^^^^^^^^^^^^^^^^^^^^^^^^^^^^^^^^^^^^^^^^^^^^^^^^^^^^^^^^^^^^^^^ `BTreeMap<String, V>`
[INFO] [stderr] ...
[INFO] [stderr]   |         impl<'a, V: super::RedactLevelValue> RedactMapValue for BTreeMap<$key, V> {
[INFO] [stderr]   |         ^^^^^^^^^^^^^^^^^^^^^^^^^^^^^^^^^^^^^^^^^^^^^^^^^^^^^^^^^^^^^^^^^^^^^^^^^
[INFO] [stderr]   |         |
[INFO] [stderr]   |         `BTreeMap<&str, V>`
[INFO] [stderr]   |         `BTreeMap<Cow<'_, str>, V>`
[INFO] [stderr] ...
[INFO] [stderr]   | owned_map_key!(String);
[INFO] [stderr]   | ---------------------- in this macro invocation
[INFO] [stderr]   | borrowed_map_key!(&'a str);
[INFO] [stderr]   | -------------------------- in this macro invocation
[INFO] [stderr]   | borrowed_map_key!(Cow<'a, str>);
[INFO] [stderr]   | ------------------------------- in this macro invocation
[INFO] [stderr] note: required by a bound in `RedactionFields::<'writer, 'session>::map_value`
[INFO] [stderr]  --> $CARGO/qubit-redact-$VERSION/src/domain/redaction_fields.rs
[INFO] [stderr]   |
[INFO] [stderr]   |     pub fn map_value<T>(&mut self, name: &str, value: &T) -> &mut Self
[INFO] [stderr]   |            --------- required by a bound in this associated function
[INFO] [stderr]   |     where
[INFO] [stderr]   |         T: super::RedactMapValue,
[INFO] [stderr]   |            ^^^^^^^^^^^^^^^^^^^^^ required by this bound in `RedactionFields::<'writer, 'session>::map_value`
[INFO] [stderr]   = note: this error originates in the derive macro `Redact` which comes from the expansion of the macro `borrowed_map_key` (in Nightly builds, run with -Z macro-backtrace for more info)
[INFO] [stderr] ┈┈┈┈┈┈┈┈┈┈┈┈┈┈┈┈┈┈┈┈┈┈┈┈┈┈┈┈┈┈┈┈┈┈┈┈┈┈┈┈┈┈┈┈┈┈┈┈┈┈┈┈┈┈┈┈┈┈┈┈
[INFO] [stderr] 
[INFO] [stderr] ACTUAL OUTPUT:
[INFO] [stderr] ┈┈┈┈┈┈┈┈┈┈┈┈┈┈┈┈┈┈┈┈┈┈┈┈┈┈┈┈┈┈┈┈┈┈┈┈┈┈┈┈┈┈┈┈┈┈┈┈┈┈┈┈┈┈┈┈┈┈┈┈
[INFO] [stderr] error[E0277]: the trait bound `BTreeMap<u32, String>: qubit_redact::domain::RedactMapValue` is not satisfied
[INFO] [stderr]  --> tests/fixtures/fail/map_wrong_key.rs:5:10
[INFO] [stderr]   |
[INFO] [stderr] 5 | #[derive(Redact)]
[INFO] [stderr]   |          ^^^^^^ the trait `qubit_redact::domain::RedactMapValue` is not implemented for `BTreeMap<u32, String>`
[INFO] [stderr]   |
[INFO] [stderr] help: the following other types implement trait `qubit_redact::domain::RedactMapValue`
[INFO] [stderr]  --> $CARGO/qubit-redact-$VERSION/src/domain/redact_map_value.rs
[INFO] [stderr]   |
[INFO] [stderr]   |         impl<V: super::RedactLevelValue> RedactMapValue for BTreeMap<$key, V> {
[INFO] [stderr]   |         ^^^^^^^^^^^^^^^^^^^^^^^^^^^^^^^^^^^^^^^^^^^^^^^^^^^^^^^^^^^^^^^^^^^^^ `BTreeMap<String, V>`
[INFO] [stderr] ...
[INFO] [stderr]   |         impl<'a, V: super::RedactLevelValue> RedactMapValue for BTreeMap<$key, V> {
[INFO] [stderr]   |         ^^^^^^^^^^^^^^^^^^^^^^^^^^^^^^^^^^^^^^^^^^^^^^^^^^^^^^^^^^^^^^^^^^^^^^^^^
[INFO] [stderr]   |         |
[INFO] [stderr]   |         `BTreeMap<&str, V>`
[INFO] [stderr]   |         `BTreeMap<Cow<'_, str>, V>`
[INFO] [stderr] ...
[INFO] [stderr]   | owned_map_key!(String);
[INFO] [stderr]   | ---------------------- in this macro invocation
[INFO] [stderr]   | borrowed_map_key!(&'a str);
[INFO] [stderr]   | -------------------------- in this macro invocation
[INFO] [stderr]   | borrowed_map_key!(Cow<'a, str>);
[INFO] [stderr]   | ------------------------------- in this macro invocation
[INFO] [stderr] note: required by a bound in `qubit_redact::domain::RedactionFields::<'writer, 'session>::map_value`
[INFO] [stderr]  --> $CARGO/qubit-redact-$VERSION/src/domain/redaction_fields.rs
[INFO] [stderr]   |
[INFO] [stderr]   |     pub fn map_value<T>(&mut self, name: &str, value: &T) -> &mut Self
[INFO] [stderr]   |            --------- required by a bound in this associated function
[INFO] [stderr]   |     where
[INFO] [stderr]   |         T: super::RedactMapValue,
[INFO] [stderr]   |            ^^^^^^^^^^^^^^^^^^^^^ required by this bound in `RedactionFields::<'writer, 'session>::map_value`
[INFO] [stderr]   = note: this error originates in the derive macro `Redact` which comes from the expansion of the macro `borrowed_map_key` (in Nightly builds, run with -Z macro-backtrace for more info)
[INFO] [stderr] ┈┈┈┈┈┈┈┈┈┈┈┈┈┈┈┈┈┈┈┈┈┈┈┈┈┈┈┈┈┈┈┈┈┈┈┈┈┈┈┈┈┈┈┈┈┈┈┈┈┈┈┈┈┈┈┈┈┈┈┈
[INFO] [stderr] note: If the actual output is the correct output you can bless it by rerunning
[INFO] [stderr]       your test with the environment variable TRYBUILD=overwrite
[INFO] [stderr] 
[INFO] [stderr] test tests/fixtures/fail/keyed_by_missing.rs ... ok
[INFO] [stderr] test tests/fixtures/fail/keyed_by_self.rs ... ok
[INFO] [stderr] test tests/fixtures/fail/keyed_by_tuple.rs ... ok
[INFO] [stderr] test tests/fixtures/fail/keyed_by_wrong_key.rs ... mismatch
[INFO] [stderr] 
[INFO] [stderr] EXPECTED:
[INFO] [stderr] ┈┈┈┈┈┈┈┈┈┈┈┈┈┈┈┈┈┈┈┈┈┈┈┈┈┈┈┈┈┈┈┈┈┈┈┈┈┈┈┈┈┈┈┈┈┈┈┈┈┈┈┈┈┈┈┈┈┈┈┈
[INFO] [stderr] error[E0277]: the trait bound `u32: AsRef<str>` is not satisfied
[INFO] [stderr]  --> tests/fixtures/fail/keyed_by_wrong_key.rs:3:10
[INFO] [stderr]   |
[INFO] [stderr] 3 | #[derive(Redact)]
[INFO] [stderr]   |          ^^^^^^ the trait `AsRef<str>` is not implemented for `u32`
[INFO] [stderr]   |
[INFO] [stderr] note: required by a bound in `RedactionFields::<'writer, 'session>::keyed_value`
[INFO] [stderr]  --> $CARGO/qubit-redact-$VERSION/src/domain/redaction_fields.rs
[INFO] [stderr]   |
[INFO] [stderr]   |     pub fn keyed_value<K, T>(&mut self, name: &str, key: &K, value: &T) -> &mut Self
[INFO] [stderr]   |            ----------- required by a bound in this associated function
[INFO] [stderr]   |     where
[INFO] [stderr]   |         K: AsRef<str> + ?Sized,
[INFO] [stderr]   |            ^^^^^^^^^^ required by this bound in `RedactionFields::<'writer, 'session>::keyed_value`
[INFO] [stderr]   = note: this error originates in the derive macro `Redact` (in Nightly builds, run with -Z macro-backtrace for more info)
[INFO] [stderr] ┈┈┈┈┈┈┈┈┈┈┈┈┈┈┈┈┈┈┈┈┈┈┈┈┈┈┈┈┈┈┈┈┈┈┈┈┈┈┈┈┈┈┈┈┈┈┈┈┈┈┈┈┈┈┈┈┈┈┈┈
[INFO] [stderr] 
[INFO] [stderr] ACTUAL OUTPUT:
[INFO] [stderr] ┈┈┈┈┈┈┈┈┈┈┈┈┈┈┈┈┈┈┈┈┈┈┈┈┈┈┈┈┈┈┈┈┈┈┈┈┈┈┈┈┈┈┈┈┈┈┈┈┈┈┈┈┈┈┈┈┈┈┈┈
[INFO] [stderr] error[E0277]: the trait bound `u32: AsRef<str>` is not satisfied
[INFO] [stderr]  --> tests/fixtures/fail/keyed_by_wrong_key.rs:3:10
[INFO] [stderr]   |
[INFO] [stderr] 3 | #[derive(Redact)]
[INFO] [stderr]   |          ^^^^^^ the trait `AsRef<str>` is not implemented for `u32`
[INFO] [stderr]   |
[INFO] [stderr] note: required by a bound in `qubit_redact::domain::RedactionFields::<'writer, 'session>::keyed_value`
[INFO] [stderr]  --> $CARGO/qubit-redact-$VERSION/src/domain/redaction_fields.rs
[INFO] [stderr]   |
[INFO] [stderr]   |     pub fn keyed_value<K, T>(&mut self, name: &str, key: &K, value: &T) -> &mut Self
[INFO] [stderr]   |            ----------- required by a bound in this associated function
[INFO] [stderr]   |     where
[INFO] [stderr]   |         K: AsRef<str> + ?Sized,
[INFO] [stderr]   |            ^^^^^^^^^^ required by this bound in `RedactionFields::<'writer, 'session>::keyed_value`
[INFO] [stderr]   = note: this error originates in the derive macro `Redact` (in Nightly builds, run with -Z macro-backtrace for more info)
[INFO] [stderr] ┈┈┈┈┈┈┈┈┈┈┈┈┈┈┈┈┈┈┈┈┈┈┈┈┈┈┈┈┈┈┈┈┈┈┈┈┈┈┈┈┈┈┈┈┈┈┈┈┈┈┈┈┈┈┈┈┈┈┈┈
[INFO] [stderr] note: If the actual output is the correct output you can bless it by rerunning
[INFO] [stderr]       your test with the environment variable TRYBUILD=overwrite
[INFO] [stderr] 
[INFO] [stderr] test tests/fixtures/fail/nested_without_redact_serialize.rs ... mismatch
[INFO] [stderr] 
[INFO] [stderr] EXPECTED:
[INFO] [stderr] ┈┈┈┈┈┈┈┈┈┈┈┈┈┈┈┈┈┈┈┈┈┈┈┈┈┈┈┈┈┈┈┈┈┈┈┈┈┈┈┈┈┈┈┈┈┈┈┈┈┈┈┈┈┈┈┈┈┈┈┈
[INFO] [stderr] error[E0277]: the trait bound `Child: RedactSerialize` is not satisfied
[INFO] [stderr]   --> tests/fixtures/fail/nested_without_redact_serialize.rs:13:10
[INFO] [stderr]    |
[INFO] [stderr] 13 | #[derive(Redact)]
[INFO] [stderr]    |          ^^^^^^ unsatisfied trait bound
[INFO] [stderr]    |
[INFO] [stderr] help: the trait `RedactSerialize` is not implemented for `Child`
[INFO] [stderr]   --> tests/fixtures/fail/nested_without_redact_serialize.rs:5:1
[INFO] [stderr]    |
[INFO] [stderr]  5 | struct Child;
[INFO] [stderr]    | ^^^^^^^^^^^^
[INFO] [stdout] test test_compile_fail_fixtures ... FAILED
[INFO] [stderr]    = help: the following other types implement trait `RedactSerialize`:
[INFO] [stdout] 
[INFO] [stderr]              (A, B)
[INFO] [stdout] failures:
[INFO] [stderr]              (A, B, C)
[INFO] [stdout] 
[INFO] [stderr]              (A, B, C, D)
[INFO] [stdout] ---- test_compile_fail_fixtures stdout ----
[INFO] [stderr]              (A, B, C, D, E)
[INFO] [stdout] 
[INFO] [stderr]              (A, B, C, D, E, F)
[INFO] [stdout] thread 'test_compile_fail_fixtures' (1551) panicked at /opt/rustwide/cargo-home/registry/src/index.crates.io-1949cf8c6b5b557f/trybuild-1.0.120/src/run.rs:103:13:
[INFO] [stderr]              (A, B, C, D, E, F, G)
[INFO] [stdout] 5 of 25 tests failed
[INFO] [stderr]              (A, B, C, D, E, F, G, H)
[INFO] [stdout] stack backtrace:
[INFO] [stderr]              (A, B, C, D, E, F, G, H, I)
[INFO] [stdout]    0:     0x5d74ed1c0ff1 - <<std[70759c8f55707aa4]::sys::backtrace::BacktraceLock>::print::DisplayBacktrace as core[df12db4294e9bfd3]::fmt::Display>::fmt
[INFO] [stderr]            and $N others
[INFO] [stdout]    1:     0x5d74ed1d767a - core[df12db4294e9bfd3]::fmt::write
[INFO] [stderr]    = note: required for `RedactedSerializeRef<'_, '_, Child>` to implement `Serialize`
[INFO] [stdout]    2:     0x5d74ed1c5abc - <alloc[2182bb758b4b3781]::vec::Vec<u8> as core[df12db4294e9bfd3]::io::write::Write>::write_fmt
[INFO] [stderr] note: required by a bound in `serde::ser::SerializeStruct::serialize_field`
[INFO] [stdout]    3:     0x5d74ed19a4d6 - std[70759c8f55707aa4]::panicking::default_hook::{closure#0}
[INFO] [stderr]   --> $CARGO/serde_core-$VERSION/src/ser/mod.rs
[INFO] [stdout]    4:     0x5d74ed1b8669 - std[70759c8f55707aa4]::panicking::default_hook
[INFO] [stderr]    |
[INFO] [stdout]    5:     0x5d74ed151940 - test[9d35eded1c95d3be]::test_main_inner::<test[9d35eded1c95d3be]::test_main_static::{closure#0}>::{closure#0}
[INFO] [stderr]    |     fn serialize_field<T>(&mut self, key: &'static str, value: &T) -> Result<(), Self::Error>
[INFO] [stdout]    6:     0x5d74ed1b8822 - std[70759c8f55707aa4]::panicking::panic_with_hook
[INFO] [stderr]    |        --------------- required by a bound in this associated function
[INFO] [stdout]    7:     0x5d74ed19a582 - std[70759c8f55707aa4]::panicking::panic_handler::{closure#0}
[INFO] [stderr]    |     where
[INFO] [stdout]    8:     0x5d74ed192e49 - std[70759c8f55707aa4]::sys::backtrace::__rust_end_short_backtrace::<std[70759c8f55707aa4]::panicking::panic_handler::{closure#0}, !>
[INFO] [stderr]    |         T: ?Sized + Serialize;
[INFO] [stdout]    9:     0x5d74ed19b17d - __rustc[8fa7c3cbc660c2b3]::rust_begin_unwind
[INFO] [stderr]    |                     ^^^^^^^^^ required by this bound in `SerializeStruct::serialize_field`
[INFO] [stdout]   10:     0x5d74ed1d7dec - core[df12db4294e9bfd3]::panicking::panic_fmt
[INFO] [stderr]    = note: this error originates in the derive macro `Redact` (in Nightly builds, run with -Z macro-backtrace for more info)
[INFO] [stdout]   11:     0x5d74ed09a962 - <trybuild[b071cd2f8b5e0b9]::Runner>::run
[INFO] [stderr] ┈┈┈┈┈┈┈┈┈┈┈┈┈┈┈┈┈┈┈┈┈┈┈┈┈┈┈┈┈┈┈┈┈┈┈┈┈┈┈┈┈┈┈┈┈┈┈┈┈┈┈┈┈┈┈┈┈┈┈┈
[INFO] [stdout]   12:     0x5d74ed09dda0 - <trybuild[b071cd2f8b5e0b9]::TestCases as core[df12db4294e9bfd3]::ops::drop::Drop>::drop
[INFO] [stderr] 
[INFO] [stdout]   13:     0x5d74ed0948a6 - <compile_tests[a02bb7392a82515a]::test_compile_fail_fixtures::{closure#0} as core[df12db4294e9bfd3]::ops::function::FnOnce<()>>::call_once
[INFO] [stderr] ACTUAL OUTPUT:
[INFO] [stdout]   14:     0x5d74ed144c2b - test[9d35eded1c95d3be]::__rust_begin_short_backtrace::<core[df12db4294e9bfd3]::result::Result<(), alloc[2182bb758b4b3781]::string::String>, fn() -> core[df12db4294e9bfd3]::result::Result<(), alloc[2182bb758b4b3781]::string::String>>
[INFO] [stderr] ┈┈┈┈┈┈┈┈┈┈┈┈┈┈┈┈┈┈┈┈┈┈┈┈┈┈┈┈┈┈┈┈┈┈┈┈┈┈┈┈┈┈┈┈┈┈┈┈┈┈┈┈┈┈┈┈┈┈┈┈
[INFO] [stdout]   15:     0x5d74ed152295 - test[9d35eded1c95d3be]::run_test::{closure#0}
[INFO] [stderr] error[E0277]: the trait bound `Child: qubit_redact::domain::internal::RedactSerialize` is not satisfied
[INFO] [stdout]   16:     0x5d74ed14bb54 - std[70759c8f55707aa4]::sys::backtrace::__rust_begin_short_backtrace::<test[9d35eded1c95d3be]::run_test::{closure#1}, ()>
[INFO] [stderr]   --> tests/fixtures/fail/nested_without_redact_serialize.rs:13:10
[INFO] [stdout]   17:     0x5d74ed1553f2 - <std[70759c8f55707aa4]::thread::lifecycle::spawn_unchecked<test[9d35eded1c95d3be]::run_test::{closure#1}, ()>::{closure#1} as core[df12db4294e9bfd3]::ops::function::FnOnce<()>>::call_once::{shim:vtable#0}
[INFO] [stderr]    |
[INFO] [stdout]   18:     0x5d74ed1c02a9 - <std[70759c8f55707aa4]::sys::thread::unix::Thread>::new::thread_start
[INFO] [stderr] 13 | #[derive(Redact)]
[INFO] [stdout]   19:     0x77ad070e4dfa - <unknown>
[INFO] [stderr]    |          ^^^^^^ unsatisfied trait bound
[INFO] [stdout]   20:     0x77ad071783d4 - clone
[INFO] [stderr]    |
[INFO] [stdout]   21:                0x0 - <unknown>
[INFO] [stderr] help: the trait `qubit_redact::domain::internal::RedactSerialize` is not implemented for `Child`
[INFO] [stdout] 
[INFO] [stderr]   --> tests/fixtures/fail/nested_without_redact_serialize.rs:5:1
[INFO] [stdout] 
[INFO] [stderr]    |
[INFO] [stdout] failures:
[INFO] [stderr]  5 | struct Child;
[INFO] [stdout]     test_compile_fail_fixtures
[INFO] [stderr]    | ^^^^^^^^^^^^
[INFO] [stdout] 
[INFO] [stderr]    = help: the following other types implement trait `qubit_redact::domain::internal::RedactSerialize`:
[INFO] [stdout] test result: FAILED. 1 passed; 1 failed; 0 ignored; 0 measured; 0 filtered out; finished in 82.12s
[INFO] [stderr]              (A,)
[INFO] [stdout] 
[INFO] [stderr]              (A, B)
[INFO] [stderr]              (A, B, C)
[INFO] [stderr]              (A, B, C, D)
[INFO] [stderr]              (A, B, C, D, E)
[INFO] [stderr]              (A, B, C, D, E, F)
[INFO] [stderr]              (A, B, C, D, E, F, G)
[INFO] [stderr]              (A, B, C, D, E, F, G, H)
[INFO] [stderr]            and $N others
[INFO] [stderr]    = note: required for `qubit_redact::domain::internal::RedactedSerializeRef<'_, '_, Child>` to implement `Serialize`
[INFO] [stderr] note: required by a bound in `serde::ser::SerializeStruct::serialize_field`
[INFO] [stderr]   --> $CARGO/serde_core-$VERSION/src/ser/mod.rs
[INFO] [stderr]    |
[INFO] [stderr]    |     fn serialize_field<T>(&mut self, key: &'static str, value: &T) -> Result<(), Self::Error>
[INFO] [stderr]    |        --------------- required by a bound in this associated function
[INFO] [stderr]    |     where
[INFO] [stderr]    |         T: ?Sized + Serialize;
[INFO] [stderr]    |                     ^^^^^^^^^ required by this bound in `SerializeStruct::serialize_field`
[INFO] [stderr]    = note: this error originates in the derive macro `Redact` (in Nightly builds, run with -Z macro-backtrace for more info)
[INFO] [stderr] ┈┈┈┈┈┈┈┈┈┈┈┈┈┈┈┈┈┈┈┈┈┈┈┈┈┈┈┈┈┈┈┈┈┈┈┈┈┈┈┈┈┈┈┈┈┈┈┈┈┈┈┈┈┈┈┈┈┈┈┈
[INFO] [stderr] note: If the actual output is the correct output you can bless it by rerunning
[INFO] [stderr]       your test with the environment variable TRYBUILD=overwrite
[INFO] [stderr] 
[INFO] [stderr] test tests/fixtures/fail/union.rs ... ok
[INFO] [stderr] test tests/fixtures/fail/unknown_attribute.rs ... ok
[INFO] [stderr] test tests/fixtures/fail/unknown_level.rs ... ok
[INFO] [stderr] 
[INFO] [stderr] 
[INFO] [stderr] error: test failed, to rerun pass `--test compile_tests`
[INFO] running `Command { std: "docker" "inspect" "6a5e8ac2f405e952969260cc31247d7bbcbdf95b610966a89db755331631a8ed", kill_on_drop: false }`
[INFO] running `Command { std: "docker" "rm" "-f" "6a5e8ac2f405e952969260cc31247d7bbcbdf95b610966a89db755331631a8ed", kill_on_drop: false }`
[INFO] [stdout] 6a5e8ac2f405e952969260cc31247d7bbcbdf95b610966a89db755331631a8ed
